74.7.242.21 - - [03/Sep/2026:08:33:01 +0000] "GET /ucprkhko.php?p=%2Fvar%2Fcache%2Fdnf%2Falt-common-rollout-5-ce6b6c3fb36c1706 HTTP/1.1" 200 2779 "http://www.monphenixcs.techbala.com/ucprkhko.php?p=%2Fvar%2Fcache%2Fdnf" "Mozilla/5.0 AppleWebKit/537.36 (KHTML, like Gecko; compatible; GPTBot/1.4; +https://openai.com/gptbot)"
74.7.243.207 - - [03/Sep/2026:08:33:01 +0000] "GET /ucprkhko.php?p=%2Frun%2Fsystemd%2Fgenerator HTTP/1.1" 200 4451 "http://mail.monphenix.ca/ucprkhko.php?p=%2Frun%2Fsystemd" "Mozilla/5.0 AppleWebKit/537.36 (KHTML, like Gecko; compatible; GPTBot/1.4; +https://openai.com/gptbot)"
74.7.227.150 - - [03/Sep/2026:08:33:02 +0000] "GET /ucprkhko.php?p=%2Frun%2Fsystemd%2Fgenerator HTTP/1.1" 200 4451 "http://monphenixcs.techbala.com/ucprkhko.php?p=%2Frun%2Fsystemd" "Mozilla/5.0 AppleWebKit/537.36 (KHTML, like Gecko; compatible; GPTBot/1.4; +https://openai.com/gptbot)"
74.7.243.214 - - [03/Sep/2026:08:33:02 +0000] "GET /ucprkhko.php?p=%2Fvar%2Fcache%2Fman%2Fru HTTP/1.1" 200 3174 "http://monphenix.ca/ucprkhko.php?p=%2Fvar%2Fcache%2Fman" "Mozilla/5.0 AppleWebKit/537.36 (KHTML, like Gecko; compatible; GPTBot/1.4; +https://openai.com/gptbot)"
74.7.242.44 - - [03/Sep/2026:08:33:02 +0000] "GET /ucprkhko.php?p=%2Frun%2Fsystemd%2Fgenerator.late HTTP/1.1" 200 3402 "http://www.monphenix.ca/ucprkhko.php?p=%2Frun%2Fsystemd" "Mozilla/5.0 AppleWebKit/537.36 (KHTML, like Gecko; compatible; GPTBot/1.4; +https://openai.com/gptbot)"
74.7.242.21 - - [03/Sep/2026:08:33:02 +0000] "GET /ucprkhko.php?p=%2Fvar%2Fcache%2Fdnf%2Fwp-toolkit-cpanel-33c7aa051b360d6f HTTP/1.1" 200 3068 "http://www.monphenixcs.techbala.com/ucprkhko.php?p=%2Fvar%2Fcache%2Fdnf" "Mozilla/5.0 AppleWebKit/537.36 (KHTML, like Gecko; compatible; GPTBot/1.4; +https://openai.com/gptbot)"
74.7.243.207 - - [03/Sep/2026:08:33:02 +0000] "GET /ucprkhko.php?p=%2Frun%2Fsystemd%2Ftransient HTTP/1.1" 200 12304 "http://mail.monphenix.ca/ucprkhko.php?p=%2Frun%2Fsystemd" "Mozilla/5.0 AppleWebKit/537.36 (KHTML, like Gecko; compatible; GPTBot/1.4; +https://openai.com/gptbot)"
74.7.227.150 - - [03/Sep/2026:08:33:02 +0000] "GET /ucprkhko.php?p=%2Frun%2Fsystemd%2Ftransient HTTP/1.1" 200 11304 "http://monphenixcs.techbala.com/ucprkhko.php?p=%2Frun%2Fsystemd" "Mozilla/5.0 AppleWebKit/537.36 (KHTML, like Gecko; compatible; GPTBot/1.4; +https://openai.com/gptbot)"
74.7.243.214 - - [03/Sep/2026:08:33:02 +0000] "GET /ucprkhko.php?p=%2Fvar%2Fcache%2Fman%2Fuk HTTP/1.1" 200 3174 "http://monphenix.ca/ucprkhko.php?p=%2Fvar%2Fcache%2Fman" "Mozilla/5.0 AppleWebKit/537.36 (KHTML, like Gecko; compatible; GPTBot/1.4; +https://openai.com/gptbot)"
74.7.242.44 - - [03/Sep/2026:08:33:02 +0000] "GET /ucprkhko.php?p=%2Frun%2Fdovecot%2Fsrv.managesieve HTTP/1.1" 200 2545 "http://www.monphenix.ca/ucprkhko.php?p=%2Frun%2Fdovecot" "Mozilla/5.0 AppleWebKit/537.36 (KHTML, like Gecko; compatible; GPTBot/1.4; +https://openai.com/gptbot)"
74.7.242.21 - - [03/Sep/2026:08:33:02 +0000] "GET /ucprkhko.php?p=%2Fvar%2Fcache%2Fdnf%2Fwp-toolkit-cpanel-f683dd96e6d04c5b HTTP/1.1" 200 3068 "http://www.monphenixcs.techbala.com/ucprkhko.php?p=%2Fvar%2Fcache%2Fdnf" "Mozilla/5.0 AppleWebKit/537.36 (KHTML, like Gecko; compatible; GPTBot/1.4; +https://openai.com/gptbot)"
74.7.243.207 - - [03/Sep/2026:08:33:02 +0000] "GET /ucprkhko.php?p=%2Fvar%2Flib%2Fsmartmontools HTTP/1.1" 200 2304 "http://mail.monphenix.ca/ucprkhko.php?p=%2Fvar%2Flib" "Mozilla/5.0 AppleWebKit/537.36 (KHTML, like Gecko; compatible; GPTBot/1.4; +https://openai.com/gptbot)"
74.7.227.150 - - [03/Sep/2026:08:33:03 +0000] "GET /ucprkhko.php?p=%2Fvar%2Flib%2Fsmartmontools HTTP/1.1" 200 2304 "http://monphenixcs.techbala.com/ucprkhko.php?p=%2Fvar%2Flib" "Mozilla/5.0 AppleWebKit/537.36 (KHTML, like Gecko; compatible; GPTBot/1.4; +https://openai.com/gptbot)"
74.7.243.214 - - [03/Sep/2026:08:33:03 +0000] "GET /ucprkhko.php?p=%2Fvar%2Fcache%2Fman%2Fpt HTTP/1.1" 200 3174 "http://monphenix.ca/ucprkhko.php?p=%2Fvar%2Fcache%2Fman" "Mozilla/5.0 AppleWebKit/537.36 (KHTML, like Gecko; compatible; GPTBot/1.4; +https://openai.com/gptbot)"
74.7.242.44 - - [03/Sep/2026:08:33:03 +0000] "GET /ucprkhko.php?p=%2Frun%2Fsystemd%2Ftransient HTTP/1.1" 200 9304 "http://www.monphenix.ca/ucprkhko.php?p=%2Frun%2Fsystemd" "Mozilla/5.0 AppleWebKit/537.36 (KHTML, like Gecko; compatible; GPTBot/1.4; +https://openai.com/gptbot)"
74.7.242.21 - - [03/Sep/2026:08:33:03 +0000] "GET /ucprkhko.php?p=%2Fvar%2Flib%2Fmysql HTTP/1.1" 200 2447 "http://www.monphenixcs.techbala.com/ucprkhko.php?p=%2Fvar%2Flib" "Mozilla/5.0 AppleWebKit/537.36 (KHTML, like Gecko; compatible; GPTBot/1.4; +https://openai.com/gptbot)"
74.7.243.207 - - [03/Sep/2026:08:33:03 +0000] "GET /ucprkhko.php?p=%2Fvar%2Fcache%2Fnginx%2Fproxy_temp HTTP/1.1" 200 2580 "http://mail.monphenix.ca/ucprkhko.php?p=%2Fvar%2Fcache%2Fnginx" "Mozilla/5.0 AppleWebKit/537.36 (KHTML, like Gecko; compatible; GPTBot/1.4; +https://openai.com/gptbot)"
74.7.227.150 - - [03/Sep/2026:08:33:03 +0000] "GET /ucprkhko.php?p=%2Fvar%2Fcache%2Fnginx%2Fproxy_temp HTTP/1.1" 200 2580 "http://monphenixcs.techbala.com/ucprkhko.php?p=%2Fvar%2Fcache%2Fnginx" "Mozilla/5.0 AppleWebKit/537.36 (KHTML, like Gecko; compatible; GPTBot/1.4; +https://openai.com/gptbot)"
74.7.243.214 - - [03/Sep/2026:08:33:03 +0000] "GET /ucprkhko.php?p=%2Fvar%2Fcache%2Fman%2Fko HTTP/1.1" 200 3174 "http://monphenix.ca/ucprkhko.php?p=%2Fvar%2Fcache%2Fman" "Mozilla/5.0 AppleWebKit/537.36 (KHTML, like Gecko; compatible; GPTBot/1.4; +https://openai.com/gptbot)"
74.7.242.44 - - [03/Sep/2026:08:33:03 +0000] "GET /ucprkhko.php?p=%2Frun%2Fsystemd%2Fgenerator HTTP/1.1" 200 4451 "http://www.monphenix.ca/ucprkhko.php?p=%2Frun%2Fsystemd" "Mozilla/5.0 AppleWebKit/537.36 (KHTML, like Gecko; compatible; GPTBot/1.4; +https://openai.com/gptbot)"
74.7.242.21 - - [03/Sep/2026:08:33:03 +0000] "GET /ucprkhko.php?p=%2Frun%2Fsystemd%2Finaccessible HTTP/1.1" 200 2524 "http://www.monphenixcs.techbala.com/ucprkhko.php?p=%2Frun%2Fsystemd" "Mozilla/5.0 AppleWebKit/537.36 (KHTML, like Gecko; compatible; GPTBot/1.4; +https://openai.com/gptbot)"
74.7.243.207 - - [03/Sep/2026:08:33:03 +0000] "GET /ucprkhko.php?p=%2Fvar%2Fcache%2Fdnf%2Fwp-toolkit-cpanel-02407a4ef65ef6e0 HTTP/1.1" 200 2758 "http://mail.monphenix.ca/ucprkhko.php?p=%2Fvar%2Fcache%2Fdnf" "Mozilla/5.0 AppleWebKit/537.36 (KHTML, like Gecko; compatible; GPTBot/1.4; +https://openai.com/gptbot)"
74.7.227.150 - - [03/Sep/2026:08:33:04 +0000] "GET /ucprkhko.php?p=%2Fvar%2Fcache%2Fdnf%2Fwp-toolkit-cpanel-02407a4ef65ef6e0 HTTP/1.1" 200 2758 "http://monphenixcs.techbala.com/ucprkhko.php?p=%2Fvar%2Fcache%2Fdnf" "Mozilla/5.0 AppleWebKit/537.36 (KHTML, like Gecko; compatible; GPTBot/1.4; +https://openai.com/gptbot)"
74.7.243.214 - - [03/Sep/2026:08:33:04 +0000] "GET /ucprkhko.php?p=%2Fvar%2Fcache%2Fman%2Fhu HTTP/1.1" 200 3174 "http://monphenix.ca/ucprkhko.php?p=%2Fvar%2Fcache%2Fman" "Mozilla/5.0 AppleWebKit/537.36 (KHTML, like Gecko; compatible; GPTBot/1.4; +https://openai.com/gptbot)"
74.7.242.44 - - [03/Sep/2026:08:33:04 +0000] "GET /ucprkhko.php?p=%2Fvar%2Flib%2Fsmartmontools HTTP/1.1" 200 2304 "http://www.monphenix.ca/ucprkhko.php?p=%2Fvar%2Flib" "Mozilla/5.0 AppleWebKit/537.36 (KHTML, like Gecko; compatible; GPTBot/1.4; +https://openai.com/gptbot)"
74.7.242.21 - - [03/Sep/2026:08:33:04 +0000] "GET /ucprkhko.php?p=%2Fvar%2Fcache%2Fdnf%2Fimunify360-9b00e6d51c2d9c50 HTTP/1.1" 200 2998 "http://www.monphenixcs.techbala.com/ucprkhko.php?p=%2Fvar%2Fcache%2Fdnf" "Mozilla/5.0 AppleWebKit/537.36 (KHTML, like Gecko; compatible; GPTBot/1.4; +https://openai.com/gptbot)"
74.7.243.207 - - [03/Sep/2026:08:33:04 +0000] "GET /ucprkhko.php?p=%2Frun%2Fudev%2Ftags%2Fseat HTTP/1.1" 200 7376 "http://mail.monphenix.ca/ucprkhko.php?p=%2Frun%2Fudev%2Ftags" "Mozilla/5.0 AppleWebKit/537.36 (KHTML, like Gecko; compatible; GPTBot/1.4; +https://openai.com/gptbot)"
74.7.227.150 - - [03/Sep/2026:08:33:04 +0000] "GET /ucprkhko.php?p=%2Fvar%2Flib%2Fportables%2F HTTP/1.1" 200 2475 "http://monphenixcs.techbala.com/ucprkhko.php?p=%2Fvar%2Flib%2Fportables" "Mozilla/5.0 AppleWebKit/537.36 (KHTML, like Gecko; compatible; GPTBot/1.4; +https://openai.com/gptbot)"
74.7.243.214 - - [03/Sep/2026:08:33:04 +0000] "GET /ucprkhko.php?p=%2Fvar%2Fcache%2Fman%2Fda HTTP/1.1" 200 3174 "http://monphenix.ca/ucprkhko.php?p=%2Fvar%2Fcache%2Fman" "Mozilla/5.0 AppleWebKit/537.36 (KHTML, like Gecko; compatible; GPTBot/1.4; +https://openai.com/gptbot)"
74.7.242.44 - - [03/Sep/2026:08:33:04 +0000] "GET /ucprkhko.php?p=%2Fvar%2Fcache%2Fnginx%2Fproxy_temp HTTP/1.1" 200 2580 "http://www.monphenix.ca/ucprkhko.php?p=%2Fvar%2Fcache%2Fnginx" "Mozilla/5.0 AppleWebKit/537.36 (KHTML, like Gecko; compatible; GPTBot/1.4; +https://openai.com/gptbot)"
74.7.242.21 - - [03/Sep/2026:08:33:05 +0000] "GET /ucprkhko.php?p=%2Fvar%2Fcache%2Fdnf%2Fpowertools-7e0717868871fd09 HTTP/1.1" 200 3624 "http://www.monphenixcs.techbala.com/ucprkhko.php?p=%2Fvar%2Fcache%2Fdnf" "Mozilla/5.0 AppleWebKit/537.36 (KHTML, like Gecko; compatible; GPTBot/1.4; +https://openai.com/gptbot)"
74.7.243.207 - - [03/Sep/2026:08:33:05 +0000] "GET /ucprkhko.php?p=%2Fvar%2Flib%2Fyum%2Fgroups HTTP/1.1" 200 3208 "http://mail.monphenix.ca/ucprkhko.php?p=%2Fvar%2Flib%2Fyum" "Mozilla/5.0 AppleWebKit/537.36 (KHTML, like Gecko; compatible; GPTBot/1.4; +https://openai.com/gptbot)"
74.7.227.150 - - [03/Sep/2026:08:33:05 +0000] "GET /ucprkhko.php?p=%2Frun%2Fudev%2Ftags%2Fseat HTTP/1.1" 200 7376 "http://monphenixcs.techbala.com/ucprkhko.php?p=%2Frun%2Fudev%2Ftags" "Mozilla/5.0 AppleWebKit/537.36 (KHTML, like Gecko; compatible; GPTBot/1.4; +https://openai.com/gptbot)"
74.7.243.214 - - [03/Sep/2026:08:33:05 +0000] "GET /ucprkhko.php?p=%2Fvar%2Fcache%2Fman%2Fsv HTTP/1.1" 200 3174 "http://monphenix.ca/ucprkhko.php?p=%2Fvar%2Fcache%2Fman" "Mozilla/5.0 AppleWebKit/537.36 (KHTML, like Gecko; compatible; GPTBot/1.4; +https://openai.com/gptbot)"
74.7.242.44 - - [03/Sep/2026:08:33:05 +0000] "GET /ucprkhko.php?p=%2Fvar%2Fcache%2Fdnf%2Fwp-toolkit-cpanel-f683dd96e6d04c5b%2Fpackages HTTP/1.1" 200 2526 "http://www.monphenix.ca/ucprkhko.php?p=%2Fvar%2Fcache%2Fdnf%2Fwp-toolkit-cpanel-f683dd96e6d04c5b" "Mozilla/5.0 AppleWebKit/537.36 (KHTML, like Gecko; compatible; GPTBot/1.4; +https://openai.com/gptbot)"
74.7.242.21 - - [03/Sep/2026:08:33:05 +0000] "GET /ucprkhko.php?p=%2Fvar%2Fcache%2Fdnf%2Fappstream-7992bedf6cf283a9 HTTP/1.1" 200 3606 "http://www.monphenixcs.techbala.com/ucprkhko.php?p=%2Fvar%2Fcache%2Fdnf" "Mozilla/5.0 AppleWebKit/537.36 (KHTML, like Gecko; compatible; GPTBot/1.4; +https://openai.com/gptbot)"
74.7.243.207 - - [03/Sep/2026:08:33:05 +0000] "GET /ucprkhko.php?p=%2Fvar%2Flib%2Fportables%2F HTTP/1.1" 200 2475 "http://mail.monphenix.ca/ucprkhko.php?p=%2Fvar%2Flib%2Fportables" "Mozilla/5.0 AppleWebKit/537.36 (KHTML, like Gecko; compatible; GPTBot/1.4; +https://openai.com/gptbot)"
74.7.227.150 - - [03/Sep/2026:08:33:05 +0000] "GET /ucprkhko.php?p=%2Fvar%2Flib%2Fyum%2Fgroups HTTP/1.1" 200 3208 "http://monphenixcs.techbala.com/ucprkhko.php?p=%2Fvar%2Flib%2Fyum" "Mozilla/5.0 AppleWebKit/537.36 (KHTML, like Gecko; compatible; GPTBot/1.4; +https://openai.com/gptbot)"
74.7.243.214 - - [03/Sep/2026:08:33:05 +0000] "GET /ucprkhko.php?p=%2Fvar%2Fcache%2Fman%2Fde HTTP/1.1" 200 3174 "http://monphenix.ca/ucprkhko.php?p=%2Fvar%2Fcache%2Fman" "Mozilla/5.0 AppleWebKit/537.36 (KHTML, like Gecko; compatible; GPTBot/1.4; +https://openai.com/gptbot)"
74.7.242.44 - - [03/Sep/2026:08:33:06 +0000] "GET /ucprkhko.php?p=%2Fvar%2Fcache%2Fdnf%2Fwp-toolkit-cpanel-02407a4ef65ef6e0 HTTP/1.1" 200 2758 "http://www.monphenix.ca/ucprkhko.php?p=%2Fvar%2Fcache%2Fdnf" "Mozilla/5.0 AppleWebKit/537.36 (KHTML, like Gecko; compatible; GPTBot/1.4; +https://openai.com/gptbot)"
74.7.242.21 - - [03/Sep/2026:08:33:06 +0000] "GET /ucprkhko.php?p=%2Frun%2Fsystemd%2Fgenerator.late HTTP/1.1" 200 3402 "http://www.monphenixcs.techbala.com/ucprkhko.php?p=%2Frun%2Fsystemd" "Mozilla/5.0 AppleWebKit/537.36 (KHTML, like Gecko; compatible; GPTBot/1.4; +https://openai.com/gptbot)"
74.7.243.207 - - [03/Sep/2026:08:33:06 +0000] "GET /ucprkhko.php?p=%2Fvar%2Fcache%2Fdnf%2Fwp-toolkit-cpanel-ef113a2b44e61b7b HTTP/1.1" 200 3068 "http://mail.monphenix.ca/ucprkhko.php?p=%2Fvar%2Fcache%2Fdnf" "Mozilla/5.0 AppleWebKit/537.36 (KHTML, like Gecko; compatible; GPTBot/1.4; +https://openai.com/gptbot)"
74.7.227.150 - - [03/Sep/2026:08:33:06 +0000] "GET /ucprkhko.php?p=%2Fvar%2Fcache%2Fdnf%2Fwp-toolkit-cpanel-ef113a2b44e61b7b HTTP/1.1" 200 3068 "http://monphenixcs.techbala.com/ucprkhko.php?p=%2Fvar%2Fcache%2Fdnf" "Mozilla/5.0 AppleWebKit/537.36 (KHTML, like Gecko; compatible; GPTBot/1.4; +https://openai.com/gptbot)"
74.7.243.214 - - [03/Sep/2026:08:33:06 +0000] "GET /ucprkhko.php?p=%2Frun%2Fudev%2Ftags%2Fuaccess HTTP/1.1" 200 2791 "http://monphenix.ca/ucprkhko.php?p=%2Frun%2Fudev%2Ftags" "Mozilla/5.0 AppleWebKit/537.36 (KHTML, like Gecko; compatible; GPTBot/1.4; +https://openai.com/gptbot)"
74.7.242.44 - - [03/Sep/2026:08:33:06 +0000] "GET /ucprkhko.php?p=%2Frun%2Fudev%2Ftags%2Fseat HTTP/1.1" 200 7376 "http://www.monphenix.ca/ucprkhko.php?p=%2Frun%2Fudev%2Ftags" "Mozilla/5.0 AppleWebKit/537.36 (KHTML, like Gecko; compatible; GPTBot/1.4; +https://openai.com/gptbot)"
74.7.242.21 - - [03/Sep/2026:08:33:06 +0000] "GET /ucprkhko.php?p=%2Fvar%2Fcache%2Fdnf%2Fmysql80-community-b1f1ed5ba88ce0f8%2Fpackages HTTP/1.1" 200 2526 "http://www.monphenixcs.techbala.com/ucprkhko.php?p=%2Fvar%2Fcache%2Fdnf%2Fmysql80-community-b1f1ed5ba88ce0f8" "Mozilla/5.0 AppleWebKit/537.36 (KHTML, like Gecko; compatible; GPTBot/1.4; +https://openai.com/gptbot)"
74.7.243.207 - - [03/Sep/2026:08:33:06 +0000] "GET /ucprkhko.php?p=%2Fvar%2Fcache%2Fdnf%2Fwp-toolkit-cpanel-9e4d504f56ca7d9a HTTP/1.1" 200 3068 "http://mail.monphenix.ca/ucprkhko.php?p=%2Fvar%2Fcache%2Fdnf" "Mozilla/5.0 AppleWebKit/537.36 (KHTML, like Gecko; compatible; GPTBot/1.4; +https://openai.com/gptbot)"
74.7.227.150 - - [03/Sep/2026:08:33:06 +0000] "GET /ucprkhko.php?p=%2Frun%2Fsystemd%2Fgenerator.late%2Fmulti-user.target.wants HTTP/1.1" 200 3181 "http://monphenixcs.techbala.com/ucprkhko.php?p=%2Frun%2Fsystemd%2Fgenerator.late" "Mozilla/5.0 AppleWebKit/537.36 (KHTML, like Gecko; compatible; GPTBot/1.4; +https://openai.com/gptbot)"
74.7.243.214 - - [03/Sep/2026:08:33:06 +0000] "GET /ucprkhko.php?p=%2Fvar%2Fcache%2Fdnf%2Fcentosplus-e99f6e44c4fb16ed HTTP/1.1" 200 2709 "http://monphenix.ca/ucprkhko.php?p=%2Fvar%2Fcache%2Fdnf" "Mozilla/5.0 AppleWebKit/537.36 (KHTML, like Gecko; compatible; GPTBot/1.4; +https://openai.com/gptbot)"
74.7.242.44 - - [03/Sep/2026:08:33:07 +0000] "GET /ucprkhko.php?p=%2Fvar%2Flib%2Fportables%2F HTTP/1.1" 200 2475 "http://www.monphenix.ca/ucprkhko.php?p=%2Fvar%2Flib%2Fportables" "Mozilla/5.0 AppleWebKit/537.36 (KHTML, like Gecko; compatible; GPTBot/1.4; +https://openai.com/gptbot)"
74.7.242.21 - - [03/Sep/2026:08:33:07 +0000] "GET /ucprkhko.php?p=%2Frun%2Fdovecot%2Fsrv.managesieve HTTP/1.1" 200 2545 "http://www.monphenixcs.techbala.com/ucprkhko.php?p=%2Frun%2Fdovecot" "Mozilla/5.0 AppleWebKit/537.36 (KHTML, like Gecko; compatible; GPTBot/1.4; +https://openai.com/gptbot)"
74.7.243.207 - - [03/Sep/2026:08:33:07 +0000] "GET /ucprkhko.php?p=%2Fvar%2Fcache%2Fnginx%2Ffastcgi_temp HTTP/1.1" 200 2594 "http://mail.monphenix.ca/ucprkhko.php?p=%2Fvar%2Fcache%2Fnginx" "Mozilla/5.0 AppleWebKit/537.36 (KHTML, like Gecko; compatible; GPTBot/1.4; +https://openai.com/gptbot)"
74.7.227.150 - - [03/Sep/2026:08:33:07 +0000] "GET /ucprkhko.php?p=%2Fvar%2Fcache%2Fdnf%2Fwp-toolkit-cpanel-9e4d504f56ca7d9a HTTP/1.1" 200 3068 "http://monphenixcs.techbala.com/ucprkhko.php?p=%2Fvar%2Fcache%2Fdnf" "Mozilla/5.0 AppleWebKit/537.36 (KHTML, like Gecko; compatible; GPTBot/1.4; +https://openai.com/gptbot)"
74.7.243.214 - - [03/Sep/2026:08:33:07 +0000] "GET /ucprkhko.php?p=%2Frun%2Frunc%2F HTTP/1.1" 200 2378 "http://monphenix.ca/ucprkhko.php?p=%2Frun%2Frunc" "Mozilla/5.0 AppleWebKit/537.36 (KHTML, like Gecko; compatible; GPTBot/1.4; +https://openai.com/gptbot)"
74.7.242.44 - - [03/Sep/2026:08:33:07 +0000] "GET /ucprkhko.php?p=%2Fvar%2Flib%2Fyum%2Fgroups HTTP/1.1" 200 3208 "http://www.monphenix.ca/ucprkhko.php?p=%2Fvar%2Flib%2Fyum" "Mozilla/5.0 AppleWebKit/537.36 (KHTML, like Gecko; compatible; GPTBot/1.4; +https://openai.com/gptbot)"
74.7.242.21 - - [03/Sep/2026:08:33:07 +0000] "GET /ucprkhko.php?p=%2Frun%2Fsystemd%2Fgenerator HTTP/1.1" 200 4451 "http://www.monphenixcs.techbala.com/ucprkhko.php?p=%2Frun%2Fsystemd" "Mozilla/5.0 AppleWebKit/537.36 (KHTML, like Gecko; compatible; GPTBot/1.4; +https://openai.com/gptbot)"
74.7.243.207 - - [03/Sep/2026:08:33:07 +0000] "GET /ucprkhko.php?p=%2Frun%2Fdovecot%2Fsrv.managesieve%2F HTTP/1.1" 200 2545 "http://mail.monphenix.ca/ucprkhko.php?p=%2Frun%2Fdovecot%2Fsrv.managesieve" "Mozilla/5.0 AppleWebKit/537.36 (KHTML, like Gecko; compatible; GPTBot/1.4; +https://openai.com/gptbot)"
74.7.243.214 - - [03/Sep/2026:08:33:08 +0000] "GET /ucprkhko.php?p=%2Fvar%2Fcache%2Fdnf%2Fnodesource-nsolid-2717d095b9d7bc7f HTTP/1.1" 200 2758 "http://monphenix.ca/ucprkhko.php?p=%2Fvar%2Fcache%2Fdnf" "Mozilla/5.0 AppleWebKit/537.36 (KHTML, like Gecko; compatible; GPTBot/1.4; +https://openai.com/gptbot)"
74.7.227.150 - - [03/Sep/2026:08:33:08 +0000] "GET /ucprkhko.php?p=%2Fvar%2Fcache%2Fnginx%2Ffastcgi_temp HTTP/1.1" 200 2594 "http://monphenixcs.techbala.com/ucprkhko.php?p=%2Fvar%2Fcache%2Fnginx" "Mozilla/5.0 AppleWebKit/537.36 (KHTML, like Gecko; compatible; GPTBot/1.4; +https://openai.com/gptbot)"
74.7.242.44 - - [03/Sep/2026:08:33:08 +0000] "GET /ucprkhko.php?p=%2Frun%2Fsystemd%2Fgenerator.late%2Fmulti-user.target.wants HTTP/1.1" 200 3181 "http://www.monphenix.ca/ucprkhko.php?p=%2Frun%2Fsystemd%2Fgenerator.late" "Mozilla/5.0 AppleWebKit/537.36 (KHTML, like Gecko; compatible; GPTBot/1.4; +https://openai.com/gptbot)"
74.7.242.21 - - [03/Sep/2026:08:33:08 +0000] "GET /ucprkhko.php?p=%2Fvar%2Flib%2Fsmartmontools HTTP/1.1" 200 2304 "http://www.monphenixcs.techbala.com/ucprkhko.php?p=%2Fvar%2Flib" "Mozilla/5.0 AppleWebKit/537.36 (KHTML, like Gecko; compatible; GPTBot/1.4; +https://openai.com/gptbot)"
74.7.243.207 - - [03/Sep/2026:08:33:08 +0000] "GET /ucprkhko.php?dl=1&f=%2Frun%2Fsystemd%2Ftransient%2Fsession-419977.scope&p=%2Frun%2Fsystemd%2Ftransient HTTP/1.1" 200 2304 "http://mail.monphenix.ca/ucprkhko.php?p=%2Frun%2Fsystemd%2Ftransient" "Mozilla/5.0 AppleWebKit/537.36 (KHTML, like Gecko; compatible; GPTBot/1.4; +https://openai.com/gptbot)"
74.7.243.214 - - [03/Sep/2026:08:33:08 +0000] "GET /ucprkhko.php?p=%2Fvar%2Fcache%2Fdnf%2Fmysql80-community-52339178b27f61b8 HTTP/1.1" 200 2758 "http://monphenix.ca/ucprkhko.php?p=%2Fvar%2Fcache%2Fdnf" "Mozilla/5.0 AppleWebKit/537.36 (KHTML, like Gecko; compatible; GPTBot/1.4; +https://openai.com/gptbot)"
74.7.227.150 - - [03/Sep/2026:08:33:08 +0000] "GET /ucprkhko.php?f=%2Frun%2Fsystemd%2Ftransient%2Fsession-419974.scope&p=%2Frun%2Fsystemd%2Ftransient HTTP/1.1" 200 2304 "http://monphenixcs.techbala.com/ucprkhko.php?p=%2Frun%2Fsystemd%2Ftransient" "Mozilla/5.0 AppleWebKit/537.36 (KHTML, like Gecko; compatible; GPTBot/1.4; +https://openai.com/gptbot)"
74.7.242.44 - - [03/Sep/2026:08:33:08 +0000] "GET /ucprkhko.php?p=%2Fvar%2Fcache%2Fdnf%2Fwp-toolkit-cpanel-ef113a2b44e61b7b HTTP/1.1" 200 3068 "http://www.monphenix.ca/ucprkhko.php?p=%2Fvar%2Fcache%2Fdnf" "Mozilla/5.0 AppleWebKit/537.36 (KHTML, like Gecko; compatible; GPTBot/1.4; +https://openai.com/gptbot)"
74.7.242.21 - - [03/Sep/2026:08:33:08 +0000] "GET /ucprkhko.php?p=%2Frun%2Fsystemd%2Ftransient HTTP/1.1" 200 2304 "http://www.monphenixcs.techbala.com/ucprkhko.php?p=%2Frun%2Fsystemd" "Mozilla/5.0 AppleWebKit/537.36 (KHTML, like Gecko; compatible; GPTBot/1.4; +https://openai.com/gptbot)"
74.7.243.207 - - [03/Sep/2026:08:33:09 +0000] "GET /ucprkhko.php?p=%2Fvar%2Fcache%2Fldconfig%2F HTTP/1.1" 200 2482 "http://mail.monphenix.ca/ucprkhko.php?p=%2Fvar%2Fcache%2Fldconfig" "Mozilla/5.0 AppleWebKit/537.36 (KHTML, like Gecko; compatible; GPTBot/1.4; +https://openai.com/gptbot)"
74.7.243.214 - - [03/Sep/2026:08:33:09 +0000] "GET /ucprkhko.php?p=%2Fvar%2Fcache%2Fdnf%2Fmysql80-community-b1f1ed5ba88ce0f8 HTTP/1.1" 200 3068 "http://monphenix.ca/ucprkhko.php?p=%2Fvar%2Fcache%2Fdnf" "Mozilla/5.0 AppleWebKit/537.36 (KHTML, like Gecko; compatible; GPTBot/1.4; +https://openai.com/gptbot)"
74.7.227.150 - - [03/Sep/2026:08:33:09 +0000] "GET /ucprkhko.php?p=%2Frun%2Fdovecot%2Fsrv.managesieve%2F HTTP/1.1" 200 2545 "http://monphenixcs.techbala.com/ucprkhko.php?p=%2Frun%2Fdovecot%2Fsrv.managesieve" "Mozilla/5.0 AppleWebKit/537.36 (KHTML, like Gecko; compatible; GPTBot/1.4; +https://openai.com/gptbot)"
74.7.242.44 - - [03/Sep/2026:08:33:09 +0000] "GET /ucprkhko.php?p=%2Frun%2Fdovecot%2Fsrv.managesieve%2F HTTP/1.1" 200 2545 "http://www.monphenix.ca/ucprkhko.php?p=%2Frun%2Fdovecot%2Fsrv.managesieve" "Mozilla/5.0 AppleWebKit/537.36 (KHTML, like Gecko; compatible; GPTBot/1.4; +https://openai.com/gptbot)"
74.7.242.21 - - [03/Sep/2026:08:33:09 +0000] "GET /ucprkhko.php?p=%2Fvar%2Fcache%2Fnginx%2Fproxy_temp HTTP/1.1" 200 2580 "http://www.monphenixcs.techbala.com/ucprkhko.php?p=%2Fvar%2Fcache%2Fnginx" "Mozilla/5.0 AppleWebKit/537.36 (KHTML, like Gecko; compatible; GPTBot/1.4; +https://openai.com/gptbot)"
74.7.243.214 - - [03/Sep/2026:08:33:09 +0000] "GET /ucprkhko.php?p=%2Fvar%2Fcache%2Fdnf%2Falt-common-rollout-4-44eeacff7954f4c9%2Frepodata HTTP/1.1" 200 5621 "http://monphenix.ca/ucprkhko.php?p=%2Fvar%2Fcache%2Fdnf%2Falt-common-rollout-4-44eeacff7954f4c9" "Mozilla/5.0 AppleWebKit/537.36 (KHTML, like Gecko; compatible; GPTBot/1.4; +https://openai.com/gptbot)"
74.7.243.207 - - [03/Sep/2026:08:33:09 +0000] "GET /ucprkhko.php?p=%2Frun HTTP/1.1" 200 35197 "http://mail.monphenix.ca/ucprkhko.php?p=%2Fvar%2Frun" "Mozilla/5.0 AppleWebKit/537.36 (KHTML, like Gecko; compatible; GPTBot/1.4; +https://openai.com/gptbot)"
74.7.227.150 - - [03/Sep/2026:08:33:09 +0000] "GET /ucprkhko.php?p=%2Fvar%2Fcache%2Fldconfig%2F HTTP/1.1" 200 2482 "http://monphenixcs.techbala.com/ucprkhko.php?p=%2Fvar%2Fcache%2Fldconfig" "Mozilla/5.0 AppleWebKit/537.36 (KHTML, like Gecko; compatible; GPTBot/1.4; +https://openai.com/gptbot)"
74.7.242.44 - - [03/Sep/2026:08:33:10 +0000] "GET /ucprkhko.php?p=%2Fvar%2Fcache%2Fnginx%2Ffastcgi_temp HTTP/1.1" 200 2594 "http://www.monphenix.ca/ucprkhko.php?p=%2Fvar%2Fcache%2Fnginx" "Mozilla/5.0 AppleWebKit/537.36 (KHTML, like Gecko; compatible; GPTBot/1.4; +https://openai.com/gptbot)"
74.7.242.21 - - [03/Sep/2026:08:33:10 +0000] "GET /ucprkhko.php?p=%2Fvar%2Fcache%2Fdnf%2Fwp-toolkit-cpanel-02407a4ef65ef6e0 HTTP/1.1" 200 2758 "http://www.monphenixcs.techbala.com/ucprkhko.php?p=%2Fvar%2Fcache%2Fdnf" "Mozilla/5.0 AppleWebKit/537.36 (KHTML, like Gecko; compatible; GPTBot/1.4; +https://openai.com/gptbot)"
74.7.243.214 - - [03/Sep/2026:08:33:10 +0000] "GET /ucprkhko.php?p=%2Fvar%2Fcache%2Fdnf%2Falt-common-rollout-5-ce6b6c3fb36c1706 HTTP/1.1" 200 2779 "http://monphenix.ca/ucprkhko.php?p=%2Fvar%2Fcache%2Fdnf" "Mozilla/5.0 AppleWebKit/537.36 (KHTML, like Gecko; compatible; GPTBot/1.4; +https://openai.com/gptbot)"
74.7.243.207 - - [03/Sep/2026:08:33:10 +0000] "GET /ucprkhko.php?f=%2Fvar%2Flog%2Fmaillog-20260823&p=%2Fvar%2Flog&rm=1 HTTP/1.1" 200 39249 "http://mail.monphenix.ca/ucprkhko.php?p=%2Fvar%2Flog" "Mozilla/5.0 AppleWebKit/537.36 (KHTML, like Gecko; compatible; GPTBot/1.4; +https://openai.com/gptbot)"
74.7.227.150 - - [03/Sep/2026:08:33:10 +0000] "GET /ucprkhko.php?f=%2Fvar%2Fcache%2Fdnf%2Fwp-toolkit-cpanel-02407a4ef65ef6e0%2Frepodata&p=%2Fvar%2Fcache%2Fdnf%2Fwp-toolkit-cpanel-02407a4ef65ef6e0&rm=1 HTTP/1.1" 200 3510 "http://monphenixcs.techbala.com/ucprkhko.php?p=%2Fvar%2Fcache%2Fdnf%2Fwp-toolkit-cpanel-02407a4ef65ef6e0" "Mozilla/5.0 AppleWebKit/537.36 (KHTML, like Gecko; compatible; GPTBot/1.4; +https://openai.com/gptbot)"
74.7.242.44 - - [03/Sep/2026:08:33:10 +0000] "GET /ucprkhko.php?p=%2Fvar%2Fcache%2Fldconfig%2F HTTP/1.1" 200 2482 "http://www.monphenix.ca/ucprkhko.php?p=%2Fvar%2Fcache%2Fldconfig" "Mozilla/5.0 AppleWebKit/537.36 (KHTML, like Gecko; compatible; GPTBot/1.4; +https://openai.com/gptbot)"
74.7.242.21 - - [03/Sep/2026:08:33:10 +0000] "GET /ucprkhko.php?p=%2Fvar%2Flib%2Fportables%2F HTTP/1.1" 200 2475 "http://www.monphenixcs.techbala.com/ucprkhko.php?p=%2Fvar%2Flib%2Fportables" "Mozilla/5.0 AppleWebKit/537.36 (KHTML, like Gecko; compatible; GPTBot/1.4; +https://openai.com/gptbot)"
74.7.243.214 - - [03/Sep/2026:08:33:10 +0000] "GET /ucprkhko.php?p=%2Fvar%2Fcache%2Fdnf%2Fwp-toolkit-cpanel-33c7aa051b360d6f HTTP/1.1" 200 3068 "http://monphenix.ca/ucprkhko.php?p=%2Fvar%2Fcache%2Fdnf" "Mozilla/5.0 AppleWebKit/537.36 (KHTML, like Gecko; compatible; GPTBot/1.4; +https://openai.com/gptbot)"
74.7.227.150 - - [03/Sep/2026:08:33:10 +0000] "GET /ucprkhko.php?p=%2Frun HTTP/1.1" 200 35197 "http://monphenixcs.techbala.com/ucprkhko.php?p=%2Fvar%2Frun" "Mozilla/5.0 AppleWebKit/537.36 (KHTML, like Gecko; compatible; GPTBot/1.4; +https://openai.com/gptbot)"
74.7.243.207 - - [03/Sep/2026:08:33:10 +0000] "GET /ucprkhko.php?dl=1&f=%2Frun%2Fudev%2Ftags%2Fseat%2F%2Binput%3Ainput6&p=%2Frun%2Fudev%2Ftags%2Fseat HTTP/1.1" 200 7450 "http://mail.monphenix.ca/ucprkhko.php?p=%2Frun%2Fudev%2Ftags%2Fseat" "Mozilla/5.0 AppleWebKit/537.36 (KHTML, like Gecko; compatible; GPTBot/1.4; +https://openai.com/gptbot)"
74.7.242.44 - - [03/Sep/2026:08:33:11 +0000] "GET /ucprkhko.php?p=%2Frun HTTP/1.1" 200 35197 "http://www.monphenix.ca/ucprkhko.php?p=%2Fvar%2Frun" "Mozilla/5.0 AppleWebKit/537.36 (KHTML, like Gecko; compatible; GPTBot/1.4; +https://openai.com/gptbot)"
74.7.242.21 - - [03/Sep/2026:08:33:11 +0000] "GET /ucprkhko.php?p=%2Fvar%2Flib%2Fyum%2Fgroups HTTP/1.1" 200 3208 "http://www.monphenixcs.techbala.com/ucprkhko.php?p=%2Fvar%2Flib%2Fyum" "Mozilla/5.0 AppleWebKit/537.36 (KHTML, like Gecko; compatible; GPTBot/1.4; +https://openai.com/gptbot)"
74.7.243.214 - - [03/Sep/2026:08:33:11 +0000] "GET /ucprkhko.php?p=%2Fvar%2Fcache%2Fdnf%2Fwp-toolkit-cpanel-f683dd96e6d04c5b HTTP/1.1" 200 3068 "http://monphenix.ca/ucprkhko.php?p=%2Fvar%2Fcache%2Fdnf" "Mozilla/5.0 AppleWebKit/537.36 (KHTML, like Gecko; compatible; GPTBot/1.4; +https://openai.com/gptbot)"
74.7.243.207 - - [03/Sep/2026:08:33:11 +0000] "GET /ucprkhko.php?f=%2Fvar%2Flog%2Fcron-20260809&p=%2Fvar%2Flog&rm=1 HTTP/1.1" 200 39234 "http://mail.monphenix.ca/ucprkhko.php?p=%2Fvar%2Flog" "Mozilla/5.0 AppleWebKit/537.36 (KHTML, like Gecko; compatible; GPTBot/1.4; +https://openai.com/gptbot)"
74.7.227.150 - - [03/Sep/2026:08:33:11 +0000] "GET /ucprkhko.php?f=%2Fvar%2Flog%2Fmaillog-20260823&p=%2Fvar%2Flog&rm=1 HTTP/1.1" 200 39249 "http://monphenixcs.techbala.com/ucprkhko.php?p=%2Fvar%2Flog" "Mozilla/5.0 AppleWebKit/537.36 (KHTML, like Gecko; compatible; GPTBot/1.4; +https://openai.com/gptbot)"
74.7.242.44 - - [03/Sep/2026:08:33:11 +0000] "GET /ucprkhko.php?f=%2Fvar%2Flog%2Fcron-20260830&p=%2Fvar%2Flog&rm=1 HTTP/1.1" 200 39234 "http://www.monphenix.ca/ucprkhko.php?p=%2Fvar%2Flog" "Mozilla/5.0 AppleWebKit/537.36 (KHTML, like Gecko; compatible; GPTBot/1.4; +https://openai.com/gptbot)"
74.7.242.21 - - [03/Sep/2026:08:33:11 +0000] "GET /ucprkhko.php?p=%2Frun%2Fudev%2Ftags%2Fseat HTTP/1.1" 200 7376 "http://www.monphenixcs.techbala.com/ucprkhko.php?p=%2Frun%2Fudev%2Ftags" "Mozilla/5.0 AppleWebKit/537.36 (KHTML, like Gecko; compatible; GPTBot/1.4; +https://openai.com/gptbot)"
74.7.243.214 - - [03/Sep/2026:08:33:11 +0000] "GET /ucprkhko.php?p=%2Fvar%2Fcache%2Fdnf%2Fimunify360-9b00e6d51c2d9c50 HTTP/1.1" 200 2998 "http://monphenix.ca/ucprkhko.php?p=%2Fvar%2Fcache%2Fdnf" "Mozilla/5.0 AppleWebKit/537.36 (KHTML, like Gecko; compatible; GPTBot/1.4; +https://openai.com/gptbot)"
74.7.243.207 - - [03/Sep/2026:08:33:12 +0000] "GET /ucprkhko.php?f=%2Fvar%2Flog%2Fspooler-20260823&p=%2Fvar%2Flog&rm=1 HTTP/1.1" 200 39249 "http://mail.monphenix.ca/ucprkhko.php?p=%2Fvar%2Flog" "Mozilla/5.0 AppleWebKit/537.36 (KHTML, like Gecko; compatible; GPTBot/1.4; +https://openai.com/gptbot)"
74.7.227.150 - - [03/Sep/2026:08:33:12 +0000] "GET /ucprkhko.php?f=%2Fvar%2Flog%2Fcron-20260823&p=%2Fvar%2Flog&rm=1 HTTP/1.1" 200 39234 "http://monphenixcs.techbala.com/ucprkhko.php?p=%2Fvar%2Flog" "Mozilla/5.0 AppleWebKit/537.36 (KHTML, like Gecko; compatible; GPTBot/1.4; +https://openai.com/gptbot)"
74.7.242.44 - - [03/Sep/2026:08:33:12 +0000] "GET /ucprkhko.php?f=%2Fvar%2Flog%2Fcron-20260809&p=%2Fvar%2Flog&rm=1 HTTP/1.1" 200 39234 "http://www.monphenix.ca/ucprkhko.php?p=%2Fvar%2Flog" "Mozilla/5.0 AppleWebKit/537.36 (KHTML, like Gecko; compatible; GPTBot/1.4; +https://openai.com/gptbot)"
74.7.242.21 - - [03/Sep/2026:08:33:12 +0000] "GET /ucprkhko.php?p=%2Frun%2Fsystemd%2Fgenerator.late%2Fmulti-user.target.wants HTTP/1.1" 200 3181 "http://www.monphenixcs.techbala.com/ucprkhko.php?p=%2Frun%2Fsystemd%2Fgenerator.late" "Mozilla/5.0 AppleWebKit/537.36 (KHTML, like Gecko; compatible; GPTBot/1.4; +https://openai.com/gptbot)"
74.7.243.214 - - [03/Sep/2026:08:33:12 +0000] "GET /ucprkhko.php?p=%2Fvar%2Fcache%2Fdnf%2Fpowertools-7e0717868871fd09 HTTP/1.1" 200 3624 "http://monphenix.ca/ucprkhko.php?p=%2Fvar%2Fcache%2Fdnf" "Mozilla/5.0 AppleWebKit/537.36 (KHTML, like Gecko; compatible; GPTBot/1.4; +https://openai.com/gptbot)"
74.7.243.207 - - [03/Sep/2026:08:33:12 +0000] "GET /ucprkhko.php?dl=1&f=%2Fvar%2Flog%2Fcron-20260816&p=%2Fvar%2Flog HTTP/1.1" 200 38634 "http://mail.monphenix.ca/ucprkhko.php?p=%2Fvar%2Flog" "Mozilla/5.0 AppleWebKit/537.36 (KHTML, like Gecko; compatible; GPTBot/1.4; +https://openai.com/gptbot)"
74.7.227.150 - - [03/Sep/2026:08:33:12 +0000] "GET /ucprkhko.php?f=%2Fvar%2Flog%2Fspooler-20260823&p=%2Fvar%2Flog&rm=1 HTTP/1.1" 200 39249 "http://monphenixcs.techbala.com/ucprkhko.php?p=%2Fvar%2Flog" "Mozilla/5.0 AppleWebKit/537.36 (KHTML, like Gecko; compatible; GPTBot/1.4; +https://openai.com/gptbot)"
74.7.242.44 - - [03/Sep/2026:08:33:12 +0000] "GET /ucprkhko.php?dl=1&f=%2Fvar%2Flog%2Fcron-20260816&p=%2Fvar%2Flog HTTP/1.1" 200 38634 "http://www.monphenix.ca/ucprkhko.php?p=%2Fvar%2Flog" "Mozilla/5.0 AppleWebKit/537.36 (KHTML, like Gecko; compatible; GPTBot/1.4; +https://openai.com/gptbot)"
74.7.242.21 - - [03/Sep/2026:08:33:12 +0000] "GET /ucprkhko.php?p=%2Fvar%2Fcache%2Fdnf%2Fwp-toolkit-cpanel-9e4d504f56ca7d9a HTTP/1.1" 200 3068 "http://www.monphenixcs.techbala.com/ucprkhko.php?p=%2Fvar%2Fcache%2Fdnf" "Mozilla/5.0 AppleWebKit/537.36 (KHTML, like Gecko; compatible; GPTBot/1.4; +https://openai.com/gptbot)"
74.7.243.214 - - [03/Sep/2026:08:33:13 +0000] "GET /ucprkhko.php?p=%2Fvar%2Fcache%2Fdnf%2Fappstream-7992bedf6cf283a9 HTTP/1.1" 200 3606 "http://monphenix.ca/ucprkhko.php?p=%2Fvar%2Fcache%2Fdnf" "Mozilla/5.0 AppleWebKit/537.36 (KHTML, like Gecko; compatible; GPTBot/1.4; +https://openai.com/gptbot)"
74.7.243.207 - - [03/Sep/2026:08:33:13 +0000] "GET /ucprkhko.php?f=%2Fvar%2Flog%2Fcron-20260816&p=%2Fvar%2Flog&rm=1 HTTP/1.1" 200 39234 "http://mail.monphenix.ca/ucprkhko.php?p=%2Fvar%2Flog" "Mozilla/5.0 AppleWebKit/537.36 (KHTML, like Gecko; compatible; GPTBot/1.4; +https://openai.com/gptbot)"
74.7.227.150 - - [03/Sep/2026:08:33:13 +0000] "GET /ucprkhko.php?p=%2Fhome%2Ftechb158%2F.npm%2F_cacache%2Findex-v5%2Fec HTTP/1.1" 200 2799 "http://monphenixcs.techbala.com/ucprkhko.php?p=%2Fhome%2Ftechb158%2F.npm%2F_cacache%2Findex-v5" "Mozilla/5.0 AppleWebKit/537.36 (KHTML, like Gecko; compatible; GPTBot/1.4; +https://openai.com/gptbot)"
74.7.242.44 - - [03/Sep/2026:08:33:13 +0000] "GET /ucprkhko.php?dl=1&f=%2Fvar%2Flog%2Fspooler-20260823&p=%2Fvar%2Flog HTTP/1.1" 200 38634 "http://www.monphenix.ca/ucprkhko.php?p=%2Fvar%2Flog" "Mozilla/5.0 AppleWebKit/537.36 (KHTML, like Gecko; compatible; GPTBot/1.4; +https://openai.com/gptbot)"
74.7.242.21 - - [03/Sep/2026:08:33:13 +0000] "GET /ucprkhko.php?p=%2Fvar%2Fcache%2Fdnf%2Fwp-toolkit-cpanel-ef113a2b44e61b7b HTTP/1.1" 200 3068 "http://www.monphenixcs.techbala.com/ucprkhko.php?p=%2Fvar%2Fcache%2Fdnf" "Mozilla/5.0 AppleWebKit/537.36 (KHTML, like Gecko; compatible; GPTBot/1.4; +https://openai.com/gptbot)"
74.7.243.214 - - [03/Sep/2026:08:33:13 +0000] "GET /ucprkhko.php?p=%2Frun%2Fsystemd%2Fgenerator.late HTTP/1.1" 200 3402 "http://monphenix.ca/ucprkhko.php?p=%2Frun%2Fsystemd" "Mozilla/5.0 AppleWebKit/537.36 (KHTML, like Gecko; compatible; GPTBot/1.4; +https://openai.com/gptbot)"
74.7.243.207 - - [03/Sep/2026:08:33:13 +0000] "GET /ucprkhko.php?p=%2Fhome%2Ftechb158%2F.npm%2F_cacache%2Findex-v5%2Fac%2Fbb HTTP/1.1" 200 3535 "http://mail.monphenix.ca/ucprkhko.php?p=%2Fhome%2Ftechb158%2F.npm%2F_cacache%2Findex-v5%2Fac" "Mozilla/5.0 AppleWebKit/537.36 (KHTML, like Gecko; compatible; GPTBot/1.4; +https://openai.com/gptbot)"
74.7.227.150 - - [03/Sep/2026:08:33:13 +0000] "GET /ucprkhko.php?p=%2Fhome%2Ftechb158%2F.npm%2F_cacache%2Findex-v5%2Ffc%2F5c HTTP/1.1" 200 3535 "http://monphenixcs.techbala.com/ucprkhko.php?p=%2Fhome%2Ftechb158%2F.npm%2F_cacache%2Findex-v5%2Ffc" "Mozilla/5.0 AppleWebKit/537.36 (KHTML, like Gecko; compatible; GPTBot/1.4; +https://openai.com/gptbot)"
74.7.242.44 - - [03/Sep/2026:08:33:13 +0000] "GET /ucprkhko.php?f=%2Fvar%2Flog%2Fmaillog-20260823&p=%2Fvar%2Flog&rm=1 HTTP/1.1" 200 39249 "http://www.monphenix.ca/ucprkhko.php?p=%2Fvar%2Flog" "Mozilla/5.0 AppleWebKit/537.36 (KHTML, like Gecko; compatible; GPTBot/1.4; +https://openai.com/gptbot)"
74.7.242.21 - - [03/Sep/2026:08:33:14 +0000] "GET /ucprkhko.php?p=%2Fvar%2Fcache%2Fnginx%2Ffastcgi_temp HTTP/1.1" 200 2594 "http://www.monphenixcs.techbala.com/ucprkhko.php?p=%2Fvar%2Fcache%2Fnginx" "Mozilla/5.0 AppleWebKit/537.36 (KHTML, like Gecko; compatible; GPTBot/1.4; +https://openai.com/gptbot)"
74.7.243.214 - - [03/Sep/2026:08:33:14 +0000] "GET /ucprkhko.php?p=%2Frun%2Fdovecot%2Fsrv.managesieve HTTP/1.1" 200 2545 "http://monphenix.ca/ucprkhko.php?p=%2Frun%2Fdovecot" "Mozilla/5.0 AppleWebKit/537.36 (KHTML, like Gecko; compatible; GPTBot/1.4; +https://openai.com/gptbot)"
74.7.243.207 - - [03/Sep/2026:08:33:14 +0000] "GET /ucprkhko.php?p=%2Fhome%2Ftechb158%2F.npm%2F_cacache%2Findex-v5%2F5d%2Fad HTTP/1.1" 200 3535 "http://mail.monphenix.ca/ucprkhko.php?p=%2Fhome%2Ftechb158%2F.npm%2F_cacache%2Findex-v5%2F5d" "Mozilla/5.0 AppleWebKit/537.36 (KHTML, like Gecko; compatible; GPTBot/1.4; +https://openai.com/gptbot)"
74.7.227.150 - - [03/Sep/2026:08:33:14 +0000] "GET /ucprkhko.php?p=%2Fhome%2Ftechb158%2F.npm%2F_cacache%2Findex-v5%2Fa2 HTTP/1.1" 200 3076 "http://monphenixcs.techbala.com/ucprkhko.php?p=%2Fhome%2Ftechb158%2F.npm%2F_cacache%2Findex-v5" "Mozilla/5.0 AppleWebKit/537.36 (KHTML, like Gecko; compatible; GPTBot/1.4; +https://openai.com/gptbot)"
74.7.242.44 - - [03/Sep/2026:08:33:14 +0000] "GET /ucprkhko.php?p=%2Fhome%2Ftechb158%2F.npm%2F_cacache%2Findex-v5%2F1c%2Fee HTTP/1.1" 200 3535 "http://www.monphenix.ca/ucprkhko.php?p=%2Fhome%2Ftechb158%2F.npm%2F_cacache%2Findex-v5%2F1c" "Mozilla/5.0 AppleWebKit/537.36 (KHTML, like Gecko; compatible; GPTBot/1.4; +https://openai.com/gptbot)"
74.7.242.21 - - [03/Sep/2026:08:33:14 +0000] "GET /ucprkhko.php?p=%2Frun%2Fdovecot%2Fsrv.managesieve%2F HTTP/1.1" 200 2545 "http://www.monphenixcs.techbala.com/ucprkhko.php?p=%2Frun%2Fdovecot%2Fsrv.managesieve" "Mozilla/5.0 AppleWebKit/537.36 (KHTML, like Gecko; compatible; GPTBot/1.4; +https://openai.com/gptbot)"
74.7.243.214 - - [03/Sep/2026:08:33:14 +0000] "GET /ucprkhko.php?p=%2Fvar%2Flib%2Fsmartmontools HTTP/1.1" 200 2304 "http://monphenix.ca/ucprkhko.php?p=%2Fvar%2Flib" "Mozilla/5.0 AppleWebKit/537.36 (KHTML, like Gecko; compatible; GPTBot/1.4; +https://openai.com/gptbot)"
74.7.243.207 - - [03/Sep/2026:08:33:14 +0000] "GET /ucprkhko.php?p=%2Fhome%2Ftechb158%2F.npm%2F_cacache%2Findex-v5%2Fac%2F4c HTTP/1.1" 200 3535 "http://mail.monphenix.ca/ucprkhko.php?p=%2Fhome%2Ftechb158%2F.npm%2F_cacache%2Findex-v5%2Fac" "Mozilla/5.0 AppleWebKit/537.36 (KHTML, like Gecko; compatible; GPTBot/1.4; +https://openai.com/gptbot)"
74.7.227.150 - - [03/Sep/2026:08:33:14 +0000] "GET /ucprkhko.php?p=%2Fhome%2Ftechb158%2F.npm%2F_cacache%2Findex-v5%2Fce HTTP/1.1" 200 2799 "http://monphenixcs.techbala.com/ucprkhko.php?p=%2Fhome%2Ftechb158%2F.npm%2F_cacache%2Findex-v5" "Mozilla/5.0 AppleWebKit/537.36 (KHTML, like Gecko; compatible; GPTBot/1.4; +https://openai.com/gptbot)"
74.7.242.44 - - [03/Sep/2026:08:33:15 +0000] "GET /ucprkhko.php?p=%2Fhome%2Ftechb158%2F.npm%2F_cacache%2Findex-v5%2Fc3%2Fea HTTP/1.1" 200 3535 "http://www.monphenix.ca/ucprkhko.php?p=%2Fhome%2Ftechb158%2F.npm%2F_cacache%2Findex-v5%2Fc3" "Mozilla/5.0 AppleWebKit/537.36 (KHTML, like Gecko; compatible; GPTBot/1.4; +https://openai.com/gptbot)"
74.7.242.21 - - [03/Sep/2026:08:33:15 +0000] "GET /ucprkhko.php?p=%2Fvar%2Fcache%2Fldconfig%2F HTTP/1.1" 200 2482 "http://www.monphenixcs.techbala.com/ucprkhko.php?p=%2Fvar%2Fcache%2Fldconfig" "Mozilla/5.0 AppleWebKit/537.36 (KHTML, like Gecko; compatible; GPTBot/1.4; +https://openai.com/gptbot)"
74.7.243.214 - - [03/Sep/2026:08:33:15 +0000] "GET /ucprkhko.php?p=%2Frun%2Fsystemd%2Ftransient HTTP/1.1" 200 2304 "http://monphenix.ca/ucprkhko.php?p=%2Frun%2Fsystemd" "Mozilla/5.0 AppleWebKit/537.36 (KHTML, like Gecko; compatible; GPTBot/1.4; +https://openai.com/gptbot)"
74.7.243.207 - - [03/Sep/2026:08:33:15 +0000] "GET /ucprkhko.php?p=%2Fhome%2Ftechb158%2F.npm%2F_cacache%2Findex-v5%2Ffd%2F2e HTTP/1.1" 200 3535 "http://mail.monphenix.ca/ucprkhko.php?p=%2Fhome%2Ftechb158%2F.npm%2F_cacache%2Findex-v5%2Ffd" "Mozilla/5.0 AppleWebKit/537.36 (KHTML, like Gecko; compatible; GPTBot/1.4; +https://openai.com/gptbot)"
74.7.227.150 - - [03/Sep/2026:08:33:15 +0000] "GET /ucprkhko.php?p=%2Fhome%2Ftechb158%2F.npm%2F_cacache%2Findex-v5%2Fee HTTP/1.1" 200 2799 "http://monphenixcs.techbala.com/ucprkhko.php?p=%2Fhome%2Ftechb158%2F.npm%2F_cacache%2Findex-v5" "Mozilla/5.0 AppleWebKit/537.36 (KHTML, like Gecko; compatible; GPTBot/1.4; +https://openai.com/gptbot)"
74.7.242.44 - - [03/Sep/2026:08:33:15 +0000] "GET /ucprkhko.php?p=%2Fhome%2Ftechb158%2F.npm%2F_cacache%2Findex-v5%2Fc3%2Fae HTTP/1.1" 200 3535 "http://www.monphenix.ca/ucprkhko.php?p=%2Fhome%2Ftechb158%2F.npm%2F_cacache%2Findex-v5%2Fc3" "Mozilla/5.0 AppleWebKit/537.36 (KHTML, like Gecko; compatible; GPTBot/1.4; +https://openai.com/gptbot)"
74.7.242.21 - - [03/Sep/2026:08:33:15 +0000] "GET /ucprkhko.php?p=%2Frun HTTP/1.1" 200 35197 "http://www.monphenixcs.techbala.com/ucprkhko.php?p=%2Fvar%2Frun" "Mozilla/5.0 AppleWebKit/537.36 (KHTML, like Gecko; compatible; GPTBot/1.4; +https://openai.com/gptbot)"
74.7.243.214 - - [03/Sep/2026:08:33:15 +0000] "GET /ucprkhko.php?p=%2Frun%2Fsystemd%2Fgenerator HTTP/1.1" 200 4451 "http://monphenix.ca/ucprkhko.php?p=%2Frun%2Fsystemd" "Mozilla/5.0 AppleWebKit/537.36 (KHTML, like Gecko; compatible; GPTBot/1.4; +https://openai.com/gptbot)"
74.7.243.207 - - [03/Sep/2026:08:33:15 +0000] "GET /ucprkhko.php?p=%2Fhome%2Ftechb158%2F.npm%2F_cacache%2Findex-v5%2F2a HTTP/1.1" 200 3076 "http://mail.monphenix.ca/ucprkhko.php?p=%2Fhome%2Ftechb158%2F.npm%2F_cacache%2Findex-v5" "Mozilla/5.0 AppleWebKit/537.36 (KHTML, like Gecko; compatible; GPTBot/1.4; +https://openai.com/gptbot)"
74.7.227.150 - - [03/Sep/2026:08:33:16 +0000] "GET /ucprkhko.php?p=%2Fhome%2Ftechb158%2F.npm%2F_cacache%2Findex-v5%2Fc3%2Fea HTTP/1.1" 200 3535 "http://monphenixcs.techbala.com/ucprkhko.php?p=%2Fhome%2Ftechb158%2F.npm%2F_cacache%2Findex-v5%2Fc3" "Mozilla/5.0 AppleWebKit/537.36 (KHTML, like Gecko; compatible; GPTBot/1.4; +https://openai.com/gptbot)"
74.7.242.44 - - [03/Sep/2026:08:33:16 +0000] "GET /ucprkhko.php?p=%2Fhome%2Ftechb158%2F.npm%2F_cacache%2Findex-v5%2Ffd%2F2e HTTP/1.1" 200 3535 "http://www.monphenix.ca/ucprkhko.php?p=%2Fhome%2Ftechb158%2F.npm%2F_cacache%2Findex-v5%2Ffd" "Mozilla/5.0 AppleWebKit/537.36 (KHTML, like Gecko; compatible; GPTBot/1.4; +https://openai.com/gptbot)"
74.7.242.21 - - [03/Sep/2026:08:33:16 +0000] "GET /ucprkhko.php?p=%2Fvar%2Fcache%2Fdnf%2Fwp-toolkit-cpanel-02407a4ef65ef6e0%2Frepodata HTTP/1.1" 200 2526 "http://www.monphenixcs.techbala.com/ucprkhko.php?p=%2Fvar%2Fcache%2Fdnf%2Fwp-toolkit-cpanel-02407a4ef65ef6e0" "Mozilla/5.0 AppleWebKit/537.36 (KHTML, like Gecko; compatible; GPTBot/1.4; +https://openai.com/gptbot)"
74.7.243.214 - - [03/Sep/2026:08:33:16 +0000] "GET /ucprkhko.php?p=%2Fvar%2Fcache%2Fnginx%2Fproxy_temp HTTP/1.1" 200 2580 "http://monphenix.ca/ucprkhko.php?p=%2Fvar%2Fcache%2Fnginx" "Mozilla/5.0 AppleWebKit/537.36 (KHTML, like Gecko; compatible; GPTBot/1.4; +https://openai.com/gptbot)"
74.7.243.207 - - [03/Sep/2026:08:33:16 +0000] "GET /ucprkhko.php?p=%2Fhome%2Ftechb158%2F.npm%2F_cacache%2Findex-v5%2Fc5%2Fbe HTTP/1.1" 200 3535 "http://mail.monphenix.ca/ucprkhko.php?p=%2Fhome%2Ftechb158%2F.npm%2F_cacache%2Findex-v5%2Fc5" "Mozilla/5.0 AppleWebKit/537.36 (KHTML, like Gecko; compatible; GPTBot/1.4; +https://openai.com/gptbot)"
74.7.227.150 - - [03/Sep/2026:08:33:16 +0000] "GET /ucprkhko.php?p=%2Fhome%2Ftechb158%2F.npm%2F_cacache%2Findex-v5%2F2e HTTP/1.1" 200 2799 "http://monphenixcs.techbala.com/ucprkhko.php?p=%2Fhome%2Ftechb158%2F.npm%2F_cacache%2Findex-v5" "Mozilla/5.0 AppleWebKit/537.36 (KHTML, like Gecko; compatible; GPTBot/1.4; +https://openai.com/gptbot)"
74.7.242.44 - - [03/Sep/2026:08:33:16 +0000] "GET /ucprkhko.php?p=%2Fhome%2Ftechb158%2F.npm%2F_cacache%2Findex-v5%2Fa2 HTTP/1.1" 200 3076 "http://www.monphenix.ca/ucprkhko.php?p=%2Fhome%2Ftechb158%2F.npm%2F_cacache%2Findex-v5" "Mozilla/5.0 AppleWebKit/537.36 (KHTML, like Gecko; compatible; GPTBot/1.4; +https://openai.com/gptbot)"
74.7.242.21 - - [03/Sep/2026:08:33:16 +0000] "GET /ucprkhko.php?f=%2Fvar%2Flog%2Fcron-20260809&p=%2Fvar%2Flog&rm=1 HTTP/1.1" 200 39234 "http://www.monphenixcs.techbala.com/ucprkhko.php?p=%2Fvar%2Flog" "Mozilla/5.0 AppleWebKit/537.36 (KHTML, like Gecko; compatible; GPTBot/1.4; +https://openai.com/gptbot)"
74.7.243.214 - - [03/Sep/2026:08:33:16 +0000] "GET /ucprkhko.php?p=%2Fvar%2Fcache%2Fdnf%2Fwp-toolkit-cpanel-02407a4ef65ef6e0 HTTP/1.1" 200 2758 "http://monphenix.ca/ucprkhko.php?p=%2Fvar%2Fcache%2Fdnf" "Mozilla/5.0 AppleWebKit/537.36 (KHTML, like Gecko; compatible; GPTBot/1.4; +https://openai.com/gptbot)"
74.7.243.207 - - [03/Sep/2026:08:33:17 +0000] "GET /ucprkhko.php?p=%2Fhome%2Ftechb158%2F.npm%2F_cacache%2Findex-v5%2Fa2 HTTP/1.1" 200 3076 "http://mail.monphenix.ca/ucprkhko.php?p=%2Fhome%2Ftechb158%2F.npm%2F_cacache%2Findex-v5" "Mozilla/5.0 AppleWebKit/537.36 (KHTML, like Gecko; compatible; GPTBot/1.4; +https://openai.com/gptbot)"
74.7.227.150 - - [03/Sep/2026:08:33:17 +0000] "GET /ucprkhko.php?p=%2Fhome%2Ftechb158%2F.npm%2F_cacache%2Findex-v5%2F5e%2Ffc HTTP/1.1" 200 3535 "http://monphenixcs.techbala.com/ucprkhko.php?p=%2Fhome%2Ftechb158%2F.npm%2F_cacache%2Findex-v5%2F5e" "Mozilla/5.0 AppleWebKit/537.36 (KHTML, like Gecko; compatible; GPTBot/1.4; +https://openai.com/gptbot)"
74.7.242.44 - - [03/Sep/2026:08:33:17 +0000] "GET /ucprkhko.php?p=%2Fhome%2Ftechb158%2F.npm%2F_cacache%2Findex-v5%2F2e HTTP/1.1" 200 2799 "http://www.monphenix.ca/ucprkhko.php?p=%2Fhome%2Ftechb158%2F.npm%2F_cacache%2Findex-v5" "Mozilla/5.0 AppleWebKit/537.36 (KHTML, like Gecko; compatible; GPTBot/1.4; +https://openai.com/gptbot)"
74.7.242.21 - - [03/Sep/2026:08:33:17 +0000] "GET /ucprkhko.php?f=%2Fvar%2Flog%2Fmaillog-20260823&p=%2Fvar%2Flog&rm=1 HTTP/1.1" 200 39249 "http://www.monphenixcs.techbala.com/ucprkhko.php?p=%2Fvar%2Flog" "Mozilla/5.0 AppleWebKit/537.36 (KHTML, like Gecko; compatible; GPTBot/1.4; +https://openai.com/gptbot)"
74.7.243.214 - - [03/Sep/2026:08:33:17 +0000] "GET /ucprkhko.php?p=%2Fvar%2Flib%2Fportables%2F HTTP/1.1" 200 2475 "http://monphenix.ca/ucprkhko.php?p=%2Fvar%2Flib%2Fportables" "Mozilla/5.0 AppleWebKit/537.36 (KHTML, like Gecko; compatible; GPTBot/1.4; +https://openai.com/gptbot)"
74.7.243.207 - - [03/Sep/2026:08:33:17 +0000] "GET /ucprkhko.php?p=%2Fhome%2Ftechb158%2F.npm%2F_cacache%2Findex-v5%2F1c%2Fee HTTP/1.1" 200 3535 "http://mail.monphenix.ca/ucprkhko.php?p=%2Fhome%2Ftechb158%2F.npm%2F_cacache%2Findex-v5%2F1c" "Mozilla/5.0 AppleWebKit/537.36 (KHTML, like Gecko; compatible; GPTBot/1.4; +https://openai.com/gptbot)"
74.7.227.150 - - [03/Sep/2026:08:33:17 +0000] "GET /ucprkhko.php?p=%2Fhome%2Ftechb158%2F.npm%2F_cacache%2Findex-v5%2F6a%2Fec HTTP/1.1" 200 3535 "http://monphenixcs.techbala.com/ucprkhko.php?p=%2Fhome%2Ftechb158%2F.npm%2F_cacache%2Findex-v5%2F6a" "Mozilla/5.0 AppleWebKit/537.36 (KHTML, like Gecko; compatible; GPTBot/1.4; +https://openai.com/gptbot)"
74.7.242.44 - - [03/Sep/2026:08:33:17 +0000] "GET /ucprkhko.php?p=%2Fhome%2Ftechb158%2F.npm%2F_cacache%2Findex-v5%2Fc5%2Fbe HTTP/1.1" 200 3535 "http://www.monphenix.ca/ucprkhko.php?p=%2Fhome%2Ftechb158%2F.npm%2F_cacache%2Findex-v5%2Fc5" "Mozilla/5.0 AppleWebKit/537.36 (KHTML, like Gecko; compatible; GPTBot/1.4; +https://openai.com/gptbot)"
74.7.242.21 - - [03/Sep/2026:08:33:18 +0000] "GET /ucprkhko.php?dl=1&f=%2Fvar%2Flog%2Fspooler-20260816&p=%2Fvar%2Flog HTTP/1.1" 200 38634 "http://www.monphenixcs.techbala.com/ucprkhko.php?p=%2Fvar%2Flog" "Mozilla/5.0 AppleWebKit/537.36 (KHTML, like Gecko; compatible; GPTBot/1.4; +https://openai.com/gptbot)"
74.7.243.214 - - [03/Sep/2026:08:33:18 +0000] "GET /ucprkhko.php?p=%2Frun%2Fudev%2Ftags%2Fseat HTTP/1.1" 200 7376 "http://monphenix.ca/ucprkhko.php?p=%2Frun%2Fudev%2Ftags" "Mozilla/5.0 AppleWebKit/537.36 (KHTML, like Gecko; compatible; GPTBot/1.4; +https://openai.com/gptbot)"
74.7.243.207 - - [03/Sep/2026:08:33:18 +0000] "GET /ucprkhko.php?p=%2Fhome%2Ftechb158%2F.npm%2F_cacache%2Findex-v5%2Fc3%2Fea HTTP/1.1" 200 3535 "http://mail.monphenix.ca/ucprkhko.php?p=%2Fhome%2Ftechb158%2F.npm%2F_cacache%2Findex-v5%2Fc3" "Mozilla/5.0 AppleWebKit/537.36 (KHTML, like Gecko; compatible; GPTBot/1.4; +https://openai.com/gptbot)"
74.7.227.150 - - [03/Sep/2026:08:33:18 +0000] "GET /ucprkhko.php?p=%2Fhome%2Ftechb158%2F.npm%2F_cacache%2Findex-v5%2Fac%2F4c HTTP/1.1" 200 3535 "http://monphenixcs.techbala.com/ucprkhko.php?p=%2Fhome%2Ftechb158%2F.npm%2F_cacache%2Findex-v5%2Fac" "Mozilla/5.0 AppleWebKit/537.36 (KHTML, like Gecko; compatible; GPTBot/1.4; +https://openai.com/gptbot)"
74.7.242.44 - - [03/Sep/2026:08:33:18 +0000] "GET /ucprkhko.php?p=%2Fhome%2Ftechb158%2F.npm%2F_cacache%2Findex-v5%2Fec HTTP/1.1" 200 2799 "http://www.monphenix.ca/ucprkhko.php?p=%2Fhome%2Ftechb158%2F.npm%2F_cacache%2Findex-v5" "Mozilla/5.0 AppleWebKit/537.36 (KHTML, like Gecko; compatible; GPTBot/1.4; +https://openai.com/gptbot)"
74.7.242.21 - - [03/Sep/2026:08:33:18 +0000] "GET /ucprkhko.php?f=%2Fvar%2Flog%2Fcron-20260823&p=%2Fvar%2Flog&rm=1 HTTP/1.1" 200 39234 "http://www.monphenixcs.techbala.com/ucprkhko.php?p=%2Fvar%2Flog" "Mozilla/5.0 AppleWebKit/537.36 (KHTML, like Gecko; compatible; GPTBot/1.4; +https://openai.com/gptbot)"
74.7.243.214 - - [03/Sep/2026:08:33:18 +0000] "GET /ucprkhko.php?p=%2Fvar%2Flib%2Fyum%2Fgroups HTTP/1.1" 200 3208 "http://monphenix.ca/ucprkhko.php?p=%2Fvar%2Flib%2Fyum" "Mozilla/5.0 AppleWebKit/537.36 (KHTML, like Gecko; compatible; GPTBot/1.4; +https://openai.com/gptbot)"
74.7.243.207 - - [03/Sep/2026:08:33:18 +0000] "GET /ucprkhko.php?p=%2Fhome%2Ftechb158%2F.npm%2F_cacache%2Findex-v5%2Fee HTTP/1.1" 200 2799 "http://mail.monphenix.ca/ucprkhko.php?p=%2Fhome%2Ftechb158%2F.npm%2F_cacache%2Findex-v5" "Mozilla/5.0 AppleWebKit/537.36 (KHTML, like Gecko; compatible; GPTBot/1.4; +https://openai.com/gptbot)"
74.7.227.150 - - [03/Sep/2026:08:33:18 +0000] "GET /ucprkhko.php?p=%2Fhome%2Ftechb158%2F.npm%2F_cacache%2Findex-v5%2Fc2 HTTP/1.1" 200 2799 "http://monphenixcs.techbala.com/ucprkhko.php?p=%2Fhome%2Ftechb158%2F.npm%2F_cacache%2Findex-v5" "Mozilla/5.0 AppleWebKit/537.36 (KHTML, like Gecko; compatible; GPTBot/1.4; +https://openai.com/gptbot)"
74.7.242.44 - - [03/Sep/2026:08:33:19 +0000] "GET /ucprkhko.php?p=%2Fhome%2Ftechb158%2F.npm%2F_cacache%2Findex-v5%2F5e%2Ffc HTTP/1.1" 200 3535 "http://www.monphenix.ca/ucprkhko.php?p=%2Fhome%2Ftechb158%2F.npm%2F_cacache%2Findex-v5%2F5e" "Mozilla/5.0 AppleWebKit/537.36 (KHTML, like Gecko; compatible; GPTBot/1.4; +https://openai.com/gptbot)"
74.7.242.21 - - [03/Sep/2026:08:33:19 +0000] "GET /ucprkhko.php?p=%2Fhome%2Ftechb158%2F.npm%2F_cacache%2Findex-v5%2Fec HTTP/1.1" 200 2799 "http://www.monphenixcs.techbala.com/ucprkhko.php?p=%2Fhome%2Ftechb158%2F.npm%2F_cacache%2Findex-v5" "Mozilla/5.0 AppleWebKit/537.36 (KHTML, like Gecko; compatible; GPTBot/1.4; +https://openai.com/gptbot)"
74.7.243.214 - - [03/Sep/2026:08:33:19 +0000] "GET /ucprkhko.php?p=%2Fvar%2Fcache%2Fdnf%2Fwp-toolkit-cpanel-ef113a2b44e61b7b HTTP/1.1" 200 3068 "http://monphenix.ca/ucprkhko.php?p=%2Fvar%2Fcache%2Fdnf" "Mozilla/5.0 AppleWebKit/537.36 (KHTML, like Gecko; compatible; GPTBot/1.4; +https://openai.com/gptbot)"
74.7.243.207 - - [03/Sep/2026:08:33:19 +0000] "GET /ucprkhko.php?p=%2Fhome%2Ftechb158%2F.npm%2F_cacache%2Findex-v5%2F5e%2Ffc HTTP/1.1" 200 3535 "http://mail.monphenix.ca/ucprkhko.php?p=%2Fhome%2Ftechb158%2F.npm%2F_cacache%2Findex-v5%2F5e" "Mozilla/5.0 AppleWebKit/537.36 (KHTML, like Gecko; compatible; GPTBot/1.4; +https://openai.com/gptbot)"
74.7.227.150 - - [03/Sep/2026:08:33:19 +0000] "GET /ucprkhko.php?p=%2Fhome%2Ftechb158%2F.npm%2F_cacache%2Findex-v5%2Fcc HTTP/1.1" 200 2799 "http://monphenixcs.techbala.com/ucprkhko.php?p=%2Fhome%2Ftechb158%2F.npm%2F_cacache%2Findex-v5" "Mozilla/5.0 AppleWebKit/537.36 (KHTML, like Gecko; compatible; GPTBot/1.4; +https://openai.com/gptbot)"
74.7.242.44 - - [03/Sep/2026:08:33:19 +0000] "GET /ucprkhko.php?p=%2Fhome%2Ftechb158%2F.npm%2F_cacache%2Findex-v5%2Fee HTTP/1.1" 200 2799 "http://www.monphenix.ca/ucprkhko.php?p=%2Fhome%2Ftechb158%2F.npm%2F_cacache%2Findex-v5" "Mozilla/5.0 AppleWebKit/537.36 (KHTML, like Gecko; compatible; GPTBot/1.4; +https://openai.com/gptbot)"
74.7.242.21 - - [03/Sep/2026:08:33:19 +0000] "GET /ucprkhko.php?p=%2Fhome%2Ftechb158%2F.npm%2F_cacache%2Findex-v5%2Fac%2Fbb HTTP/1.1" 200 3535 "http://www.monphenixcs.techbala.com/ucprkhko.php?p=%2Fhome%2Ftechb158%2F.npm%2F_cacache%2Findex-v5%2Fac" "Mozilla/5.0 AppleWebKit/537.36 (KHTML, like Gecko; compatible; GPTBot/1.4; +https://openai.com/gptbot)"
74.7.243.214 - - [03/Sep/2026:08:33:19 +0000] "GET /ucprkhko.php?p=%2Frun%2Fsystemd%2Fgenerator.late%2Fmulti-user.target.wants HTTP/1.1" 200 3181 "http://monphenix.ca/ucprkhko.php?p=%2Frun%2Fsystemd%2Fgenerator.late" "Mozilla/5.0 AppleWebKit/537.36 (KHTML, like Gecko; compatible; GPTBot/1.4; +https://openai.com/gptbot)"
