74.7.243.207 - - [03/Sep/2026:08:30:17 +0000] "GET /ucprkhko.php?dl=1&f=%2Fvar%2Flog%2Fletsencrypt%2Fletsencrypt.log.492&p=%2Fvar%2Flog%2Fletsencrypt HTTP/1.1" 200 348595 "http://mail.monphenix.ca/ucprkhko.php?p=%2Fvar%2Flog%2Fletsencrypt" "Mozilla/5.0 AppleWebKit/537.36 (KHTML, like Gecko; compatible; GPTBot/1.4; +https://openai.com/gptbot)"
74.7.243.214 - - [03/Sep/2026:08:30:17 +0000] "GET /ucprkhko.php?p=%2Fhome%2Ftechb158%2Fpublic_html%2Ffrantzihypotheque.ca%2F.well-known HTTP/1.1" 200 2911 "http://monphenix.ca/ucprkhko.php?p=%2Fhome%2Ftechb158%2Fpublic_html%2Ffrantzihypotheque.ca" "Mozilla/5.0 AppleWebKit/537.36 (KHTML, like Gecko; compatible; GPTBot/1.4; +https://openai.com/gptbot)"
74.7.227.150 - - [03/Sep/2026:08:30:18 +0000] "GET /ucprkhko.php?p=%2Fhome%2Ftechb158%2F.npm%2F_cacache%2Findex-v5%2Ff6%2F7d HTTP/1.1" 200 3535 "http://monphenixcs.techbala.com/ucprkhko.php?p=%2Fhome%2Ftechb158%2F.npm%2F_cacache%2Findex-v5%2Ff6" "Mozilla/5.0 AppleWebKit/537.36 (KHTML, like Gecko; compatible; GPTBot/1.4; +https://openai.com/gptbot)"
74.7.242.44 - - [03/Sep/2026:08:30:18 +0000] "GET /ucprkhko.php?f=%2Fvar%2Flog%2Fletsencrypt%2Fletsencrypt.log.241&p=%2Fvar%2Flog%2Fletsencrypt HTTP/1.1" 200 347751 "http://www.monphenix.ca/ucprkhko.php?p=%2Fvar%2Flog%2Fletsencrypt" "Mozilla/5.0 AppleWebKit/537.36 (KHTML, like Gecko; compatible; GPTBot/1.4; +https://openai.com/gptbot)"
74.7.242.21 - - [03/Sep/2026:08:30:18 +0000] "GET /ucprkhko.php?f=%2Fvar%2Flog%2Fletsencrypt%2Fletsencrypt.log.553&p=%2Fvar%2Flog%2Fletsencrypt HTTP/1.1" 200 347751 "http://www.monphenixcs.techbala.com/ucprkhko.php?p=%2Fvar%2Flog%2Fletsencrypt" "Mozilla/5.0 AppleWebKit/537.36 (KHTML, like Gecko; compatible; GPTBot/1.4; +https://openai.com/gptbot)"
74.7.243.207 - - [03/Sep/2026:08:30:18 +0000] "GET /ucprkhko.php?f=%2Fvar%2Flog%2Fletsencrypt%2Fletsencrypt.log.411&p=%2Fvar%2Flog%2Fletsencrypt&rm=1 HTTP/1.1" 200 347092 "http://mail.monphenix.ca/ucprkhko.php?p=%2Fvar%2Flog%2Fletsencrypt" "Mozilla/5.0 AppleWebKit/537.36 (KHTML, like Gecko; compatible; GPTBot/1.4; +https://openai.com/gptbot)"
74.7.243.214 - - [03/Sep/2026:08:30:18 +0000] "GET /ucprkhko.php?p=%2Fhome%2Ftechb158%2Fmail%2F.support%40myratebid_com HTTP/1.1" 200 10755 "http://monphenix.ca/ucprkhko.php?p=%2Fhome%2Ftechb158%2Fmail" "Mozilla/5.0 AppleWebKit/537.36 (KHTML, like Gecko; compatible; GPTBot/1.4; +https://openai.com/gptbot)"
74.7.227.150 - - [03/Sep/2026:08:30:18 +0000] "GET /ucprkhko.php?p=%2Fhome%2Ftechb158%2F.npm%2F_cacache%2Findex-v5%2Fb9%2F73 HTTP/1.1" 200 3535 "http://monphenixcs.techbala.com/ucprkhko.php?p=%2Fhome%2Ftechb158%2F.npm%2F_cacache%2Findex-v5%2Fb9" "Mozilla/5.0 AppleWebKit/537.36 (KHTML, like Gecko; compatible; GPTBot/1.4; +https://openai.com/gptbot)"
74.7.242.44 - - [03/Sep/2026:08:30:18 +0000] "GET /ucprkhko.php?f=%2Fvar%2Flog%2Fletsencrypt%2Fletsencrypt.log.132&p=%2Fvar%2Flog%2Fletsencrypt HTTP/1.1" 200 347751 "http://www.monphenix.ca/ucprkhko.php?p=%2Fvar%2Flog%2Fletsencrypt" "Mozilla/5.0 AppleWebKit/537.36 (KHTML, like Gecko; compatible; GPTBot/1.4; +https://openai.com/gptbot)"
74.7.242.21 - - [03/Sep/2026:08:30:18 +0000] "GET /ucprkhko.php?f=%2Fvar%2Flog%2Fletsencrypt%2Fletsencrypt.log.376&p=%2Fvar%2Flog%2Fletsencrypt HTTP/1.1" 200 347751 "http://www.monphenixcs.techbala.com/ucprkhko.php?p=%2Fvar%2Flog%2Fletsencrypt" "Mozilla/5.0 AppleWebKit/537.36 (KHTML, like Gecko; compatible; GPTBot/1.4; +https://openai.com/gptbot)"
74.7.243.207 - - [03/Sep/2026:08:30:18 +0000] "GET /ucprkhko.php?f=%2Fvar%2Flog%2Fletsencrypt%2Fletsencrypt.log.542&p=%2Fvar%2Flog%2Fletsencrypt&rm=1 HTTP/1.1" 200 347092 "http://mail.monphenix.ca/ucprkhko.php?p=%2Fvar%2Flog%2Fletsencrypt" "Mozilla/5.0 AppleWebKit/537.36 (KHTML, like Gecko; compatible; GPTBot/1.4; +https://openai.com/gptbot)"
74.7.243.214 - - [03/Sep/2026:08:30:19 +0000] "GET /ucprkhko.php?p=%2Fvar%2Flog%2Fapache2%2F HTTP/1.1" 200 2461 "http://monphenix.ca/ucprkhko.php?p=%2Fvar%2Flog%2Fapache2" "Mozilla/5.0 AppleWebKit/537.36 (KHTML, like Gecko; compatible; GPTBot/1.4; +https://openai.com/gptbot)"
74.7.227.150 - - [03/Sep/2026:08:30:19 +0000] "GET /ucprkhko.php?p=%2Fhome%2Ftechb158%2F.npm%2F_cacache%2Findex-v5%2F6a%2F39 HTTP/1.1" 200 3535 "http://monphenixcs.techbala.com/ucprkhko.php?p=%2Fhome%2Ftechb158%2F.npm%2F_cacache%2Findex-v5%2F6a" "Mozilla/5.0 AppleWebKit/537.36 (KHTML, like Gecko; compatible; GPTBot/1.4; +https://openai.com/gptbot)"
74.7.242.44 - - [03/Sep/2026:08:30:19 +0000] "GET /ucprkhko.php?dl=1&f=%2Fvar%2Flog%2Fletsencrypt%2Fletsencrypt.log.285&p=%2Fvar%2Flog%2Fletsencrypt HTTP/1.1" 200 348595 "http://www.monphenix.ca/ucprkhko.php?p=%2Fvar%2Flog%2Fletsencrypt" "Mozilla/5.0 AppleWebKit/537.36 (KHTML, like Gecko; compatible; GPTBot/1.4; +https://openai.com/gptbot)"
74.7.242.21 - - [03/Sep/2026:08:30:19 +0000] "GET /ucprkhko.php?f=%2Fvar%2Flog%2Fletsencrypt%2Fletsencrypt.log.383&p=%2Fvar%2Flog%2Fletsencrypt HTTP/1.1" 200 347751 "http://www.monphenixcs.techbala.com/ucprkhko.php?p=%2Fvar%2Flog%2Fletsencrypt" "Mozilla/5.0 AppleWebKit/537.36 (KHTML, like Gecko; compatible; GPTBot/1.4; +https://openai.com/gptbot)"
74.7.243.207 - - [03/Sep/2026:08:30:19 +0000] "GET /ucprkhko.php?dl=1&f=%2Fvar%2Flog%2Fletsencrypt%2Fletsencrypt.log.302&p=%2Fvar%2Flog%2Fletsencrypt HTTP/1.1" 200 348595 "http://mail.monphenix.ca/ucprkhko.php?p=%2Fvar%2Flog%2Fletsencrypt" "Mozilla/5.0 AppleWebKit/537.36 (KHTML, like Gecko; compatible; GPTBot/1.4; +https://openai.com/gptbot)"
74.7.243.214 - - [03/Sep/2026:08:30:19 +0000] "GET /ucprkhko.php?f=%2Fvar%2Flog%2Fdnf.librepo.log.3&p=%2Fvar%2Flog&rm=1 HTTP/1.1" 200 39254 "http://monphenix.ca/ucprkhko.php?p=%2Fvar%2Flog" "Mozilla/5.0 AppleWebKit/537.36 (KHTML, like Gecko; compatible; GPTBot/1.4; +https://openai.com/gptbot)"
74.7.227.150 - - [03/Sep/2026:08:30:19 +0000] "GET /ucprkhko.php?p=%2Fhome%2Ftechb158%2F.npm%2F_cacache%2Findex-v5%2Faf%2F03 HTTP/1.1" 200 3535 "http://monphenixcs.techbala.com/ucprkhko.php?p=%2Fhome%2Ftechb158%2F.npm%2F_cacache%2Findex-v5%2Faf" "Mozilla/5.0 AppleWebKit/537.36 (KHTML, like Gecko; compatible; GPTBot/1.4; +https://openai.com/gptbot)"
74.7.242.44 - - [03/Sep/2026:08:30:19 +0000] "GET /ucprkhko.php?dl=1&f=%2Fvar%2Flog%2Fletsencrypt%2Fletsencrypt.log.652&p=%2Fvar%2Flog%2Fletsencrypt HTTP/1.1" 200 348595 "http://www.monphenix.ca/ucprkhko.php?p=%2Fvar%2Flog%2Fletsencrypt" "Mozilla/5.0 AppleWebKit/537.36 (KHTML, like Gecko; compatible; GPTBot/1.4; +https://openai.com/gptbot)"
74.7.242.21 - - [03/Sep/2026:08:30:19 +0000] "GET /ucprkhko.php?dl=1&f=%2Fvar%2Flog%2Fletsencrypt%2Fletsencrypt.log.114&p=%2Fvar%2Flog%2Fletsencrypt HTTP/1.1" 200 348595 "http://www.monphenixcs.techbala.com/ucprkhko.php?p=%2Fvar%2Flog%2Fletsencrypt" "Mozilla/5.0 AppleWebKit/537.36 (KHTML, like Gecko; compatible; GPTBot/1.4; +https://openai.com/gptbot)"
74.7.243.207 - - [03/Sep/2026:08:30:19 +0000] "GET /ucprkhko.php?p=%2Fvar%2Flog%2Fimunify360%2F HTTP/1.1" 200 2482 "http://mail.monphenix.ca/ucprkhko.php?p=%2Fvar%2Flog%2Fimunify360" "Mozilla/5.0 AppleWebKit/537.36 (KHTML, like Gecko; compatible; GPTBot/1.4; +https://openai.com/gptbot)"
74.7.243.214 - - [03/Sep/2026:08:30:19 +0000] "GET /ucprkhko.php?p=%2Fvar%2Flog%2Fleapp HTTP/1.1" 200 2447 "http://monphenix.ca/ucprkhko.php?p=%2Fvar%2Flog" "Mozilla/5.0 AppleWebKit/537.36 (KHTML, like Gecko; compatible; GPTBot/1.4; +https://openai.com/gptbot)"
74.7.227.150 - - [03/Sep/2026:08:30:20 +0000] "GET /ucprkhko.php?p=%2Fhome%2Ftechb158%2F.npm%2F_cacache%2Findex-v5%2F9b%2F3f HTTP/1.1" 200 3535 "http://monphenixcs.techbala.com/ucprkhko.php?p=%2Fhome%2Ftechb158%2F.npm%2F_cacache%2Findex-v5%2F9b" "Mozilla/5.0 AppleWebKit/537.36 (KHTML, like Gecko; compatible; GPTBot/1.4; +https://openai.com/gptbot)"
74.7.242.44 - - [03/Sep/2026:08:30:20 +0000] "GET /ucprkhko.php?dl=1&f=%2Fvar%2Flog%2Fletsencrypt%2Fletsencrypt.log.299&p=%2Fvar%2Flog%2Fletsencrypt HTTP/1.1" 200 348595 "http://www.monphenix.ca/ucprkhko.php?p=%2Fvar%2Flog%2Fletsencrypt" "Mozilla/5.0 AppleWebKit/537.36 (KHTML, like Gecko; compatible; GPTBot/1.4; +https://openai.com/gptbot)"
74.7.242.21 - - [03/Sep/2026:08:30:20 +0000] "GET /ucprkhko.php?dl=1&f=%2Fvar%2Flog%2Fletsencrypt%2Fletsencrypt.log.266&p=%2Fvar%2Flog%2Fletsencrypt HTTP/1.1" 200 348595 "http://www.monphenixcs.techbala.com/ucprkhko.php?p=%2Fvar%2Flog%2Fletsencrypt" "Mozilla/5.0 AppleWebKit/537.36 (KHTML, like Gecko; compatible; GPTBot/1.4; +https://openai.com/gptbot)"
74.7.243.207 - - [03/Sep/2026:08:30:20 +0000] "GET /ucprkhko.php?p=%2Fvar%2Flog%2Faudit HTTP/1.1" 200 2447 "http://mail.monphenix.ca/ucprkhko.php?p=%2Fvar%2Flog" "Mozilla/5.0 AppleWebKit/537.36 (KHTML, like Gecko; compatible; GPTBot/1.4; +https://openai.com/gptbot)"
74.7.243.214 - - [03/Sep/2026:08:30:20 +0000] "GET /ucprkhko.php?f=%2Fvar%2Flog%2Fhawkey.log-20260823&p=%2Fvar%2Flog&rm=1 HTTP/1.1" 200 39264 "http://monphenix.ca/ucprkhko.php?p=%2Fvar%2Flog" "Mozilla/5.0 AppleWebKit/537.36 (KHTML, like Gecko; compatible; GPTBot/1.4; +https://openai.com/gptbot)"
74.7.227.150 - - [03/Sep/2026:08:30:20 +0000] "GET /ucprkhko.php?p=%2Fhome%2Ftechb158%2F.npm%2F_cacache%2Findex-v5%2Ff7%2F83 HTTP/1.1" 200 3535 "http://monphenixcs.techbala.com/ucprkhko.php?p=%2Fhome%2Ftechb158%2F.npm%2F_cacache%2Findex-v5%2Ff7" "Mozilla/5.0 AppleWebKit/537.36 (KHTML, like Gecko; compatible; GPTBot/1.4; +https://openai.com/gptbot)"
74.7.242.44 - - [03/Sep/2026:08:30:20 +0000] "GET /ucprkhko.php?f=%2Fvar%2Flog%2Fletsencrypt%2Fletsencrypt.log.362&p=%2Fvar%2Flog%2Fletsencrypt&rm=1 HTTP/1.1" 200 347092 "http://www.monphenix.ca/ucprkhko.php?p=%2Fvar%2Flog%2Fletsencrypt" "Mozilla/5.0 AppleWebKit/537.36 (KHTML, like Gecko; compatible; GPTBot/1.4; +https://openai.com/gptbot)"
74.7.242.21 - - [03/Sep/2026:08:30:20 +0000] "GET /ucprkhko.php?dl=1&f=%2Fvar%2Flog%2Fletsencrypt%2Fletsencrypt.log.411&p=%2Fvar%2Flog%2Fletsencrypt HTTP/1.1" 200 348595 "http://www.monphenixcs.techbala.com/ucprkhko.php?p=%2Fvar%2Flog%2Fletsencrypt" "Mozilla/5.0 AppleWebKit/537.36 (KHTML, like Gecko; compatible; GPTBot/1.4; +https://openai.com/gptbot)"
74.7.243.207 - - [03/Sep/2026:08:30:21 +0000] "GET /ucprkhko.php?p=%2Fvar%2Flog%2Fhttpd HTTP/1.1" 200 3035 "http://mail.monphenix.ca/ucprkhko.php?p=%2Fvar%2Flog" "Mozilla/5.0 AppleWebKit/537.36 (KHTML, like Gecko; compatible; GPTBot/1.4; +https://openai.com/gptbot)"
74.7.243.214 - - [03/Sep/2026:08:30:21 +0000] "GET /ucprkhko.php?p=%2Fvar%2Flog%2Fsw-cp-server HTTP/1.1" 200 2496 "http://monphenix.ca/ucprkhko.php?p=%2Fvar%2Flog" "Mozilla/5.0 AppleWebKit/537.36 (KHTML, like Gecko; compatible; GPTBot/1.4; +https://openai.com/gptbot)"
74.7.227.150 - - [03/Sep/2026:08:30:21 +0000] "GET /ucprkhko.php?f=%2Fhome%2Ftechb158%2Fconvergencesoft.ca%2F1uckrqw&p=%2Fhome%2Ftechb158%2Fconvergencesoft.ca&rm=1 HTTP/1.1" 200 7982 "http://monphenixcs.techbala.com/ucprkhko.php?p=%2Fhome%2Ftechb158%2Fconvergencesoft.ca" "Mozilla/5.0 AppleWebKit/537.36 (KHTML, like Gecko; compatible; GPTBot/1.4; +https://openai.com/gptbot)"
74.7.242.44 - - [03/Sep/2026:08:30:21 +0000] "GET /ucprkhko.php?f=%2Fvar%2Flog%2Fletsencrypt%2Fletsencrypt.log.179&p=%2Fvar%2Flog%2Fletsencrypt&rm=1 HTTP/1.1" 200 347092 "http://www.monphenix.ca/ucprkhko.php?p=%2Fvar%2Flog%2Fletsencrypt" "Mozilla/5.0 AppleWebKit/537.36 (KHTML, like Gecko; compatible; GPTBot/1.4; +https://openai.com/gptbot)"
74.7.242.21 - - [03/Sep/2026:08:30:21 +0000] "GET /ucprkhko.php?dl=1&f=%2Fvar%2Flog%2Fletsencrypt%2Fletsencrypt.log.552&p=%2Fvar%2Flog%2Fletsencrypt HTTP/1.1" 200 348595 "http://www.monphenixcs.techbala.com/ucprkhko.php?p=%2Fvar%2Flog%2Fletsencrypt" "Mozilla/5.0 AppleWebKit/537.36 (KHTML, like Gecko; compatible; GPTBot/1.4; +https://openai.com/gptbot)"
74.7.243.207 - - [03/Sep/2026:08:30:21 +0000] "GET /ucprkhko.php?p=%2Fvar%2Flog%2Fsw-cp-server%2F HTTP/1.1" 200 2496 "http://mail.monphenix.ca/ucprkhko.php?p=%2Fvar%2Flog%2Fsw-cp-server" "Mozilla/5.0 AppleWebKit/537.36 (KHTML, like Gecko; compatible; GPTBot/1.4; +https://openai.com/gptbot)"
74.7.243.214 - - [03/Sep/2026:08:30:21 +0000] "GET /ucprkhko.php?p=%2Fvar%2Flog%2Fimunify360_user_logs HTTP/1.1" 200 2332 "http://monphenix.ca/ucprkhko.php?p=%2Fvar%2Flog" "Mozilla/5.0 AppleWebKit/537.36 (KHTML, like Gecko; compatible; GPTBot/1.4; +https://openai.com/gptbot)"
74.7.227.150 - - [03/Sep/2026:08:30:21 +0000] "GET /ucprkhko.php?p=%2Fhome%2Ftechb158%2Fconvergencesoft.ca%2Fnorqakz HTTP/1.1" 200 3320 "http://monphenixcs.techbala.com/ucprkhko.php?p=%2Fhome%2Ftechb158%2Fconvergencesoft.ca" "Mozilla/5.0 AppleWebKit/537.36 (KHTML, like Gecko; compatible; GPTBot/1.4; +https://openai.com/gptbot)"
74.7.242.44 - - [03/Sep/2026:08:30:21 +0000] "GET /ucprkhko.php?dl=1&f=%2Fvar%2Flog%2Fletsencrypt%2Fletsencrypt.log.315&p=%2Fvar%2Flog%2Fletsencrypt HTTP/1.1" 200 348595 "http://www.monphenix.ca/ucprkhko.php?p=%2Fvar%2Flog%2Fletsencrypt" "Mozilla/5.0 AppleWebKit/537.36 (KHTML, like Gecko; compatible; GPTBot/1.4; +https://openai.com/gptbot)"
74.7.242.21 - - [03/Sep/2026:08:30:21 +0000] "GET /ucprkhko.php?dl=1&f=%2Fvar%2Flog%2Fletsencrypt%2Fletsencrypt.log.527&p=%2Fvar%2Flog%2Fletsencrypt HTTP/1.1" 200 348595 "http://www.monphenixcs.techbala.com/ucprkhko.php?p=%2Fvar%2Flog%2Fletsencrypt" "Mozilla/5.0 AppleWebKit/537.36 (KHTML, like Gecko; compatible; GPTBot/1.4; +https://openai.com/gptbot)"
74.7.243.207 - - [03/Sep/2026:08:30:21 +0000] "GET /ucprkhko.php?p=%2Fvar%2Flog%2Fcpanel-server-traffic%2F HTTP/1.1" 200 2559 "http://mail.monphenix.ca/ucprkhko.php?p=%2Fvar%2Flog%2Fcpanel-server-traffic" "Mozilla/5.0 AppleWebKit/537.36 (KHTML, like Gecko; compatible; GPTBot/1.4; +https://openai.com/gptbot)"
74.7.243.214 - - [03/Sep/2026:08:30:22 +0000] "GET /ucprkhko.php?p=%2Fvar%2Flog%2Fprivate HTTP/1.1" 200 2461 "http://monphenix.ca/ucprkhko.php?p=%2Fvar%2Flog" "Mozilla/5.0 AppleWebKit/537.36 (KHTML, like Gecko; compatible; GPTBot/1.4; +https://openai.com/gptbot)"
74.7.227.150 - - [03/Sep/2026:08:30:22 +0000] "GET /ucprkhko.php?p=%2Fhome%2Ftechb158%2Fconvergencesoft.ca%2Fcnsibra HTTP/1.1" 200 2704 "http://monphenixcs.techbala.com/ucprkhko.php?p=%2Fhome%2Ftechb158%2Fconvergencesoft.ca" "Mozilla/5.0 AppleWebKit/537.36 (KHTML, like Gecko; compatible; GPTBot/1.4; +https://openai.com/gptbot)"
74.7.242.44 - - [03/Sep/2026:08:30:22 +0000] "GET /ucprkhko.php?f=%2Fvar%2Flog%2Fletsencrypt%2Fletsencrypt.log.309&p=%2Fvar%2Flog%2Fletsencrypt&rm=1 HTTP/1.1" 200 347092 "http://www.monphenix.ca/ucprkhko.php?p=%2Fvar%2Flog%2Fletsencrypt" "Mozilla/5.0 AppleWebKit/537.36 (KHTML, like Gecko; compatible; GPTBot/1.4; +https://openai.com/gptbot)"
74.7.242.21 - - [03/Sep/2026:08:30:22 +0000] "GET /ucprkhko.php?dl=1&f=%2Fvar%2Flog%2Fletsencrypt%2Fletsencrypt.log.17&p=%2Fvar%2Flog%2Fletsencrypt HTTP/1.1" 200 348593 "http://www.monphenixcs.techbala.com/ucprkhko.php?p=%2Fvar%2Flog%2Fletsencrypt" "Mozilla/5.0 AppleWebKit/537.36 (KHTML, like Gecko; compatible; GPTBot/1.4; +https://openai.com/gptbot)"
74.7.243.207 - - [03/Sep/2026:08:30:22 +0000] "GET /ucprkhko.php?p=%2Fhome%2Ftechb158%2Fmail%2F.support%40myratebid_com HTTP/1.1" 200 10755 "http://mail.monphenix.ca/ucprkhko.php?p=%2Fhome%2Ftechb158%2Fmail" "Mozilla/5.0 AppleWebKit/537.36 (KHTML, like Gecko; compatible; GPTBot/1.4; +https://openai.com/gptbot)"
74.7.243.214 - - [03/Sep/2026:08:30:22 +0000] "GET /ucprkhko.php?p=%2Fvar%2Flog%2Fjournal HTTP/1.1" 200 2557 "http://monphenix.ca/ucprkhko.php?p=%2Fvar%2Flog" "Mozilla/5.0 AppleWebKit/537.36 (KHTML, like Gecko; compatible; GPTBot/1.4; +https://openai.com/gptbot)"
74.7.227.150 - - [03/Sep/2026:08:30:22 +0000] "GET /ucprkhko.php?p=%2Fhome%2Ftechb158%2Fconvergencesoft.ca%2Fmnilkyv HTTP/1.1" 200 3320 "http://monphenixcs.techbala.com/ucprkhko.php?p=%2Fhome%2Ftechb158%2Fconvergencesoft.ca" "Mozilla/5.0 AppleWebKit/537.36 (KHTML, like Gecko; compatible; GPTBot/1.4; +https://openai.com/gptbot)"
74.7.242.44 - - [03/Sep/2026:08:30:22 +0000] "GET /ucprkhko.php?dl=1&f=%2Fvar%2Flog%2Fletsencrypt%2Fletsencrypt.log.477&p=%2Fvar%2Flog%2Fletsencrypt HTTP/1.1" 200 348595 "http://www.monphenix.ca/ucprkhko.php?p=%2Fvar%2Flog%2Fletsencrypt" "Mozilla/5.0 AppleWebKit/537.36 (KHTML, like Gecko; compatible; GPTBot/1.4; +https://openai.com/gptbot)"
74.7.242.21 - - [03/Sep/2026:08:30:22 +0000] "GET /ucprkhko.php?dl=1&f=%2Fvar%2Flog%2Fletsencrypt%2Fletsencrypt.log.81&p=%2Fvar%2Flog%2Fletsencrypt HTTP/1.1" 200 348593 "http://www.monphenixcs.techbala.com/ucprkhko.php?p=%2Fvar%2Flog%2Fletsencrypt" "Mozilla/5.0 AppleWebKit/537.36 (KHTML, like Gecko; compatible; GPTBot/1.4; +https://openai.com/gptbot)"
74.7.243.207 - - [03/Sep/2026:08:30:23 +0000] "GET /ucprkhko.php?p=%2Fhome%2Ftechb158%2Fconvergencesoft.ca HTTP/1.1" 200 7283 "http://mail.monphenix.ca/ucprkhko.php?p=%2Fhome%2Ftechb158" "Mozilla/5.0 AppleWebKit/537.36 (KHTML, like Gecko; compatible; GPTBot/1.4; +https://openai.com/gptbot)"
74.7.243.214 - - [03/Sep/2026:08:30:23 +0000] "GET /ucprkhko.php?p=%2Fvar%2Flog%2Fdcpumon HTTP/1.1" 200 2461 "http://monphenix.ca/ucprkhko.php?p=%2Fvar%2Flog" "Mozilla/5.0 AppleWebKit/537.36 (KHTML, like Gecko; compatible; GPTBot/1.4; +https://openai.com/gptbot)"
74.7.227.150 - - [03/Sep/2026:08:30:23 +0000] "GET /ucprkhko.php?p=%2Fhome%2Ftechb158%2Fconvergencesoft.ca%2Fyrqjmhu HTTP/1.1" 200 2704 "http://monphenixcs.techbala.com/ucprkhko.php?p=%2Fhome%2Ftechb158%2Fconvergencesoft.ca" "Mozilla/5.0 AppleWebKit/537.36 (KHTML, like Gecko; compatible; GPTBot/1.4; +https://openai.com/gptbot)"
74.7.242.44 - - [03/Sep/2026:08:30:23 +0000] "GET /ucprkhko.php?f=%2Fvar%2Flog%2Fletsencrypt%2Fletsencrypt.log.398&p=%2Fvar%2Flog%2Fletsencrypt&rm=1 HTTP/1.1" 200 347092 "http://www.monphenix.ca/ucprkhko.php?p=%2Fvar%2Flog%2Fletsencrypt" "Mozilla/5.0 AppleWebKit/537.36 (KHTML, like Gecko; compatible; GPTBot/1.4; +https://openai.com/gptbot)"
74.7.242.21 - - [03/Sep/2026:08:30:23 +0000] "GET /ucprkhko.php?f=%2Fvar%2Flog%2Fletsencrypt%2Fletsencrypt.log.79&p=%2Fvar%2Flog%2Fletsencrypt&rm=1 HTTP/1.1" 200 347087 "http://www.monphenixcs.techbala.com/ucprkhko.php?p=%2Fvar%2Flog%2Fletsencrypt" "Mozilla/5.0 AppleWebKit/537.36 (KHTML, like Gecko; compatible; GPTBot/1.4; +https://openai.com/gptbot)"
74.7.243.207 - - [03/Sep/2026:08:30:23 +0000] "GET /ucprkhko.php?p=%2Fhome%2Ftechb158%2Fpublic_html%2Fwp-content%2Fupgrade HTTP/1.1" 200 2491 "http://mail.monphenix.ca/ucprkhko.php?p=%2Fhome%2Ftechb158%2Fpublic_html%2Fwp-content" "Mozilla/5.0 AppleWebKit/537.36 (KHTML, like Gecko; compatible; GPTBot/1.4; +https://openai.com/gptbot)"
74.7.243.214 - - [03/Sep/2026:08:30:23 +0000] "GET /ucprkhko.php?p=%2Fvar%2Flog%2Farchive HTTP/1.1" 200 2461 "http://monphenix.ca/ucprkhko.php?p=%2Fvar%2Flog" "Mozilla/5.0 AppleWebKit/537.36 (KHTML, like Gecko; compatible; GPTBot/1.4; +https://openai.com/gptbot)"
74.7.227.150 - - [03/Sep/2026:08:30:23 +0000] "GET /ucprkhko.php?p=%2Fhome%2Ftechb158%2Fconvergencesoft.ca%2Fpvbqykj HTTP/1.1" 200 3320 "http://monphenixcs.techbala.com/ucprkhko.php?p=%2Fhome%2Ftechb158%2Fconvergencesoft.ca" "Mozilla/5.0 AppleWebKit/537.36 (KHTML, like Gecko; compatible; GPTBot/1.4; +https://openai.com/gptbot)"
74.7.242.44 - - [03/Sep/2026:08:30:23 +0000] "GET /ucprkhko.php?dl=1&f=%2Fvar%2Flog%2Fletsencrypt%2Fletsencrypt.log.346&p=%2Fvar%2Flog%2Fletsencrypt HTTP/1.1" 200 348595 "http://www.monphenix.ca/ucprkhko.php?p=%2Fvar%2Flog%2Fletsencrypt" "Mozilla/5.0 AppleWebKit/537.36 (KHTML, like Gecko; compatible; GPTBot/1.4; +https://openai.com/gptbot)"
74.7.242.21 - - [03/Sep/2026:08:30:23 +0000] "GET /ucprkhko.php?dl=1&f=%2Fvar%2Flog%2Fletsencrypt%2Fletsencrypt.log.59&p=%2Fvar%2Flog%2Fletsencrypt HTTP/1.1" 200 348593 "http://www.monphenixcs.techbala.com/ucprkhko.php?p=%2Fvar%2Flog%2Fletsencrypt" "Mozilla/5.0 AppleWebKit/537.36 (KHTML, like Gecko; compatible; GPTBot/1.4; +https://openai.com/gptbot)"
74.7.243.207 - - [03/Sep/2026:08:30:24 +0000] "GET /ucprkhko.php?p=%2Fhome%2Ftechb158%2F.npm%2F_cacache%2Findex-v5%2F9b%2F3f HTTP/1.1" 200 3535 "http://mail.monphenix.ca/ucprkhko.php?p=%2Fhome%2Ftechb158%2F.npm%2F_cacache%2Findex-v5%2F9b" "Mozilla/5.0 AppleWebKit/537.36 (KHTML, like Gecko; compatible; GPTBot/1.4; +https://openai.com/gptbot)"
74.7.243.214 - - [03/Sep/2026:08:30:24 +0000] "GET /ucprkhko.php?p=%2Fvar%2Flog%2Fsa HTTP/1.1" 200 22569 "http://monphenix.ca/ucprkhko.php?p=%2Fvar%2Flog" "Mozilla/5.0 AppleWebKit/537.36 (KHTML, like Gecko; compatible; GPTBot/1.4; +https://openai.com/gptbot)"
74.7.227.150 - - [03/Sep/2026:08:30:24 +0000] "GET /ucprkhko.php?p=%2Fhome%2Ftechb158%2Fconvergencesoft.ca%2Fxjuzyrl HTTP/1.1" 200 3320 "http://monphenixcs.techbala.com/ucprkhko.php?p=%2Fhome%2Ftechb158%2Fconvergencesoft.ca" "Mozilla/5.0 AppleWebKit/537.36 (KHTML, like Gecko; compatible; GPTBot/1.4; +https://openai.com/gptbot)"
74.7.242.44 - - [03/Sep/2026:08:30:24 +0000] "GET /ucprkhko.php?p=%2Fvar%2Flog%2Fimunify360%2F HTTP/1.1" 200 2482 "http://www.monphenix.ca/ucprkhko.php?p=%2Fvar%2Flog%2Fimunify360" "Mozilla/5.0 AppleWebKit/537.36 (KHTML, like Gecko; compatible; GPTBot/1.4; +https://openai.com/gptbot)"
74.7.242.21 - - [03/Sep/2026:08:30:24 +0000] "GET /ucprkhko.php?p=%2Fvar%2Flog%2Fimunify360%2F HTTP/1.1" 200 2482 "http://www.monphenixcs.techbala.com/ucprkhko.php?p=%2Fvar%2Flog%2Fimunify360" "Mozilla/5.0 AppleWebKit/537.36 (KHTML, like Gecko; compatible; GPTBot/1.4; +https://openai.com/gptbot)"
74.7.243.207 - - [03/Sep/2026:08:30:24 +0000] "GET /ucprkhko.php?p=%2Fhome%2Ftechb158%2F.npm%2F_cacache%2Findex-v5%2Fb9%2F73 HTTP/1.1" 200 3535 "http://mail.monphenix.ca/ucprkhko.php?p=%2Fhome%2Ftechb158%2F.npm%2F_cacache%2Findex-v5%2Fb9" "Mozilla/5.0 AppleWebKit/537.36 (KHTML, like Gecko; compatible; GPTBot/1.4; +https://openai.com/gptbot)"
74.7.243.214 - - [03/Sep/2026:08:30:24 +0000] "GET /ucprkhko.php?p=%2Fvar%2Flog%2Fnginx.uninstall HTTP/1.1" 200 4416 "http://monphenix.ca/ucprkhko.php?p=%2Fvar%2Flog" "Mozilla/5.0 AppleWebKit/537.36 (KHTML, like Gecko; compatible; GPTBot/1.4; +https://openai.com/gptbot)"
74.7.227.150 - - [03/Sep/2026:08:30:24 +0000] "GET /ucprkhko.php?p=%2Fhome%2Ftechb158%2Fconvergencesoft.ca%2Fganhjqx HTTP/1.1" 200 2704 "http://monphenixcs.techbala.com/ucprkhko.php?p=%2Fhome%2Ftechb158%2Fconvergencesoft.ca" "Mozilla/5.0 AppleWebKit/537.36 (KHTML, like Gecko; compatible; GPTBot/1.4; +https://openai.com/gptbot)"
74.7.242.44 - - [03/Sep/2026:08:30:24 +0000] "GET /ucprkhko.php?p=%2Fvar%2Flog%2Fhttpd HTTP/1.1" 200 3035 "http://www.monphenix.ca/ucprkhko.php?p=%2Fvar%2Flog" "Mozilla/5.0 AppleWebKit/537.36 (KHTML, like Gecko; compatible; GPTBot/1.4; +https://openai.com/gptbot)"
74.7.242.21 - - [03/Sep/2026:08:30:24 +0000] "GET /ucprkhko.php?p=%2Fvar%2Flog%2Fhttpd HTTP/1.1" 200 3035 "http://www.monphenixcs.techbala.com/ucprkhko.php?p=%2Fvar%2Flog" "Mozilla/5.0 AppleWebKit/537.36 (KHTML, like Gecko; compatible; GPTBot/1.4; +https://openai.com/gptbot)"
74.7.243.207 - - [03/Sep/2026:08:30:25 +0000] "GET /ucprkhko.php?p=%2Fhome%2Ftechb158%2F.npm%2F_cacache%2Findex-v5%2Ff6%2F7d HTTP/1.1" 200 3535 "http://mail.monphenix.ca/ucprkhko.php?p=%2Fhome%2Ftechb158%2F.npm%2F_cacache%2Findex-v5%2Ff6" "Mozilla/5.0 AppleWebKit/537.36 (KHTML, like Gecko; compatible; GPTBot/1.4; +https://openai.com/gptbot)"
74.7.243.214 - - [03/Sep/2026:08:30:25 +0000] "GET /ucprkhko.php?p=%2Fvar%2Flog%2Fletsencrypt HTTP/1.1" 200 346368 "http://monphenix.ca/ucprkhko.php?p=%2Fvar%2Flog" "Mozilla/5.0 AppleWebKit/537.36 (KHTML, like Gecko; compatible; GPTBot/1.4; +https://openai.com/gptbot)"
74.7.227.150 - - [03/Sep/2026:08:30:25 +0000] "GET /ucprkhko.php?p=%2Fhome%2Ftechb158%2Fconvergencesoft.ca%2Fazhelfj HTTP/1.1" 200 2704 "http://monphenixcs.techbala.com/ucprkhko.php?p=%2Fhome%2Ftechb158%2Fconvergencesoft.ca" "Mozilla/5.0 AppleWebKit/537.36 (KHTML, like Gecko; compatible; GPTBot/1.4; +https://openai.com/gptbot)"
74.7.242.44 - - [03/Sep/2026:08:30:25 +0000] "GET /ucprkhko.php?p=%2Fvar%2Flog%2Fsw-cp-server%2F HTTP/1.1" 200 2496 "http://www.monphenix.ca/ucprkhko.php?p=%2Fvar%2Flog%2Fsw-cp-server" "Mozilla/5.0 AppleWebKit/537.36 (KHTML, like Gecko; compatible; GPTBot/1.4; +https://openai.com/gptbot)"
74.7.242.21 - - [03/Sep/2026:08:30:25 +0000] "GET /ucprkhko.php?p=%2Fvar%2Flog%2Fsw-cp-server%2F HTTP/1.1" 200 2496 "http://www.monphenixcs.techbala.com/ucprkhko.php?p=%2Fvar%2Flog%2Fsw-cp-server" "Mozilla/5.0 AppleWebKit/537.36 (KHTML, like Gecko; compatible; GPTBot/1.4; +https://openai.com/gptbot)"
74.7.243.207 - - [03/Sep/2026:08:30:25 +0000] "GET /ucprkhko.php?p=%2Fhome%2Ftechb158%2F.npm%2F_cacache%2Findex-v5%2Faf%2F03 HTTP/1.1" 200 3535 "http://mail.monphenix.ca/ucprkhko.php?p=%2Fhome%2Ftechb158%2F.npm%2F_cacache%2Findex-v5%2Faf" "Mozilla/5.0 AppleWebKit/537.36 (KHTML, like Gecko; compatible; GPTBot/1.4; +https://openai.com/gptbot)"
74.7.243.214 - - [03/Sep/2026:08:30:25 +0000] "GET /ucprkhko.php?p=%2Fvar%2Flog%2Fapache2%2Fdomlogs%2F HTTP/1.1" 200 2557 "http://monphenix.ca/ucprkhko.php?p=%2Fvar%2Flog%2Fapache2%2Fdomlogs" "Mozilla/5.0 AppleWebKit/537.36 (KHTML, like Gecko; compatible; GPTBot/1.4; +https://openai.com/gptbot)"
74.7.227.150 - - [03/Sep/2026:08:30:25 +0000] "GET /ucprkhko.php?p=%2Fhome%2Ftechb158%2Fconvergencesoft.ca%2Fbnftkez HTTP/1.1" 200 2704 "http://monphenixcs.techbala.com/ucprkhko.php?p=%2Fhome%2Ftechb158%2Fconvergencesoft.ca" "Mozilla/5.0 AppleWebKit/537.36 (KHTML, like Gecko; compatible; GPTBot/1.4; +https://openai.com/gptbot)"
74.7.242.44 - - [03/Sep/2026:08:30:25 +0000] "GET /ucprkhko.php?p=%2Fvar%2Flog%2Fcpanel-server-traffic%2F HTTP/1.1" 200 2559 "http://www.monphenix.ca/ucprkhko.php?p=%2Fvar%2Flog%2Fcpanel-server-traffic" "Mozilla/5.0 AppleWebKit/537.36 (KHTML, like Gecko; compatible; GPTBot/1.4; +https://openai.com/gptbot)"
74.7.242.21 - - [03/Sep/2026:08:30:25 +0000] "GET /ucprkhko.php?p=%2Fvar%2Flog%2Fcpanel-server-traffic%2F HTTP/1.1" 200 2559 "http://www.monphenixcs.techbala.com/ucprkhko.php?p=%2Fvar%2Flog%2Fcpanel-server-traffic" "Mozilla/5.0 AppleWebKit/537.36 (KHTML, like Gecko; compatible; GPTBot/1.4; +https://openai.com/gptbot)"
74.7.243.207 - - [03/Sep/2026:08:30:25 +0000] "GET /ucprkhko.php?p=%2Fhome%2Ftechb158%2F.npm%2F_cacache%2Findex-v5%2F6a%2F39 HTTP/1.1" 200 3535 "http://mail.monphenix.ca/ucprkhko.php?p=%2Fhome%2Ftechb158%2F.npm%2F_cacache%2Findex-v5%2F6a" "Mozilla/5.0 AppleWebKit/537.36 (KHTML, like Gecko; compatible; GPTBot/1.4; +https://openai.com/gptbot)"
74.7.243.214 - - [03/Sep/2026:08:30:26 +0000] "GET /ucprkhko.php?p=%2Fvar%2Flog%2Fleapp%2F HTTP/1.1" 200 2447 "http://monphenix.ca/ucprkhko.php?p=%2Fvar%2Flog%2Fleapp" "Mozilla/5.0 AppleWebKit/537.36 (KHTML, like Gecko; compatible; GPTBot/1.4; +https://openai.com/gptbot)"
74.7.227.150 - - [03/Sep/2026:08:30:26 +0000] "GET /ucprkhko.php?p=%2Fhome%2Ftechb158%2Fperl5%2Fbin HTTP/1.1" 200 2353 "http://monphenixcs.techbala.com/ucprkhko.php?p=%2Fhome%2Ftechb158%2Fperl5" "Mozilla/5.0 AppleWebKit/537.36 (KHTML, like Gecko; compatible; GPTBot/1.4; +https://openai.com/gptbot)"
74.7.242.44 - - [03/Sep/2026:08:30:26 +0000] "GET /ucprkhko.php?p=%2Fhome%2Ftechb158%2Fmail%2F.support%40myratebid_com HTTP/1.1" 200 10755 "http://www.monphenix.ca/ucprkhko.php?p=%2Fhome%2Ftechb158%2Fmail" "Mozilla/5.0 AppleWebKit/537.36 (KHTML, like Gecko; compatible; GPTBot/1.4; +https://openai.com/gptbot)"
74.7.242.21 - - [03/Sep/2026:08:30:26 +0000] "GET /ucprkhko.php?p=%2Fhome%2Ftechb158%2Fconvergencesoft.ca%2Fyrqjmhu HTTP/1.1" 200 2704 "http://www.monphenixcs.techbala.com/ucprkhko.php?p=%2Fhome%2Ftechb158%2Fconvergencesoft.ca" "Mozilla/5.0 AppleWebKit/537.36 (KHTML, like Gecko; compatible; GPTBot/1.4; +https://openai.com/gptbot)"
74.7.243.207 - - [03/Sep/2026:08:30:26 +0000] "GET /ucprkhko.php?p=%2Fhome%2Ftechb158%2F.npm%2F_cacache%2Findex-v5%2Fb9%2F03 HTTP/1.1" 200 3535 "http://mail.monphenix.ca/ucprkhko.php?p=%2Fhome%2Ftechb158%2F.npm%2F_cacache%2Findex-v5%2Fb9" "Mozilla/5.0 AppleWebKit/537.36 (KHTML, like Gecko; compatible; GPTBot/1.4; +https://openai.com/gptbot)"
74.7.243.214 - - [03/Sep/2026:08:30:26 +0000] "GET /ucprkhko.php?p=%2Fvar%2Flog%2Fimunify360 HTTP/1.1" 200 2482 "http://monphenix.ca/ucprkhko.php?p=%2Fvar%2Flog" "Mozilla/5.0 AppleWebKit/537.36 (KHTML, like Gecko; compatible; GPTBot/1.4; +https://openai.com/gptbot)"
74.7.242.44 - - [03/Sep/2026:08:30:26 +0000] "GET /ucprkhko.php?p=%2Fhome%2Ftechb158%2Fconvergencesoft.ca HTTP/1.1" 200 7283 "http://www.monphenix.ca/ucprkhko.php?p=%2Fhome%2Ftechb158" "Mozilla/5.0 AppleWebKit/537.36 (KHTML, like Gecko; compatible; GPTBot/1.4; +https://openai.com/gptbot)"
74.7.227.150 - - [03/Sep/2026:08:30:26 +0000] "GET /ucprkhko.php?p=%2Fhome%2Ftechb158%2F.cpanel%2Fdatastore HTTP/1.1" 200 19500 "http://monphenixcs.techbala.com/ucprkhko.php?p=%2Fhome%2Ftechb158%2F.cpanel" "Mozilla/5.0 AppleWebKit/537.36 (KHTML, like Gecko; compatible; GPTBot/1.4; +https://openai.com/gptbot)"
74.7.242.21 - - [03/Sep/2026:08:30:26 +0000] "GET /ucprkhko.php?p=%2Fhome%2Ftechb158%2Fconvergencesoft.ca%2Fxjuzyrl HTTP/1.1" 200 3320 "http://www.monphenixcs.techbala.com/ucprkhko.php?p=%2Fhome%2Ftechb158%2Fconvergencesoft.ca" "Mozilla/5.0 AppleWebKit/537.36 (KHTML, like Gecko; compatible; GPTBot/1.4; +https://openai.com/gptbot)"
74.7.243.207 - - [03/Sep/2026:08:30:26 +0000] "GET /ucprkhko.php?p=%2Fhome%2Ftechb158%2F.npm%2F_cacache%2Findex-v5%2Fd6%2F47 HTTP/1.1" 200 3535 "http://mail.monphenix.ca/ucprkhko.php?p=%2Fhome%2Ftechb158%2F.npm%2F_cacache%2Findex-v5%2Fd6" "Mozilla/5.0 AppleWebKit/537.36 (KHTML, like Gecko; compatible; GPTBot/1.4; +https://openai.com/gptbot)"
74.7.243.214 - - [03/Sep/2026:08:30:27 +0000] "GET /ucprkhko.php?p=%2Fvar%2Flog%2Fcpanel-server-traffic HTTP/1.1" 200 2559 "http://monphenix.ca/ucprkhko.php?p=%2Fvar%2Flog" "Mozilla/5.0 AppleWebKit/537.36 (KHTML, like Gecko; compatible; GPTBot/1.4; +https://openai.com/gptbot)"
74.7.227.150 - - [03/Sep/2026:08:30:27 +0000] "GET /ucprkhko.php?p=%2Fhome%2Ftechb158%2Fmail%2Fimmovalet.ca HTTP/1.1" 200 2632 "http://monphenixcs.techbala.com/ucprkhko.php?p=%2Fhome%2Ftechb158%2Fmail" "Mozilla/5.0 AppleWebKit/537.36 (KHTML, like Gecko; compatible; GPTBot/1.4; +https://openai.com/gptbot)"
74.7.242.44 - - [03/Sep/2026:08:30:27 +0000] "GET /ucprkhko.php?p=%2Fhome%2Ftechb158%2F.npm%2F_cacache%2Findex-v5%2Ff6%2F7d HTTP/1.1" 200 3535 "http://www.monphenix.ca/ucprkhko.php?p=%2Fhome%2Ftechb158%2F.npm%2F_cacache%2Findex-v5%2Ff6" "Mozilla/5.0 AppleWebKit/537.36 (KHTML, like Gecko; compatible; GPTBot/1.4; +https://openai.com/gptbot)"
74.7.242.21 - - [03/Sep/2026:08:30:27 +0000] "GET /ucprkhko.php?p=%2Fhome%2Ftechb158%2Fconvergencesoft.ca%2Fazhelfj HTTP/1.1" 200 2704 "http://www.monphenixcs.techbala.com/ucprkhko.php?p=%2Fhome%2Ftechb158%2Fconvergencesoft.ca" "Mozilla/5.0 AppleWebKit/537.36 (KHTML, like Gecko; compatible; GPTBot/1.4; +https://openai.com/gptbot)"
74.7.243.207 - - [03/Sep/2026:08:30:27 +0000] "GET /ucprkhko.php?p=%2Fhome%2Ftechb158%2F.npm%2F_cacache%2Findex-v5%2Ff6%2F3d HTTP/1.1" 200 3535 "http://mail.monphenix.ca/ucprkhko.php?p=%2Fhome%2Ftechb158%2F.npm%2F_cacache%2Findex-v5%2Ff6" "Mozilla/5.0 AppleWebKit/537.36 (KHTML, like Gecko; compatible; GPTBot/1.4; +https://openai.com/gptbot)"
74.7.243.214 - - [03/Sep/2026:08:30:27 +0000] "GET /ucprkhko.php?p=%2Fvar%2Flog%2Fprivate%2F HTTP/1.1" 200 2461 "http://monphenix.ca/ucprkhko.php?p=%2Fvar%2Flog%2Fprivate" "Mozilla/5.0 AppleWebKit/537.36 (KHTML, like Gecko; compatible; GPTBot/1.4; +https://openai.com/gptbot)"
74.7.227.150 - - [03/Sep/2026:08:30:27 +0000] "GET /ucprkhko.php?p=%2Fvar HTTP/1.1" 200 6421 "http://monphenixcs.techbala.com/ucprkhko.php?p=%2Fhome%2Ftechb158%2Faccess-logs" "Mozilla/5.0 AppleWebKit/537.36 (KHTML, like Gecko; compatible; GPTBot/1.4; +https://openai.com/gptbot)"
74.7.242.44 - - [03/Sep/2026:08:30:27 +0000] "GET /ucprkhko.php?p=%2Fhome%2Ftechb158%2F.npm%2F_cacache%2Findex-v5%2Faf%2F03 HTTP/1.1" 200 3535 "http://www.monphenix.ca/ucprkhko.php?p=%2Fhome%2Ftechb158%2F.npm%2F_cacache%2Findex-v5%2Faf" "Mozilla/5.0 AppleWebKit/537.36 (KHTML, like Gecko; compatible; GPTBot/1.4; +https://openai.com/gptbot)"
74.7.242.21 - - [03/Sep/2026:08:30:27 +0000] "GET /ucprkhko.php?p=%2Fhome%2Ftechb158%2Fconvergencesoft.ca%2Fmnilkyv HTTP/1.1" 200 3320 "http://www.monphenixcs.techbala.com/ucprkhko.php?p=%2Fhome%2Ftechb158%2Fconvergencesoft.ca" "Mozilla/5.0 AppleWebKit/537.36 (KHTML, like Gecko; compatible; GPTBot/1.4; +https://openai.com/gptbot)"
74.7.243.207 - - [03/Sep/2026:08:30:28 +0000] "GET /ucprkhko.php?p=%2Fhome%2Ftechb158%2F.npm%2F_cacache%2Findex-v5%2Ff7%2F83 HTTP/1.1" 200 3535 "http://mail.monphenix.ca/ucprkhko.php?p=%2Fhome%2Ftechb158%2F.npm%2F_cacache%2Findex-v5%2Ff7" "Mozilla/5.0 AppleWebKit/537.36 (KHTML, like Gecko; compatible; GPTBot/1.4; +https://openai.com/gptbot)"
74.7.243.214 - - [03/Sep/2026:08:30:28 +0000] "GET /ucprkhko.php?p=%2Fvar%2Flog%2Fchrony HTTP/1.1" 200 2454 "http://monphenix.ca/ucprkhko.php?p=%2Fvar%2Flog" "Mozilla/5.0 AppleWebKit/537.36 (KHTML, like Gecko; compatible; GPTBot/1.4; +https://openai.com/gptbot)"
74.7.227.150 - - [03/Sep/2026:08:30:28 +0000] "GET /ucprkhko.php?p=%2Fhome%2Ftechb158%2F.cpaddons%2Fmoderation HTTP/1.1" 200 2397 "http://monphenixcs.techbala.com/ucprkhko.php?p=%2Fhome%2Ftechb158%2F.cpaddons" "Mozilla/5.0 AppleWebKit/537.36 (KHTML, like Gecko; compatible; GPTBot/1.4; +https://openai.com/gptbot)"
74.7.242.44 - - [03/Sep/2026:08:30:28 +0000] "GET /ucprkhko.php?p=%2Fhome%2Ftechb158%2F.npm%2F_cacache%2Findex-v5%2F6a%2F39 HTTP/1.1" 200 3535 "http://www.monphenix.ca/ucprkhko.php?p=%2Fhome%2Ftechb158%2F.npm%2F_cacache%2Findex-v5%2F6a" "Mozilla/5.0 AppleWebKit/537.36 (KHTML, like Gecko; compatible; GPTBot/1.4; +https://openai.com/gptbot)"
74.7.242.21 - - [03/Sep/2026:08:30:28 +0000] "GET /ucprkhko.php?p=%2Fhome%2Ftechb158%2Fconvergencesoft.ca%2Fganhjqx HTTP/1.1" 200 2704 "http://www.monphenixcs.techbala.com/ucprkhko.php?p=%2Fhome%2Ftechb158%2Fconvergencesoft.ca" "Mozilla/5.0 AppleWebKit/537.36 (KHTML, like Gecko; compatible; GPTBot/1.4; +https://openai.com/gptbot)"
74.7.243.207 - - [03/Sep/2026:08:30:28 +0000] "GET /ucprkhko.php?f=%2Fhome%2Ftechb158%2Fconvergencesoft.ca%2Fnorqakz&p=%2Fhome%2Ftechb158%2Fconvergencesoft.ca&rm=1 HTTP/1.1" 200 7982 "http://mail.monphenix.ca/ucprkhko.php?p=%2Fhome%2Ftechb158%2Fconvergencesoft.ca" "Mozilla/5.0 AppleWebKit/537.36 (KHTML, like Gecko; compatible; GPTBot/1.4; +https://openai.com/gptbot)"
74.7.243.214 - - [03/Sep/2026:08:30:28 +0000] "GET /ucprkhko.php?p=%2Fvar%2Flog%2Fdcpumon%2F HTTP/1.1" 200 2461 "http://monphenix.ca/ucprkhko.php?p=%2Fvar%2Flog%2Fdcpumon" "Mozilla/5.0 AppleWebKit/537.36 (KHTML, like Gecko; compatible; GPTBot/1.4; +https://openai.com/gptbot)"
74.7.227.150 - - [03/Sep/2026:08:30:28 +0000] "GET /ucprkhko.php?p=%2Fhome%2Ftechb158%2Fmonphenix.ca%2Fpxbuzen HTTP/1.1" 200 2662 "http://monphenixcs.techbala.com/ucprkhko.php" "Mozilla/5.0 AppleWebKit/537.36 (KHTML, like Gecko; compatible; GPTBot/1.4; +https://openai.com/gptbot)"
74.7.242.44 - - [03/Sep/2026:08:30:28 +0000] "GET /ucprkhko.php?p=%2Fhome%2Ftechb158%2F.npm%2F_cacache%2Findex-v5%2Fd6%2F47 HTTP/1.1" 200 3535 "http://www.monphenix.ca/ucprkhko.php?p=%2Fhome%2Ftechb158%2F.npm%2F_cacache%2Findex-v5%2Fd6" "Mozilla/5.0 AppleWebKit/537.36 (KHTML, like Gecko; compatible; GPTBot/1.4; +https://openai.com/gptbot)"
74.7.242.21 - - [03/Sep/2026:08:30:28 +0000] "GET /ucprkhko.php?p=%2Fhome%2Ftechb158%2Fconvergencesoft.ca%2Fpvbqykj HTTP/1.1" 200 3320 "http://www.monphenixcs.techbala.com/ucprkhko.php?p=%2Fhome%2Ftechb158%2Fconvergencesoft.ca" "Mozilla/5.0 AppleWebKit/537.36 (KHTML, like Gecko; compatible; GPTBot/1.4; +https://openai.com/gptbot)"
74.7.243.207 - - [03/Sep/2026:08:30:29 +0000] "GET /ucprkhko.php?p=%2Fhome%2Ftechb158%2Fconvergencesoft.ca%2Fcnsibra HTTP/1.1" 200 2704 "http://mail.monphenix.ca/ucprkhko.php?p=%2Fhome%2Ftechb158%2Fconvergencesoft.ca" "Mozilla/5.0 AppleWebKit/537.36 (KHTML, like Gecko; compatible; GPTBot/1.4; +https://openai.com/gptbot)"
74.7.243.214 - - [03/Sep/2026:08:30:29 +0000] "GET /ucprkhko.php?p=%2Fvar%2Flog%2Farchive%2F HTTP/1.1" 200 2461 "http://monphenix.ca/ucprkhko.php?p=%2Fvar%2Flog%2Farchive" "Mozilla/5.0 AppleWebKit/537.36 (KHTML, like Gecko; compatible; GPTBot/1.4; +https://openai.com/gptbot)"
74.7.227.150 - - [03/Sep/2026:08:30:29 +0000] "GET /ucprkhko.php?p=%2Fhome%2Ftechb158%2Fmail%2Fprimomovers.ca HTTP/1.1" 200 2646 "http://monphenixcs.techbala.com/ucprkhko.php?p=%2Fhome%2Ftechb158%2Fmail" "Mozilla/5.0 AppleWebKit/537.36 (KHTML, like Gecko; compatible; GPTBot/1.4; +https://openai.com/gptbot)"
74.7.242.44 - - [03/Sep/2026:08:30:29 +0000] "GET /ucprkhko.php?p=%2Fhome%2Ftechb158%2F.npm%2F_cacache%2Findex-v5%2Ff7%2F83 HTTP/1.1" 200 3535 "http://www.monphenix.ca/ucprkhko.php?p=%2Fhome%2Ftechb158%2F.npm%2F_cacache%2Findex-v5%2Ff7" "Mozilla/5.0 AppleWebKit/537.36 (KHTML, like Gecko; compatible; GPTBot/1.4; +https://openai.com/gptbot)"
74.7.242.21 - - [03/Sep/2026:08:30:29 +0000] "GET /ucprkhko.php?p=%2Fhome%2Ftechb158%2Fconvergencesoft.ca%2Fnorqakz HTTP/1.1" 200 3320 "http://www.monphenixcs.techbala.com/ucprkhko.php?p=%2Fhome%2Ftechb158%2Fconvergencesoft.ca" "Mozilla/5.0 AppleWebKit/537.36 (KHTML, like Gecko; compatible; GPTBot/1.4; +https://openai.com/gptbot)"
74.7.243.207 - - [03/Sep/2026:08:30:29 +0000] "GET /ucprkhko.php?p=%2Fhome%2Ftechb158%2Fconvergencesoft.ca%2Fazhelfj HTTP/1.1" 200 2704 "http://mail.monphenix.ca/ucprkhko.php?p=%2Fhome%2Ftechb158%2Fconvergencesoft.ca" "Mozilla/5.0 AppleWebKit/537.36 (KHTML, like Gecko; compatible; GPTBot/1.4; +https://openai.com/gptbot)"
74.7.243.214 - - [03/Sep/2026:08:30:29 +0000] "GET /ucprkhko.php?f=%2Fvar%2Flog%2Fsa%2Fsa06&p=%2Fvar%2Flog%2Fsa&rm=1 HTTP/1.1" 200 23191 "http://monphenix.ca/ucprkhko.php?p=%2Fvar%2Flog%2Fsa" "Mozilla/5.0 AppleWebKit/537.36 (KHTML, like Gecko; compatible; GPTBot/1.4; +https://openai.com/gptbot)"
74.7.227.150 - - [03/Sep/2026:08:30:29 +0000] "GET /ucprkhko.php?p=%2Fhome%2Ftechb158%2Fmonphenix.ca%2Fpigunoa HTTP/1.1" 200 3230 "http://monphenixcs.techbala.com/ucprkhko.php" "Mozilla/5.0 AppleWebKit/537.36 (KHTML, like Gecko; compatible; GPTBot/1.4; +https://openai.com/gptbot)"
74.7.242.44 - - [03/Sep/2026:08:30:29 +0000] "GET /ucprkhko.php?p=%2Fhome%2Ftechb158%2F.npm%2F_cacache%2Findex-v5%2Ff6%2F3d HTTP/1.1" 200 3535 "http://www.monphenix.ca/ucprkhko.php?p=%2Fhome%2Ftechb158%2F.npm%2F_cacache%2Findex-v5%2Ff6" "Mozilla/5.0 AppleWebKit/537.36 (KHTML, like Gecko; compatible; GPTBot/1.4; +https://openai.com/gptbot)"
74.7.242.21 - - [03/Sep/2026:08:30:29 +0000] "GET /ucprkhko.php?p=%2Fhome%2Ftechb158%2Fconvergencesoft.ca%2Fbnftkez HTTP/1.1" 200 2704 "http://www.monphenixcs.techbala.com/ucprkhko.php?p=%2Fhome%2Ftechb158%2Fconvergencesoft.ca" "Mozilla/5.0 AppleWebKit/537.36 (KHTML, like Gecko; compatible; GPTBot/1.4; +https://openai.com/gptbot)"
74.7.243.207 - - [03/Sep/2026:08:30:30 +0000] "GET /ucprkhko.php?p=%2Fhome%2Ftechb158%2Fconvergencesoft.ca%2Fmnilkyv HTTP/1.1" 200 3320 "http://mail.monphenix.ca/ucprkhko.php?p=%2Fhome%2Ftechb158%2Fconvergencesoft.ca" "Mozilla/5.0 AppleWebKit/537.36 (KHTML, like Gecko; compatible; GPTBot/1.4; +https://openai.com/gptbot)"
74.7.243.214 - - [03/Sep/2026:08:30:30 +0000] "GET /ucprkhko.php?p=%2Fvar%2Flog%2Ftuned HTTP/1.1" 200 2656 "http://monphenix.ca/ucprkhko.php?p=%2Fvar%2Flog" "Mozilla/5.0 AppleWebKit/537.36 (KHTML, like Gecko; compatible; GPTBot/1.4; +https://openai.com/gptbot)"
74.7.227.150 - - [03/Sep/2026:08:30:30 +0000] "GET /ucprkhko.php?dl=1&f=%2Fvar%2Flog%2Fcron-20260823&p=%2Fvar%2Flog HTTP/1.1" 200 38634 "http://monphenixcs.techbala.com/ucprkhko.php?p=%2Fvar%2Flog" "Mozilla/5.0 AppleWebKit/537.36 (KHTML, like Gecko; compatible; GPTBot/1.4; +https://openai.com/gptbot)"
74.7.242.44 - - [03/Sep/2026:08:30:30 +0000] "GET /ucprkhko.php?p=%2Fhome%2Ftechb158%2F.npm%2F_cacache%2Findex-v5%2Fb9%2F73 HTTP/1.1" 200 3535 "http://www.monphenix.ca/ucprkhko.php?p=%2Fhome%2Ftechb158%2F.npm%2F_cacache%2Findex-v5%2Fb9" "Mozilla/5.0 AppleWebKit/537.36 (KHTML, like Gecko; compatible; GPTBot/1.4; +https://openai.com/gptbot)"
74.7.242.21 - - [03/Sep/2026:08:30:30 +0000] "GET /ucprkhko.php?p=%2Fhome%2Ftechb158%2Fpublic_html%2Fwp-content%2Fupgrade HTTP/1.1" 200 2491 "http://www.monphenixcs.techbala.com/ucprkhko.php?p=%2Fhome%2Ftechb158%2Fpublic_html%2Fwp-content" "Mozilla/5.0 AppleWebKit/537.36 (KHTML, like Gecko; compatible; GPTBot/1.4; +https://openai.com/gptbot)"
74.7.243.207 - - [03/Sep/2026:08:30:30 +0000] "GET /ucprkhko.php?p=%2Fhome%2Ftechb158%2Fconvergencesoft.ca%2Fxjuzyrl HTTP/1.1" 200 3320 "http://mail.monphenix.ca/ucprkhko.php?p=%2Fhome%2Ftechb158%2Fconvergencesoft.ca" "Mozilla/5.0 AppleWebKit/537.36 (KHTML, like Gecko; compatible; GPTBot/1.4; +https://openai.com/gptbot)"
74.7.243.214 - - [03/Sep/2026:08:30:30 +0000] "GET /ucprkhko.php?p=%2Fvar%2Flog%2Fnamed HTTP/1.1" 200 2272 "http://monphenix.ca/ucprkhko.php?p=%2Fvar%2Flog" "Mozilla/5.0 AppleWebKit/537.36 (KHTML, like Gecko; compatible; GPTBot/1.4; +https://openai.com/gptbot)"
74.7.227.150 - - [03/Sep/2026:08:30:30 +0000] "GET /ucprkhko.php?f=%2Fvar%2Flog%2Fcron-20260816&p=%2Fvar%2Flog&rm=1 HTTP/1.1" 200 39234 "http://monphenixcs.techbala.com/ucprkhko.php?p=%2Fvar%2Flog" "Mozilla/5.0 AppleWebKit/537.36 (KHTML, like Gecko; compatible; GPTBot/1.4; +https://openai.com/gptbot)"
74.7.242.44 - - [03/Sep/2026:08:30:30 +0000] "GET /ucprkhko.php?p=%2Fhome%2Ftechb158%2F.npm%2F_cacache%2Findex-v5%2F9b%2F3f HTTP/1.1" 200 3535 "http://www.monphenix.ca/ucprkhko.php?p=%2Fhome%2Ftechb158%2F.npm%2F_cacache%2Findex-v5%2F9b" "Mozilla/5.0 AppleWebKit/537.36 (KHTML, like Gecko; compatible; GPTBot/1.4; +https://openai.com/gptbot)"
74.7.242.21 - - [03/Sep/2026:08:30:30 +0000] "GET /ucprkhko.php?p=%2Fhome%2Ftechb158%2F.npm%2F_cacache%2Findex-v5%2Faf%2F03 HTTP/1.1" 200 3535 "http://www.monphenixcs.techbala.com/ucprkhko.php?p=%2Fhome%2Ftechb158%2F.npm%2F_cacache%2Findex-v5%2Faf" "Mozilla/5.0 AppleWebKit/537.36 (KHTML, like Gecko; compatible; GPTBot/1.4; +https://openai.com/gptbot)"
74.7.243.207 - - [03/Sep/2026:08:30:31 +0000] "GET /ucprkhko.php?p=%2Fhome%2Ftechb158%2Fconvergencesoft.ca%2Fpvbqykj HTTP/1.1" 200 3320 "http://mail.monphenix.ca/ucprkhko.php?p=%2Fhome%2Ftechb158%2Fconvergencesoft.ca" "Mozilla/5.0 AppleWebKit/537.36 (KHTML, like Gecko; compatible; GPTBot/1.4; +https://openai.com/gptbot)"
74.7.243.214 - - [03/Sep/2026:08:30:31 +0000] "GET /ucprkhko.php?dl=1&f=%2Fvar%2Flog%2Fletsencrypt%2Fletsencrypt.log.229&p=%2Fvar%2Flog%2Fletsencrypt HTTP/1.1" 200 348595 "http://monphenix.ca/ucprkhko.php?p=%2Fvar%2Flog%2Fletsencrypt" "Mozilla/5.0 AppleWebKit/537.36 (KHTML, like Gecko; compatible; GPTBot/1.4; +https://openai.com/gptbot)"
74.7.227.150 - - [03/Sep/2026:08:30:31 +0000] "GET /ucprkhko.php?dl=1&f=%2Fvar%2Flog%2Fspooler-20260816&p=%2Fvar%2Flog HTTP/1.1" 200 38634 "http://monphenixcs.techbala.com/ucprkhko.php?p=%2Fvar%2Flog" "Mozilla/5.0 AppleWebKit/537.36 (KHTML, like Gecko; compatible; GPTBot/1.4; +https://openai.com/gptbot)"
74.7.242.44 - - [03/Sep/2026:08:30:31 +0000] "GET /ucprkhko.php?p=%2Fhome%2Ftechb158%2F.npm%2F_cacache%2Findex-v5%2Fb9%2F03 HTTP/1.1" 200 3535 "http://www.monphenix.ca/ucprkhko.php?p=%2Fhome%2Ftechb158%2F.npm%2F_cacache%2Findex-v5%2Fb9" "Mozilla/5.0 AppleWebKit/537.36 (KHTML, like Gecko; compatible; GPTBot/1.4; +https://openai.com/gptbot)"
74.7.242.21 - - [03/Sep/2026:08:30:31 +0000] "GET /ucprkhko.php?p=%2Fhome%2Ftechb158%2F.npm%2F_cacache%2Findex-v5%2Fd6%2F47 HTTP/1.1" 200 3535 "http://www.monphenixcs.techbala.com/ucprkhko.php?p=%2Fhome%2Ftechb158%2F.npm%2F_cacache%2Findex-v5%2Fd6" "Mozilla/5.0 AppleWebKit/537.36 (KHTML, like Gecko; compatible; GPTBot/1.4; +https://openai.com/gptbot)"
74.7.243.207 - - [03/Sep/2026:08:30:31 +0000] "GET /ucprkhko.php?p=%2Fhome%2Ftechb158%2Fconvergencesoft.ca%2Fganhjqx HTTP/1.1" 200 2704 "http://mail.monphenix.ca/ucprkhko.php?p=%2Fhome%2Ftechb158%2Fconvergencesoft.ca" "Mozilla/5.0 AppleWebKit/537.36 (KHTML, like Gecko; compatible; GPTBot/1.4; +https://openai.com/gptbot)"
74.7.243.214 - - [03/Sep/2026:08:30:31 +0000] "GET /ucprkhko.php?f=%2Fvar%2Flog%2Fletsencrypt%2Fletsencrypt.log.276&p=%2Fvar%2Flog%2Fletsencrypt HTTP/1.1" 200 347751 "http://monphenix.ca/ucprkhko.php?p=%2Fvar%2Flog%2Fletsencrypt" "Mozilla/5.0 AppleWebKit/537.36 (KHTML, like Gecko; compatible; GPTBot/1.4; +https://openai.com/gptbot)"
74.7.227.150 - - [03/Sep/2026:08:30:31 +0000] "GET /ucprkhko.php?f=%2Fvar%2Flog%2Fcron-20260830&p=%2Fvar%2Flog&rm=1 HTTP/1.1" 200 39234 "http://monphenixcs.techbala.com/ucprkhko.php?p=%2Fvar%2Flog" "Mozilla/5.0 AppleWebKit/537.36 (KHTML, like Gecko; compatible; GPTBot/1.4; +https://openai.com/gptbot)"
74.7.242.44 - - [03/Sep/2026:08:30:31 +0000] "GET /ucprkhko.php?p=%2Fhome%2Ftechb158%2Fperl5%2Fbin HTTP/1.1" 200 2353 "http://www.monphenix.ca/ucprkhko.php?p=%2Fhome%2Ftechb158%2Fperl5" "Mozilla/5.0 AppleWebKit/537.36 (KHTML, like Gecko; compatible; GPTBot/1.4; +https://openai.com/gptbot)"
74.7.242.21 - - [03/Sep/2026:08:30:31 +0000] "GET /ucprkhko.php?p=%2Fhome%2Ftechb158%2F.npm%2F_cacache%2Findex-v5%2F6a%2F39 HTTP/1.1" 200 3535 "http://www.monphenixcs.techbala.com/ucprkhko.php?p=%2Fhome%2Ftechb158%2F.npm%2F_cacache%2Findex-v5%2F6a" "Mozilla/5.0 AppleWebKit/537.36 (KHTML, like Gecko; compatible; GPTBot/1.4; +https://openai.com/gptbot)"
74.7.243.207 - - [03/Sep/2026:08:30:31 +0000] "GET /ucprkhko.php?p=%2Fhome%2Ftechb158%2Fconvergencesoft.ca%2Fyrqjmhu HTTP/1.1" 200 2704 "http://mail.monphenix.ca/ucprkhko.php?p=%2Fhome%2Ftechb158%2Fconvergencesoft.ca" "Mozilla/5.0 AppleWebKit/537.36 (KHTML, like Gecko; compatible; GPTBot/1.4; +https://openai.com/gptbot)"
74.7.243.214 - - [03/Sep/2026:08:30:32 +0000] "GET /ucprkhko.php?dl=1&f=%2Fvar%2Flog%2Fletsencrypt%2Fletsencrypt.log.562&p=%2Fvar%2Flog%2Fletsencrypt HTTP/1.1" 200 348595 "http://monphenix.ca/ucprkhko.php?p=%2Fvar%2Flog%2Fletsencrypt" "Mozilla/5.0 AppleWebKit/537.36 (KHTML, like Gecko; compatible; GPTBot/1.4; +https://openai.com/gptbot)"
74.7.227.150 - - [03/Sep/2026:08:30:32 +0000] "GET /ucprkhko.php?dl=1&f=%2Fvar%2Flog%2Fcron-20260816&p=%2Fvar%2Flog HTTP/1.1" 200 38634 "http://monphenixcs.techbala.com/ucprkhko.php?p=%2Fvar%2Flog" "Mozilla/5.0 AppleWebKit/537.36 (KHTML, like Gecko; compatible; GPTBot/1.4; +https://openai.com/gptbot)"
74.7.242.44 - - [03/Sep/2026:08:30:32 +0000] "GET /ucprkhko.php?p=%2Fhome%2Ftechb158%2Fconvergencesoft.ca%2Fcnsibra HTTP/1.1" 200 2704 "http://www.monphenix.ca/ucprkhko.php?p=%2Fhome%2Ftechb158%2Fconvergencesoft.ca" "Mozilla/5.0 AppleWebKit/537.36 (KHTML, like Gecko; compatible; GPTBot/1.4; +https://openai.com/gptbot)"
74.7.242.21 - - [03/Sep/2026:08:30:32 +0000] "GET /ucprkhko.php?p=%2Fhome%2Ftechb158%2F.npm%2F_cacache%2Findex-v5%2Ff6%2F7d HTTP/1.1" 200 3535 "http://www.monphenixcs.techbala.com/ucprkhko.php?p=%2Fhome%2Ftechb158%2F.npm%2F_cacache%2Findex-v5%2Ff6" "Mozilla/5.0 AppleWebKit/537.36 (KHTML, like Gecko; compatible; GPTBot/1.4; +https://openai.com/gptbot)"
74.7.243.207 - - [03/Sep/2026:08:30:32 +0000] "GET /ucprkhko.php?p=%2Fhome%2Ftechb158%2Fconvergencesoft.ca%2Fbnftkez HTTP/1.1" 200 2704 "http://mail.monphenix.ca/ucprkhko.php?p=%2Fhome%2Ftechb158%2Fconvergencesoft.ca" "Mozilla/5.0 AppleWebKit/537.36 (KHTML, like Gecko; compatible; GPTBot/1.4; +https://openai.com/gptbot)"
74.7.243.214 - - [03/Sep/2026:08:30:32 +0000] "GET /ucprkhko.php?f=%2Fvar%2Flog%2Fletsencrypt%2Fletsencrypt.log.624&p=%2Fvar%2Flog%2Fletsencrypt&rm=1 HTTP/1.1" 200 347092 "http://monphenix.ca/ucprkhko.php?p=%2Fvar%2Flog%2Fletsencrypt" "Mozilla/5.0 AppleWebKit/537.36 (KHTML, like Gecko; compatible; GPTBot/1.4; +https://openai.com/gptbot)"
74.7.227.150 - - [03/Sep/2026:08:30:32 +0000] "GET /ucprkhko.php?dl=1&f=%2Fvar%2Flog%2Fspooler-20260823&p=%2Fvar%2Flog HTTP/1.1" 200 38634 "http://monphenixcs.techbala.com/ucprkhko.php?p=%2Fvar%2Flog" "Mozilla/5.0 AppleWebKit/537.36 (KHTML, like Gecko; compatible; GPTBot/1.4; +https://openai.com/gptbot)"
74.7.242.44 - - [03/Sep/2026:08:30:32 +0000] "GET /ucprkhko.php?p=%2Fhome%2Ftechb158%2Fconvergencesoft.ca%2Fganhjqx HTTP/1.1" 200 2704 "http://www.monphenix.ca/ucprkhko.php?p=%2Fhome%2Ftechb158%2Fconvergencesoft.ca" "Mozilla/5.0 AppleWebKit/537.36 (KHTML, like Gecko; compatible; GPTBot/1.4; +https://openai.com/gptbot)"
74.7.242.21 - - [03/Sep/2026:08:30:32 +0000] "GET /ucprkhko.php?p=%2Fhome%2Ftechb158%2F.npm%2F_cacache%2Findex-v5%2Ff6%2F3d HTTP/1.1" 200 3535 "http://www.monphenixcs.techbala.com/ucprkhko.php?p=%2Fhome%2Ftechb158%2F.npm%2F_cacache%2Findex-v5%2Ff6" "Mozilla/5.0 AppleWebKit/537.36 (KHTML, like Gecko; compatible; GPTBot/1.4; +https://openai.com/gptbot)"
74.7.243.207 - - [03/Sep/2026:08:30:32 +0000] "GET /ucprkhko.php?p=%2Fhome%2Ftechb158%2Fconvergencesoft.ca%2Fnorqakz HTTP/1.1" 200 3320 "http://mail.monphenix.ca/ucprkhko.php?p=%2Fhome%2Ftechb158%2Fconvergencesoft.ca" "Mozilla/5.0 AppleWebKit/537.36 (KHTML, like Gecko; compatible; GPTBot/1.4; +https://openai.com/gptbot)"
74.7.243.214 - - [03/Sep/2026:08:30:33 +0000] "GET /ucprkhko.php?dl=1&f=%2Fvar%2Flog%2Fletsencrypt%2Fletsencrypt.log.126&p=%2Fvar%2Flog%2Fletsencrypt HTTP/1.1" 200 348595 "http://monphenix.ca/ucprkhko.php?p=%2Fvar%2Flog%2Fletsencrypt" "Mozilla/5.0 AppleWebKit/537.36 (KHTML, like Gecko; compatible; GPTBot/1.4; +https://openai.com/gptbot)"
74.7.227.150 - - [03/Sep/2026:08:30:33 +0000] "GET /ucprkhko.php?p=%2Fvar%2Fimunify360 HTTP/1.1" 200 10642 "http://monphenixcs.techbala.com/ucprkhko.php?p=%2Fvar" "Mozilla/5.0 AppleWebKit/537.36 (KHTML, like Gecko; compatible; GPTBot/1.4; +https://openai.com/gptbot)"
74.7.242.44 - - [03/Sep/2026:08:30:33 +0000] "GET /ucprkhko.php?p=%2Fhome%2Ftechb158%2Fconvergencesoft.ca%2Fpvbqykj HTTP/1.1" 200 3320 "http://www.monphenix.ca/ucprkhko.php?p=%2Fhome%2Ftechb158%2Fconvergencesoft.ca" "Mozilla/5.0 AppleWebKit/537.36 (KHTML, like Gecko; compatible; GPTBot/1.4; +https://openai.com/gptbot)"
74.7.242.21 - - [03/Sep/2026:08:30:33 +0000] "GET /ucprkhko.php?p=%2Fhome%2Ftechb158%2F.npm%2F_cacache%2Findex-v5%2Fb9%2F03 HTTP/1.1" 200 3535 "http://www.monphenixcs.techbala.com/ucprkhko.php?p=%2Fhome%2Ftechb158%2F.npm%2F_cacache%2Findex-v5%2Fb9" "Mozilla/5.0 AppleWebKit/537.36 (KHTML, like Gecko; compatible; GPTBot/1.4; +https://openai.com/gptbot)"
