74.7.227.150 - - [03/Sep/2026:08:27:06 +0000] "GET /ucprkhko.php?p=%2Fhome%2Ftechb158%2F.npm-cache%2F_cacache HTTP/1.1" 200 3179 "http://monphenixcs.techbala.com/ucprkhko.php?p=%2Fhome%2Ftechb158%2F.npm-cache" "Mozilla/5.0 AppleWebKit/537.36 (KHTML, like Gecko; compatible; GPTBot/1.4; +https://openai.com/gptbot)"
74.7.243.214 - - [03/Sep/2026:08:27:06 +0000] "GET /ucprkhko.php?f=%2Fhome%2Ftechb158%2F.cpanel%2Fducache&p=%2Fhome%2Ftechb158%2F.cpanel&rm=1 HTTP/1.1" 200 7617 "http://monphenix.ca/ucprkhko.php?p=%2Fhome%2Ftechb158%2F.cpanel" "Mozilla/5.0 AppleWebKit/537.36 (KHTML, like Gecko; compatible; GPTBot/1.4; +https://openai.com/gptbot)"
74.7.243.207 - - [03/Sep/2026:08:27:07 +0000] "GET /ucprkhko.php?p=%2Fhome%2Ftechb158%2F.nvm%2F.cache HTTP/1.1" 200 2587 "http://mail.monphenix.ca/ucprkhko.php?p=%2Fhome%2Ftechb158%2F.nvm" "Mozilla/5.0 AppleWebKit/537.36 (KHTML, like Gecko; compatible; GPTBot/1.4; +https://openai.com/gptbot)"
74.7.242.44 - - [03/Sep/2026:08:27:07 +0000] "GET /ucprkhko.php?p=%2Fhome%2Ftechb158%2F.nvm%2F.git%2Flogs%2Frefs HTTP/1.1" 200 3036 "http://www.monphenix.ca/ucprkhko.php?p=%2Fhome%2Ftechb158%2F.nvm%2F.git%2Flogs" "Mozilla/5.0 AppleWebKit/537.36 (KHTML, like Gecko; compatible; GPTBot/1.4; +https://openai.com/gptbot)"
74.7.227.150 - - [03/Sep/2026:08:27:07 +0000] "GET /ucprkhko.php?p=%2Fhome%2Ftechb158%2Fmonphenix.ca%2Fhmdtfnr HTTP/1.1" 200 2662 "http://monphenixcs.techbala.com/ucprkhko.php" "Mozilla/5.0 AppleWebKit/537.36 (KHTML, like Gecko; compatible; GPTBot/1.4; +https://openai.com/gptbot)"
74.7.242.21 - - [03/Sep/2026:08:27:07 +0000] "GET /ucprkhko.php?dl=1&f=%2Fhome%2Ftechb158%2Ftmp%2Fawstats%2Fawstats122025.immovalet.ca.techbala.com.txt&p=%2Fhome%2Ftechb158%2Ftmp%2Fawstats HTTP/1.1" 200 879493 "http://www.monphenixcs.techbala.com/ucprkhko.php?p=%2Fhome%2Ftechb158%2Ftmp%2Fawstats" "Mozilla/5.0 AppleWebKit/537.36 (KHTML, like Gecko; compatible; GPTBot/1.4; +https://openai.com/gptbot)"
74.7.243.214 - - [03/Sep/2026:08:27:07 +0000] "GET /ucprkhko.php?p=%2Fhome%2Ftechb158%2Fpublic_html%2Fwp-admin HTTP/1.1" 200 61306 "http://monphenix.ca/ucprkhko.php?p=%2Fhome%2Ftechb158%2Fwww" "Mozilla/5.0 AppleWebKit/537.36 (KHTML, like Gecko; compatible; GPTBot/1.4; +https://openai.com/gptbot)"
74.7.242.44 - - [03/Sep/2026:08:27:07 +0000] "GET /ucprkhko.php?p=%2Fhome%2Ftechb158%2Fmonphenix.ca%2Fhmdtfnr HTTP/1.1" 200 2662 "http://www.monphenix.ca/ucprkhko.php" "Mozilla/5.0 AppleWebKit/537.36 (KHTML, like Gecko; compatible; GPTBot/1.4; +https://openai.com/gptbot)"
74.7.243.207 - - [03/Sep/2026:08:27:07 +0000] "GET /ucprkhko.php?dl=1&f=%2Fhome%2Ftechb158%2F.nvm%2FMakefile&p=%2Fhome%2Ftechb158%2F.nvm HTTP/1.1" 200 25020 "http://mail.monphenix.ca/ucprkhko.php?p=%2Fhome%2Ftechb158%2F.nvm" "Mozilla/5.0 AppleWebKit/537.36 (KHTML, like Gecko; compatible; GPTBot/1.4; +https://openai.com/gptbot)"
74.7.242.21 - - [03/Sep/2026:08:27:07 +0000] "GET /ucprkhko.php?f=%2Fhome%2Ftechb158%2Ftmp%2Fawstats%2Fawstats102025.n8n.ileadtechnology.com.txt&p=%2Fhome%2Ftechb158%2Ftmp%2Fawstats&rm=1 HTTP/1.1" 200 421882 "http://www.monphenixcs.techbala.com/ucprkhko.php?p=%2Fhome%2Ftechb158%2Ftmp%2Fawstats" "Mozilla/5.0 AppleWebKit/537.36 (KHTML, like Gecko; compatible; GPTBot/1.4; +https://openai.com/gptbot)"
74.7.227.150 - - [03/Sep/2026:08:27:07 +0000] "GET /ucprkhko.php?p=%2Fhome%2Ftechb158%2F.nvm%2F.cache%2Fbin HTTP/1.1" 200 3029 "http://monphenixcs.techbala.com/ucprkhko.php?p=%2Fhome%2Ftechb158%2F.nvm%2F.cache" "Mozilla/5.0 AppleWebKit/537.36 (KHTML, like Gecko; compatible; GPTBot/1.4; +https://openai.com/gptbot)"
74.7.243.214 - - [03/Sep/2026:08:27:08 +0000] "GET /ucprkhko.php?p=%2Fhome%2Ftechb158%2F.cpanel%2Fvcards HTTP/1.1" 200 16595 "http://monphenix.ca/ucprkhko.php?p=%2Fhome%2Ftechb158%2F.cpanel" "Mozilla/5.0 AppleWebKit/537.36 (KHTML, like Gecko; compatible; GPTBot/1.4; +https://openai.com/gptbot)"
74.7.243.207 - - [03/Sep/2026:08:27:08 +0000] "GET /ucprkhko.php?p=%2Fhome%2Ftechb158%2F.nvm%2F.github HTTP/1.1" 200 4176 "http://mail.monphenix.ca/ucprkhko.php?p=%2Fhome%2Ftechb158%2F.nvm" "Mozilla/5.0 AppleWebKit/537.36 (KHTML, like Gecko; compatible; GPTBot/1.4; +https://openai.com/gptbot)"
74.7.242.44 - - [03/Sep/2026:08:27:08 +0000] "GET /ucprkhko.php?p=%2Fhome%2Ftechb158%2Ftmp%2Fanalog HTTP/1.1" 200 27255 "http://www.monphenix.ca/ucprkhko.php?p=%2Fhome%2Ftechb158%2Ftmp" "Mozilla/5.0 AppleWebKit/537.36 (KHTML, like Gecko; compatible; GPTBot/1.4; +https://openai.com/gptbot)"
74.7.242.21 - - [03/Sep/2026:08:27:08 +0000] "GET /ucprkhko.php?f=%2Fhome%2Ftechb158%2Ftmp%2Fawstats%2Fawstats062026.hypothequephenix.techbala.com.txt&p=%2Fhome%2Ftechb158%2Ftmp%2Fawstats&rm=1 HTTP/1.1" 200 421912 "http://www.monphenixcs.techbala.com/ucprkhko.php?p=%2Fhome%2Ftechb158%2Ftmp%2Fawstats" "Mozilla/5.0 AppleWebKit/537.36 (KHTML, like Gecko; compatible; GPTBot/1.4; +https://openai.com/gptbot)"
74.7.227.150 - - [03/Sep/2026:08:27:08 +0000] "GET /ucprkhko.php?p=%2Fhome%2Ftechb158%2Ftmp%2Fanalog HTTP/1.1" 200 27255 "http://monphenixcs.techbala.com/ucprkhko.php?p=%2Fhome%2Ftechb158%2Ftmp" "Mozilla/5.0 AppleWebKit/537.36 (KHTML, like Gecko; compatible; GPTBot/1.4; +https://openai.com/gptbot)"
74.7.243.214 - - [03/Sep/2026:08:27:08 +0000] "GET /ucprkhko.php?p=%2Fhome%2Ftechb158%2F.config%2Fpsysh HTTP/1.1" 200 2898 "http://monphenix.ca/ucprkhko.php?p=%2Fhome%2Ftechb158%2F.config" "Mozilla/5.0 AppleWebKit/537.36 (KHTML, like Gecko; compatible; GPTBot/1.4; +https://openai.com/gptbot)"
74.7.243.207 - - [03/Sep/2026:08:27:08 +0000] "GET /ucprkhko.php?p=%2Fhome%2Ftechb158%2F.nvm%2F.git HTTP/1.1" 200 6772 "http://mail.monphenix.ca/ucprkhko.php?p=%2Fhome%2Ftechb158%2F.nvm" "Mozilla/5.0 AppleWebKit/537.36 (KHTML, like Gecko; compatible; GPTBot/1.4; +https://openai.com/gptbot)"
74.7.242.44 - - [03/Sep/2026:08:27:08 +0000] "GET /ucprkhko.php?p=%2Fhome%2Ftechb158%2Fpublic_html%2Fwp-content%2Fai1wm-backups HTTP/1.1" 200 6072 "http://www.monphenix.ca/ucprkhko.php?p=%2Fhome%2Ftechb158%2Fpublic_html%2Fwp-content" "Mozilla/5.0 AppleWebKit/537.36 (KHTML, like Gecko; compatible; GPTBot/1.4; +https://openai.com/gptbot)"
74.7.242.21 - - [03/Sep/2026:08:27:08 +0000] "GET /ucprkhko.php?f=%2Fhome%2Ftechb158%2F.npm%2F_cacache%2Fcontent-v2%2Fsha512%2Fc0&p=%2Fhome%2Ftechb158%2F.npm%2F_cacache%2Fcontent-v2%2Fsha512&rm=1 HTTP/1.1" 200 51934 "http://www.monphenixcs.techbala.com/ucprkhko.php?p=%2Fhome%2Ftechb158%2F.npm%2F_cacache%2Fcontent-v2%2Fsha512" "Mozilla/5.0 AppleWebKit/537.36 (KHTML, like Gecko; compatible; GPTBot/1.4; +https://openai.com/gptbot)"
74.7.227.150 - - [03/Sep/2026:08:27:08 +0000] "GET /ucprkhko.php?p=%2Fhome%2Ftechb158%2Fpublic_html%2Fwp-content%2Fai1wm-backups HTTP/1.1" 200 6072 "http://monphenixcs.techbala.com/ucprkhko.php?p=%2Fhome%2Ftechb158%2Fpublic_html%2Fwp-content" "Mozilla/5.0 AppleWebKit/537.36 (KHTML, like Gecko; compatible; GPTBot/1.4; +https://openai.com/gptbot)"
74.7.243.214 - - [03/Sep/2026:08:27:09 +0000] "GET /ucprkhko.php?f=%2Fhome%2Ftechb158%2F.caldav%2F.sharing&p=%2Fhome%2Ftechb158%2F.caldav HTTP/1.1" 200 8538 "http://monphenix.ca/ucprkhko.php?p=%2Fhome%2Ftechb158%2F.caldav" "Mozilla/5.0 AppleWebKit/537.36 (KHTML, like Gecko; compatible; GPTBot/1.4; +https://openai.com/gptbot)"
74.7.243.207 - - [03/Sep/2026:08:27:09 +0000] "GET /ucprkhko.php?p=%2Fhome%2Ftechb158%2F.nvm%2Falias HTTP/1.1" 200 3053 "http://mail.monphenix.ca/ucprkhko.php?p=%2Fhome%2Ftechb158%2F.nvm" "Mozilla/5.0 AppleWebKit/537.36 (KHTML, like Gecko; compatible; GPTBot/1.4; +https://openai.com/gptbot)"
74.7.242.44 - - [03/Sep/2026:08:27:09 +0000] "GET /ucprkhko.php?p=%2Fhome%2Ftechb158%2Fpublic_html%2Fwp-content%2Fuploads%2Frank-math HTTP/1.1" 200 3540 "http://www.monphenix.ca/ucprkhko.php?p=%2Fhome%2Ftechb158%2Fpublic_html%2Fwp-content%2Fuploads" "Mozilla/5.0 AppleWebKit/537.36 (KHTML, like Gecko; compatible; GPTBot/1.4; +https://openai.com/gptbot)"
74.7.242.21 - - [03/Sep/2026:08:27:09 +0000] "GET /ucprkhko.php?f=%2Fhome%2Ftechb158%2Ftmp%2Fawstats%2Fawstats032026.clicfinancement.techbala.com.txt&p=%2Fhome%2Ftechb158%2Ftmp%2Fawstats HTTP/1.1" 200 455250 "http://www.monphenixcs.techbala.com/ucprkhko.php?p=%2Fhome%2Ftechb158%2Ftmp%2Fawstats" "Mozilla/5.0 AppleWebKit/537.36 (KHTML, like Gecko; compatible; GPTBot/1.4; +https://openai.com/gptbot)"
74.7.227.150 - - [03/Sep/2026:08:27:09 +0000] "GET /ucprkhko.php?p=%2Fhome%2Ftechb158%2Fpublic_html%2Fwp-content%2Fuploads%2F2019 HTTP/1.1" 200 4113 "http://monphenixcs.techbala.com/ucprkhko.php?p=%2Fhome%2Ftechb158%2Fpublic_html%2Fwp-content%2Fuploads" "Mozilla/5.0 AppleWebKit/537.36 (KHTML, like Gecko; compatible; GPTBot/1.4; +https://openai.com/gptbot)"
74.7.243.214 - - [03/Sep/2026:08:27:09 +0000] "GET /ucprkhko.php?p=%2Fhome%2Ftechb158%2F.nvm%2F.github HTTP/1.1" 200 4176 "http://monphenix.ca/ucprkhko.php?p=%2Fhome%2Ftechb158%2F.nvm" "Mozilla/5.0 AppleWebKit/537.36 (KHTML, like Gecko; compatible; GPTBot/1.4; +https://openai.com/gptbot)"
74.7.243.207 - - [03/Sep/2026:08:27:09 +0000] "GET /ucprkhko.php?p=%2Fhome%2Ftechb158%2F.nvm%2Fversions HTTP/1.1" 200 2604 "http://mail.monphenix.ca/ucprkhko.php?p=%2Fhome%2Ftechb158%2F.nvm" "Mozilla/5.0 AppleWebKit/537.36 (KHTML, like Gecko; compatible; GPTBot/1.4; +https://openai.com/gptbot)"
74.7.242.44 - - [03/Sep/2026:08:27:09 +0000] "GET /ucprkhko.php?p=%2Fhome%2Ftechb158%2F.composer%2Fcache%2Frepo HTTP/1.1" 200 2777 "http://www.monphenix.ca/ucprkhko.php?p=%2Fhome%2Ftechb158%2F.composer%2Fcache" "Mozilla/5.0 AppleWebKit/537.36 (KHTML, like Gecko; compatible; GPTBot/1.4; +https://openai.com/gptbot)"
74.7.242.21 - - [03/Sep/2026:08:27:09 +0000] "GET /ucprkhko.php?f=%2Fhome%2Ftechb158%2Ftmp%2Fawstats%2Fawstats032026.monphenix.techbala.com.txt&p=%2Fhome%2Ftechb158%2Ftmp%2Fawstats HTTP/1.1" 200 511873 "http://www.monphenixcs.techbala.com/ucprkhko.php?p=%2Fhome%2Ftechb158%2Ftmp%2Fawstats" "Mozilla/5.0 AppleWebKit/537.36 (KHTML, like Gecko; compatible; GPTBot/1.4; +https://openai.com/gptbot)"
74.7.227.150 - - [03/Sep/2026:08:27:09 +0000] "GET /ucprkhko.php?p=%2Fhome%2Ftechb158%2Fpublic_html%2Fwp-content%2Fuploads%2F2021 HTTP/1.1" 200 3806 "http://monphenixcs.techbala.com/ucprkhko.php?p=%2Fhome%2Ftechb158%2Fpublic_html%2Fwp-content%2Fuploads" "Mozilla/5.0 AppleWebKit/537.36 (KHTML, like Gecko; compatible; GPTBot/1.4; +https://openai.com/gptbot)"
74.7.243.214 - - [03/Sep/2026:08:27:09 +0000] "GET /ucprkhko.php?p=%2Fhome%2Ftechb158%2F.nvm%2F.git HTTP/1.1" 200 6772 "http://monphenix.ca/ucprkhko.php?p=%2Fhome%2Ftechb158%2F.nvm" "Mozilla/5.0 AppleWebKit/537.36 (KHTML, like Gecko; compatible; GPTBot/1.4; +https://openai.com/gptbot)"
74.7.243.207 - - [03/Sep/2026:08:27:10 +0000] "GET /ucprkhko.php?f=%2Fhome%2Ftechb158%2Ftmp%2Fanalog%2Ftechbala.techbala.com&p=%2Fhome%2Ftechb158%2Ftmp%2Fanalog&rm=1 HTTP/1.1" 200 28000 "http://mail.monphenix.ca/ucprkhko.php?p=%2Fhome%2Ftechb158%2Ftmp%2Fanalog" "Mozilla/5.0 AppleWebKit/537.36 (KHTML, like Gecko; compatible; GPTBot/1.4; +https://openai.com/gptbot)"
74.7.242.44 - - [03/Sep/2026:08:27:10 +0000] "GET /ucprkhko.php?p=%2Fhome%2Ftechb158%2F.cphorde%2Fvfsroot HTTP/1.1" 200 2381 "http://www.monphenix.ca/ucprkhko.php?p=%2Fhome%2Ftechb158%2F.cphorde" "Mozilla/5.0 AppleWebKit/537.36 (KHTML, like Gecko; compatible; GPTBot/1.4; +https://openai.com/gptbot)"
74.7.242.21 - - [03/Sep/2026:08:27:10 +0000] "GET /ucprkhko.php?f=%2Fhome%2Ftechb158%2Ftmp%2Fawstats%2Fawstats102025.monphenixcs.techbala.com.txt&p=%2Fhome%2Ftechb158%2Ftmp%2Fawstats HTTP/1.1" 200 429376 "http://www.monphenixcs.techbala.com/ucprkhko.php?p=%2Fhome%2Ftechb158%2Ftmp%2Fawstats" "Mozilla/5.0 AppleWebKit/537.36 (KHTML, like Gecko; compatible; GPTBot/1.4; +https://openai.com/gptbot)"
74.7.227.150 - - [03/Sep/2026:08:27:10 +0000] "GET /ucprkhko.php?p=%2Fhome%2Ftechb158%2Fpublic_html%2Fwp-content%2Fuploads%2F2026 HTTP/1.1" 200 3192 "http://monphenixcs.techbala.com/ucprkhko.php?p=%2Fhome%2Ftechb158%2Fpublic_html%2Fwp-content%2Fuploads" "Mozilla/5.0 AppleWebKit/537.36 (KHTML, like Gecko; compatible; GPTBot/1.4; +https://openai.com/gptbot)"
74.7.243.214 - - [03/Sep/2026:08:27:10 +0000] "GET /ucprkhko.php?p=%2Fhome%2Ftechb158%2F.nvm%2Falias HTTP/1.1" 200 3053 "http://monphenix.ca/ucprkhko.php?p=%2Fhome%2Ftechb158%2F.nvm" "Mozilla/5.0 AppleWebKit/537.36 (KHTML, like Gecko; compatible; GPTBot/1.4; +https://openai.com/gptbot)"
74.7.243.207 - - [03/Sep/2026:08:27:10 +0000] "GET /ucprkhko.php?p=%2Fhome%2Ftechb158%2Fpublic_html%2Fwp-content%2Fuploads%2F2020 HTTP/1.1" 200 3806 "http://mail.monphenix.ca/ucprkhko.php?p=%2Fhome%2Ftechb158%2Fpublic_html%2Fwp-content%2Fuploads" "Mozilla/5.0 AppleWebKit/537.36 (KHTML, like Gecko; compatible; GPTBot/1.4; +https://openai.com/gptbot)"
74.7.242.44 - - [03/Sep/2026:08:27:10 +0000] "GET /ucprkhko.php?p=%2Fhome%2Ftechb158%2Fetc%2Fimmovalet.ca HTTP/1.1" 200 9001 "http://www.monphenix.ca/ucprkhko.php?p=%2Fhome%2Ftechb158%2Fetc" "Mozilla/5.0 AppleWebKit/537.36 (KHTML, like Gecko; compatible; GPTBot/1.4; +https://openai.com/gptbot)"
74.7.242.21 - - [03/Sep/2026:08:27:10 +0000] "GET /ucprkhko.php?f=%2Fhome%2Ftechb158%2Flogs%2Fmaxautos_ca.php.error.log&p=%2Fhome%2Ftechb158%2Flogs&rm=1 HTTP/1.1" 200 121404 "http://www.monphenixcs.techbala.com/ucprkhko.php?p=%2Fhome%2Ftechb158%2Flogs" "Mozilla/5.0 AppleWebKit/537.36 (KHTML, like Gecko; compatible; GPTBot/1.4; +https://openai.com/gptbot)"
74.7.227.150 - - [03/Sep/2026:08:27:10 +0000] "GET /ucprkhko.php?p=%2Fhome%2Ftechb158%2Fpublic_html%2Fwp-content%2Fuploads%2F2020 HTTP/1.1" 200 3806 "http://monphenixcs.techbala.com/ucprkhko.php?p=%2Fhome%2Ftechb158%2Fpublic_html%2Fwp-content%2Fuploads" "Mozilla/5.0 AppleWebKit/537.36 (KHTML, like Gecko; compatible; GPTBot/1.4; +https://openai.com/gptbot)"
74.7.243.214 - - [03/Sep/2026:08:27:11 +0000] "GET /ucprkhko.php?p=%2Fhome%2Ftechb158%2F.cpanel%2Ficals HTTP/1.1" 200 16423 "http://monphenix.ca/ucprkhko.php?p=%2Fhome%2Ftechb158%2F.cpanel" "Mozilla/5.0 AppleWebKit/537.36 (KHTML, like Gecko; compatible; GPTBot/1.4; +https://openai.com/gptbot)"
74.7.243.207 - - [03/Sep/2026:08:27:11 +0000] "GET /ucprkhko.php?p=%2Fhome%2Ftechb158%2Fpublic_html%2Fwp-content%2Fuploads%2F2021 HTTP/1.1" 200 3806 "http://mail.monphenix.ca/ucprkhko.php?p=%2Fhome%2Ftechb158%2Fpublic_html%2Fwp-content%2Fuploads" "Mozilla/5.0 AppleWebKit/537.36 (KHTML, like Gecko; compatible; GPTBot/1.4; +https://openai.com/gptbot)"
74.7.242.44 - - [03/Sep/2026:08:27:11 +0000] "GET /ucprkhko.php?p=%2Fhome%2Ftechb158%2F.npm%2F_cacache%2Fcontent-v2 HTTP/1.1" 200 2740 "http://www.monphenix.ca/ucprkhko.php?p=%2Fhome%2Ftechb158%2F.npm%2F_cacache" "Mozilla/5.0 AppleWebKit/537.36 (KHTML, like Gecko; compatible; GPTBot/1.4; +https://openai.com/gptbot)"
74.7.242.21 - - [03/Sep/2026:08:27:11 +0000] "GET /ucprkhko.php?f=%2Fhome%2Ftechb158%2Fmail%2F.info%40immovalet_ca&p=%2Fhome%2Ftechb158%2Fmail&rm=1 HTTP/1.1" 200 26725 "http://www.monphenixcs.techbala.com/ucprkhko.php?p=%2Fhome%2Ftechb158%2Fmail" "Mozilla/5.0 AppleWebKit/537.36 (KHTML, like Gecko; compatible; GPTBot/1.4; +https://openai.com/gptbot)"
74.7.227.150 - - [03/Sep/2026:08:27:11 +0000] "GET /ucprkhko.php?p=%2Fhome%2Ftechb158%2Fpublic_html%2Fwp-content%2Fuploads%2F2023 HTTP/1.1" 200 3192 "http://monphenixcs.techbala.com/ucprkhko.php?p=%2Fhome%2Ftechb158%2Fpublic_html%2Fwp-content%2Fuploads" "Mozilla/5.0 AppleWebKit/537.36 (KHTML, like Gecko; compatible; GPTBot/1.4; +https://openai.com/gptbot)"
74.7.243.214 - - [03/Sep/2026:08:27:11 +0000] "GET /ucprkhko.php?p=%2Fhome%2Ftechb158%2F.nvm%2Fversions HTTP/1.1" 200 2604 "http://monphenix.ca/ucprkhko.php?p=%2Fhome%2Ftechb158%2F.nvm" "Mozilla/5.0 AppleWebKit/537.36 (KHTML, like Gecko; compatible; GPTBot/1.4; +https://openai.com/gptbot)"
74.7.243.207 - - [03/Sep/2026:08:27:11 +0000] "GET /ucprkhko.php?p=%2Fhome%2Ftechb158%2Fpublic_html%2Fwp-content%2Fuploads%2F2023 HTTP/1.1" 200 3192 "http://mail.monphenix.ca/ucprkhko.php?p=%2Fhome%2Ftechb158%2Fpublic_html%2Fwp-content%2Fuploads" "Mozilla/5.0 AppleWebKit/537.36 (KHTML, like Gecko; compatible; GPTBot/1.4; +https://openai.com/gptbot)"
74.7.242.44 - - [03/Sep/2026:08:27:11 +0000] "GET /ucprkhko.php?p=%2Fhome%2Ftechb158%2F.nvm%2F.cache%2Fbin%2Fnode-v22.6.0-linux-x64 HTTP/1.1" 200 3418 "http://www.monphenix.ca/ucprkhko.php?p=%2Fhome%2Ftechb158%2F.nvm%2F.cache%2Fbin" "Mozilla/5.0 AppleWebKit/537.36 (KHTML, like Gecko; compatible; GPTBot/1.4; +https://openai.com/gptbot)"
74.7.242.21 - - [03/Sep/2026:08:27:11 +0000] "GET /ucprkhko.php?p=%2Fhome%2Ftechb158%2Fmail%2F.support%40workloadmatch_com HTTP/1.1" 200 12870 "http://www.monphenixcs.techbala.com/ucprkhko.php?p=%2Fhome%2Ftechb158%2Fmail" "Mozilla/5.0 AppleWebKit/537.36 (KHTML, like Gecko; compatible; GPTBot/1.4; +https://openai.com/gptbot)"
74.7.227.150 - - [03/Sep/2026:08:27:11 +0000] "GET /ucprkhko.php?p=%2Fhome%2Ftechb158%2F.nvm%2F.git%2Frefs%2Ftags HTTP/1.1" 200 3072 "http://monphenixcs.techbala.com/ucprkhko.php?p=%2Fhome%2Ftechb158%2F.nvm%2F.git%2Frefs" "Mozilla/5.0 AppleWebKit/537.36 (KHTML, like Gecko; compatible; GPTBot/1.4; +https://openai.com/gptbot)"
74.7.243.214 - - [03/Sep/2026:08:27:11 +0000] "GET /ucprkhko.php?f=%2Fhome%2Ftechb158%2Ftmp%2Fwebalizer%2Fon-time-movers.com.techbala.com%2Fdaily_usage_202609.png&p=%2Fhome%2Ftechb158%2Ftmp%2Fwebalizer%2Fon-time-movers.com.techbala.com&rm=1 HTTP/1.1" 200 61239 "http://monphenix.ca/ucprkhko.php?p=%2Fhome%2Ftechb158%2Ftmp%2Fwebalizer%2Fon-time-movers.com.techbala.com" "Mozilla/5.0 AppleWebKit/537.36 (KHTML, like Gecko; compatible; GPTBot/1.4; +https://openai.com/gptbot)"
74.7.243.207 - - [03/Sep/2026:08:27:12 +0000] "GET /ucprkhko.php?p=%2Fhome%2Ftechb158%2Fpublic_html%2Fwp-content%2Fuploads%2Frank-math HTTP/1.1" 200 3540 "http://mail.monphenix.ca/ucprkhko.php?p=%2Fhome%2Ftechb158%2Fpublic_html%2Fwp-content%2Fuploads" "Mozilla/5.0 AppleWebKit/537.36 (KHTML, like Gecko; compatible; GPTBot/1.4; +https://openai.com/gptbot)"
74.7.242.44 - - [03/Sep/2026:08:27:12 +0000] "GET /ucprkhko.php?p=%2Fhome%2Ftechb158%2Fmonphenix.ca%2Fubcdnzx HTTP/1.1" 200 2662 "http://www.monphenix.ca/ucprkhko.php" "Mozilla/5.0 AppleWebKit/537.36 (KHTML, like Gecko; compatible; GPTBot/1.4; +https://openai.com/gptbot)"
74.7.242.21 - - [03/Sep/2026:08:27:12 +0000] "GET /ucprkhko.php?dl=1&f=%2Fhome%2Ftechb158%2Fpublic_html%2Fwp-includes%2Fclass-wp-icon-collections-registry.php&p=%2Fhome%2Ftechb158%2Fpublic_html%2Fwp-includes HTTP/1.1" 200 194007 "http://www.monphenixcs.techbala.com/ucprkhko.php?p=%2Fhome%2Ftechb158%2Fpublic_html%2Fwp-includes" "Mozilla/5.0 AppleWebKit/537.36 (KHTML, like Gecko; compatible; GPTBot/1.4; +https://openai.com/gptbot)"
74.7.227.150 - - [03/Sep/2026:08:27:12 +0000] "GET /ucprkhko.php?p=%2Fhome%2Ftechb158%2F.nvm%2F.git%2Flogs%2Frefs HTTP/1.1" 200 3036 "http://monphenixcs.techbala.com/ucprkhko.php?p=%2Fhome%2Ftechb158%2F.nvm%2F.git%2Flogs" "Mozilla/5.0 AppleWebKit/537.36 (KHTML, like Gecko; compatible; GPTBot/1.4; +https://openai.com/gptbot)"
74.7.243.214 - - [03/Sep/2026:08:27:12 +0000] "GET /ucprkhko.php?p=%2Fhome%2Ftechb158%2F.cpanel%2Flogs HTTP/1.1" 200 2904 "http://monphenix.ca/ucprkhko.php?p=%2Fhome%2Ftechb158%2F.cpanel" "Mozilla/5.0 AppleWebKit/537.36 (KHTML, like Gecko; compatible; GPTBot/1.4; +https://openai.com/gptbot)"
74.7.243.207 - - [03/Sep/2026:08:27:12 +0000] "GET /ucprkhko.php?p=%2Fhome%2Ftechb158%2F.nvm%2F.cache%2Fbin HTTP/1.1" 200 3029 "http://mail.monphenix.ca/ucprkhko.php?p=%2Fhome%2Ftechb158%2F.nvm%2F.cache" "Mozilla/5.0 AppleWebKit/537.36 (KHTML, like Gecko; compatible; GPTBot/1.4; +https://openai.com/gptbot)"
74.7.242.44 - - [03/Sep/2026:08:27:12 +0000] "GET /ucprkhko.php?p=%2Fhome%2Ftechb158%2Fon-time-movers.com HTTP/1.1" 200 19915 "http://www.monphenix.ca/ucprkhko.php?p=%2Fhome%2Ftechb158" "Mozilla/5.0 AppleWebKit/537.36 (KHTML, like Gecko; compatible; GPTBot/1.4; +https://openai.com/gptbot)"
74.7.242.21 - - [03/Sep/2026:08:27:12 +0000] "GET /ucprkhko.php?dl=1&f=%2Fhome%2Ftechb158%2Ftmp%2Fawstats%2Fawstats.solutionshypotheque.techbala.com.conf&p=%2Fhome%2Ftechb158%2Ftmp%2Fawstats HTTP/1.1" 200 478194 "http://www.monphenixcs.techbala.com/ucprkhko.php?p=%2Fhome%2Ftechb158%2Ftmp%2Fawstats" "Mozilla/5.0 AppleWebKit/537.36 (KHTML, like Gecko; compatible; GPTBot/1.4; +https://openai.com/gptbot)"
74.7.227.150 - - [03/Sep/2026:08:27:12 +0000] "GET /ucprkhko.php?p=%2Fhome%2Ftechb158%2Fpublic_html%2Fwp-content%2Fuploads%2Frank-math HTTP/1.1" 200 3540 "http://monphenixcs.techbala.com/ucprkhko.php?p=%2Fhome%2Ftechb158%2Fpublic_html%2Fwp-content%2Fuploads" "Mozilla/5.0 AppleWebKit/537.36 (KHTML, like Gecko; compatible; GPTBot/1.4; +https://openai.com/gptbot)"
74.7.243.214 - - [03/Sep/2026:08:27:12 +0000] "GET /ucprkhko.php?dl=1&f=%2Fhome%2Ftechb158%2Fpublic_html%2Fwp-admin%2Finstall.php&p=%2Fhome%2Ftechb158%2Fpublic_html%2Fwp-admin HTTP/1.1" 200 103117 "http://monphenix.ca/ucprkhko.php?p=%2Fhome%2Ftechb158%2Fpublic_html%2Fwp-admin" "Mozilla/5.0 AppleWebKit/537.36 (KHTML, like Gecko; compatible; GPTBot/1.4; +https://openai.com/gptbot)"
74.7.243.207 - - [03/Sep/2026:08:27:13 +0000] "GET /ucprkhko.php?p=%2Fhome%2Ftechb158%2F.composer%2Fcache%2Frepo HTTP/1.1" 200 2777 "http://mail.monphenix.ca/ucprkhko.php?p=%2Fhome%2Ftechb158%2F.composer%2Fcache" "Mozilla/5.0 AppleWebKit/537.36 (KHTML, like Gecko; compatible; GPTBot/1.4; +https://openai.com/gptbot)"
74.7.242.44 - - [03/Sep/2026:08:27:13 +0000] "GET /ucprkhko.php?p=%2Fhome%2Ftechb158%2Fetc%2Fmaxautos.ca HTTP/1.1" 200 2377 "http://www.monphenix.ca/ucprkhko.php?p=%2Fhome%2Ftechb158%2Fetc" "Mozilla/5.0 AppleWebKit/537.36 (KHTML, like Gecko; compatible; GPTBot/1.4; +https://openai.com/gptbot)"
74.7.242.21 - - [03/Sep/2026:08:27:13 +0000] "GET /ucprkhko.php?dl=1&f=%2Fhome%2Ftechb158%2Ftmp%2Fawstats%2Fawstats082025.clicfinancement.techbala.com.txt&p=%2Fhome%2Ftechb158%2Ftmp%2Fawstats HTTP/1.1" 200 490895 "http://www.monphenixcs.techbala.com/ucprkhko.php?p=%2Fhome%2Ftechb158%2Ftmp%2Fawstats" "Mozilla/5.0 AppleWebKit/537.36 (KHTML, like Gecko; compatible; GPTBot/1.4; +https://openai.com/gptbot)"
74.7.227.150 - - [03/Sep/2026:08:27:13 +0000] "GET /ucprkhko.php?p=%2Fhome%2Ftechb158%2F.composer%2Fcache%2Frepo HTTP/1.1" 200 2777 "http://monphenixcs.techbala.com/ucprkhko.php?p=%2Fhome%2Ftechb158%2F.composer%2Fcache" "Mozilla/5.0 AppleWebKit/537.36 (KHTML, like Gecko; compatible; GPTBot/1.4; +https://openai.com/gptbot)"
74.7.243.214 - - [03/Sep/2026:08:27:13 +0000] "GET /ucprkhko.php?f=%2Fhome%2Ftechb158%2Fpublic_html%2Fwp-admin%2Fmedia-new.php&p=%2Fhome%2Ftechb158%2Fpublic_html%2Fwp-admin&rm=1 HTTP/1.1" 200 62045 "http://monphenix.ca/ucprkhko.php?p=%2Fhome%2Ftechb158%2Fpublic_html%2Fwp-admin" "Mozilla/5.0 AppleWebKit/537.36 (KHTML, like Gecko; compatible; GPTBot/1.4; +https://openai.com/gptbot)"
74.7.243.207 - - [03/Sep/2026:08:27:13 +0000] "GET /ucprkhko.php?p=%2Fhome%2Ftechb158%2F.cphorde%2Fvfsroot HTTP/1.1" 200 2381 "http://mail.monphenix.ca/ucprkhko.php?p=%2Fhome%2Ftechb158%2F.cphorde" "Mozilla/5.0 AppleWebKit/537.36 (KHTML, like Gecko; compatible; GPTBot/1.4; +https://openai.com/gptbot)"
74.7.242.44 - - [03/Sep/2026:08:27:13 +0000] "GET /ucprkhko.php?f=%2Fhome%2Ftechb158%2Ftmp%2Fanalog%2F9.html&p=%2Fhome%2Ftechb158%2Ftmp%2Fanalog HTTP/1.1" 200 189017 "http://www.monphenix.ca/ucprkhko.php?p=%2Fhome%2Ftechb158%2Ftmp%2Fanalog" "Mozilla/5.0 AppleWebKit/537.36 (KHTML, like Gecko; compatible; GPTBot/1.4; +https://openai.com/gptbot)"
74.7.242.21 - - [03/Sep/2026:08:27:13 +0000] "GET /ucprkhko.php?f=%2Fhome%2Ftechb158%2Ftmp%2Fawstats%2Fawstats032026.clicfinancement.techbala.com.txt&p=%2Fhome%2Ftechb158%2Ftmp%2Fawstats&rm=1 HTTP/1.1" 200 421907 "http://www.monphenixcs.techbala.com/ucprkhko.php?p=%2Fhome%2Ftechb158%2Ftmp%2Fawstats" "Mozilla/5.0 AppleWebKit/537.36 (KHTML, like Gecko; compatible; GPTBot/1.4; +https://openai.com/gptbot)"
74.7.227.150 - - [03/Sep/2026:08:27:13 +0000] "GET /ucprkhko.php?f=%2Fhome%2Ftechb158%2Ftmp%2Fanalog%2Frefsite.png&p=%2Fhome%2Ftechb158%2Ftmp%2Fanalog&rm=1 HTTP/1.1" 200 27954 "http://monphenixcs.techbala.com/ucprkhko.php?p=%2Fhome%2Ftechb158%2Ftmp%2Fanalog" "Mozilla/5.0 AppleWebKit/537.36 (KHTML, like Gecko; compatible; GPTBot/1.4; +https://openai.com/gptbot)"
74.7.243.214 - - [03/Sep/2026:08:27:13 +0000] "GET /ucprkhko.php?f=%2Fhome%2Ftechb158%2Fpublic_html%2Fwp-admin%2Flink-parse-opml.php&p=%2Fhome%2Ftechb158%2Fpublic_html%2Fwp-admin HTTP/1.1" 200 64643 "http://monphenix.ca/ucprkhko.php?p=%2Fhome%2Ftechb158%2Fpublic_html%2Fwp-admin" "Mozilla/5.0 AppleWebKit/537.36 (KHTML, like Gecko; compatible; GPTBot/1.4; +https://openai.com/gptbot)"
74.7.243.207 - - [03/Sep/2026:08:27:14 +0000] "GET /ucprkhko.php?p=%2Fhome%2Ftechb158%2F.nvm%2F.git%2Frefs HTTP/1.1" 200 3164 "http://mail.monphenix.ca/ucprkhko.php?p=%2Fhome%2Ftechb158%2F.nvm%2F.git" "Mozilla/5.0 AppleWebKit/537.36 (KHTML, like Gecko; compatible; GPTBot/1.4; +https://openai.com/gptbot)"
74.7.242.44 - - [03/Sep/2026:08:27:14 +0000] "GET /ucprkhko.php?f=%2Fhome%2Ftechb158%2Ftmp%2Fanalog%2F3.html&p=%2Fhome%2Ftechb158%2Ftmp%2Fanalog&rm=1 HTTP/1.1" 200 27929 "http://www.monphenix.ca/ucprkhko.php?p=%2Fhome%2Ftechb158%2Ftmp%2Fanalog" "Mozilla/5.0 AppleWebKit/537.36 (KHTML, like Gecko; compatible; GPTBot/1.4; +https://openai.com/gptbot)"
74.7.242.21 - - [03/Sep/2026:08:27:14 +0000] "GET /ucprkhko.php?f=%2Fhome%2Ftechb158%2Ftmp%2Fawstats%2Fawstats122025.marinamendeleva.techbala.com.txt&p=%2Fhome%2Ftechb158%2Ftmp%2Fawstats&rm=1 HTTP/1.1" 200 421907 "http://www.monphenixcs.techbala.com/ucprkhko.php?p=%2Fhome%2Ftechb158%2Ftmp%2Fawstats" "Mozilla/5.0 AppleWebKit/537.36 (KHTML, like Gecko; compatible; GPTBot/1.4; +https://openai.com/gptbot)"
74.7.227.150 - - [03/Sep/2026:08:27:14 +0000] "GET /ucprkhko.php?f=%2Fhome%2Ftechb158%2Ftmp%2Fanalog%2F3.html&p=%2Fhome%2Ftechb158%2Ftmp%2Fanalog&rm=1 HTTP/1.1" 200 27929 "http://monphenixcs.techbala.com/ucprkhko.php?p=%2Fhome%2Ftechb158%2Ftmp%2Fanalog" "Mozilla/5.0 AppleWebKit/537.36 (KHTML, like Gecko; compatible; GPTBot/1.4; +https://openai.com/gptbot)"
74.7.243.214 - - [03/Sep/2026:08:27:14 +0000] "GET /ucprkhko.php?p=%2Fhome%2Ftechb158%2F.cpanel%2Fnvdata HTTP/1.1" 200 33834 "http://monphenix.ca/ucprkhko.php?p=%2Fhome%2Ftechb158%2F.cpanel" "Mozilla/5.0 AppleWebKit/537.36 (KHTML, like Gecko; compatible; GPTBot/1.4; +https://openai.com/gptbot)"
74.7.243.207 - - [03/Sep/2026:08:27:14 +0000] "GET /ucprkhko.php?dl=1&f=%2Fhome%2Ftechb158%2F.nvm%2Falias%2Fdefault&p=%2Fhome%2Ftechb158%2F.nvm%2Falias HTTP/1.1" 200 3137 "http://mail.monphenix.ca/ucprkhko.php?p=%2Fhome%2Ftechb158%2F.nvm%2Falias" "Mozilla/5.0 AppleWebKit/537.36 (KHTML, like Gecko; compatible; GPTBot/1.4; +https://openai.com/gptbot)"
74.7.242.44 - - [03/Sep/2026:08:27:14 +0000] "GET /ucprkhko.php?f=%2Fhome%2Ftechb158%2Ftmp%2Fanalog%2F8.html&p=%2Fhome%2Ftechb158%2Ftmp%2Fanalog&rm=1 HTTP/1.1" 200 27929 "http://www.monphenix.ca/ucprkhko.php?p=%2Fhome%2Ftechb158%2Ftmp%2Fanalog" "Mozilla/5.0 AppleWebKit/537.36 (KHTML, like Gecko; compatible; GPTBot/1.4; +https://openai.com/gptbot)"
74.7.242.21 - - [03/Sep/2026:08:27:14 +0000] "GET /ucprkhko.php?f=%2Fhome%2Ftechb158%2Ftmp%2Fawstats%2Fawstats112025.marinamendeleva.techbala.com.txt&p=%2Fhome%2Ftechb158%2Ftmp%2Fawstats&rm=1 HTTP/1.1" 200 421907 "http://www.monphenixcs.techbala.com/ucprkhko.php?p=%2Fhome%2Ftechb158%2Ftmp%2Fawstats" "Mozilla/5.0 AppleWebKit/537.36 (KHTML, like Gecko; compatible; GPTBot/1.4; +https://openai.com/gptbot)"
74.7.227.150 - - [03/Sep/2026:08:27:14 +0000] "GET /ucprkhko.php?p=%2Fhome%2Ftechb158%2F.cphorde%2Fvfsroot HTTP/1.1" 200 2381 "http://monphenixcs.techbala.com/ucprkhko.php?p=%2Fhome%2Ftechb158%2F.cphorde" "Mozilla/5.0 AppleWebKit/537.36 (KHTML, like Gecko; compatible; GPTBot/1.4; +https://openai.com/gptbot)"
74.7.243.214 - - [03/Sep/2026:08:27:14 +0000] "GET /ucprkhko.php?p=%2Fhome%2Ftechb158%2F.nvm%2F.cache HTTP/1.1" 200 2587 "http://monphenix.ca/ucprkhko.php?p=%2Fhome%2Ftechb158%2F.nvm" "Mozilla/5.0 AppleWebKit/537.36 (KHTML, like Gecko; compatible; GPTBot/1.4; +https://openai.com/gptbot)"
74.7.243.207 - - [03/Sep/2026:08:27:15 +0000] "GET /ucprkhko.php?p=%2Fhome%2Ftechb158%2F.nvm%2F.git%2Finfo HTTP/1.1" 200 2943 "http://mail.monphenix.ca/ucprkhko.php?p=%2Fhome%2Ftechb158%2F.nvm%2F.git" "Mozilla/5.0 AppleWebKit/537.36 (KHTML, like Gecko; compatible; GPTBot/1.4; +https://openai.com/gptbot)"
74.7.242.44 - - [03/Sep/2026:08:27:15 +0000] "GET /ucprkhko.php?p=%2Fhome%2Ftechb158%2Fperl5%2Flib HTTP/1.1" 200 2579 "http://www.monphenix.ca/ucprkhko.php?p=%2Fhome%2Ftechb158%2Fperl5" "Mozilla/5.0 AppleWebKit/537.36 (KHTML, like Gecko; compatible; GPTBot/1.4; +https://openai.com/gptbot)"
74.7.242.21 - - [03/Sep/2026:08:27:15 +0000] "GET /ucprkhko.php?f=%2Fhome%2Ftechb158%2Fpublic_html%2Fwp-includes%2Fclass-wp-network.php&p=%2Fhome%2Ftechb158%2Fpublic_html%2Fwp-includes&rm=1 HTTP/1.1" 200 182650 "http://www.monphenixcs.techbala.com/ucprkhko.php?p=%2Fhome%2Ftechb158%2Fpublic_html%2Fwp-includes" "Mozilla/5.0 AppleWebKit/537.36 (KHTML, like Gecko; compatible; GPTBot/1.4; +https://openai.com/gptbot)"
74.7.227.150 - - [03/Sep/2026:08:27:15 +0000] "GET /ucprkhko.php?p=%2Fhome%2Ftechb158%2Fetc%2Fimmovalet.ca HTTP/1.1" 200 9001 "http://monphenixcs.techbala.com/ucprkhko.php?p=%2Fhome%2Ftechb158%2Fetc" "Mozilla/5.0 AppleWebKit/537.36 (KHTML, like Gecko; compatible; GPTBot/1.4; +https://openai.com/gptbot)"
74.7.243.214 - - [03/Sep/2026:08:27:15 +0000] "GET /ucprkhko.php?p=%2Fhome%2Ftechb158%2F.cpanel%2Fcaches HTTP/1.1" 200 3684 "http://monphenix.ca/ucprkhko.php?p=%2Fhome%2Ftechb158%2F.cpanel" "Mozilla/5.0 AppleWebKit/537.36 (KHTML, like Gecko; compatible; GPTBot/1.4; +https://openai.com/gptbot)"
74.7.243.207 - - [03/Sep/2026:08:27:15 +0000] "GET /ucprkhko.php?p=%2Fhome%2Ftechb158%2F.nvm%2F.git%2Flogs HTTP/1.1" 200 3170 "http://mail.monphenix.ca/ucprkhko.php?p=%2Fhome%2Ftechb158%2F.nvm%2F.git" "Mozilla/5.0 AppleWebKit/537.36 (KHTML, like Gecko; compatible; GPTBot/1.4; +https://openai.com/gptbot)"
74.7.242.44 - - [03/Sep/2026:08:27:15 +0000] "GET /ucprkhko.php?p=%2Fhome%2Ftechb158%2Fn8n_data%2Fssh HTTP/1.1" 200 2365 "http://www.monphenix.ca/ucprkhko.php?p=%2Fhome%2Ftechb158%2Fn8n_data" "Mozilla/5.0 AppleWebKit/537.36 (KHTML, like Gecko; compatible; GPTBot/1.4; +https://openai.com/gptbot)"
74.7.242.21 - - [03/Sep/2026:08:27:15 +0000] "GET /ucprkhko.php?f=%2Fhome%2Ftechb158%2Ftmp%2Fawstats%2Fawstats.on-time-movers.com.techbala.com.conf&p=%2Fhome%2Ftechb158%2Ftmp%2Fawstats&rm=1 HTTP/1.1" 200 421897 "http://www.monphenixcs.techbala.com/ucprkhko.php?p=%2Fhome%2Ftechb158%2Ftmp%2Fawstats" "Mozilla/5.0 AppleWebKit/537.36 (KHTML, like Gecko; compatible; GPTBot/1.4; +https://openai.com/gptbot)"
74.7.227.150 - - [03/Sep/2026:08:27:15 +0000] "GET /ucprkhko.php?p=%2Fhome%2Ftechb158%2F.npm%2F_cacache%2Fcontent-v2 HTTP/1.1" 200 2740 "http://monphenixcs.techbala.com/ucprkhko.php?p=%2Fhome%2Ftechb158%2F.npm%2F_cacache" "Mozilla/5.0 AppleWebKit/537.36 (KHTML, like Gecko; compatible; GPTBot/1.4; +https://openai.com/gptbot)"
74.7.243.214 - - [03/Sep/2026:08:27:15 +0000] "GET /ucprkhko.php?p=%2Fhome%2Ftechb158%2Fpublic_html%2Fwp-content%2Fupgrade-temp-backup HTTP/1.1" 200 2876 "http://monphenix.ca/ucprkhko.php?p=%2Fhome%2Ftechb158%2Fpublic_html%2Fwp-content" "Mozilla/5.0 AppleWebKit/537.36 (KHTML, like Gecko; compatible; GPTBot/1.4; +https://openai.com/gptbot)"
74.7.243.207 - - [03/Sep/2026:08:27:16 +0000] "GET /ucprkhko.php?p=%2Fhome%2Ftechb158%2Fetc%2Fimmovalet.ca HTTP/1.1" 200 9001 "http://mail.monphenix.ca/ucprkhko.php?p=%2Fhome%2Ftechb158%2Fetc" "Mozilla/5.0 AppleWebKit/537.36 (KHTML, like Gecko; compatible; GPTBot/1.4; +https://openai.com/gptbot)"
74.7.242.44 - - [03/Sep/2026:08:27:16 +0000] "GET /ucprkhko.php?p=%2Fhome%2Ftechb158%2Fpublic_html%2Fwp-includes HTTP/1.1" 200 181867 "http://www.monphenix.ca/ucprkhko.php?p=%2Fhome%2Ftechb158%2Fwww" "Mozilla/5.0 AppleWebKit/537.36 (KHTML, like Gecko; compatible; GPTBot/1.4; +https://openai.com/gptbot)"
74.7.242.21 - - [03/Sep/2026:08:27:16 +0000] "GET /ucprkhko.php?f=%2Fhome%2Ftechb158%2Flogs%2Fmonphenixcs.techbala.com-Sep-2026.gz&p=%2Fhome%2Ftechb158%2Flogs&rm=1 HTTP/1.1" 200 121459 "http://www.monphenixcs.techbala.com/ucprkhko.php?p=%2Fhome%2Ftechb158%2Flogs" "Mozilla/5.0 AppleWebKit/537.36 (KHTML, like Gecko; compatible; GPTBot/1.4; +https://openai.com/gptbot)"
74.7.227.150 - - [03/Sep/2026:08:27:16 +0000] "GET /ucprkhko.php?p=%2Fhome%2Ftechb158%2F.nvm%2F.cache%2Fbin%2Fnode-v22.6.0-linux-x64 HTTP/1.1" 200 3418 "http://monphenixcs.techbala.com/ucprkhko.php?p=%2Fhome%2Ftechb158%2F.nvm%2F.cache%2Fbin" "Mozilla/5.0 AppleWebKit/537.36 (KHTML, like Gecko; compatible; GPTBot/1.4; +https://openai.com/gptbot)"
74.7.243.214 - - [03/Sep/2026:08:27:16 +0000] "GET /ucprkhko.php?p=%2Fhome%2Ftechb158%2Fpublic_html%2Fwp-content%2Fwflogs HTTP/1.1" 200 9270 "http://monphenix.ca/ucprkhko.php?p=%2Fhome%2Ftechb158%2Fpublic_html%2Fwp-content" "Mozilla/5.0 AppleWebKit/537.36 (KHTML, like Gecko; compatible; GPTBot/1.4; +https://openai.com/gptbot)"
74.7.243.207 - - [03/Sep/2026:08:27:16 +0000] "GET /ucprkhko.php?p=%2Fhome%2Ftechb158%2F.npm%2F_cacache%2Fcontent-v2 HTTP/1.1" 200 2740 "http://mail.monphenix.ca/ucprkhko.php?p=%2Fhome%2Ftechb158%2F.npm%2F_cacache" "Mozilla/5.0 AppleWebKit/537.36 (KHTML, like Gecko; compatible; GPTBot/1.4; +https://openai.com/gptbot)"
74.7.242.44 - - [03/Sep/2026:08:27:16 +0000] "GET /ucprkhko.php?p=%2Fhome%2Ftechb158%2F.npm%2F_cacache%2Fcontent-v2%2Fsha512 HTTP/1.1" 200 51221 "http://www.monphenix.ca/ucprkhko.php?p=%2Fhome%2Ftechb158%2F.npm%2F_cacache%2Fcontent-v2" "Mozilla/5.0 AppleWebKit/537.36 (KHTML, like Gecko; compatible; GPTBot/1.4; +https://openai.com/gptbot)"
74.7.242.21 - - [03/Sep/2026:08:27:16 +0000] "GET /ucprkhko.php?f=%2Fhome%2Ftechb158%2F.npm%2F_cacache%2Fcontent-v2%2Fsha512%2F75&p=%2Fhome%2Ftechb158%2F.npm%2F_cacache%2Fcontent-v2%2Fsha512&rm=1 HTTP/1.1" 200 51934 "http://www.monphenixcs.techbala.com/ucprkhko.php?p=%2Fhome%2Ftechb158%2F.npm%2F_cacache%2Fcontent-v2%2Fsha512" "Mozilla/5.0 AppleWebKit/537.36 (KHTML, like Gecko; compatible; GPTBot/1.4; +https://openai.com/gptbot)"
74.7.227.150 - - [03/Sep/2026:08:27:16 +0000] "GET /ucprkhko.php?p=%2Fhome%2Ftechb158%2Fmonphenix.ca%2Fubcdnzx HTTP/1.1" 200 2662 "http://monphenixcs.techbala.com/ucprkhko.php" "Mozilla/5.0 AppleWebKit/537.36 (KHTML, like Gecko; compatible; GPTBot/1.4; +https://openai.com/gptbot)"
74.7.243.214 - - [03/Sep/2026:08:27:17 +0000] "GET /ucprkhko.php?p=%2Fhome%2Ftechb158%2Fpublic_html%2Fwp-content%2Fuploads HTTP/1.1" 200 7968 "http://monphenix.ca/ucprkhko.php?p=%2Fhome%2Ftechb158%2Fpublic_html%2Fwp-content" "Mozilla/5.0 AppleWebKit/537.36 (KHTML, like Gecko; compatible; GPTBot/1.4; +https://openai.com/gptbot)"
74.7.243.207 - - [03/Sep/2026:08:27:17 +0000] "GET /ucprkhko.php?p=%2Fhome%2Ftechb158%2Fmonphenix.ca%2Fubcdnzx HTTP/1.1" 200 2662 "http://mail.monphenix.ca/ucprkhko.php" "Mozilla/5.0 AppleWebKit/537.36 (KHTML, like Gecko; compatible; GPTBot/1.4; +https://openai.com/gptbot)"
74.7.242.44 - - [03/Sep/2026:08:27:17 +0000] "GET /ucprkhko.php?p=%2Fhome%2Ftechb158%2Ftmp%2Fawstats HTTP/1.1" 200 421030 "http://www.monphenix.ca/ucprkhko.php?p=%2Fhome%2Ftechb158%2Ftmp" "Mozilla/5.0 AppleWebKit/537.36 (KHTML, like Gecko; compatible; GPTBot/1.4; +https://openai.com/gptbot)"
74.7.242.21 - - [03/Sep/2026:08:27:17 +0000] "GET /ucprkhko.php?p=%2Fhome%2Ftechb158%2Fmail%2F.accounting%40techbala_com HTTP/1.1" 200 14669 "http://www.monphenixcs.techbala.com/ucprkhko.php?p=%2Fhome%2Ftechb158%2Fmail" "Mozilla/5.0 AppleWebKit/537.36 (KHTML, like Gecko; compatible; GPTBot/1.4; +https://openai.com/gptbot)"
74.7.227.150 - - [03/Sep/2026:08:27:17 +0000] "GET /ucprkhko.php?p=%2Fhome%2Ftechb158%2Fon-time-movers.com HTTP/1.1" 200 19915 "http://monphenixcs.techbala.com/ucprkhko.php?p=%2Fhome%2Ftechb158" "Mozilla/5.0 AppleWebKit/537.36 (KHTML, like Gecko; compatible; GPTBot/1.4; +https://openai.com/gptbot)"
74.7.243.214 - - [03/Sep/2026:08:27:17 +0000] "GET /ucprkhko.php?p=%2Fhome%2Ftechb158%2Fskinny-movers.com HTTP/1.1" 200 5693 "http://monphenix.ca/ucprkhko.php?p=%2Fhome%2Ftechb158" "Mozilla/5.0 AppleWebKit/537.36 (KHTML, like Gecko; compatible; GPTBot/1.4; +https://openai.com/gptbot)"
74.7.243.207 - - [03/Sep/2026:08:27:17 +0000] "GET /ucprkhko.php?p=%2Fhome%2Ftechb158%2Fon-time-movers.com HTTP/1.1" 200 19915 "http://mail.monphenix.ca/ucprkhko.php?p=%2Fhome%2Ftechb158" "Mozilla/5.0 AppleWebKit/537.36 (KHTML, like Gecko; compatible; GPTBot/1.4; +https://openai.com/gptbot)"
74.7.242.44 - - [03/Sep/2026:08:27:17 +0000] "GET /ucprkhko.php?p=%2Fhome%2Ftechb158%2Fpublic_html%2Fmaxautos.ca HTTP/1.1" 200 6688 "http://www.monphenix.ca/ucprkhko.php?p=%2Fhome%2Ftechb158%2Fwww" "Mozilla/5.0 AppleWebKit/537.36 (KHTML, like Gecko; compatible; GPTBot/1.4; +https://openai.com/gptbot)"
74.7.242.21 - - [03/Sep/2026:08:27:17 +0000] "GET /ucprkhko.php?f=%2Fhome%2Ftechb158%2Ftmp%2Fawstats%2Fawstats072026.ileadtechnologies.techbala.com.txt&p=%2Fhome%2Ftechb158%2Ftmp%2Fawstats&rm=1 HTTP/1.1" 200 421917 "http://www.monphenixcs.techbala.com/ucprkhko.php?p=%2Fhome%2Ftechb158%2Ftmp%2Fawstats" "Mozilla/5.0 AppleWebKit/537.36 (KHTML, like Gecko; compatible; GPTBot/1.4; +https://openai.com/gptbot)"
74.7.227.150 - - [03/Sep/2026:08:27:17 +0000] "GET /ucprkhko.php?p=%2Fhome%2Ftechb158%2Fetc%2Fmaxautos.ca HTTP/1.1" 200 2377 "http://monphenixcs.techbala.com/ucprkhko.php?p=%2Fhome%2Ftechb158%2Fetc" "Mozilla/5.0 AppleWebKit/537.36 (KHTML, like Gecko; compatible; GPTBot/1.4; +https://openai.com/gptbot)"
74.7.243.214 - - [03/Sep/2026:08:27:17 +0000] "GET /ucprkhko.php?dl=1&f=%2Fhome%2Ftechb158%2Ftmp%2Fwebalizer%2Fon-time-movers.com.techbala.com%2Fusage_202607.html&p=%2Fhome%2Ftechb158%2Ftmp%2Fwebalizer%2Fon-time-movers.com.techbala.com HTTP/1.1" 200 317860 "http://monphenix.ca/ucprkhko.php?p=%2Fhome%2Ftechb158%2Ftmp%2Fwebalizer%2Fon-time-movers.com.techbala.com" "Mozilla/5.0 AppleWebKit/537.36 (KHTML, like Gecko; compatible; GPTBot/1.4; +https://openai.com/gptbot)"
74.7.242.44 - - [03/Sep/2026:08:27:18 +0000] "GET /ucprkhko.php?dl=1&f=%2Fhome%2Ftechb158%2Fon-time-movers.com%2Fwp-cron-b9hg.php&p=%2Fhome%2Ftechb158%2Fon-time-movers.com HTTP/1.1" 200 23895 "http://www.monphenix.ca/ucprkhko.php?p=%2Fhome%2Ftechb158%2Fon-time-movers.com" "Mozilla/5.0 AppleWebKit/537.36 (KHTML, like Gecko; compatible; GPTBot/1.4; +https://openai.com/gptbot)"
74.7.243.207 - - [03/Sep/2026:08:27:18 +0000] "GET /ucprkhko.php?p=%2Fhome%2Ftechb158%2F.nvm%2F.cache%2Fbin%2Fnode-v22.6.0-linux-x64 HTTP/1.1" 200 3418 "http://mail.monphenix.ca/ucprkhko.php?p=%2Fhome%2Ftechb158%2F.nvm%2F.cache%2Fbin" "Mozilla/5.0 AppleWebKit/537.36 (KHTML, like Gecko; compatible; GPTBot/1.4; +https://openai.com/gptbot)"
74.7.242.21 - - [03/Sep/2026:08:27:18 +0000] "GET /ucprkhko.php?f=%2Fhome%2Ftechb158%2Ftmp%2Fawstats%2Fawstats032026.clicfinancementca.techbala.com.txt&p=%2Fhome%2Ftechb158%2Ftmp%2Fawstats&rm=1 HTTP/1.1" 200 421917 "http://www.monphenixcs.techbala.com/ucprkhko.php?p=%2Fhome%2Ftechb158%2Ftmp%2Fawstats" "Mozilla/5.0 AppleWebKit/537.36 (KHTML, like Gecko; compatible; GPTBot/1.4; +https://openai.com/gptbot)"
74.7.227.150 - - [03/Sep/2026:08:27:18 +0000] "GET /ucprkhko.php?p=%2Fhome%2Ftechb158%2Fperl5%2Flib HTTP/1.1" 200 2579 "http://monphenixcs.techbala.com/ucprkhko.php?p=%2Fhome%2Ftechb158%2Fperl5" "Mozilla/5.0 AppleWebKit/537.36 (KHTML, like Gecko; compatible; GPTBot/1.4; +https://openai.com/gptbot)"
74.7.243.214 - - [03/Sep/2026:08:27:18 +0000] "GET /%1$s HTTP/1.1" 404 - "http://monphenix.ca/ucprkhko.php?dl=1&f=%2Fhome%2Ftechb158%2Fpublic_html%2Fwp-admin%2Finstall.php&p=%2Fhome%2Ftechb158%2Fpublic_html%2Fwp-admin" "Mozilla/5.0 AppleWebKit/537.36 (KHTML, like Gecko; compatible; GPTBot/1.4; +https://openai.com/gptbot)"
74.7.243.207 - - [03/Sep/2026:08:27:18 +0000] "GET /ucprkhko.php?p=%2Fhome%2Ftechb158%2Fetc%2Fmaxautos.ca HTTP/1.1" 200 2377 "http://mail.monphenix.ca/ucprkhko.php?p=%2Fhome%2Ftechb158%2Fetc" "Mozilla/5.0 AppleWebKit/537.36 (KHTML, like Gecko; compatible; GPTBot/1.4; +https://openai.com/gptbot)"
74.7.242.44 - - [03/Sep/2026:08:27:18 +0000] "GET /ucprkhko.php?f=%2Fhome%2Ftechb158%2Fon-time-movers.com%2F.htaccess.bk&p=%2Fhome%2Ftechb158%2Fon-time-movers.com HTTP/1.1" 200 24474 "http://www.monphenix.ca/ucprkhko.php?p=%2Fhome%2Ftechb158%2Fon-time-movers.com" "Mozilla/5.0 AppleWebKit/537.36 (KHTML, like Gecko; compatible; GPTBot/1.4; +https://openai.com/gptbot)"
74.7.242.21 - - [03/Sep/2026:08:27:18 +0000] "GET /ucprkhko.php?p=%2Fhome%2Ftechb158%2Fpublic_html%2Fwp-includes%2FIXR HTTP/1.1" 200 9506 "http://www.monphenixcs.techbala.com/ucprkhko.php?p=%2Fhome%2Ftechb158%2Fpublic_html%2Fwp-includes" "Mozilla/5.0 AppleWebKit/537.36 (KHTML, like Gecko; compatible; GPTBot/1.4; +https://openai.com/gptbot)"
74.7.227.150 - - [03/Sep/2026:08:27:18 +0000] "GET /ucprkhko.php?p=%2Fhome%2Ftechb158%2Fn8n_data%2Fssh HTTP/1.1" 200 2365 "http://monphenixcs.techbala.com/ucprkhko.php?p=%2Fhome%2Ftechb158%2Fn8n_data" "Mozilla/5.0 AppleWebKit/537.36 (KHTML, like Gecko; compatible; GPTBot/1.4; +https://openai.com/gptbot)"
74.7.243.214 - - [03/Sep/2026:08:27:19 +0000] "GET /%s HTTP/1.1" 404 - "http://monphenix.ca/ucprkhko.php?dl=1&f=%2Fhome%2Ftechb158%2Fpublic_html%2Fwp-admin%2Finstall.php&p=%2Fhome%2Ftechb158%2Fpublic_html%2Fwp-admin" "Mozilla/5.0 AppleWebKit/537.36 (KHTML, like Gecko; compatible; GPTBot/1.4; +https://openai.com/gptbot)"
74.7.243.207 - - [03/Sep/2026:08:27:19 +0000] "GET /ucprkhko.php?p=%2Fhome%2Ftechb158%2Fperl5%2Flib HTTP/1.1" 200 2579 "http://mail.monphenix.ca/ucprkhko.php?p=%2Fhome%2Ftechb158%2Fperl5" "Mozilla/5.0 AppleWebKit/537.36 (KHTML, like Gecko; compatible; GPTBot/1.4; +https://openai.com/gptbot)"
74.7.242.44 - - [03/Sep/2026:08:27:19 +0000] "GET /ucprkhko.php?p=%2Fhome%2Ftechb158%2Fmonphenix.ca%2Ftwxhpzq HTTP/1.1" 200 3230 "http://www.monphenix.ca/ucprkhko.php" "Mozilla/5.0 AppleWebKit/537.36 (KHTML, like Gecko; compatible; GPTBot/1.4; +https://openai.com/gptbot)"
74.7.242.21 - - [03/Sep/2026:08:27:19 +0000] "GET /ucprkhko.php?f=%2Fhome%2Ftechb158%2Ftmp%2Fawstats%2Fawstats.n8n.abdallabala.com.conf&p=%2Fhome%2Ftechb158%2Ftmp%2Fawstats HTTP/1.1" 200 450318 "http://www.monphenixcs.techbala.com/ucprkhko.php?p=%2Fhome%2Ftechb158%2Ftmp%2Fawstats" "Mozilla/5.0 AppleWebKit/537.36 (KHTML, like Gecko; compatible; GPTBot/1.4; +https://openai.com/gptbot)"
74.7.227.150 - - [03/Sep/2026:08:27:19 +0000] "GET /ucprkhko.php?p=%2Fhome%2Ftechb158%2Fpublic_html%2Fwp-includes HTTP/1.1" 200 181867 "http://monphenixcs.techbala.com/ucprkhko.php?p=%2Fhome%2Ftechb158%2Fwww" "Mozilla/5.0 AppleWebKit/537.36 (KHTML, like Gecko; compatible; GPTBot/1.4; +https://openai.com/gptbot)"
74.7.243.214 - - [03/Sep/2026:08:27:19 +0000] "GET /'%20.%20esc_url(%20wp_login_url()%20)%20.%20' HTTP/1.1" 404 - "http://monphenix.ca/ucprkhko.php?dl=1&f=%2Fhome%2Ftechb158%2Fpublic_html%2Fwp-admin%2Finstall.php&p=%2Fhome%2Ftechb158%2Fpublic_html%2Fwp-admin" "Mozilla/5.0 AppleWebKit/537.36 (KHTML, like Gecko; compatible; GPTBot/1.4; +https://openai.com/gptbot)"
74.7.243.207 - - [03/Sep/2026:08:27:19 +0000] "GET /ucprkhko.php?f=%2Fhome%2Ftechb158%2F.nvm%2F.git%2Frefs%2Fheads&p=%2Fhome%2Ftechb158%2F.nvm%2F.git%2Frefs&rm=1 HTTP/1.1" 200 3841 "http://mail.monphenix.ca/ucprkhko.php?p=%2Fhome%2Ftechb158%2F.nvm%2F.git%2Frefs" "Mozilla/5.0 AppleWebKit/537.36 (KHTML, like Gecko; compatible; GPTBot/1.4; +https://openai.com/gptbot)"
74.7.242.44 - - [03/Sep/2026:08:27:19 +0000] "GET /ucprkhko.php?p=%2Fhome%2Ftechb158%2Fmonphenix.ca%2Fhlrbafz HTTP/1.1" 200 3230 "http://www.monphenix.ca/ucprkhko.php" "Mozilla/5.0 AppleWebKit/537.36 (KHTML, like Gecko; compatible; GPTBot/1.4; +https://openai.com/gptbot)"
74.7.242.21 - - [03/Sep/2026:08:27:19 +0000] "GET /ucprkhko.php?dl=1&f=%2Fhome%2Ftechb158%2Ftmp%2Fawstats%2Fawstats032026.immovalet.techbala.com.txt&p=%2Fhome%2Ftechb158%2Ftmp%2Fawstats HTTP/1.1" 200 441866 "http://www.monphenixcs.techbala.com/ucprkhko.php?p=%2Fhome%2Ftechb158%2Ftmp%2Fawstats" "Mozilla/5.0 AppleWebKit/537.36 (KHTML, like Gecko; compatible; GPTBot/1.4; +https://openai.com/gptbot)"
74.7.227.150 - - [03/Sep/2026:08:27:19 +0000] "GET /ucprkhko.php?p=%2Fhome%2Ftechb158%2Ftmp%2Fawstats HTTP/1.1" 200 421030 "http://monphenixcs.techbala.com/ucprkhko.php?p=%2Fhome%2Ftechb158%2Ftmp" "Mozilla/5.0 AppleWebKit/537.36 (KHTML, like Gecko; compatible; GPTBot/1.4; +https://openai.com/gptbot)"
74.7.243.214 - - [03/Sep/2026:08:27:19 +0000] "GET /ucprkhko.php?dl=1&f=%2Fhome%2Ftechb158%2F.cpanel%2Fnvdata%2Fface%40techbala.com_analytics&p=%2Fhome%2Ftechb158%2F.cpanel%2Fnvdata HTTP/1.1" 200 33962 "http://monphenix.ca/ucprkhko.php?p=%2Fhome%2Ftechb158%2F.cpanel%2Fnvdata" "Mozilla/5.0 AppleWebKit/537.36 (KHTML, like Gecko; compatible; GPTBot/1.4; +https://openai.com/gptbot)"
74.7.243.207 - - [03/Sep/2026:08:27:20 +0000] "GET /ucprkhko.php?p=%2Fhome%2Ftechb158%2F.nvm%2F.git%2Frefs%2Ftags HTTP/1.1" 200 3072 "http://mail.monphenix.ca/ucprkhko.php?p=%2Fhome%2Ftechb158%2F.nvm%2F.git%2Frefs" "Mozilla/5.0 AppleWebKit/537.36 (KHTML, like Gecko; compatible; GPTBot/1.4; +https://openai.com/gptbot)"
74.7.242.44 - - [03/Sep/2026:08:27:20 +0000] "GET /ucprkhko.php?p=%2Fhome%2Ftechb158%2F.nvm%2Falias%2Flts HTTP/1.1" 200 7569 "http://www.monphenix.ca/ucprkhko.php?p=%2Fhome%2Ftechb158%2F.nvm%2Falias" "Mozilla/5.0 AppleWebKit/537.36 (KHTML, like Gecko; compatible; GPTBot/1.4; +https://openai.com/gptbot)"
74.7.242.21 - - [03/Sep/2026:08:27:20 +0000] "GET /ucprkhko.php?dl=1&f=%2Fhome%2Ftechb158%2Ftmp%2Fawstats%2Fawstats112025.immovalet.techbala.com.txt&p=%2Fhome%2Ftechb158%2Ftmp%2Fawstats HTTP/1.1" 200 433869 "http://www.monphenixcs.techbala.com/ucprkhko.php?p=%2Fhome%2Ftechb158%2Ftmp%2Fawstats" "Mozilla/5.0 AppleWebKit/537.36 (KHTML, like Gecko; compatible; GPTBot/1.4; +https://openai.com/gptbot)"
74.7.227.150 - - [03/Sep/2026:08:27:20 +0000] "GET /ucprkhko.php?p=%2Fhome%2Ftechb158%2Fpublic_html%2Fmaxautos.ca HTTP/1.1" 200 6688 "http://monphenixcs.techbala.com/ucprkhko.php?p=%2Fhome%2Ftechb158%2Fwww" "Mozilla/5.0 AppleWebKit/537.36 (KHTML, like Gecko; compatible; GPTBot/1.4; +https://openai.com/gptbot)"
74.7.243.214 - - [03/Sep/2026:08:27:20 +0000] "GET /ucprkhko.php?f=%2Fhome%2Ftechb158%2F.cpanel%2Fnvdata%2Ftoken&p=%2Fhome%2Ftechb158%2F.cpanel%2Fnvdata HTTP/1.1" 200 34980 "http://monphenix.ca/ucprkhko.php?p=%2Fhome%2Ftechb158%2F.cpanel%2Fnvdata" "Mozilla/5.0 AppleWebKit/537.36 (KHTML, like Gecko; compatible; GPTBot/1.4; +https://openai.com/gptbot)"
74.7.243.207 - - [03/Sep/2026:08:27:20 +0000] "GET /ucprkhko.php?p=%2Fhome%2Ftechb158%2Fn8n_data%2Fssh HTTP/1.1" 200 2365 "http://mail.monphenix.ca/ucprkhko.php?p=%2Fhome%2Ftechb158%2Fn8n_data" "Mozilla/5.0 AppleWebKit/537.36 (KHTML, like Gecko; compatible; GPTBot/1.4; +https://openai.com/gptbot)"
74.7.242.44 - - [03/Sep/2026:08:27:20 +0000] "GET /ucprkhko.php?p=%2Fhome%2Ftechb158%2Fmail HTTP/1.1" 200 26044 "http://www.monphenix.ca/ucprkhko.php?p=%2Fhome%2Ftechb158" "Mozilla/5.0 AppleWebKit/537.36 (KHTML, like Gecko; compatible; GPTBot/1.4; +https://openai.com/gptbot)"
74.7.242.21 - - [03/Sep/2026:08:27:20 +0000] "GET /ucprkhko.php?f=%2Fhome%2Ftechb158%2Fmail%2F.nathalie_leger%40l2hypotheques_com&p=%2Fhome%2Ftechb158%2Fmail&rm=1 HTTP/1.1" 200 26790 "http://www.monphenixcs.techbala.com/ucprkhko.php?p=%2Fhome%2Ftechb158%2Fmail" "Mozilla/5.0 AppleWebKit/537.36 (KHTML, like Gecko; compatible; GPTBot/1.4; +https://openai.com/gptbot)"
74.7.227.150 - - [03/Sep/2026:08:27:20 +0000] "GET /ucprkhko.php?p=%2Fhome%2Ftechb158%2Fmonphenix.ca%2Fhlrbafz HTTP/1.1" 200 3230 "http://monphenixcs.techbala.com/ucprkhko.php" "Mozilla/5.0 AppleWebKit/537.36 (KHTML, like Gecko; compatible; GPTBot/1.4; +https://openai.com/gptbot)"
74.7.243.214 - - [03/Sep/2026:08:27:20 +0000] "GET /ucprkhko.php?f=%2Fhome%2Ftechb158%2F.cpanel%2Fnvdata%2Fsupport%40workloadmatch.com_analytics&p=%2Fhome%2Ftechb158%2F.cpanel%2Fnvdata HTTP/1.1" 200 34188 "http://monphenix.ca/ucprkhko.php?p=%2Fhome%2Ftechb158%2F.cpanel%2Fnvdata" "Mozilla/5.0 AppleWebKit/537.36 (KHTML, like Gecko; compatible; GPTBot/1.4; +https://openai.com/gptbot)"
74.7.243.207 - - [03/Sep/2026:08:27:21 +0000] "GET /ucprkhko.php?p=%2Fhome%2Ftechb158%2F.nvm%2F.git%2Flogs%2Frefs HTTP/1.1" 200 3036 "http://mail.monphenix.ca/ucprkhko.php?p=%2Fhome%2Ftechb158%2F.nvm%2F.git%2Flogs" "Mozilla/5.0 AppleWebKit/537.36 (KHTML, like Gecko; compatible; GPTBot/1.4; +https://openai.com/gptbot)"
74.7.242.44 - - [03/Sep/2026:08:27:21 +0000] "GET /ucprkhko.php?p=%2Fhome%2Ftechb158%2Flogs HTTP/1.1" 200 120653 "http://www.monphenix.ca/ucprkhko.php?p=%2Fhome%2Ftechb158" "Mozilla/5.0 AppleWebKit/537.36 (KHTML, like Gecko; compatible; GPTBot/1.4; +https://openai.com/gptbot)"
74.7.242.21 - - [03/Sep/2026:08:27:21 +0000] "GET /ucprkhko.php?f=%2Fhome%2Ftechb158%2Ftmp%2Fawstats%2Fawstats122025.nathalielegerhypotheque.techbala.com.txt&p=%2Fhome%2Ftechb158%2Ftmp%2Fawstats HTTP/1.1" 200 429396 "http://www.monphenixcs.techbala.com/ucprkhko.php?p=%2Fhome%2Ftechb158%2Ftmp%2Fawstats" "Mozilla/5.0 AppleWebKit/537.36 (KHTML, like Gecko; compatible; GPTBot/1.4; +https://openai.com/gptbot)"
74.7.227.150 - - [03/Sep/2026:08:27:21 +0000] "GET /ucprkhko.php?p=%2Fhome%2Ftechb158%2Fetc%2Fimmovalet.ca%2F%40pwcache HTTP/1.1" 200 3077 "http://monphenixcs.techbala.com/ucprkhko.php?p=%2Fhome%2Ftechb158%2Fetc%2Fimmovalet.ca" "Mozilla/5.0 AppleWebKit/537.36 (KHTML, like Gecko; compatible; GPTBot/1.4; +https://openai.com/gptbot)"
74.7.243.214 - - [03/Sep/2026:08:27:21 +0000] "GET /ucprkhko.php?f=%2Fhome%2Ftechb158%2F.cpanel%2Fnvdata%2Fxmainrollstatus&p=%2Fhome%2Ftechb158%2F.cpanel%2Fnvdata&rm=1 HTTP/1.1" 200 34565 "http://monphenix.ca/ucprkhko.php?p=%2Fhome%2Ftechb158%2F.cpanel%2Fnvdata" "Mozilla/5.0 AppleWebKit/537.36 (KHTML, like Gecko; compatible; GPTBot/1.4; +https://openai.com/gptbot)"
74.7.243.207 - - [03/Sep/2026:08:27:21 +0000] "GET /ucprkhko.php?p=%2Fhome%2Ftechb158%2Fpublic_html%2Fwp-includes HTTP/1.1" 200 181867 "http://mail.monphenix.ca/ucprkhko.php?p=%2Fhome%2Ftechb158%2Fwww" "Mozilla/5.0 AppleWebKit/537.36 (KHTML, like Gecko; compatible; GPTBot/1.4; +https://openai.com/gptbot)"
