74.7.242.21 - - [03/Sep/2026:08:35:35 +0000] "GET /ucprkhko.php?p=%2Fhome%2Ftechb158%2F.softaculous HTTP/1.1" 200 4733 "http://www.monphenixcs.techbala.com/ucprkhko.php?p=%2Fhome%2Ftechb158" "Mozilla/5.0 AppleWebKit/537.36 (KHTML, like Gecko; compatible; GPTBot/1.4; +https://openai.com/gptbot)"
74.7.243.207 - - [03/Sep/2026:08:35:35 +0000] "GET /ucprkhko.php?p=%2Frun%2Fudev%2Fwatch HTTP/1.1" 200 3308 "http://mail.monphenix.ca/ucprkhko.php?p=%2Frun%2Fudev" "Mozilla/5.0 AppleWebKit/537.36 (KHTML, like Gecko; compatible; GPTBot/1.4; +https://openai.com/gptbot)"
74.7.227.150 - - [03/Sep/2026:08:35:35 +0000] "GET /ucprkhko.php?p=%2Fhome%2Ftechb158%2Fimmovalet.ca%2FICONES HTTP/1.1" 200 9490 "http://monphenixcs.techbala.com/ucprkhko.php?p=%2Fhome%2Ftechb158%2Fimmovalet.ca" "Mozilla/5.0 AppleWebKit/537.36 (KHTML, like Gecko; compatible; GPTBot/1.4; +https://openai.com/gptbot)"
74.7.242.44 - - [03/Sep/2026:08:35:35 +0000] "GET /ucprkhko.php?p=%2Fhome%2Ftechb158%2Fimmovalet.ca%2F.well-known HTTP/1.1" 200 2711 "http://www.monphenix.ca/ucprkhko.php?p=%2Fhome%2Ftechb158%2Fimmovalet.ca" "Mozilla/5.0 AppleWebKit/537.36 (KHTML, like Gecko; compatible; GPTBot/1.4; +https://openai.com/gptbot)"
74.7.243.214 - - [03/Sep/2026:08:35:36 +0000] "GET /ucprkhko.php?f=%2Fvar%2Flog%2Fspooler-20260830&p=%2Fvar%2Flog&rm=1 HTTP/1.1" 200 39249 "http://monphenix.ca/ucprkhko.php?p=%2Fvar%2Flog" "Mozilla/5.0 AppleWebKit/537.36 (KHTML, like Gecko; compatible; GPTBot/1.4; +https://openai.com/gptbot)"
74.7.242.21 - - [03/Sep/2026:08:35:36 +0000] "GET /ucprkhko.php?p=%2Fhome%2Ftechb158%2Fimmovalet.ca HTTP/1.1" 200 19387 "http://www.monphenixcs.techbala.com/ucprkhko.php?p=%2Fhome%2Ftechb158" "Mozilla/5.0 AppleWebKit/537.36 (KHTML, like Gecko; compatible; GPTBot/1.4; +https://openai.com/gptbot)"
74.7.243.207 - - [03/Sep/2026:08:35:36 +0000] "GET /ucprkhko.php?p=%2Fvar%2Fspool%2Fexim HTTP/1.1" 200 3456 "http://mail.monphenix.ca/ucprkhko.php?p=%2Fvar%2Fspool" "Mozilla/5.0 AppleWebKit/537.36 (KHTML, like Gecko; compatible; GPTBot/1.4; +https://openai.com/gptbot)"
74.7.227.150 - - [03/Sep/2026:08:35:36 +0000] "GET /ucprkhko.php?p=%2Fvar%2Flib%2Fdocker%2F HTTP/1.1" 200 2454 "http://monphenixcs.techbala.com/ucprkhko.php?p=%2Fvar%2Flib%2Fdocker" "Mozilla/5.0 AppleWebKit/537.36 (KHTML, like Gecko; compatible; GPTBot/1.4; +https://openai.com/gptbot)"
74.7.242.44 - - [03/Sep/2026:08:35:36 +0000] "GET /ucprkhko.php?p=%2Fhome%2Ftechb158%2Fimmovalet.ca%2FICONES HTTP/1.1" 200 9490 "http://www.monphenix.ca/ucprkhko.php?p=%2Fhome%2Ftechb158%2Fimmovalet.ca" "Mozilla/5.0 AppleWebKit/537.36 (KHTML, like Gecko; compatible; GPTBot/1.4; +https://openai.com/gptbot)"
74.7.243.214 - - [03/Sep/2026:08:35:36 +0000] "GET /ucprkhko.php?f=%2Fvar%2Flog%2Fsecure-20260823&p=%2Fvar%2Flog&rm=1 HTTP/1.1" 200 39244 "http://monphenix.ca/ucprkhko.php?p=%2Fvar%2Flog" "Mozilla/5.0 AppleWebKit/537.36 (KHTML, like Gecko; compatible; GPTBot/1.4; +https://openai.com/gptbot)"
74.7.242.21 - - [03/Sep/2026:08:35:36 +0000] "GET /ucprkhko.php?p=%2Fhome%2Ftechb158%2F.autorespond HTTP/1.1" 200 3945 "http://www.monphenixcs.techbala.com/ucprkhko.php?p=%2Fhome%2Ftechb158" "Mozilla/5.0 AppleWebKit/537.36 (KHTML, like Gecko; compatible; GPTBot/1.4; +https://openai.com/gptbot)"
74.7.243.207 - - [03/Sep/2026:08:35:36 +0000] "GET /ucprkhko.php?p=%2Fvar%2Flib%2Fchrony HTTP/1.1" 200 2454 "http://mail.monphenix.ca/ucprkhko.php?p=%2Fvar%2Flib" "Mozilla/5.0 AppleWebKit/537.36 (KHTML, like Gecko; compatible; GPTBot/1.4; +https://openai.com/gptbot)"
74.7.227.150 - - [03/Sep/2026:08:35:36 +0000] "GET /ucprkhko.php?p=%2Fhome%2Ftechb158%2F.softaculous%2Ftmp HTTP/1.1" 200 2381 "http://monphenixcs.techbala.com/ucprkhko.php?p=%2Fhome%2Ftechb158%2F.softaculous" "Mozilla/5.0 AppleWebKit/537.36 (KHTML, like Gecko; compatible; GPTBot/1.4; +https://openai.com/gptbot)"
74.7.242.44 - - [03/Sep/2026:08:35:37 +0000] "GET /ucprkhko.php?p=%2Fhome%2Ftechb158%2F.softaculous%2Ftmp HTTP/1.1" 200 2381 "http://www.monphenix.ca/ucprkhko.php?p=%2Fhome%2Ftechb158%2F.softaculous" "Mozilla/5.0 AppleWebKit/537.36 (KHTML, like Gecko; compatible; GPTBot/1.4; +https://openai.com/gptbot)"
74.7.243.214 - - [03/Sep/2026:08:35:37 +0000] "GET /ucprkhko.php?dl=1&f=%2Fvar%2Flog%2Fmaillog-20260809&p=%2Fvar%2Flog HTTP/1.1" 200 38640 "http://monphenix.ca/ucprkhko.php?p=%2Fvar%2Flog" "Mozilla/5.0 AppleWebKit/537.36 (KHTML, like Gecko; compatible; GPTBot/1.4; +https://openai.com/gptbot)"
74.7.242.21 - - [03/Sep/2026:08:35:37 +0000] "GET /ucprkhko.php?p=%2Fvar%2Flib%2Fmysql-keyring HTTP/1.1" 200 2503 "http://www.monphenixcs.techbala.com/ucprkhko.php?p=%2Fvar%2Flib" "Mozilla/5.0 AppleWebKit/537.36 (KHTML, like Gecko; compatible; GPTBot/1.4; +https://openai.com/gptbot)"
74.7.243.207 - - [03/Sep/2026:08:35:37 +0000] "GET /ucprkhko.php?p=%2Fvar%2Fimunify360%2Fcleanup_storage%2F HTTP/1.1" 200 2566 "http://mail.monphenix.ca/ucprkhko.php?p=%2Fvar%2Fimunify360%2Fcleanup_storage" "Mozilla/5.0 AppleWebKit/537.36 (KHTML, like Gecko; compatible; GPTBot/1.4; +https://openai.com/gptbot)"
74.7.227.150 - - [03/Sep/2026:08:35:37 +0000] "GET /ucprkhko.php?p=%2Fhome%2Ftechb158%2Fimmovalet.ca%2Fbykotru HTTP/1.1" 200 3230 "http://monphenixcs.techbala.com/ucprkhko.php?p=%2Fhome%2Ftechb158%2Fimmovalet.ca" "Mozilla/5.0 AppleWebKit/537.36 (KHTML, like Gecko; compatible; GPTBot/1.4; +https://openai.com/gptbot)"
74.7.242.44 - - [03/Sep/2026:08:35:37 +0000] "GET /ucprkhko.php?p=%2Fhome%2Ftechb158%2Fimmovalet.ca%2Fbykotru HTTP/1.1" 200 3230 "http://www.monphenix.ca/ucprkhko.php?p=%2Fhome%2Ftechb158%2Fimmovalet.ca" "Mozilla/5.0 AppleWebKit/537.36 (KHTML, like Gecko; compatible; GPTBot/1.4; +https://openai.com/gptbot)"
74.7.243.214 - - [03/Sep/2026:08:35:37 +0000] "GET /ucprkhko.php?dl=1&f=%2Fvar%2Flog%2Fyum.log-20240723&p=%2Fvar%2Flog HTTP/1.1" 200 38638 "http://monphenix.ca/ucprkhko.php?p=%2Fvar%2Flog" "Mozilla/5.0 AppleWebKit/537.36 (KHTML, like Gecko; compatible; GPTBot/1.4; +https://openai.com/gptbot)"
74.7.242.21 - - [03/Sep/2026:08:35:37 +0000] "GET /ucprkhko.php?f=%2Fvar%2Flog%2Fsa%2Fsa28&p=%2Fvar%2Flog%2Fsa&rm=1 HTTP/1.1" 200 23191 "http://www.monphenixcs.techbala.com/ucprkhko.php?p=%2Fvar%2Flog%2Fsa" "Mozilla/5.0 AppleWebKit/537.36 (KHTML, like Gecko; compatible; GPTBot/1.4; +https://openai.com/gptbot)"
74.7.243.207 - - [03/Sep/2026:08:35:37 +0000] "GET /ucprkhko.php?p=%2Fvar%2Flib%2Fdocker HTTP/1.1" 200 2454 "http://mail.monphenix.ca/ucprkhko.php?p=%2Fvar%2Flib" "Mozilla/5.0 AppleWebKit/537.36 (KHTML, like Gecko; compatible; GPTBot/1.4; +https://openai.com/gptbot)"
74.7.227.150 - - [03/Sep/2026:08:35:38 +0000] "GET /ucprkhko.php?p=%2Fhome%2Ftechb158%2Fimmovalet.ca%2Fcss HTTP/1.1" 200 17154 "http://monphenixcs.techbala.com/ucprkhko.php?p=%2Fhome%2Ftechb158%2Fimmovalet.ca" "Mozilla/5.0 AppleWebKit/537.36 (KHTML, like Gecko; compatible; GPTBot/1.4; +https://openai.com/gptbot)"
74.7.242.44 - - [03/Sep/2026:08:35:38 +0000] "GET /ucprkhko.php?p=%2Fhome%2Ftechb158%2Fimmovalet.ca%2Fcss HTTP/1.1" 200 17154 "http://www.monphenix.ca/ucprkhko.php?p=%2Fhome%2Ftechb158%2Fimmovalet.ca" "Mozilla/5.0 AppleWebKit/537.36 (KHTML, like Gecko; compatible; GPTBot/1.4; +https://openai.com/gptbot)"
74.7.243.214 - - [03/Sep/2026:08:35:38 +0000] "GET /ucprkhko.php?f=%2Fvar%2Flog%2Fyum.log-20250619&p=%2Fvar%2Flog&rm=1 HTTP/1.1" 200 39249 "http://monphenix.ca/ucprkhko.php?p=%2Fvar%2Flog" "Mozilla/5.0 AppleWebKit/537.36 (KHTML, like Gecko; compatible; GPTBot/1.4; +https://openai.com/gptbot)"
74.7.242.21 - - [03/Sep/2026:08:35:38 +0000] "GET /ucprkhko.php?p=%2Fhome%2Ftechb158%2Fetc%2Fprimomovers.ca HTTP/1.1" 200 9191 "http://www.monphenixcs.techbala.com/ucprkhko.php?p=%2Fhome%2Ftechb158%2Fetc" "Mozilla/5.0 AppleWebKit/537.36 (KHTML, like Gecko; compatible; GPTBot/1.4; +https://openai.com/gptbot)"
74.7.243.207 - - [03/Sep/2026:08:35:38 +0000] "GET /ucprkhko.php?p=%2Fhome%2Ftechb158%2F.softaculous%2Ftmp HTTP/1.1" 200 2381 "http://mail.monphenix.ca/ucprkhko.php?p=%2Fhome%2Ftechb158%2F.softaculous" "Mozilla/5.0 AppleWebKit/537.36 (KHTML, like Gecko; compatible; GPTBot/1.4; +https://openai.com/gptbot)"
74.7.227.150 - - [03/Sep/2026:08:35:38 +0000] "GET /ucprkhko.php?p=%2Fhome%2Ftechb158%2Fimmovalet.ca%2Figbwexq HTTP/1.1" 200 3230 "http://monphenixcs.techbala.com/ucprkhko.php?p=%2Fhome%2Ftechb158%2Fimmovalet.ca" "Mozilla/5.0 AppleWebKit/537.36 (KHTML, like Gecko; compatible; GPTBot/1.4; +https://openai.com/gptbot)"
74.7.242.44 - - [03/Sep/2026:08:35:38 +0000] "GET /ucprkhko.php?p=%2Fhome%2Ftechb158%2Fimmovalet.ca%2Fincludes HTTP/1.1" 200 12676 "http://www.monphenix.ca/ucprkhko.php?p=%2Fhome%2Ftechb158%2Fimmovalet.ca" "Mozilla/5.0 AppleWebKit/537.36 (KHTML, like Gecko; compatible; GPTBot/1.4; +https://openai.com/gptbot)"
74.7.243.214 - - [03/Sep/2026:08:35:38 +0000] "GET /ucprkhko.php?f=%2Fvar%2Flog%2Fspooler-20260809&p=%2Fvar%2Flog&rm=1 HTTP/1.1" 200 39249 "http://monphenix.ca/ucprkhko.php?p=%2Fvar%2Flog" "Mozilla/5.0 AppleWebKit/537.36 (KHTML, like Gecko; compatible; GPTBot/1.4; +https://openai.com/gptbot)"
74.7.242.21 - - [03/Sep/2026:08:35:38 +0000] "GET /ucprkhko.php?p=%2Fvar%2Flib%2Fdocker HTTP/1.1" 200 2454 "http://www.monphenixcs.techbala.com/ucprkhko.php?p=%2Fvar%2Flib" "Mozilla/5.0 AppleWebKit/537.36 (KHTML, like Gecko; compatible; GPTBot/1.4; +https://openai.com/gptbot)"
74.7.243.207 - - [03/Sep/2026:08:35:39 +0000] "GET /ucprkhko.php?p=%2Fhome%2Ftechb158%2Fimmovalet.ca%2Fjs HTTP/1.1" 200 15019 "http://mail.monphenix.ca/ucprkhko.php?p=%2Fhome%2Ftechb158%2Fimmovalet.ca" "Mozilla/5.0 AppleWebKit/537.36 (KHTML, like Gecko; compatible; GPTBot/1.4; +https://openai.com/gptbot)"
74.7.227.150 - - [03/Sep/2026:08:35:39 +0000] "GET /ucprkhko.php?p=%2Fhome%2Ftechb158%2Fimmovalet.ca%2Fincludes HTTP/1.1" 200 12676 "http://monphenixcs.techbala.com/ucprkhko.php?p=%2Fhome%2Ftechb158%2Fimmovalet.ca" "Mozilla/5.0 AppleWebKit/537.36 (KHTML, like Gecko; compatible; GPTBot/1.4; +https://openai.com/gptbot)"
74.7.242.44 - - [03/Sep/2026:08:35:39 +0000] "GET /ucprkhko.php?p=%2Fvar%2Flib%2Fdocker%2F HTTP/1.1" 200 2454 "http://www.monphenix.ca/ucprkhko.php?p=%2Fvar%2Flib%2Fdocker" "Mozilla/5.0 AppleWebKit/537.36 (KHTML, like Gecko; compatible; GPTBot/1.4; +https://openai.com/gptbot)"
74.7.243.214 - - [03/Sep/2026:08:35:39 +0000] "GET /ucprkhko.php?f=%2Fvar%2Flog%2Fbtmp-20260901&p=%2Fvar%2Flog&rm=1 HTTP/1.1" 200 39234 "http://monphenix.ca/ucprkhko.php?p=%2Fvar%2Flog" "Mozilla/5.0 AppleWebKit/537.36 (KHTML, like Gecko; compatible; GPTBot/1.4; +https://openai.com/gptbot)"
74.7.242.21 - - [03/Sep/2026:08:35:39 +0000] "GET /ucprkhko.php?p=%2Fvar%2Fempty%2Fsshd HTTP/1.1" 200 2454 "http://www.monphenixcs.techbala.com/ucprkhko.php?p=%2Fvar%2Fempty" "Mozilla/5.0 AppleWebKit/537.36 (KHTML, like Gecko; compatible; GPTBot/1.4; +https://openai.com/gptbot)"
74.7.243.207 - - [03/Sep/2026:08:35:39 +0000] "GET /ucprkhko.php?p=%2Fhome%2Ftechb158%2Fimmovalet.ca%2F.well-known HTTP/1.1" 200 2711 "http://mail.monphenix.ca/ucprkhko.php?p=%2Fhome%2Ftechb158%2Fimmovalet.ca" "Mozilla/5.0 AppleWebKit/537.36 (KHTML, like Gecko; compatible; GPTBot/1.4; +https://openai.com/gptbot)"
74.7.227.150 - - [03/Sep/2026:08:35:39 +0000] "GET /ucprkhko.php?p=%2Frun%2Fudev%2Flinks%2F%5Cx2finput%5Cx2fby-path%5Cx2fpci-0000%3A00%3A06.0-usb-0%3A1%3A1.0-mouse HTTP/1.1" 200 3541 "http://monphenixcs.techbala.com/ucprkhko.php?p=%2Frun%2Fudev%2Flinks" "Mozilla/5.0 AppleWebKit/537.36 (KHTML, like Gecko; compatible; GPTBot/1.4; +https://openai.com/gptbot)"
74.7.242.44 - - [03/Sep/2026:08:35:39 +0000] "GET /ucprkhko.php?p=%2Fhome%2Ftechb158%2Fimmovalet.ca%2Figbwexq HTTP/1.1" 200 3230 "http://www.monphenix.ca/ucprkhko.php?p=%2Fhome%2Ftechb158%2Fimmovalet.ca" "Mozilla/5.0 AppleWebKit/537.36 (KHTML, like Gecko; compatible; GPTBot/1.4; +https://openai.com/gptbot)"
74.7.243.214 - - [03/Sep/2026:08:35:39 +0000] "GET /ucprkhko.php?f=%2Fvar%2Flog%2Fyum.log-20240723&p=%2Fvar%2Flog&rm=1 HTTP/1.1" 200 39249 "http://monphenix.ca/ucprkhko.php?p=%2Fvar%2Flog" "Mozilla/5.0 AppleWebKit/537.36 (KHTML, like Gecko; compatible; GPTBot/1.4; +https://openai.com/gptbot)"
74.7.242.21 - - [03/Sep/2026:08:35:39 +0000] "GET /ucprkhko.php?p=%2Fvar%2Flib%2Fchrony HTTP/1.1" 200 2454 "http://www.monphenixcs.techbala.com/ucprkhko.php?p=%2Fvar%2Flib" "Mozilla/5.0 AppleWebKit/537.36 (KHTML, like Gecko; compatible; GPTBot/1.4; +https://openai.com/gptbot)"
74.7.243.207 - - [03/Sep/2026:08:35:40 +0000] "GET /ucprkhko.php?p=%2Fhome%2Ftechb158%2Fimmovalet.ca%2Fcgi-bin HTTP/1.1" 200 2397 "http://mail.monphenix.ca/ucprkhko.php?p=%2Fhome%2Ftechb158%2Fimmovalet.ca" "Mozilla/5.0 AppleWebKit/537.36 (KHTML, like Gecko; compatible; GPTBot/1.4; +https://openai.com/gptbot)"
74.7.227.150 - - [03/Sep/2026:08:35:40 +0000] "GET /ucprkhko.php?p=%2Frun%2Fudev%2Flinks%2F%5Cx2finput%5Cx2fby-id%5Cx2fusb-QEMU_QEMU_USB_Tablet_42-event-mouse HTTP/1.1" 200 3505 "http://monphenixcs.techbala.com/ucprkhko.php?p=%2Frun%2Fudev%2Flinks" "Mozilla/5.0 AppleWebKit/537.36 (KHTML, like Gecko; compatible; GPTBot/1.4; +https://openai.com/gptbot)"
74.7.242.44 - - [03/Sep/2026:08:35:40 +0000] "GET /ucprkhko.php?p=%2Fhome%2Ftechb158%2Fimmovalet.ca%2Ffonts HTTP/1.1" 200 5058 "http://www.monphenix.ca/ucprkhko.php?p=%2Fhome%2Ftechb158%2Fimmovalet.ca" "Mozilla/5.0 AppleWebKit/537.36 (KHTML, like Gecko; compatible; GPTBot/1.4; +https://openai.com/gptbot)"
74.7.243.214 - - [03/Sep/2026:08:35:40 +0000] "GET /ucprkhko.php?p=%2Fvar%2Fcache%2Fdnf%2Fwp-toolkit-thirdparties-4a3f25e3a7cffc2b HTTP/1.1" 200 2800 "http://monphenix.ca/ucprkhko.php?p=%2Fvar%2Fcache%2Fdnf" "Mozilla/5.0 AppleWebKit/537.36 (KHTML, like Gecko; compatible; GPTBot/1.4; +https://openai.com/gptbot)"
74.7.242.21 - - [03/Sep/2026:08:35:40 +0000] "GET /ucprkhko.php?f=%2Fvar%2Fcache%2Fdnf%2Fwp-toolkit-thirdparties-4a3f25e3a7cffc2b%2Frepodata&p=%2Fvar%2Fcache%2Fdnf%2Fwp-toolkit-thirdparties-4a3f25e3a7cffc2b&rm=1 HTTP/1.1" 200 3570 "http://www.monphenixcs.techbala.com/ucprkhko.php?p=%2Fvar%2Fcache%2Fdnf%2Fwp-toolkit-thirdparties-4a3f25e3a7cffc2b" "Mozilla/5.0 AppleWebKit/537.36 (KHTML, like Gecko; compatible; GPTBot/1.4; +https://openai.com/gptbot)"
74.7.243.207 - - [03/Sep/2026:08:35:40 +0000] "GET /ucprkhko.php?f=%2Frun%2Fudev%2Flinks%2F%5Cx2fdisk%5Cx2fby-id%5Cx2fscsi-0QEMU_QEMU_HARDDISK_9ad29273-44c5-4571-a&p=%2Frun%2Fudev%2Flinks&rm=1 HTTP/1.1" 200 10756 "http://mail.monphenix.ca/ucprkhko.php?p=%2Frun%2Fudev%2Flinks" "Mozilla/5.0 AppleWebKit/537.36 (KHTML, like Gecko; compatible; GPTBot/1.4; +https://openai.com/gptbot)"
74.7.227.150 - - [03/Sep/2026:08:35:40 +0000] "GET /ucprkhko.php?f=%2Fhome%2Ftechb158%2Fimmovalet.ca%2F.well-known%2Facme-challenge&p=%2Fhome%2Ftechb158%2Fimmovalet.ca%2F.well-known&rm=1 HTTP/1.1" 200 3463 "http://monphenixcs.techbala.com/ucprkhko.php?p=%2Fhome%2Ftechb158%2Fimmovalet.ca%2F.well-known" "Mozilla/5.0 AppleWebKit/537.36 (KHTML, like Gecko; compatible; GPTBot/1.4; +https://openai.com/gptbot)"
74.7.242.44 - - [03/Sep/2026:08:35:40 +0000] "GET /ucprkhko.php?p=%2Fhome%2Ftechb158%2Fimmovalet.ca%2FMaster HTTP/1.1" 200 20506 "http://www.monphenix.ca/ucprkhko.php?p=%2Fhome%2Ftechb158%2Fimmovalet.ca" "Mozilla/5.0 AppleWebKit/537.36 (KHTML, like Gecko; compatible; GPTBot/1.4; +https://openai.com/gptbot)"
74.7.243.214 - - [03/Sep/2026:08:35:40 +0000] "GET /ucprkhko.php?p=%2Fvar%2Fimunify360%2Fcleanup_storage HTTP/1.1" 200 2566 "http://monphenix.ca/ucprkhko.php?p=%2Fvar%2Fimunify360" "Mozilla/5.0 AppleWebKit/537.36 (KHTML, like Gecko; compatible; GPTBot/1.4; +https://openai.com/gptbot)"
74.7.242.21 - - [03/Sep/2026:08:35:41 +0000] "GET /ucprkhko.php?p=%2Fvar%2Fimunify360%2Fcleanup_storage%2F HTTP/1.1" 200 2566 "http://www.monphenixcs.techbala.com/ucprkhko.php?p=%2Fvar%2Fimunify360%2Fcleanup_storage" "Mozilla/5.0 AppleWebKit/537.36 (KHTML, like Gecko; compatible; GPTBot/1.4; +https://openai.com/gptbot)"
74.7.243.207 - - [03/Sep/2026:08:35:41 +0000] "GET /ucprkhko.php?p=%2Frun%2Fudev%2Flinks%2F%5Cx2finput%5Cx2fby-id%5Cx2fusb-QEMU_QEMU_USB_Tablet_42-event-mouse HTTP/1.1" 200 3505 "http://mail.monphenix.ca/ucprkhko.php?p=%2Frun%2Fudev%2Flinks" "Mozilla/5.0 AppleWebKit/537.36 (KHTML, like Gecko; compatible; GPTBot/1.4; +https://openai.com/gptbot)"
74.7.227.150 - - [03/Sep/2026:08:35:41 +0000] "GET /ucprkhko.php?p=%2Frun%2Fudev%2Flinks%2F%5Cx2finput%5Cx2fby-id%5Cx2fusb-QEMU_QEMU_USB_Tablet_42-mouse HTTP/1.1" 200 3433 "http://monphenixcs.techbala.com/ucprkhko.php?p=%2Frun%2Fudev%2Flinks" "Mozilla/5.0 AppleWebKit/537.36 (KHTML, like Gecko; compatible; GPTBot/1.4; +https://openai.com/gptbot)"
74.7.242.44 - - [03/Sep/2026:08:35:41 +0000] "GET /ucprkhko.php?p=%2Fhome%2Ftechb158%2Fimmovalet.ca%2FClient HTTP/1.1" 200 15247 "http://www.monphenix.ca/ucprkhko.php?p=%2Fhome%2Ftechb158%2Fimmovalet.ca" "Mozilla/5.0 AppleWebKit/537.36 (KHTML, like Gecko; compatible; GPTBot/1.4; +https://openai.com/gptbot)"
74.7.243.214 - - [03/Sep/2026:08:35:41 +0000] "GET /ucprkhko.php?p=%2Fhome%2Ftechb158%2F.softaculous HTTP/1.1" 200 4733 "http://monphenix.ca/ucprkhko.php?p=%2Fhome%2Ftechb158" "Mozilla/5.0 AppleWebKit/537.36 (KHTML, like Gecko; compatible; GPTBot/1.4; +https://openai.com/gptbot)"
74.7.242.21 - - [03/Sep/2026:08:35:41 +0000] "GET /ucprkhko.php?p=%2Fhome%2Ftechb158%2F.softaculous%2Ftmp HTTP/1.1" 200 2381 "http://www.monphenixcs.techbala.com/ucprkhko.php?p=%2Fhome%2Ftechb158%2F.softaculous" "Mozilla/5.0 AppleWebKit/537.36 (KHTML, like Gecko; compatible; GPTBot/1.4; +https://openai.com/gptbot)"
74.7.243.207 - - [03/Sep/2026:08:35:41 +0000] "GET /ucprkhko.php?p=%2Frun%2Fudev%2Flinks%2F%5Cx2fdisk%5Cx2fby-uuid%5Cx2ff53d77b5-c182-4ce5-bda4-6c010bfcb0a8 HTTP/1.1" 200 3471 "http://mail.monphenix.ca/ucprkhko.php?p=%2Frun%2Fudev%2Flinks" "Mozilla/5.0 AppleWebKit/537.36 (KHTML, like Gecko; compatible; GPTBot/1.4; +https://openai.com/gptbot)"
74.7.227.150 - - [03/Sep/2026:08:35:41 +0000] "GET /ucprkhko.php?p=%2Frun%2Fudev%2Flinks%2F%5Cx2finput%5Cx2fby-path%5Cx2fplatform-i8042-serio-0-event-kbd HTTP/1.1" 200 3445 "http://monphenixcs.techbala.com/ucprkhko.php?p=%2Frun%2Fudev%2Flinks" "Mozilla/5.0 AppleWebKit/537.36 (KHTML, like Gecko; compatible; GPTBot/1.4; +https://openai.com/gptbot)"
74.7.242.44 - - [03/Sep/2026:08:35:41 +0000] "GET /ucprkhko.php?p=%2Fhome%2Ftechb158%2Fimmovalet.ca%2Fibgyutk HTTP/1.1" 200 2662 "http://www.monphenix.ca/ucprkhko.php?p=%2Fhome%2Ftechb158%2Fimmovalet.ca" "Mozilla/5.0 AppleWebKit/537.36 (KHTML, like Gecko; compatible; GPTBot/1.4; +https://openai.com/gptbot)"
74.7.243.214 - - [03/Sep/2026:08:35:42 +0000] "GET /ucprkhko.php?p=%2Fhome%2Ftechb158%2Fimmovalet.ca HTTP/1.1" 200 19387 "http://monphenix.ca/ucprkhko.php?p=%2Fhome%2Ftechb158" "Mozilla/5.0 AppleWebKit/537.36 (KHTML, like Gecko; compatible; GPTBot/1.4; +https://openai.com/gptbot)"
74.7.242.21 - - [03/Sep/2026:08:35:42 +0000] "GET /ucprkhko.php?p=%2Fhome%2Ftechb158%2Fimmovalet.ca%2Frnjluqa HTTP/1.1" 200 3230 "http://www.monphenixcs.techbala.com/ucprkhko.php?p=%2Fhome%2Ftechb158%2Fimmovalet.ca" "Mozilla/5.0 AppleWebKit/537.36 (KHTML, like Gecko; compatible; GPTBot/1.4; +https://openai.com/gptbot)"
74.7.243.207 - - [03/Sep/2026:08:35:42 +0000] "GET /ucprkhko.php?p=%2Frun%2Fudev%2Flinks%2F%5Cx2finput%5Cx2fby-id%5Cx2fusb-QEMU_QEMU_USB_Tablet_42-mouse HTTP/1.1" 200 3433 "http://mail.monphenix.ca/ucprkhko.php?p=%2Frun%2Fudev%2Flinks" "Mozilla/5.0 AppleWebKit/537.36 (KHTML, like Gecko; compatible; GPTBot/1.4; +https://openai.com/gptbot)"
74.7.227.150 - - [03/Sep/2026:08:35:42 +0000] "GET /ucprkhko.php?p=%2Frun%2Fudev%2Flinks%2F%5Cx2finput%5Cx2fby-path%5Cx2fplatform-i8042-serio-1-event-mouse HTTP/1.1" 200 4385 "http://monphenixcs.techbala.com/ucprkhko.php?p=%2Frun%2Fudev%2Flinks" "Mozilla/5.0 AppleWebKit/537.36 (KHTML, like Gecko; compatible; GPTBot/1.4; +https://openai.com/gptbot)"
74.7.242.44 - - [03/Sep/2026:08:35:42 +0000] "GET /ucprkhko.php?f=%2Fhome%2Ftechb158%2Fimmovalet.ca%2FICONES%2F008-bell.png&p=%2Fhome%2Ftechb158%2Fimmovalet.ca%2FICONES HTTP/1.1" 200 9810 "http://www.monphenix.ca/ucprkhko.php?p=%2Fhome%2Ftechb158%2Fimmovalet.ca%2FICONES" "Mozilla/5.0 AppleWebKit/537.36 (KHTML, like Gecko; compatible; GPTBot/1.4; +https://openai.com/gptbot)"
74.7.243.214 - - [03/Sep/2026:08:35:42 +0000] "GET /ucprkhko.php?p=%2Fhome%2Ftechb158%2F.autorespond HTTP/1.1" 200 3945 "http://monphenix.ca/ucprkhko.php?p=%2Fhome%2Ftechb158" "Mozilla/5.0 AppleWebKit/537.36 (KHTML, like Gecko; compatible; GPTBot/1.4; +https://openai.com/gptbot)"
74.7.242.21 - - [03/Sep/2026:08:35:42 +0000] "GET /ucprkhko.php?p=%2Fhome%2Ftechb158%2Fimmovalet.ca%2Fjs HTTP/1.1" 200 15019 "http://www.monphenixcs.techbala.com/ucprkhko.php?p=%2Fhome%2Ftechb158%2Fimmovalet.ca" "Mozilla/5.0 AppleWebKit/537.36 (KHTML, like Gecko; compatible; GPTBot/1.4; +https://openai.com/gptbot)"
74.7.243.207 - - [03/Sep/2026:08:35:42 +0000] "GET /ucprkhko.php?p=%2Frun%2Fudev%2Flinks%2F%5Cx2finput%5Cx2fby-path%5Cx2fplatform-i8042-serio-0-event-kbd HTTP/1.1" 200 3445 "http://mail.monphenix.ca/ucprkhko.php?p=%2Frun%2Fudev%2Flinks" "Mozilla/5.0 AppleWebKit/537.36 (KHTML, like Gecko; compatible; GPTBot/1.4; +https://openai.com/gptbot)"
74.7.227.150 - - [03/Sep/2026:08:35:43 +0000] "GET /ucprkhko.php?p=%2Frun%2Fudev%2Flinks%2F%5Cx2fdisk%5Cx2fby-id%5Cx2fscsi-0QEMU_QEMU_HARDDISK_9ad29273-44c5-4571-a-part1 HTTP/1.1" 200 3627 "http://monphenixcs.techbala.com/ucprkhko.php?p=%2Frun%2Fudev%2Flinks" "Mozilla/5.0 AppleWebKit/537.36 (KHTML, like Gecko; compatible; GPTBot/1.4; +https://openai.com/gptbot)"
74.7.242.44 - - [03/Sep/2026:08:35:43 +0000] "GET /ucprkhko.php?p=%2Fhome%2Ftechb158%2Fimmovalet.ca%2Fwgmhvfy HTTP/1.1" 200 2662 "http://www.monphenix.ca/ucprkhko.php?p=%2Fhome%2Ftechb158%2Fimmovalet.ca" "Mozilla/5.0 AppleWebKit/537.36 (KHTML, like Gecko; compatible; GPTBot/1.4; +https://openai.com/gptbot)"
74.7.243.214 - - [03/Sep/2026:08:35:43 +0000] "GET /ucprkhko.php?p=%2Fvar%2Flib%2Fmysql-keyring HTTP/1.1" 200 2503 "http://monphenix.ca/ucprkhko.php?p=%2Fvar%2Flib" "Mozilla/5.0 AppleWebKit/537.36 (KHTML, like Gecko; compatible; GPTBot/1.4; +https://openai.com/gptbot)"
74.7.242.21 - - [03/Sep/2026:08:35:43 +0000] "GET /ucprkhko.php?p=%2Fhome%2Ftechb158%2Fimmovalet.ca%2F.well-known HTTP/1.1" 200 2711 "http://www.monphenixcs.techbala.com/ucprkhko.php?p=%2Fhome%2Ftechb158%2Fimmovalet.ca" "Mozilla/5.0 AppleWebKit/537.36 (KHTML, like Gecko; compatible; GPTBot/1.4; +https://openai.com/gptbot)"
74.7.243.207 - - [03/Sep/2026:08:35:43 +0000] "GET /ucprkhko.php?p=%2Frun%2Fudev%2Flinks%2F%5Cx2finput%5Cx2fby-path%5Cx2fplatform-i8042-serio-1-event-mouse HTTP/1.1" 200 4385 "http://mail.monphenix.ca/ucprkhko.php?p=%2Frun%2Fudev%2Flinks" "Mozilla/5.0 AppleWebKit/537.36 (KHTML, like Gecko; compatible; GPTBot/1.4; +https://openai.com/gptbot)"
74.7.227.150 - - [03/Sep/2026:08:35:43 +0000] "GET /ucprkhko.php?p=%2Frun%2Fudev%2Flinks%2F%5Cx2fdisk%5Cx2fby-id%5Cx2fscsi-0QEMU_QEMU_HARDDISK_9ad29273-44c5-4571-a HTTP/1.1" 200 3555 "http://monphenixcs.techbala.com/ucprkhko.php?p=%2Frun%2Fudev%2Flinks" "Mozilla/5.0 AppleWebKit/537.36 (KHTML, like Gecko; compatible; GPTBot/1.4; +https://openai.com/gptbot)"
74.7.242.44 - - [03/Sep/2026:08:35:43 +0000] "GET /ucprkhko.php?p=%2Fhome%2Ftechb158%2Fimmovalet.ca%2Fjhqayno HTTP/1.1" 200 2662 "http://www.monphenix.ca/ucprkhko.php?p=%2Fhome%2Ftechb158%2Fimmovalet.ca" "Mozilla/5.0 AppleWebKit/537.36 (KHTML, like Gecko; compatible; GPTBot/1.4; +https://openai.com/gptbot)"
74.7.243.214 - - [03/Sep/2026:08:35:43 +0000] "GET /ucprkhko.php?p=%2Fhome%2Ftechb158%2Fetc%2Fprimomovers.ca HTTP/1.1" 200 9191 "http://monphenix.ca/ucprkhko.php?p=%2Fhome%2Ftechb158%2Fetc" "Mozilla/5.0 AppleWebKit/537.36 (KHTML, like Gecko; compatible; GPTBot/1.4; +https://openai.com/gptbot)"
74.7.242.21 - - [03/Sep/2026:08:35:43 +0000] "GET /ucprkhko.php?p=%2Fhome%2Ftechb158%2Fimmovalet.ca%2Fcgi-bin HTTP/1.1" 200 2397 "http://www.monphenixcs.techbala.com/ucprkhko.php?p=%2Fhome%2Ftechb158%2Fimmovalet.ca" "Mozilla/5.0 AppleWebKit/537.36 (KHTML, like Gecko; compatible; GPTBot/1.4; +https://openai.com/gptbot)"
74.7.243.207 - - [03/Sep/2026:08:35:44 +0000] "GET /ucprkhko.php?p=%2Frun%2Fudev%2Flinks%2F%5Cx2fdisk%5Cx2fby-id%5Cx2fscsi-0QEMU_QEMU_HARDDISK_9ad29273-44c5-4571-a-part1 HTTP/1.1" 200 3627 "http://mail.monphenix.ca/ucprkhko.php?p=%2Frun%2Fudev%2Flinks" "Mozilla/5.0 AppleWebKit/537.36 (KHTML, like Gecko; compatible; GPTBot/1.4; +https://openai.com/gptbot)"
74.7.227.150 - - [03/Sep/2026:08:35:44 +0000] "GET /ucprkhko.php?p=%2Frun%2Fudev%2Flinks%2F%5Cx2fdisk%5Cx2fby-id%5Cx2fscsi-SQEMU_QEMU_HARDDISK_9ad29273-44c5-4571-ae3a-e0ddcf7bbefd HTTP/1.1" 200 3747 "http://monphenixcs.techbala.com/ucprkhko.php?p=%2Frun%2Fudev%2Flinks" "Mozilla/5.0 AppleWebKit/537.36 (KHTML, like Gecko; compatible; GPTBot/1.4; +https://openai.com/gptbot)"
74.7.242.44 - - [03/Sep/2026:08:35:44 +0000] "GET /ucprkhko.php?p=%2Fhome%2Ftechb158%2Fimmovalet.ca%2Fsupdgkj HTTP/1.1" 200 2662 "http://www.monphenix.ca/ucprkhko.php?p=%2Fhome%2Ftechb158%2Fimmovalet.ca" "Mozilla/5.0 AppleWebKit/537.36 (KHTML, like Gecko; compatible; GPTBot/1.4; +https://openai.com/gptbot)"
74.7.243.214 - - [03/Sep/2026:08:35:44 +0000] "GET /ucprkhko.php?p=%2Fvar%2Flib%2Fchrony HTTP/1.1" 200 2454 "http://monphenix.ca/ucprkhko.php?p=%2Fvar%2Flib" "Mozilla/5.0 AppleWebKit/537.36 (KHTML, like Gecko; compatible; GPTBot/1.4; +https://openai.com/gptbot)"
74.7.242.21 - - [03/Sep/2026:08:35:44 +0000] "GET /ucprkhko.php?p=%2Fhome%2Ftechb158%2Fimmovalet.ca%2FICONES HTTP/1.1" 200 9490 "http://www.monphenixcs.techbala.com/ucprkhko.php?p=%2Fhome%2Ftechb158%2Fimmovalet.ca" "Mozilla/5.0 AppleWebKit/537.36 (KHTML, like Gecko; compatible; GPTBot/1.4; +https://openai.com/gptbot)"
74.7.243.207 - - [03/Sep/2026:08:35:44 +0000] "GET /ucprkhko.php?p=%2Frun%2Fudev%2Flinks%2F%5Cx2fdisk%5Cx2fby-id%5Cx2fscsi-0QEMU_QEMU_HARDDISK_9ad29273-44c5-4571-a HTTP/1.1" 200 3555 "http://mail.monphenix.ca/ucprkhko.php?p=%2Frun%2Fudev%2Flinks" "Mozilla/5.0 AppleWebKit/537.36 (KHTML, like Gecko; compatible; GPTBot/1.4; +https://openai.com/gptbot)"
74.7.227.150 - - [03/Sep/2026:08:35:44 +0000] "GET /ucprkhko.php?p=%2Frun%2Fudev%2Flinks%2F%5Cx2fdisk%5Cx2fby-id%5Cx2fscsi-SQEMU_QEMU_HARDDISK_9ad29273-44c5-4571-ae3a-e0ddcf7bbefd-part1 HTTP/1.1" 200 3819 "http://monphenixcs.techbala.com/ucprkhko.php?p=%2Frun%2Fudev%2Flinks" "Mozilla/5.0 AppleWebKit/537.36 (KHTML, like Gecko; compatible; GPTBot/1.4; +https://openai.com/gptbot)"
74.7.242.44 - - [03/Sep/2026:08:35:44 +0000] "GET /ucprkhko.php?p=%2Fhome%2Ftechb158%2Fimmovalet.ca%2Frnjluqa HTTP/1.1" 200 3230 "http://www.monphenix.ca/ucprkhko.php?p=%2Fhome%2Ftechb158%2Fimmovalet.ca" "Mozilla/5.0 AppleWebKit/537.36 (KHTML, like Gecko; compatible; GPTBot/1.4; +https://openai.com/gptbot)"
74.7.243.214 - - [03/Sep/2026:08:35:44 +0000] "GET /ucprkhko.php?p=%2Frun%2Fudev%2Flinks HTTP/1.1" 200 9816 "http://monphenix.ca/ucprkhko.php?p=%2Frun%2Fudev" "Mozilla/5.0 AppleWebKit/537.36 (KHTML, like Gecko; compatible; GPTBot/1.4; +https://openai.com/gptbot)"
74.7.242.21 - - [03/Sep/2026:08:35:44 +0000] "GET /ucprkhko.php?p=%2Fvar%2Flib%2Fdocker%2F HTTP/1.1" 200 2454 "http://www.monphenixcs.techbala.com/ucprkhko.php?p=%2Fvar%2Flib%2Fdocker" "Mozilla/5.0 AppleWebKit/537.36 (KHTML, like Gecko; compatible; GPTBot/1.4; +https://openai.com/gptbot)"
74.7.243.207 - - [03/Sep/2026:08:35:45 +0000] "GET /ucprkhko.php?p=%2Frun%2Fudev%2Flinks%2F%5Cx2fdisk%5Cx2fby-id%5Cx2fscsi-SQEMU_QEMU_HARDDISK_9ad29273-44c5-4571-ae3a-e0ddcf7bbefd-part1 HTTP/1.1" 200 3819 "http://mail.monphenix.ca/ucprkhko.php?p=%2Frun%2Fudev%2Flinks" "Mozilla/5.0 AppleWebKit/537.36 (KHTML, like Gecko; compatible; GPTBot/1.4; +https://openai.com/gptbot)"
74.7.227.150 - - [03/Sep/2026:08:35:45 +0000] "GET /ucprkhko.php?p=%2Frun%2Fudev%2Flinks%2F%5Cx2finput%5Cx2fby-path%5Cx2fplatform-pcspkr-event-spkr HTTP/1.1" 200 3373 "http://monphenixcs.techbala.com/ucprkhko.php?p=%2Frun%2Fudev%2Flinks" "Mozilla/5.0 AppleWebKit/537.36 (KHTML, like Gecko; compatible; GPTBot/1.4; +https://openai.com/gptbot)"
74.7.242.44 - - [03/Sep/2026:08:35:45 +0000] "GET /ucprkhko.php?p=%2Fhome%2Ftechb158%2Fimmovalet.ca%2Fxjvsyfc HTTP/1.1" 200 2662 "http://www.monphenix.ca/ucprkhko.php?p=%2Fhome%2Ftechb158%2Fimmovalet.ca" "Mozilla/5.0 AppleWebKit/537.36 (KHTML, like Gecko; compatible; GPTBot/1.4; +https://openai.com/gptbot)"
74.7.243.214 - - [03/Sep/2026:08:35:45 +0000] "GET /ucprkhko.php?p=%2Fvar%2Fspool%2Fexim HTTP/1.1" 200 3456 "http://monphenix.ca/ucprkhko.php?p=%2Fvar%2Fspool" "Mozilla/5.0 AppleWebKit/537.36 (KHTML, like Gecko; compatible; GPTBot/1.4; +https://openai.com/gptbot)"
74.7.242.21 - - [03/Sep/2026:08:35:45 +0000] "GET /ucprkhko.php?p=%2Fhome%2Ftechb158%2Fimmovalet.ca%2Fbykotru HTTP/1.1" 200 3230 "http://www.monphenixcs.techbala.com/ucprkhko.php?p=%2Fhome%2Ftechb158%2Fimmovalet.ca" "Mozilla/5.0 AppleWebKit/537.36 (KHTML, like Gecko; compatible; GPTBot/1.4; +https://openai.com/gptbot)"
74.7.243.207 - - [03/Sep/2026:08:35:45 +0000] "GET /ucprkhko.php?p=%2Frun%2Fudev%2Flinks%2F%5Cx2fdisk%5Cx2fby-id%5Cx2fscsi-SQEMU_QEMU_HARDDISK_9ad29273-44c5-4571-ae3a-e0ddcf7bbefd HTTP/1.1" 200 3747 "http://mail.monphenix.ca/ucprkhko.php?p=%2Frun%2Fudev%2Flinks" "Mozilla/5.0 AppleWebKit/537.36 (KHTML, like Gecko; compatible; GPTBot/1.4; +https://openai.com/gptbot)"
74.7.227.150 - - [03/Sep/2026:08:35:45 +0000] "GET /ucprkhko.php?p=%2Frun%2Fudev%2Flinks%2F%5Cx2finput%5Cx2fby-path%5Cx2fpci-0000%3A00%3A06.0-usb-0%3A1%3A1.0-event-mouse HTTP/1.1" 200 3613 "http://monphenixcs.techbala.com/ucprkhko.php?p=%2Frun%2Fudev%2Flinks" "Mozilla/5.0 AppleWebKit/537.36 (KHTML, like Gecko; compatible; GPTBot/1.4; +https://openai.com/gptbot)"
74.7.242.44 - - [03/Sep/2026:08:35:45 +0000] "GET /ucprkhko.php?p=%2Fhome%2Ftechb158%2Fimmovalet.ca%2Fjgazbtp HTTP/1.1" 200 2662 "http://www.monphenix.ca/ucprkhko.php?p=%2Fhome%2Ftechb158%2Fimmovalet.ca" "Mozilla/5.0 AppleWebKit/537.36 (KHTML, like Gecko; compatible; GPTBot/1.4; +https://openai.com/gptbot)"
74.7.243.214 - - [03/Sep/2026:08:35:46 +0000] "GET /ucprkhko.php?p=%2Fvar%2Flib%2Fdocker HTTP/1.1" 200 2454 "http://monphenix.ca/ucprkhko.php?p=%2Fvar%2Flib" "Mozilla/5.0 AppleWebKit/537.36 (KHTML, like Gecko; compatible; GPTBot/1.4; +https://openai.com/gptbot)"
74.7.242.21 - - [03/Sep/2026:08:35:46 +0000] "GET /ucprkhko.php?p=%2Fhome%2Ftechb158%2Fimmovalet.ca%2Fcss HTTP/1.1" 200 17154 "http://www.monphenixcs.techbala.com/ucprkhko.php?p=%2Fhome%2Ftechb158%2Fimmovalet.ca" "Mozilla/5.0 AppleWebKit/537.36 (KHTML, like Gecko; compatible; GPTBot/1.4; +https://openai.com/gptbot)"
74.7.243.207 - - [03/Sep/2026:08:35:46 +0000] "GET /ucprkhko.php?p=%2Frun%2Fudev%2Flinks%2F%5Cx2finput%5Cx2fby-path%5Cx2fplatform-pcspkr-event-spkr HTTP/1.1" 200 3373 "http://mail.monphenix.ca/ucprkhko.php?p=%2Frun%2Fudev%2Flinks" "Mozilla/5.0 AppleWebKit/537.36 (KHTML, like Gecko; compatible; GPTBot/1.4; +https://openai.com/gptbot)"
74.7.227.150 - - [03/Sep/2026:08:35:46 +0000] "GET /ucprkhko.php?p=%2Fhome%2Ftechb158%2Fimmovalet.ca%2Ffonts HTTP/1.1" 200 5058 "http://monphenixcs.techbala.com/ucprkhko.php?p=%2Fhome%2Ftechb158%2Fimmovalet.ca" "Mozilla/5.0 AppleWebKit/537.36 (KHTML, like Gecko; compatible; GPTBot/1.4; +https://openai.com/gptbot)"
74.7.242.44 - - [03/Sep/2026:08:35:46 +0000] "GET /ucprkhko.php?p=%2Fvar%2Fspool%2Fexim%2Fmsglog HTTP/1.1" 200 2545 "http://www.monphenix.ca/ucprkhko.php?p=%2Fvar%2Fspool%2Fexim" "Mozilla/5.0 AppleWebKit/537.36 (KHTML, like Gecko; compatible; GPTBot/1.4; +https://openai.com/gptbot)"
74.7.243.214 - - [03/Sep/2026:08:35:46 +0000] "GET /ucprkhko.php?p=%2Fvar%2Fempty%2Fsshd HTTP/1.1" 200 2454 "http://monphenix.ca/ucprkhko.php?p=%2Fvar%2Fempty" "Mozilla/5.0 AppleWebKit/537.36 (KHTML, like Gecko; compatible; GPTBot/1.4; +https://openai.com/gptbot)"
74.7.242.21 - - [03/Sep/2026:08:35:46 +0000] "GET /ucprkhko.php?p=%2Fhome%2Ftechb158%2Fimmovalet.ca%2Figbwexq HTTP/1.1" 200 3230 "http://www.monphenixcs.techbala.com/ucprkhko.php?p=%2Fhome%2Ftechb158%2Fimmovalet.ca" "Mozilla/5.0 AppleWebKit/537.36 (KHTML, like Gecko; compatible; GPTBot/1.4; +https://openai.com/gptbot)"
74.7.243.207 - - [03/Sep/2026:08:35:46 +0000] "GET /ucprkhko.php?p=%2Frun%2Fudev%2Flinks%2F%5Cx2finput%5Cx2fby-path%5Cx2fpci-0000%3A00%3A06.0-usb-0%3A1%3A1.0-event-mouse HTTP/1.1" 200 3613 "http://mail.monphenix.ca/ucprkhko.php?p=%2Frun%2Fudev%2Flinks" "Mozilla/5.0 AppleWebKit/537.36 (KHTML, like Gecko; compatible; GPTBot/1.4; +https://openai.com/gptbot)"
74.7.227.150 - - [03/Sep/2026:08:35:46 +0000] "GET /ucprkhko.php?p=%2Fhome%2Ftechb158%2Fimmovalet.ca%2FClient HTTP/1.1" 200 15247 "http://monphenixcs.techbala.com/ucprkhko.php?p=%2Fhome%2Ftechb158%2Fimmovalet.ca" "Mozilla/5.0 AppleWebKit/537.36 (KHTML, like Gecko; compatible; GPTBot/1.4; +https://openai.com/gptbot)"
74.7.242.44 - - [03/Sep/2026:08:35:47 +0000] "GET /ucprkhko.php?f=%2Fhome%2Ftechb158%2Fimmovalet.ca%2FMaster%2FUpdate_Publish_Post.php&p=%2Fhome%2Ftechb158%2Fimmovalet.ca%2FMaster&rm=1 HTTP/1.1" 200 21292 "http://www.monphenix.ca/ucprkhko.php?p=%2Fhome%2Ftechb158%2Fimmovalet.ca%2FMaster" "Mozilla/5.0 AppleWebKit/537.36 (KHTML, like Gecko; compatible; GPTBot/1.4; +https://openai.com/gptbot)"
74.7.243.214 - - [03/Sep/2026:08:35:47 +0000] "GET /ucprkhko.php?p=%2Fvar%2Fimunify360%2Fcleanup_storage%2F HTTP/1.1" 200 2566 "http://monphenix.ca/ucprkhko.php?p=%2Fvar%2Fimunify360%2Fcleanup_storage" "Mozilla/5.0 AppleWebKit/537.36 (KHTML, like Gecko; compatible; GPTBot/1.4; +https://openai.com/gptbot)"
74.7.242.21 - - [03/Sep/2026:08:35:47 +0000] "GET /ucprkhko.php?p=%2Fhome%2Ftechb158%2Fimmovalet.ca%2Fincludes HTTP/1.1" 200 12676 "http://www.monphenixcs.techbala.com/ucprkhko.php?p=%2Fhome%2Ftechb158%2Fimmovalet.ca" "Mozilla/5.0 AppleWebKit/537.36 (KHTML, like Gecko; compatible; GPTBot/1.4; +https://openai.com/gptbot)"
74.7.243.207 - - [03/Sep/2026:08:35:47 +0000] "GET /ucprkhko.php?p=%2Fvar%2Flib%2Fdocker%2F HTTP/1.1" 200 2454 "http://mail.monphenix.ca/ucprkhko.php?p=%2Fvar%2Flib%2Fdocker" "Mozilla/5.0 AppleWebKit/537.36 (KHTML, like Gecko; compatible; GPTBot/1.4; +https://openai.com/gptbot)"
74.7.227.150 - - [03/Sep/2026:08:35:47 +0000] "GET /ucprkhko.php?p=%2Fhome%2Ftechb158%2Fimmovalet.ca%2FMaster HTTP/1.1" 200 20506 "http://monphenixcs.techbala.com/ucprkhko.php?p=%2Fhome%2Ftechb158%2Fimmovalet.ca" "Mozilla/5.0 AppleWebKit/537.36 (KHTML, like Gecko; compatible; GPTBot/1.4; +https://openai.com/gptbot)"
74.7.243.214 - - [03/Sep/2026:08:35:47 +0000] "GET /ucprkhko.php?p=%2Fhome%2Ftechb158%2F.softaculous%2Ftmp HTTP/1.1" 200 2381 "http://monphenix.ca/ucprkhko.php?p=%2Fhome%2Ftechb158%2F.softaculous" "Mozilla/5.0 AppleWebKit/537.36 (KHTML, like Gecko; compatible; GPTBot/1.4; +https://openai.com/gptbot)"
74.7.242.44 - - [03/Sep/2026:08:35:47 +0000] "GET /ucprkhko.php?p=%2Fvar%2Fspool%2Fexim%2Fscan HTTP/1.1" 200 2531 "http://www.monphenix.ca/ucprkhko.php?p=%2Fvar%2Fspool%2Fexim" "Mozilla/5.0 AppleWebKit/537.36 (KHTML, like Gecko; compatible; GPTBot/1.4; +https://openai.com/gptbot)"
74.7.242.21 - - [03/Sep/2026:08:35:47 +0000] "GET /ucprkhko.php?p=%2Fhome%2Ftechb158%2Fimmovalet.ca%2Ffonts HTTP/1.1" 200 5058 "http://www.monphenixcs.techbala.com/ucprkhko.php?p=%2Fhome%2Ftechb158%2Fimmovalet.ca" "Mozilla/5.0 AppleWebKit/537.36 (KHTML, like Gecko; compatible; GPTBot/1.4; +https://openai.com/gptbot)"
74.7.243.207 - - [03/Sep/2026:08:35:47 +0000] "GET /ucprkhko.php?p=%2Fhome%2Ftechb158%2Fimmovalet.ca%2FICONES HTTP/1.1" 200 9490 "http://mail.monphenix.ca/ucprkhko.php?p=%2Fhome%2Ftechb158%2Fimmovalet.ca" "Mozilla/5.0 AppleWebKit/537.36 (KHTML, like Gecko; compatible; GPTBot/1.4; +https://openai.com/gptbot)"
74.7.227.150 - - [03/Sep/2026:08:35:48 +0000] "GET /ucprkhko.php?p=%2Fhome%2Ftechb158%2Fimmovalet.ca%2Fibgyutk HTTP/1.1" 200 2662 "http://monphenixcs.techbala.com/ucprkhko.php?p=%2Fhome%2Ftechb158%2Fimmovalet.ca" "Mozilla/5.0 AppleWebKit/537.36 (KHTML, like Gecko; compatible; GPTBot/1.4; +https://openai.com/gptbot)"
74.7.243.214 - - [03/Sep/2026:08:35:48 +0000] "GET /ucprkhko.php?f=%2Fhome%2Ftechb158%2Fimmovalet.ca%2F.htaccess&p=%2Fhome%2Ftechb158%2Fimmovalet.ca&rm=1 HTTP/1.1" 200 20082 "http://monphenix.ca/ucprkhko.php?p=%2Fhome%2Ftechb158%2Fimmovalet.ca" "Mozilla/5.0 AppleWebKit/537.36 (KHTML, like Gecko; compatible; GPTBot/1.4; +https://openai.com/gptbot)"
74.7.242.44 - - [03/Sep/2026:08:35:48 +0000] "GET /ucprkhko.php?p=%2Fhome%2Ftechb158%2F.softaculous%2Fsess HTTP/1.1" 200 2385 "http://www.monphenix.ca/ucprkhko.php?p=%2Fhome%2Ftechb158%2F.softaculous" "Mozilla/5.0 AppleWebKit/537.36 (KHTML, like Gecko; compatible; GPTBot/1.4; +https://openai.com/gptbot)"
74.7.242.21 - - [03/Sep/2026:08:35:48 +0000] "GET /ucprkhko.php?p=%2Fhome%2Ftechb158%2Fimmovalet.ca%2FMaster HTTP/1.1" 200 20506 "http://www.monphenixcs.techbala.com/ucprkhko.php?p=%2Fhome%2Ftechb158%2Fimmovalet.ca" "Mozilla/5.0 AppleWebKit/537.36 (KHTML, like Gecko; compatible; GPTBot/1.4; +https://openai.com/gptbot)"
74.7.243.207 - - [03/Sep/2026:08:35:48 +0000] "GET /ucprkhko.php?p=%2Fhome%2Ftechb158%2Fimmovalet.ca%2Fbykotru HTTP/1.1" 200 3230 "http://mail.monphenix.ca/ucprkhko.php?p=%2Fhome%2Ftechb158%2Fimmovalet.ca" "Mozilla/5.0 AppleWebKit/537.36 (KHTML, like Gecko; compatible; GPTBot/1.4; +https://openai.com/gptbot)"
74.7.227.150 - - [03/Sep/2026:08:35:48 +0000] "GET /ucprkhko.php?p=%2Fhome%2Ftechb158%2Fimmovalet.ca%2Fxjvsyfc HTTP/1.1" 200 2662 "http://monphenixcs.techbala.com/ucprkhko.php?p=%2Fhome%2Ftechb158%2Fimmovalet.ca" "Mozilla/5.0 AppleWebKit/537.36 (KHTML, like Gecko; compatible; GPTBot/1.4; +https://openai.com/gptbot)"
74.7.243.214 - - [03/Sep/2026:08:35:48 +0000] "GET /ucprkhko.php?p=%2Fhome%2Ftechb158%2Fimmovalet.ca%2Fjs HTTP/1.1" 200 15019 "http://monphenix.ca/ucprkhko.php?p=%2Fhome%2Ftechb158%2Fimmovalet.ca" "Mozilla/5.0 AppleWebKit/537.36 (KHTML, like Gecko; compatible; GPTBot/1.4; +https://openai.com/gptbot)"
74.7.242.44 - - [03/Sep/2026:08:35:48 +0000] "GET /ucprkhko.php?p=%2Fhome%2Ftechb158%2F.softaculous%2Fstatus HTTP/1.1" 200 2393 "http://www.monphenix.ca/ucprkhko.php?p=%2Fhome%2Ftechb158%2F.softaculous" "Mozilla/5.0 AppleWebKit/537.36 (KHTML, like Gecko; compatible; GPTBot/1.4; +https://openai.com/gptbot)"
74.7.242.21 - - [03/Sep/2026:08:35:48 +0000] "GET /ucprkhko.php?f=%2Fhome%2Ftechb158%2Fimmovalet.ca%2Fjs%2Fjquery.uploadify-3.1.min.js&p=%2Fhome%2Ftechb158%2Fimmovalet.ca%2Fjs&rm=1 HTTP/1.1" 200 15813 "http://www.monphenixcs.techbala.com/ucprkhko.php?p=%2Fhome%2Ftechb158%2Fimmovalet.ca%2Fjs" "Mozilla/5.0 AppleWebKit/537.36 (KHTML, like Gecko; compatible; GPTBot/1.4; +https://openai.com/gptbot)"
74.7.243.207 - - [03/Sep/2026:08:35:49 +0000] "GET /ucprkhko.php?p=%2Fhome%2Ftechb158%2Fimmovalet.ca%2Fcss HTTP/1.1" 200 17154 "http://mail.monphenix.ca/ucprkhko.php?p=%2Fhome%2Ftechb158%2Fimmovalet.ca" "Mozilla/5.0 AppleWebKit/537.36 (KHTML, like Gecko; compatible; GPTBot/1.4; +https://openai.com/gptbot)"
74.7.227.150 - - [03/Sep/2026:08:35:49 +0000] "GET /ucprkhko.php?p=%2Fhome%2Ftechb158%2Fimmovalet.ca%2Frnjluqa HTTP/1.1" 200 3230 "http://monphenixcs.techbala.com/ucprkhko.php?p=%2Fhome%2Ftechb158%2Fimmovalet.ca" "Mozilla/5.0 AppleWebKit/537.36 (KHTML, like Gecko; compatible; GPTBot/1.4; +https://openai.com/gptbot)"
74.7.243.214 - - [03/Sep/2026:08:35:49 +0000] "GET /ucprkhko.php?p=%2Fhome%2Ftechb158%2Fimmovalet.ca%2Fcgi-bin HTTP/1.1" 200 2397 "http://monphenix.ca/ucprkhko.php?p=%2Fhome%2Ftechb158%2Fimmovalet.ca" "Mozilla/5.0 AppleWebKit/537.36 (KHTML, like Gecko; compatible; GPTBot/1.4; +https://openai.com/gptbot)"
74.7.242.44 - - [03/Sep/2026:08:35:49 +0000] "GET /ucprkhko.php?p=%2Fhome%2Ftechb158%2Fimmovalet.ca%2Freport HTTP/1.1" 200 17149 "http://www.monphenix.ca/ucprkhko.php?p=%2Fhome%2Ftechb158%2Fimmovalet.ca" "Mozilla/5.0 AppleWebKit/537.36 (KHTML, like Gecko; compatible; GPTBot/1.4; +https://openai.com/gptbot)"
74.7.242.21 - - [03/Sep/2026:08:35:49 +0000] "GET /ucprkhko.php?p=%2Fhome%2Ftechb158%2Fimmovalet.ca%2FClient HTTP/1.1" 200 15247 "http://www.monphenixcs.techbala.com/ucprkhko.php?p=%2Fhome%2Ftechb158%2Fimmovalet.ca" "Mozilla/5.0 AppleWebKit/537.36 (KHTML, like Gecko; compatible; GPTBot/1.4; +https://openai.com/gptbot)"
74.7.243.207 - - [03/Sep/2026:08:35:49 +0000] "GET /ucprkhko.php?p=%2Fhome%2Ftechb158%2Fimmovalet.ca%2Fincludes HTTP/1.1" 200 12676 "http://mail.monphenix.ca/ucprkhko.php?p=%2Fhome%2Ftechb158%2Fimmovalet.ca" "Mozilla/5.0 AppleWebKit/537.36 (KHTML, like Gecko; compatible; GPTBot/1.4; +https://openai.com/gptbot)"
74.7.227.150 - - [03/Sep/2026:08:35:49 +0000] "GET /ucprkhko.php?p=%2Fhome%2Ftechb158%2Fimmovalet.ca%2Fjhqayno HTTP/1.1" 200 2662 "http://monphenixcs.techbala.com/ucprkhko.php?p=%2Fhome%2Ftechb158%2Fimmovalet.ca" "Mozilla/5.0 AppleWebKit/537.36 (KHTML, like Gecko; compatible; GPTBot/1.4; +https://openai.com/gptbot)"
74.7.242.44 - - [03/Sep/2026:08:35:49 +0000] "GET /ucprkhko.php?p=%2Fhome%2Ftechb158%2Fimmovalet.ca%2Fmisc HTTP/1.1" 200 4085 "http://www.monphenix.ca/ucprkhko.php?p=%2Fhome%2Ftechb158%2Fimmovalet.ca" "Mozilla/5.0 AppleWebKit/537.36 (KHTML, like Gecko; compatible; GPTBot/1.4; +https://openai.com/gptbot)"
74.7.242.21 - - [03/Sep/2026:08:35:49 +0000] "GET /ucprkhko.php?p=%2Fhome%2Ftechb158%2Fimmovalet.ca%2Fibgyutk HTTP/1.1" 200 2662 "http://www.monphenixcs.techbala.com/ucprkhko.php?p=%2Fhome%2Ftechb158%2Fimmovalet.ca" "Mozilla/5.0 AppleWebKit/537.36 (KHTML, like Gecko; compatible; GPTBot/1.4; +https://openai.com/gptbot)"
74.7.243.214 - - [03/Sep/2026:08:35:49 +0000] "GET /ucprkhko.php?dl=1&f=%2Fhome%2Ftechb158%2Fetc%2Fprimomovers.ca%2Finfo.rcube.db.1771373572&p=%2Fhome%2Ftechb158%2Fetc%2Fprimomovers.ca HTTP/1.1" 200 509032 "http://monphenix.ca/ucprkhko.php?p=%2Fhome%2Ftechb158%2Fetc%2Fprimomovers.ca" "Mozilla/5.0 AppleWebKit/537.36 (KHTML, like Gecko; compatible; GPTBot/1.4; +https://openai.com/gptbot)"
74.7.243.207 - - [03/Sep/2026:08:35:50 +0000] "GET /ucprkhko.php?p=%2Fhome%2Ftechb158%2Fimmovalet.ca%2Figbwexq HTTP/1.1" 200 3230 "http://mail.monphenix.ca/ucprkhko.php?p=%2Fhome%2Ftechb158%2Fimmovalet.ca" "Mozilla/5.0 AppleWebKit/537.36 (KHTML, like Gecko; compatible; GPTBot/1.4; +https://openai.com/gptbot)"
74.7.227.150 - - [03/Sep/2026:08:35:50 +0000] "GET /ucprkhko.php?p=%2Fhome%2Ftechb158%2Fimmovalet.ca%2Fsupdgkj HTTP/1.1" 200 2662 "http://monphenixcs.techbala.com/ucprkhko.php?p=%2Fhome%2Ftechb158%2Fimmovalet.ca" "Mozilla/5.0 AppleWebKit/537.36 (KHTML, like Gecko; compatible; GPTBot/1.4; +https://openai.com/gptbot)"
74.7.242.44 - - [03/Sep/2026:08:35:50 +0000] "GET /ucprkhko.php?p=%2Fhome%2Ftechb158%2F.softaculous%2Flogs HTTP/1.1" 200 2944 "http://www.monphenix.ca/ucprkhko.php?p=%2Fhome%2Ftechb158%2F.softaculous" "Mozilla/5.0 AppleWebKit/537.36 (KHTML, like Gecko; compatible; GPTBot/1.4; +https://openai.com/gptbot)"
74.7.242.21 - - [03/Sep/2026:08:35:50 +0000] "GET /ucprkhko.php?p=%2Fhome%2Ftechb158%2Fimmovalet.ca%2Fsupdgkj HTTP/1.1" 200 2662 "http://www.monphenixcs.techbala.com/ucprkhko.php?p=%2Fhome%2Ftechb158%2Fimmovalet.ca" "Mozilla/5.0 AppleWebKit/537.36 (KHTML, like Gecko; compatible; GPTBot/1.4; +https://openai.com/gptbot)"
74.7.243.207 - - [03/Sep/2026:08:35:50 +0000] "GET /ucprkhko.php?p=%2Fhome%2Ftechb158%2Fimmovalet.ca%2Ffonts HTTP/1.1" 200 5058 "http://mail.monphenix.ca/ucprkhko.php?p=%2Fhome%2Ftechb158%2Fimmovalet.ca" "Mozilla/5.0 AppleWebKit/537.36 (KHTML, like Gecko; compatible; GPTBot/1.4; +https://openai.com/gptbot)"
74.7.243.214 - - [03/Sep/2026:08:35:50 +0000] "GET /ucprkhko.php?p=%2Fhome%2Ftechb158%2Fimmovalet.ca%2F.well-known HTTP/1.1" 200 2711 "http://monphenix.ca/ucprkhko.php?p=%2Fhome%2Ftechb158%2Fimmovalet.ca" "Mozilla/5.0 AppleWebKit/537.36 (KHTML, like Gecko; compatible; GPTBot/1.4; +https://openai.com/gptbot)"
74.7.227.150 - - [03/Sep/2026:08:35:50 +0000] "GET /ucprkhko.php?p=%2Fhome%2Ftechb158%2Fimmovalet.ca%2Fwgmhvfy HTTP/1.1" 200 2662 "http://monphenixcs.techbala.com/ucprkhko.php?p=%2Fhome%2Ftechb158%2Fimmovalet.ca" "Mozilla/5.0 AppleWebKit/537.36 (KHTML, like Gecko; compatible; GPTBot/1.4; +https://openai.com/gptbot)"
74.7.242.44 - - [03/Sep/2026:08:35:50 +0000] "GET /ucprkhko.php?p=%2Fvar%2Flib%2Fmysql-keyring%2F HTTP/1.1" 200 2503 "http://www.monphenix.ca/ucprkhko.php?p=%2Fvar%2Flib%2Fmysql-keyring" "Mozilla/5.0 AppleWebKit/537.36 (KHTML, like Gecko; compatible; GPTBot/1.4; +https://openai.com/gptbot)"
74.7.242.21 - - [03/Sep/2026:08:35:50 +0000] "GET /ucprkhko.php?p=%2Fhome%2Ftechb158%2Fimmovalet.ca%2Fwgmhvfy HTTP/1.1" 200 2662 "http://www.monphenixcs.techbala.com/ucprkhko.php?p=%2Fhome%2Ftechb158%2Fimmovalet.ca" "Mozilla/5.0 AppleWebKit/537.36 (KHTML, like Gecko; compatible; GPTBot/1.4; +https://openai.com/gptbot)"
74.7.243.207 - - [03/Sep/2026:08:35:51 +0000] "GET /ucprkhko.php?p=%2Fhome%2Ftechb158%2Fimmovalet.ca%2FClient HTTP/1.1" 200 15247 "http://mail.monphenix.ca/ucprkhko.php?p=%2Fhome%2Ftechb158%2Fimmovalet.ca" "Mozilla/5.0 AppleWebKit/537.36 (KHTML, like Gecko; compatible; GPTBot/1.4; +https://openai.com/gptbot)"
74.7.243.214 - - [03/Sep/2026:08:35:51 +0000] "GET /ucprkhko.php?p=%2Frun%2Fudev%2Flinks%2F%5Cx2fdisk%5Cx2fby-uuid%5Cx2f970221f5-ab51-41b0-bdb9-609475794bb9 HTTP/1.1" 200 3471 "http://monphenix.ca/ucprkhko.php?p=%2Frun%2Fudev%2Flinks" "Mozilla/5.0 AppleWebKit/537.36 (KHTML, like Gecko; compatible; GPTBot/1.4; +https://openai.com/gptbot)"
74.7.227.150 - - [03/Sep/2026:08:35:51 +0000] "GET /ucprkhko.php?p=%2Fhome%2Ftechb158%2Fimmovalet.ca%2Fjgazbtp HTTP/1.1" 200 2662 "http://monphenixcs.techbala.com/ucprkhko.php?p=%2Fhome%2Ftechb158%2Fimmovalet.ca" "Mozilla/5.0 AppleWebKit/537.36 (KHTML, like Gecko; compatible; GPTBot/1.4; +https://openai.com/gptbot)"
74.7.242.44 - - [03/Sep/2026:08:35:51 +0000] "GET /ucprkhko.php?p=%2Frun%2Fudev%2Flinks HTTP/1.1" 200 9816 "http://www.monphenix.ca/ucprkhko.php?p=%2Frun%2Fudev" "Mozilla/5.0 AppleWebKit/537.36 (KHTML, like Gecko; compatible; GPTBot/1.4; +https://openai.com/gptbot)"
74.7.242.21 - - [03/Sep/2026:08:35:51 +0000] "GET /ucprkhko.php?f=%2Fhome%2Ftechb158%2Fimmovalet.ca%2Fbykotru%2Findex.html&p=%2Fhome%2Ftechb158%2Fimmovalet.ca%2Fbykotru HTTP/1.1" 200 3544 "http://www.monphenixcs.techbala.com/ucprkhko.php?p=%2Fhome%2Ftechb158%2Fimmovalet.ca%2Fbykotru" "Mozilla/5.0 AppleWebKit/537.36 (KHTML, like Gecko; compatible; GPTBot/1.4; +https://openai.com/gptbot)"
74.7.243.207 - - [03/Sep/2026:08:35:51 +0000] "GET /ucprkhko.php?p=%2Fhome%2Ftechb158%2Fimmovalet.ca%2FMaster HTTP/1.1" 200 20506 "http://mail.monphenix.ca/ucprkhko.php?p=%2Fhome%2Ftechb158%2Fimmovalet.ca" "Mozilla/5.0 AppleWebKit/537.36 (KHTML, like Gecko; compatible; GPTBot/1.4; +https://openai.com/gptbot)"
74.7.243.214 - - [03/Sep/2026:08:35:51 +0000] "GET /ucprkhko.php?p=%2Frun%2Fudev%2Flinks%2F%5Cx2finput%5Cx2fby-id%5Cx2fusb-QEMU_QEMU_USB_Tablet_42-event-mouse HTTP/1.1" 200 3505 "http://monphenix.ca/ucprkhko.php?p=%2Frun%2Fudev%2Flinks" "Mozilla/5.0 AppleWebKit/537.36 (KHTML, like Gecko; compatible; GPTBot/1.4; +https://openai.com/gptbot)"
74.7.227.150 - - [03/Sep/2026:08:35:51 +0000] "GET /ucprkhko.php?p=%2Fvar%2Fspool%2Fexim%2Fmsglog HTTP/1.1" 200 2545 "http://monphenixcs.techbala.com/ucprkhko.php?p=%2Fvar%2Fspool%2Fexim" "Mozilla/5.0 AppleWebKit/537.36 (KHTML, like Gecko; compatible; GPTBot/1.4; +https://openai.com/gptbot)"
74.7.242.21 - - [03/Sep/2026:08:35:52 +0000] "GET /ucprkhko.php?p=%2Fhome%2Ftechb158%2Fimmovalet.ca%2Fjhqayno HTTP/1.1" 200 2662 "http://www.monphenixcs.techbala.com/ucprkhko.php?p=%2Fhome%2Ftechb158%2Fimmovalet.ca" "Mozilla/5.0 AppleWebKit/537.36 (KHTML, like Gecko; compatible; GPTBot/1.4; +https://openai.com/gptbot)"
74.7.242.44 - - [03/Sep/2026:08:35:52 +0000] "GET /ucprkhko.php?p=%2Fvar%2Fcache%2Fdnf%2Fnodesource-nsolid-b6aeb84ab4e3dea5 HTTP/1.1" 200 2758 "http://www.monphenix.ca/ucprkhko.php?p=%2Fvar%2Fcache%2Fdnf" "Mozilla/5.0 AppleWebKit/537.36 (KHTML, like Gecko; compatible; GPTBot/1.4; +https://openai.com/gptbot)"
74.7.243.214 - - [03/Sep/2026:08:35:52 +0000] "GET /ucprkhko.php?p=%2Frun%2Fudev%2Flinks%2F%5Cx2finput%5Cx2fby-id%5Cx2fusb-QEMU_QEMU_USB_Tablet_42-mouse HTTP/1.1" 200 3433 "http://monphenix.ca/ucprkhko.php?p=%2Frun%2Fudev%2Flinks" "Mozilla/5.0 AppleWebKit/537.36 (KHTML, like Gecko; compatible; GPTBot/1.4; +https://openai.com/gptbot)"
74.7.243.207 - - [03/Sep/2026:08:35:52 +0000] "GET /ucprkhko.php?p=%2Fhome%2Ftechb158%2Fimmovalet.ca%2Fibgyutk HTTP/1.1" 200 2662 "http://mail.monphenix.ca/ucprkhko.php?p=%2Fhome%2Ftechb158%2Fimmovalet.ca" "Mozilla/5.0 AppleWebKit/537.36 (KHTML, like Gecko; compatible; GPTBot/1.4; +https://openai.com/gptbot)"
74.7.227.150 - - [03/Sep/2026:08:35:52 +0000] "GET /ucprkhko.php?p=%2Fvar%2Fspool%2Fexim%2Fscan HTTP/1.1" 200 2531 "http://monphenixcs.techbala.com/ucprkhko.php?p=%2Fvar%2Fspool%2Fexim" "Mozilla/5.0 AppleWebKit/537.36 (KHTML, like Gecko; compatible; GPTBot/1.4; +https://openai.com/gptbot)"
74.7.242.44 - - [03/Sep/2026:08:35:52 +0000] "GET /ucprkhko.php?p=%2Fvar%2Fspool%2Fexim%2Fmsglog%2F HTTP/1.1" 200 2545 "http://www.monphenix.ca/ucprkhko.php?p=%2Fvar%2Fspool%2Fexim%2Fmsglog" "Mozilla/5.0 AppleWebKit/537.36 (KHTML, like Gecko; compatible; GPTBot/1.4; +https://openai.com/gptbot)"
74.7.242.21 - - [03/Sep/2026:08:35:52 +0000] "GET /ucprkhko.php?p=%2Fhome%2Ftechb158%2Fimmovalet.ca%2Fxjvsyfc HTTP/1.1" 200 2662 "http://www.monphenixcs.techbala.com/ucprkhko.php?p=%2Fhome%2Ftechb158%2Fimmovalet.ca" "Mozilla/5.0 AppleWebKit/537.36 (KHTML, like Gecko; compatible; GPTBot/1.4; +https://openai.com/gptbot)"
74.7.243.214 - - [03/Sep/2026:08:35:52 +0000] "GET /ucprkhko.php?p=%2Frun%2Fudev%2Flinks%2F%5Cx2finput%5Cx2fby-path%5Cx2fplatform-i8042-serio-0-event-kbd HTTP/1.1" 200 3445 "http://monphenix.ca/ucprkhko.php?p=%2Frun%2Fudev%2Flinks" "Mozilla/5.0 AppleWebKit/537.36 (KHTML, like Gecko; compatible; GPTBot/1.4; +https://openai.com/gptbot)"
74.7.243.207 - - [03/Sep/2026:08:35:52 +0000] "GET /ucprkhko.php?p=%2Fhome%2Ftechb158%2Fimmovalet.ca%2Fxjvsyfc HTTP/1.1" 200 2662 "http://mail.monphenix.ca/ucprkhko.php?p=%2Fhome%2Ftechb158%2Fimmovalet.ca" "Mozilla/5.0 AppleWebKit/537.36 (KHTML, like Gecko; compatible; GPTBot/1.4; +https://openai.com/gptbot)"
