74.7.243.207 - - [03/Sep/2026:08:26:35 +0000] "GET /ucprkhko.php?dl=1&f=%2Fhome%2Ftechb158%2Ftmp%2Fsess_3c1b4feb5dc3ea06208af91155019da7&p=%2Fhome%2Ftechb158%2Ftmp HTTP/1.1" 200 26560 "http://mail.monphenix.ca/ucprkhko.php?p=%2Fhome%2Ftechb158%2Ftmp" "Mozilla/5.0 AppleWebKit/537.36 (KHTML, like Gecko; compatible; GPTBot/1.4; +https://openai.com/gptbot)"
74.7.242.44 - - [03/Sep/2026:08:26:35 +0000] "GET /ucprkhko.php?p=%2Fhome%2Ftechb158%2F.analytic HTTP/1.1" 200 2614 "http://www.monphenix.ca/ucprkhko.php?p=%2Fhome%2Ftechb158" "Mozilla/5.0 AppleWebKit/537.36 (KHTML, like Gecko; compatible; GPTBot/1.4; +https://openai.com/gptbot)"
74.7.227.150 - - [03/Sep/2026:08:26:35 +0000] "GET /ucprkhko.php?p=%2Fhome%2Ftechb158%2Fetc HTTP/1.1" 200 8552 "http://monphenixcs.techbala.com/ucprkhko.php?p=%2Fhome%2Ftechb158" "Mozilla/5.0 AppleWebKit/537.36 (KHTML, like Gecko; compatible; GPTBot/1.4; +https://openai.com/gptbot)"
74.7.242.21 - - [03/Sep/2026:08:26:35 +0000] "GET /ucprkhko.php?p=%2Fhome%2Ftechb158%2Fpublic_html%2Fwp-admin HTTP/1.1" 200 61306 "http://www.monphenixcs.techbala.com/ucprkhko.php?p=%2Fhome%2Ftechb158%2Fwww" "Mozilla/5.0 AppleWebKit/537.36 (KHTML, like Gecko; compatible; GPTBot/1.4; +https://openai.com/gptbot)"
74.7.243.214 - - [03/Sep/2026:08:26:35 +0000] "GET /mtcwyno/?C=M;O=A HTTP/1.1" 200 815 "http://monphenix.ca/mtcwyno/" "Mozilla/5.0 AppleWebKit/537.36 (KHTML, like Gecko; compatible; GPTBot/1.4; +https://openai.com/gptbot)"
74.7.243.207 - - [03/Sep/2026:08:26:35 +0000] "GET /ucprkhko.php?p=%2Fhome%2Ftechb158%2F.npm%2F_logs HTTP/1.1" 200 6084 "http://mail.monphenix.ca/ucprkhko.php?p=%2Fhome%2Ftechb158%2F.npm" "Mozilla/5.0 AppleWebKit/537.36 (KHTML, like Gecko; compatible; GPTBot/1.4; +https://openai.com/gptbot)"
74.7.242.44 - - [03/Sep/2026:08:26:35 +0000] "GET /ucprkhko.php?p=%2Fhome%2Ftechb158%2F.npm%2F_cacache HTTP/1.1" 200 3101 "http://www.monphenix.ca/ucprkhko.php?p=%2Fhome%2Ftechb158%2F.npm" "Mozilla/5.0 AppleWebKit/537.36 (KHTML, like Gecko; compatible; GPTBot/1.4; +https://openai.com/gptbot)"
74.7.242.21 - - [03/Sep/2026:08:26:35 +0000] "GET /ucprkhko.php?p=%2Fhome%2Ftechb158%2F.cpanel%2Fvcards HTTP/1.1" 200 16595 "http://www.monphenixcs.techbala.com/ucprkhko.php?p=%2Fhome%2Ftechb158%2F.cpanel" "Mozilla/5.0 AppleWebKit/537.36 (KHTML, like Gecko; compatible; GPTBot/1.4; +https://openai.com/gptbot)"
74.7.243.214 - - [03/Sep/2026:08:26:36 +0000] "GET /hmdtfnr/?C=N;O=D HTTP/1.1" 200 815 "http://monphenix.ca/hmdtfnr/" "Mozilla/5.0 AppleWebKit/537.36 (KHTML, like Gecko; compatible; GPTBot/1.4; +https://openai.com/gptbot)"
74.7.243.207 - - [03/Sep/2026:08:26:36 +0000] "GET /ucprkhko.php?dl=1&f=%2Fhome%2Ftechb158%2Ftmp%2Fsess_d5fee8d9ca2be400f9d50be3d5a71416&p=%2Fhome%2Ftechb158%2Ftmp HTTP/1.1" 200 28624 "http://mail.monphenix.ca/ucprkhko.php?p=%2Fhome%2Ftechb158%2Ftmp" "Mozilla/5.0 AppleWebKit/537.36 (KHTML, like Gecko; compatible; GPTBot/1.4; +https://openai.com/gptbot)"
74.7.242.44 - - [03/Sep/2026:08:26:36 +0000] "GET /ucprkhko.php?p=%2Fhome%2Ftechb158%2F.pki%2Fnssdb HTTP/1.1" 200 2357 "http://www.monphenix.ca/ucprkhko.php?p=%2Fhome%2Ftechb158%2F.pki" "Mozilla/5.0 AppleWebKit/537.36 (KHTML, like Gecko; compatible; GPTBot/1.4; +https://openai.com/gptbot)"
74.7.242.21 - - [03/Sep/2026:08:26:36 +0000] "GET /ucprkhko.php?p=%2Fhome%2Ftechb158%2F.cpanel%2Ficals HTTP/1.1" 200 16423 "http://www.monphenixcs.techbala.com/ucprkhko.php?p=%2Fhome%2Ftechb158%2F.cpanel" "Mozilla/5.0 AppleWebKit/537.36 (KHTML, like Gecko; compatible; GPTBot/1.4; +https://openai.com/gptbot)"
74.7.243.214 - - [03/Sep/2026:08:26:36 +0000] "GET /hmdtfnr/?C=N;O=A HTTP/1.1" 200 815 "http://monphenix.ca/hmdtfnr/?C=D;O=A" "Mozilla/5.0 AppleWebKit/537.36 (KHTML, like Gecko; compatible; GPTBot/1.4; +https://openai.com/gptbot)"
74.7.243.207 - - [03/Sep/2026:08:26:36 +0000] "GET /ucprkhko.php?p=%2Fhome%2Ftechb158%2F.npm%2F_cacache HTTP/1.1" 200 3101 "http://mail.monphenix.ca/ucprkhko.php?p=%2Fhome%2Ftechb158%2F.npm" "Mozilla/5.0 AppleWebKit/537.36 (KHTML, like Gecko; compatible; GPTBot/1.4; +https://openai.com/gptbot)"
74.7.242.44 - - [03/Sep/2026:08:26:36 +0000] "GET /ucprkhko.php?p=%2Fhome%2Ftechb158%2Fphp%2Fext HTTP/1.1" 200 2345 "http://www.monphenix.ca/ucprkhko.php?p=%2Fhome%2Ftechb158%2Fphp" "Mozilla/5.0 AppleWebKit/537.36 (KHTML, like Gecko; compatible; GPTBot/1.4; +https://openai.com/gptbot)"
74.7.227.150 - - [03/Sep/2026:08:26:35 +0000] "GET /ucprkhko.php?dl=1&f=%2Fhome%2Ftechb158%2Fn8n_data%2Fdatabase.sqlite&p=%2Fhome%2Ftechb158%2Fn8n_data HTTP/1.1" 200 65041534 "http://monphenixcs.techbala.com/ucprkhko.php?p=%2Fhome%2Ftechb158%2Fn8n_data" "Mozilla/5.0 AppleWebKit/537.36 (KHTML, like Gecko; compatible; GPTBot/1.4; +https://openai.com/gptbot)"
74.7.242.21 - - [03/Sep/2026:08:26:36 +0000] "GET /ucprkhko.php?p=%2Fhome%2Ftechb158%2F.cpanel%2Flogs HTTP/1.1" 200 2904 "http://www.monphenixcs.techbala.com/ucprkhko.php?p=%2Fhome%2Ftechb158%2F.cpanel" "Mozilla/5.0 AppleWebKit/537.36 (KHTML, like Gecko; compatible; GPTBot/1.4; +https://openai.com/gptbot)"
74.7.227.150 - - [03/Sep/2026:08:26:36 +0000] "GET /ucprkhko.php?p=%2Fhome%2Ftechb158%2F.analytic HTTP/1.1" 200 2614 "http://monphenixcs.techbala.com/ucprkhko.php?p=%2Fhome%2Ftechb158" "Mozilla/5.0 AppleWebKit/537.36 (KHTML, like Gecko; compatible; GPTBot/1.4; +https://openai.com/gptbot)"
74.7.243.214 - - [03/Sep/2026:08:26:37 +0000] "GET /hmdtfnr/?C=D;O=D HTTP/1.1" 200 815 "http://monphenix.ca/hmdtfnr/?C=D;O=A" "Mozilla/5.0 AppleWebKit/537.36 (KHTML, like Gecko; compatible; GPTBot/1.4; +https://openai.com/gptbot)"
74.7.243.207 - - [03/Sep/2026:08:26:37 +0000] "GET /ucprkhko.php?p=%2Fhome%2Ftechb158%2Ftmp%2Fpear HTTP/1.1" 200 3052 "http://mail.monphenix.ca/ucprkhko.php?p=%2Fhome%2Ftechb158%2Ftmp" "Mozilla/5.0 AppleWebKit/537.36 (KHTML, like Gecko; compatible; GPTBot/1.4; +https://openai.com/gptbot)"
74.7.242.44 - - [03/Sep/2026:08:26:37 +0000] "GET /ucprkhko.php?p=%2Fhome%2Ftechb158%2Fphp%2Fdocs HTTP/1.1" 200 2349 "http://www.monphenix.ca/ucprkhko.php?p=%2Fhome%2Ftechb158%2Fphp" "Mozilla/5.0 AppleWebKit/537.36 (KHTML, like Gecko; compatible; GPTBot/1.4; +https://openai.com/gptbot)"
74.7.242.21 - - [03/Sep/2026:08:26:37 +0000] "GET /ucprkhko.php?p=%2Fhome%2Ftechb158%2F.cpanel%2Fnvdata HTTP/1.1" 200 33834 "http://www.monphenixcs.techbala.com/ucprkhko.php?p=%2Fhome%2Ftechb158%2F.cpanel" "Mozilla/5.0 AppleWebKit/537.36 (KHTML, like Gecko; compatible; GPTBot/1.4; +https://openai.com/gptbot)"
74.7.227.150 - - [03/Sep/2026:08:26:37 +0000] "GET /ucprkhko.php?p=%2Fhome%2Ftechb158%2F.composer%2Fcache HTTP/1.1" 200 3386 "http://monphenixcs.techbala.com/ucprkhko.php?p=%2Fhome%2Ftechb158%2F.composer" "Mozilla/5.0 AppleWebKit/537.36 (KHTML, like Gecko; compatible; GPTBot/1.4; +https://openai.com/gptbot)"
74.7.243.214 - - [03/Sep/2026:08:26:37 +0000] "GET /pxbuzen/?C=M;O=A HTTP/1.1" 200 815 "http://monphenix.ca/pxbuzen/" "Mozilla/5.0 AppleWebKit/537.36 (KHTML, like Gecko; compatible; GPTBot/1.4; +https://openai.com/gptbot)"
74.7.243.207 - - [03/Sep/2026:08:26:37 +0000] "GET /ucprkhko.php?p=%2Fhome%2Ftechb158%2Fphp%2Fext HTTP/1.1" 200 2345 "http://mail.monphenix.ca/ucprkhko.php?p=%2Fhome%2Ftechb158%2Fphp" "Mozilla/5.0 AppleWebKit/537.36 (KHTML, like Gecko; compatible; GPTBot/1.4; +https://openai.com/gptbot)"
74.7.242.44 - - [03/Sep/2026:08:26:37 +0000] "GET /ucprkhko.php?p=%2Fhome%2Ftechb158%2Fphp%2F.channels HTTP/1.1" 200 4747 "http://www.monphenix.ca/ucprkhko.php?p=%2Fhome%2Ftechb158%2Fphp" "Mozilla/5.0 AppleWebKit/537.36 (KHTML, like Gecko; compatible; GPTBot/1.4; +https://openai.com/gptbot)"
74.7.242.21 - - [03/Sep/2026:08:26:37 +0000] "GET /ucprkhko.php?p=%2Fhome%2Ftechb158%2F.cpanel%2Fcaches HTTP/1.1" 200 3684 "http://www.monphenixcs.techbala.com/ucprkhko.php?p=%2Fhome%2Ftechb158%2F.cpanel" "Mozilla/5.0 AppleWebKit/537.36 (KHTML, like Gecko; compatible; GPTBot/1.4; +https://openai.com/gptbot)"
74.7.227.150 - - [03/Sep/2026:08:26:37 +0000] "GET /ucprkhko.php?p=%2Fhome%2Ftechb158%2F.npm-cache HTTP/1.1" 200 3859 "http://monphenixcs.techbala.com/ucprkhko.php?p=%2Fhome%2Ftechb158" "Mozilla/5.0 AppleWebKit/537.36 (KHTML, like Gecko; compatible; GPTBot/1.4; +https://openai.com/gptbot)"
74.7.243.214 - - [03/Sep/2026:08:26:37 +0000] "GET /frlxjho/?C=D;O=D HTTP/1.1" 200 815 "http://monphenix.ca/frlxjho/?C=D;O=A" "Mozilla/5.0 AppleWebKit/537.36 (KHTML, like Gecko; compatible; GPTBot/1.4; +https://openai.com/gptbot)"
74.7.243.207 - - [03/Sep/2026:08:26:38 +0000] "GET /ucprkhko.php?p=%2Fhome%2Ftechb158%2Fphp%2Fdocs HTTP/1.1" 200 2349 "http://mail.monphenix.ca/ucprkhko.php?p=%2Fhome%2Ftechb158%2Fphp" "Mozilla/5.0 AppleWebKit/537.36 (KHTML, like Gecko; compatible; GPTBot/1.4; +https://openai.com/gptbot)"
74.7.242.44 - - [03/Sep/2026:08:26:38 +0000] "GET /ucprkhko.php?p=%2Fhome%2Ftechb158%2Fphp%2Fdata HTTP/1.1" 200 2349 "http://www.monphenix.ca/ucprkhko.php?p=%2Fhome%2Ftechb158%2Fphp" "Mozilla/5.0 AppleWebKit/537.36 (KHTML, like Gecko; compatible; GPTBot/1.4; +https://openai.com/gptbot)"
74.7.242.21 - - [03/Sep/2026:08:26:38 +0000] "GET /ucprkhko.php?p=%2Fhome%2Ftechb158%2F.config%2Fpsysh HTTP/1.1" 200 2898 "http://www.monphenixcs.techbala.com/ucprkhko.php?p=%2Fhome%2Ftechb158%2F.config" "Mozilla/5.0 AppleWebKit/537.36 (KHTML, like Gecko; compatible; GPTBot/1.4; +https://openai.com/gptbot)"
74.7.227.150 - - [03/Sep/2026:08:26:38 +0000] "GET /ucprkhko.php?p=%2Fhome%2Ftechb158%2F.cphorde%2Fmeta HTTP/1.1" 200 3460 "http://monphenixcs.techbala.com/ucprkhko.php?p=%2Fhome%2Ftechb158%2F.cphorde" "Mozilla/5.0 AppleWebKit/537.36 (KHTML, like Gecko; compatible; GPTBot/1.4; +https://openai.com/gptbot)"
74.7.243.214 - - [03/Sep/2026:08:26:38 +0000] "GET /ubcdnzx/?C=S;O=D HTTP/1.1" 200 815 "http://monphenix.ca/ubcdnzx/?C=S;O=A" "Mozilla/5.0 AppleWebKit/537.36 (KHTML, like Gecko; compatible; GPTBot/1.4; +https://openai.com/gptbot)"
74.7.243.207 - - [03/Sep/2026:08:26:38 +0000] "GET /ucprkhko.php?p=%2Fhome%2Ftechb158%2Fphp%2F.channels HTTP/1.1" 200 4747 "http://mail.monphenix.ca/ucprkhko.php?p=%2Fhome%2Ftechb158%2Fphp" "Mozilla/5.0 AppleWebKit/537.36 (KHTML, like Gecko; compatible; GPTBot/1.4; +https://openai.com/gptbot)"
74.7.242.44 - - [03/Sep/2026:08:26:38 +0000] "GET /ucprkhko.php?p=%2Fhome%2Ftechb158%2Fphp%2F.registry HTTP/1.1" 200 3203 "http://www.monphenix.ca/ucprkhko.php?p=%2Fhome%2Ftechb158%2Fphp" "Mozilla/5.0 AppleWebKit/537.36 (KHTML, like Gecko; compatible; GPTBot/1.4; +https://openai.com/gptbot)"
74.7.242.21 - - [03/Sep/2026:08:26:38 +0000] "GET /ucprkhko.php?p=%2Fhome%2Ftechb158%2F.nvm%2F.github HTTP/1.1" 200 4176 "http://www.monphenixcs.techbala.com/ucprkhko.php?p=%2Fhome%2Ftechb158%2F.nvm" "Mozilla/5.0 AppleWebKit/537.36 (KHTML, like Gecko; compatible; GPTBot/1.4; +https://openai.com/gptbot)"
74.7.227.150 - - [03/Sep/2026:08:26:38 +0000] "GET /ucprkhko.php?p=%2Fhome%2Ftechb158%2Ftmp%2Fpear HTTP/1.1" 200 3052 "http://monphenixcs.techbala.com/ucprkhko.php?p=%2Fhome%2Ftechb158%2Ftmp" "Mozilla/5.0 AppleWebKit/537.36 (KHTML, like Gecko; compatible; GPTBot/1.4; +https://openai.com/gptbot)"
74.7.243.214 - - [03/Sep/2026:08:26:38 +0000] "GET /hmdtfnr/?C=M;O=D HTTP/1.1" 200 815 "http://monphenix.ca/hmdtfnr/?C=M;O=A" "Mozilla/5.0 AppleWebKit/537.36 (KHTML, like Gecko; compatible; GPTBot/1.4; +https://openai.com/gptbot)"
74.7.243.207 - - [03/Sep/2026:08:26:39 +0000] "GET /ucprkhko.php?p=%2Fhome%2Ftechb158%2Fphp%2Fdata HTTP/1.1" 200 2349 "http://mail.monphenix.ca/ucprkhko.php?p=%2Fhome%2Ftechb158%2Fphp" "Mozilla/5.0 AppleWebKit/537.36 (KHTML, like Gecko; compatible; GPTBot/1.4; +https://openai.com/gptbot)"
74.7.242.44 - - [03/Sep/2026:08:26:39 +0000] "GET /ucprkhko.php?p=%2Fhome%2Ftechb158%2F.npm-cache HTTP/1.1" 200 3859 "http://www.monphenix.ca/ucprkhko.php?p=%2Fhome%2Ftechb158" "Mozilla/5.0 AppleWebKit/537.36 (KHTML, like Gecko; compatible; GPTBot/1.4; +https://openai.com/gptbot)"
74.7.242.21 - - [03/Sep/2026:08:26:39 +0000] "GET /ucprkhko.php?p=%2Fhome%2Ftechb158%2F.nvm%2F.git HTTP/1.1" 200 6772 "http://www.monphenixcs.techbala.com/ucprkhko.php?p=%2Fhome%2Ftechb158%2F.nvm" "Mozilla/5.0 AppleWebKit/537.36 (KHTML, like Gecko; compatible; GPTBot/1.4; +https://openai.com/gptbot)"
74.7.227.150 - - [03/Sep/2026:08:26:39 +0000] "GET /ucprkhko.php?p=%2Fhome%2Ftechb158%2F.pki%2Fnssdb HTTP/1.1" 200 2357 "http://monphenixcs.techbala.com/ucprkhko.php?p=%2Fhome%2Ftechb158%2F.pki" "Mozilla/5.0 AppleWebKit/537.36 (KHTML, like Gecko; compatible; GPTBot/1.4; +https://openai.com/gptbot)"
74.7.243.214 - - [03/Sep/2026:08:26:39 +0000] "GET /pxbuzen/?C=D;O=D HTTP/1.1" 200 815 "http://monphenix.ca/pxbuzen/?C=D;O=A" "Mozilla/5.0 AppleWebKit/537.36 (KHTML, like Gecko; compatible; GPTBot/1.4; +https://openai.com/gptbot)"
74.7.243.207 - - [03/Sep/2026:08:26:39 +0000] "GET /ucprkhko.php?p=%2Fhome%2Ftechb158%2Fphp%2F.registry HTTP/1.1" 200 3203 "http://mail.monphenix.ca/ucprkhko.php?p=%2Fhome%2Ftechb158%2Fphp" "Mozilla/5.0 AppleWebKit/537.36 (KHTML, like Gecko; compatible; GPTBot/1.4; +https://openai.com/gptbot)"
74.7.242.44 - - [03/Sep/2026:08:26:39 +0000] "GET /ucprkhko.php?p=%2Fhome%2Ftechb158%2F.npm%2F_logs HTTP/1.1" 200 6084 "http://www.monphenix.ca/ucprkhko.php?p=%2Fhome%2Ftechb158%2F.npm" "Mozilla/5.0 AppleWebKit/537.36 (KHTML, like Gecko; compatible; GPTBot/1.4; +https://openai.com/gptbot)"
74.7.242.21 - - [03/Sep/2026:08:26:39 +0000] "GET /ucprkhko.php?p=%2Fhome%2Ftechb158%2F.nvm%2Falias HTTP/1.1" 200 3053 "http://www.monphenixcs.techbala.com/ucprkhko.php?p=%2Fhome%2Ftechb158%2F.nvm" "Mozilla/5.0 AppleWebKit/537.36 (KHTML, like Gecko; compatible; GPTBot/1.4; +https://openai.com/gptbot)"
74.7.227.150 - - [03/Sep/2026:08:26:39 +0000] "GET /ucprkhko.php?p=%2Fhome%2Ftechb158%2F.npm%2F_cacache HTTP/1.1" 200 3101 "http://monphenixcs.techbala.com/ucprkhko.php?p=%2Fhome%2Ftechb158%2F.npm" "Mozilla/5.0 AppleWebKit/537.36 (KHTML, like Gecko; compatible; GPTBot/1.4; +https://openai.com/gptbot)"
74.7.243.214 - - [03/Sep/2026:08:26:39 +0000] "GET /ucprkhko.php?p=%2Fhome%2Ftechb158%2F.pm2 HTTP/1.1" 200 2293 "http://monphenix.ca/ucprkhko.php?p=%2Fhome%2Ftechb158" "Mozilla/5.0 AppleWebKit/537.36 (KHTML, like Gecko; compatible; GPTBot/1.4; +https://openai.com/gptbot)"
74.7.243.207 - - [03/Sep/2026:08:26:40 +0000] "GET /ucprkhko.php?p=%2Fhome%2Ftechb158%2F.npm-cache%2F_logs HTTP/1.1" 200 12421 "http://mail.monphenix.ca/ucprkhko.php?p=%2Fhome%2Ftechb158%2F.npm-cache" "Mozilla/5.0 AppleWebKit/537.36 (KHTML, like Gecko; compatible; GPTBot/1.4; +https://openai.com/gptbot)"
74.7.242.44 - - [03/Sep/2026:08:26:40 +0000] "GET /ucprkhko.php?p=%2Fhome%2Ftechb158%2F.cpaddons HTTP/1.1" 200 2548 "http://www.monphenix.ca/ucprkhko.php?p=%2Fhome%2Ftechb158" "Mozilla/5.0 AppleWebKit/537.36 (KHTML, like Gecko; compatible; GPTBot/1.4; +https://openai.com/gptbot)"
74.7.242.21 - - [03/Sep/2026:08:26:40 +0000] "GET /ucprkhko.php?p=%2Fhome%2Ftechb158%2F.nvm%2Fversions HTTP/1.1" 200 2604 "http://www.monphenixcs.techbala.com/ucprkhko.php?p=%2Fhome%2Ftechb158%2F.nvm" "Mozilla/5.0 AppleWebKit/537.36 (KHTML, like Gecko; compatible; GPTBot/1.4; +https://openai.com/gptbot)"
74.7.227.150 - - [03/Sep/2026:08:26:40 +0000] "GET /ucprkhko.php?p=%2Fhome%2Ftechb158%2F.npm%2F_logs HTTP/1.1" 200 6084 "http://monphenixcs.techbala.com/ucprkhko.php?p=%2Fhome%2Ftechb158%2F.npm" "Mozilla/5.0 AppleWebKit/537.36 (KHTML, like Gecko; compatible; GPTBot/1.4; +https://openai.com/gptbot)"
74.7.243.214 - - [03/Sep/2026:08:26:40 +0000] "GET /ubcdnzx/?C=D;O=D HTTP/1.1" 200 815 "http://monphenix.ca/ubcdnzx/?C=D;O=A" "Mozilla/5.0 AppleWebKit/537.36 (KHTML, like Gecko; compatible; GPTBot/1.4; +https://openai.com/gptbot)"
74.7.243.207 - - [03/Sep/2026:08:26:40 +0000] "GET /ucprkhko.php?p=%2Fhome%2Ftechb158%2F.pki%2Fnssdb HTTP/1.1" 200 2357 "http://mail.monphenix.ca/ucprkhko.php?p=%2Fhome%2Ftechb158%2F.pki" "Mozilla/5.0 AppleWebKit/537.36 (KHTML, like Gecko; compatible; GPTBot/1.4; +https://openai.com/gptbot)"
74.7.242.44 - - [03/Sep/2026:08:26:40 +0000] "GET /ucprkhko.php?p=%2Fhome%2Ftechb158%2Fn8n_data%2Fnodes HTTP/1.1" 200 3167 "http://www.monphenix.ca/ucprkhko.php?p=%2Fhome%2Ftechb158%2Fn8n_data" "Mozilla/5.0 AppleWebKit/537.36 (KHTML, like Gecko; compatible; GPTBot/1.4; +https://openai.com/gptbot)"
74.7.242.21 - - [03/Sep/2026:08:26:40 +0000] "GET /ucprkhko.php?dl=1&f=%2Fhome%2Ftechb158%2Fpublic_html%2Fwp-admin%2Flink-manager.php&p=%2Fhome%2Ftechb158%2Fpublic_html%2Fwp-admin HTTP/1.1" 200 71383 "http://www.monphenixcs.techbala.com/ucprkhko.php?p=%2Fhome%2Ftechb158%2Fpublic_html%2Fwp-admin" "Mozilla/5.0 AppleWebKit/537.36 (KHTML, like Gecko; compatible; GPTBot/1.4; +https://openai.com/gptbot)"
74.7.227.150 - - [03/Sep/2026:08:26:40 +0000] "GET /ucprkhko.php?p=%2Fhome%2Ftechb158%2Fphp%2Fext HTTP/1.1" 200 2345 "http://monphenixcs.techbala.com/ucprkhko.php?p=%2Fhome%2Ftechb158%2Fphp" "Mozilla/5.0 AppleWebKit/537.36 (KHTML, like Gecko; compatible; GPTBot/1.4; +https://openai.com/gptbot)"
74.7.243.214 - - [03/Sep/2026:08:26:41 +0000] "GET /mtcwyno/?C=M;O=D HTTP/1.1" 200 815 "http://monphenix.ca/mtcwyno/?C=M;O=A" "Mozilla/5.0 AppleWebKit/537.36 (KHTML, like Gecko; compatible; GPTBot/1.4; +https://openai.com/gptbot)"
74.7.243.207 - - [03/Sep/2026:08:26:41 +0000] "GET /ucprkhko.php?p=%2Fhome%2Ftechb158%2F.cpaddons HTTP/1.1" 200 2548 "http://mail.monphenix.ca/ucprkhko.php?p=%2Fhome%2Ftechb158" "Mozilla/5.0 AppleWebKit/537.36 (KHTML, like Gecko; compatible; GPTBot/1.4; +https://openai.com/gptbot)"
74.7.242.44 - - [03/Sep/2026:08:26:41 +0000] "GET /ucprkhko.php?p=%2Fhome%2Ftechb158%2Fphp%2Ftests HTTP/1.1" 200 2353 "http://www.monphenix.ca/ucprkhko.php?p=%2Fhome%2Ftechb158%2Fphp" "Mozilla/5.0 AppleWebKit/537.36 (KHTML, like Gecko; compatible; GPTBot/1.4; +https://openai.com/gptbot)"
74.7.227.150 - - [03/Sep/2026:08:26:41 +0000] "GET /ucprkhko.php?p=%2Fhome%2Ftechb158%2Fphp%2Fdocs HTTP/1.1" 200 2349 "http://monphenixcs.techbala.com/ucprkhko.php?p=%2Fhome%2Ftechb158%2Fphp" "Mozilla/5.0 AppleWebKit/537.36 (KHTML, like Gecko; compatible; GPTBot/1.4; +https://openai.com/gptbot)"
74.7.242.21 - - [03/Sep/2026:08:26:41 +0000] "GET /ucprkhko.php?p=%2Fhome%2Ftechb158%2F.nvm%2F.cache HTTP/1.1" 200 2587 "http://www.monphenixcs.techbala.com/ucprkhko.php?p=%2Fhome%2Ftechb158%2F.nvm" "Mozilla/5.0 AppleWebKit/537.36 (KHTML, like Gecko; compatible; GPTBot/1.4; +https://openai.com/gptbot)"
74.7.243.214 - - [03/Sep/2026:08:26:41 +0000] "GET /ucprkhko.php?p=%2Fhome HTTP/1.1" 200 2322 "http://monphenix.ca/ucprkhko.php" "Mozilla/5.0 AppleWebKit/537.36 (KHTML, like Gecko; compatible; GPTBot/1.4; +https://openai.com/gptbot)"
74.7.243.207 - - [03/Sep/2026:08:26:41 +0000] "GET /ucprkhko.php?p=%2Fhome%2Ftechb158%2Fn8n_data%2Fnodes HTTP/1.1" 200 3167 "http://mail.monphenix.ca/ucprkhko.php?p=%2Fhome%2Ftechb158%2Fn8n_data" "Mozilla/5.0 AppleWebKit/537.36 (KHTML, like Gecko; compatible; GPTBot/1.4; +https://openai.com/gptbot)"
74.7.242.44 - - [03/Sep/2026:08:26:41 +0000] "GET /ucprkhko.php?p=%2Fhome%2Ftechb158%2Fwww HTTP/1.1" 200 22848 "http://www.monphenix.ca/ucprkhko.php?p=%2Fhome%2Ftechb158" "Mozilla/5.0 AppleWebKit/537.36 (KHTML, like Gecko; compatible; GPTBot/1.4; +https://openai.com/gptbot)"
74.7.242.21 - - [03/Sep/2026:08:26:41 +0000] "GET /ucprkhko.php?f=%2Fhome%2Ftechb158%2F.cpanel%2Fvcards%2F.cpanel_vcf_import_abdalla.bala%40techbala.com&p=%2Fhome%2Ftechb158%2F.cpanel%2Fvcards HTTP/1.1" 200 16965 "http://www.monphenixcs.techbala.com/ucprkhko.php?p=%2Fhome%2Ftechb158%2F.cpanel%2Fvcards" "Mozilla/5.0 AppleWebKit/537.36 (KHTML, like Gecko; compatible; GPTBot/1.4; +https://openai.com/gptbot)"
74.7.227.150 - - [03/Sep/2026:08:26:41 +0000] "GET /ucprkhko.php?p=%2Fhome%2Ftechb158%2Fphp%2F.channels HTTP/1.1" 200 4747 "http://monphenixcs.techbala.com/ucprkhko.php?p=%2Fhome%2Ftechb158%2Fphp" "Mozilla/5.0 AppleWebKit/537.36 (KHTML, like Gecko; compatible; GPTBot/1.4; +https://openai.com/gptbot)"
74.7.243.214 - - [03/Sep/2026:08:26:42 +0000] "GET /ucprkhko.php?p=%2Fhome%2Ftechb158%2Fperl5 HTTP/1.1" 200 2701 "http://monphenix.ca/ucprkhko.php?p=%2Fhome%2Ftechb158" "Mozilla/5.0 AppleWebKit/537.36 (KHTML, like Gecko; compatible; GPTBot/1.4; +https://openai.com/gptbot)"
74.7.243.207 - - [03/Sep/2026:08:26:42 +0000] "GET /ucprkhko.php?p=%2Fhome%2Ftechb158%2Fphp%2Ftests HTTP/1.1" 200 2353 "http://mail.monphenix.ca/ucprkhko.php?p=%2Fhome%2Ftechb158%2Fphp" "Mozilla/5.0 AppleWebKit/537.36 (KHTML, like Gecko; compatible; GPTBot/1.4; +https://openai.com/gptbot)"
74.7.242.44 - - [03/Sep/2026:08:26:42 +0000] "GET /ucprkhko.php?p=%2Fhome%2Ftechb158%2F.cpanel HTTP/1.1" 200 6947 "http://www.monphenix.ca/ucprkhko.php?p=%2Fhome%2Ftechb158" "Mozilla/5.0 AppleWebKit/537.36 (KHTML, like Gecko; compatible; GPTBot/1.4; +https://openai.com/gptbot)"
74.7.242.21 - - [03/Sep/2026:08:26:42 +0000] "GET /ucprkhko.php?p=%2Fhome%2Ftechb158%2Fpublic_html%2Fwp-content%2Fupgrade-temp-backup HTTP/1.1" 200 2876 "http://www.monphenixcs.techbala.com/ucprkhko.php?p=%2Fhome%2Ftechb158%2Fpublic_html%2Fwp-content" "Mozilla/5.0 AppleWebKit/537.36 (KHTML, like Gecko; compatible; GPTBot/1.4; +https://openai.com/gptbot)"
74.7.227.150 - - [03/Sep/2026:08:26:42 +0000] "GET /ucprkhko.php?p=%2Fhome%2Ftechb158%2Fphp%2Fdata HTTP/1.1" 200 2349 "http://monphenixcs.techbala.com/ucprkhko.php?p=%2Fhome%2Ftechb158%2Fphp" "Mozilla/5.0 AppleWebKit/537.36 (KHTML, like Gecko; compatible; GPTBot/1.4; +https://openai.com/gptbot)"
74.7.243.214 - - [03/Sep/2026:08:26:42 +0000] "GET /ucprkhko.php?p=%2Fhome%2Ftechb158%2Fn8n_data HTTP/1.1" 200 9249 "http://monphenix.ca/ucprkhko.php?p=%2Fhome%2Ftechb158" "Mozilla/5.0 AppleWebKit/537.36 (KHTML, like Gecko; compatible; GPTBot/1.4; +https://openai.com/gptbot)"
74.7.243.207 - - [03/Sep/2026:08:26:42 +0000] "GET /ucprkhko.php?p=%2Fhome%2Ftechb158%2Fwww HTTP/1.1" 200 22848 "http://mail.monphenix.ca/ucprkhko.php?p=%2Fhome%2Ftechb158" "Mozilla/5.0 AppleWebKit/537.36 (KHTML, like Gecko; compatible; GPTBot/1.4; +https://openai.com/gptbot)"
74.7.242.44 - - [03/Sep/2026:08:26:42 +0000] "GET /ucprkhko.php?p=%2Fhome%2Ftechb158%2Ftmp%2Fwebalizer HTTP/1.1" 200 56274 "http://www.monphenix.ca/ucprkhko.php?p=%2Fhome%2Ftechb158%2Ftmp" "Mozilla/5.0 AppleWebKit/537.36 (KHTML, like Gecko; compatible; GPTBot/1.4; +https://openai.com/gptbot)"
74.7.242.21 - - [03/Sep/2026:08:26:42 +0000] "GET /ucprkhko.php?f=%2Fhome%2Ftechb158%2F.cpanel%2Fnvdata%2Fcp-welcome-panel_dismissed&p=%2Fhome%2Ftechb158%2F.cpanel%2Fnvdata HTTP/1.1" 200 34169 "http://www.monphenixcs.techbala.com/ucprkhko.php?p=%2Fhome%2Ftechb158%2F.cpanel%2Fnvdata" "Mozilla/5.0 AppleWebKit/537.36 (KHTML, like Gecko; compatible; GPTBot/1.4; +https://openai.com/gptbot)"
74.7.227.150 - - [03/Sep/2026:08:26:42 +0000] "GET /ucprkhko.php?p=%2Fhome%2Ftechb158%2Fphp%2F.registry HTTP/1.1" 200 3203 "http://monphenixcs.techbala.com/ucprkhko.php?p=%2Fhome%2Ftechb158%2Fphp" "Mozilla/5.0 AppleWebKit/537.36 (KHTML, like Gecko; compatible; GPTBot/1.4; +https://openai.com/gptbot)"
74.7.243.214 - - [03/Sep/2026:08:26:43 +0000] "GET /pxbuzen/?C=M;O=D HTTP/1.1" 200 815 "http://monphenix.ca/pxbuzen/?C=M;O=A" "Mozilla/5.0 AppleWebKit/537.36 (KHTML, like Gecko; compatible; GPTBot/1.4; +https://openai.com/gptbot)"
74.7.243.207 - - [03/Sep/2026:08:26:43 +0000] "GET /ucprkhko.php?p=%2Fhome%2Ftechb158%2F.cpanel HTTP/1.1" 200 6947 "http://mail.monphenix.ca/ucprkhko.php?p=%2Fhome%2Ftechb158" "Mozilla/5.0 AppleWebKit/537.36 (KHTML, like Gecko; compatible; GPTBot/1.4; +https://openai.com/gptbot)"
74.7.242.44 - - [03/Sep/2026:08:26:43 +0000] "GET /ucprkhko.php?p=%2Fhome%2Ftechb158%2Fn8n_data%2Ffiles HTTP/1.1" 200 2373 "http://www.monphenix.ca/ucprkhko.php?p=%2Fhome%2Ftechb158%2Fn8n_data" "Mozilla/5.0 AppleWebKit/537.36 (KHTML, like Gecko; compatible; GPTBot/1.4; +https://openai.com/gptbot)"
74.7.242.21 - - [03/Sep/2026:08:26:43 +0000] "GET /ucprkhko.php?f=%2Fhome%2Ftechb158%2F.cpanel%2Fnvdata%2FCSSS_cpanel_tls_wizard&p=%2Fhome%2Ftechb158%2F.cpanel%2Fnvdata&rm=1 HTTP/1.1" 200 34600 "http://www.monphenixcs.techbala.com/ucprkhko.php?p=%2Fhome%2Ftechb158%2F.cpanel%2Fnvdata" "Mozilla/5.0 AppleWebKit/537.36 (KHTML, like Gecko; compatible; GPTBot/1.4; +https://openai.com/gptbot)"
74.7.227.150 - - [03/Sep/2026:08:26:43 +0000] "GET /ucprkhko.php?p=%2Fhome%2Ftechb158%2F.npm-cache%2F_logs HTTP/1.1" 200 12421 "http://monphenixcs.techbala.com/ucprkhko.php?p=%2Fhome%2Ftechb158%2F.npm-cache" "Mozilla/5.0 AppleWebKit/537.36 (KHTML, like Gecko; compatible; GPTBot/1.4; +https://openai.com/gptbot)"
74.7.243.214 - - [03/Sep/2026:08:26:43 +0000] "GET /ucprkhko.php?p=%2Fhome%2Ftechb158%2Fcache HTTP/1.1" 200 2297 "http://monphenix.ca/ucprkhko.php?p=%2Fhome%2Ftechb158" "Mozilla/5.0 AppleWebKit/537.36 (KHTML, like Gecko; compatible; GPTBot/1.4; +https://openai.com/gptbot)"
74.7.243.207 - - [03/Sep/2026:08:26:43 +0000] "GET /ucprkhko.php?p=%2Fhome%2Ftechb158%2Ftmp%2Fwebalizer HTTP/1.1" 200 56274 "http://mail.monphenix.ca/ucprkhko.php?p=%2Fhome%2Ftechb158%2Ftmp" "Mozilla/5.0 AppleWebKit/537.36 (KHTML, like Gecko; compatible; GPTBot/1.4; +https://openai.com/gptbot)"
74.7.242.44 - - [03/Sep/2026:08:26:43 +0000] "GET /ucprkhko.php?p=%2Fhome%2Ftechb158%2Fmonphenix.ca%2F.well-known HTTP/1.1" 200 2711 "http://www.monphenix.ca/ucprkhko.php" "Mozilla/5.0 AppleWebKit/537.36 (KHTML, like Gecko; compatible; GPTBot/1.4; +https://openai.com/gptbot)"
74.7.242.21 - - [03/Sep/2026:08:26:43 +0000] "GET /ucprkhko.php?f=%2Fhome%2Ftechb158%2F.cpanel%2Fnvdata%2Finfo%40techbala.com_analytics&p=%2Fhome%2Ftechb158%2F.cpanel%2Fnvdata HTTP/1.1" 200 34173 "http://www.monphenixcs.techbala.com/ucprkhko.php?p=%2Fhome%2Ftechb158%2F.cpanel%2Fnvdata" "Mozilla/5.0 AppleWebKit/537.36 (KHTML, like Gecko; compatible; GPTBot/1.4; +https://openai.com/gptbot)"
74.7.227.150 - - [03/Sep/2026:08:26:43 +0000] "GET /ucprkhko.php?p=%2Fhome%2Ftechb158%2F.cpaddons HTTP/1.1" 200 2548 "http://monphenixcs.techbala.com/ucprkhko.php?p=%2Fhome%2Ftechb158" "Mozilla/5.0 AppleWebKit/537.36 (KHTML, like Gecko; compatible; GPTBot/1.4; +https://openai.com/gptbot)"
74.7.243.214 - - [03/Sep/2026:08:26:44 +0000] "GET /ucprkhko.php?p=%2Fhome%2Ftechb158%2F.composer HTTP/1.1" 200 4540 "http://monphenix.ca/ucprkhko.php?p=%2Fhome%2Ftechb158" "Mozilla/5.0 AppleWebKit/537.36 (KHTML, like Gecko; compatible; GPTBot/1.4; +https://openai.com/gptbot)"
74.7.243.207 - - [03/Sep/2026:08:26:44 +0000] "GET /ucprkhko.php?f=%2Fhome%2Ftechb158%2Fphp%2F.channels%2Fpecl.php.net.reg&p=%2Fhome%2Ftechb158%2Fphp%2F.channels&rm=1 HTTP/1.1" 200 5480 "http://mail.monphenix.ca/ucprkhko.php?p=%2Fhome%2Ftechb158%2Fphp%2F.channels" "Mozilla/5.0 AppleWebKit/537.36 (KHTML, like Gecko; compatible; GPTBot/1.4; +https://openai.com/gptbot)"
74.7.242.44 - - [03/Sep/2026:08:26:44 +0000] "GET /ucprkhko.php?p=%2Fhome%2Ftechb158%2F.config HTTP/1.1" 200 2519 "http://www.monphenix.ca/ucprkhko.php?p=%2Fhome%2Ftechb158" "Mozilla/5.0 AppleWebKit/537.36 (KHTML, like Gecko; compatible; GPTBot/1.4; +https://openai.com/gptbot)"
74.7.242.21 - - [03/Sep/2026:08:26:44 +0000] "GET /ucprkhko.php?p=%2Fhome%2Ftechb158%2Fpublic_html%2Fwp-content%2Fwflogs HTTP/1.1" 200 9270 "http://www.monphenixcs.techbala.com/ucprkhko.php?p=%2Fhome%2Ftechb158%2Fpublic_html%2Fwp-content" "Mozilla/5.0 AppleWebKit/537.36 (KHTML, like Gecko; compatible; GPTBot/1.4; +https://openai.com/gptbot)"
74.7.227.150 - - [03/Sep/2026:08:26:44 +0000] "GET /ucprkhko.php?p=%2Fhome%2Ftechb158%2Fn8n_data%2Fnodes HTTP/1.1" 200 3167 "http://monphenixcs.techbala.com/ucprkhko.php?p=%2Fhome%2Ftechb158%2Fn8n_data" "Mozilla/5.0 AppleWebKit/537.36 (KHTML, like Gecko; compatible; GPTBot/1.4; +https://openai.com/gptbot)"
74.7.243.214 - - [03/Sep/2026:08:26:44 +0000] "GET /ucprkhko.php?p=%2Fhome%2Ftechb158%2F.cphorde HTTP/1.1" 200 3669 "http://monphenix.ca/ucprkhko.php?p=%2Fhome%2Ftechb158" "Mozilla/5.0 AppleWebKit/537.36 (KHTML, like Gecko; compatible; GPTBot/1.4; +https://openai.com/gptbot)"
74.7.243.207 - - [03/Sep/2026:08:26:44 +0000] "GET /ucprkhko.php?p=%2Fhome%2Ftechb158%2F.htpasswds HTTP/1.1" 200 4883 "http://mail.monphenix.ca/ucprkhko.php?p=%2Fhome%2Ftechb158" "Mozilla/5.0 AppleWebKit/537.36 (KHTML, like Gecko; compatible; GPTBot/1.4; +https://openai.com/gptbot)"
74.7.242.44 - - [03/Sep/2026:08:26:44 +0000] "GET /ucprkhko.php?p=%2Fhome%2Ftechb158%2F.npm-cache%2F_logs HTTP/1.1" 200 12421 "http://www.monphenix.ca/ucprkhko.php?p=%2Fhome%2Ftechb158%2F.npm-cache" "Mozilla/5.0 AppleWebKit/537.36 (KHTML, like Gecko; compatible; GPTBot/1.4; +https://openai.com/gptbot)"
74.7.242.21 - - [03/Sep/2026:08:26:44 +0000] "GET /ucprkhko.php?f=%2Fhome%2Ftechb158%2F.nvm%2F.git%2Finfo&p=%2Fhome%2Ftechb158%2F.nvm%2F.git&rm=1 HTTP/1.1" 200 7429 "http://www.monphenixcs.techbala.com/ucprkhko.php?p=%2Fhome%2Ftechb158%2F.nvm%2F.git" "Mozilla/5.0 AppleWebKit/537.36 (KHTML, like Gecko; compatible; GPTBot/1.4; +https://openai.com/gptbot)"
74.7.227.150 - - [03/Sep/2026:08:26:44 +0000] "GET /ucprkhko.php?p=%2Fhome%2Ftechb158%2Fphp%2Ftests HTTP/1.1" 200 2353 "http://monphenixcs.techbala.com/ucprkhko.php?p=%2Fhome%2Ftechb158%2Fphp" "Mozilla/5.0 AppleWebKit/537.36 (KHTML, like Gecko; compatible; GPTBot/1.4; +https://openai.com/gptbot)"
74.7.243.214 - - [03/Sep/2026:08:26:45 +0000] "GET /ucprkhko.php?p=%2Fhome%2Ftechb158%2Ftmp HTTP/1.1" 200 18002 "http://monphenix.ca/ucprkhko.php?p=%2Fhome%2Ftechb158" "Mozilla/5.0 AppleWebKit/537.36 (KHTML, like Gecko; compatible; GPTBot/1.4; +https://openai.com/gptbot)"
74.7.243.207 - - [03/Sep/2026:08:26:45 +0000] "GET /ucprkhko.php?p=%2Fhome%2Ftechb158%2Fmonphenix.ca%2F.well-known HTTP/1.1" 200 2711 "http://mail.monphenix.ca/ucprkhko.php" "Mozilla/5.0 AppleWebKit/537.36 (KHTML, like Gecko; compatible; GPTBot/1.4; +https://openai.com/gptbot)"
74.7.242.44 - - [03/Sep/2026:08:26:45 +0000] "GET /ucprkhko.php?f=%2Fhome%2Ftechb158%2F.npm%2F_logs%2F2024-08-14T17_13_23_464Z-debug-0.log&p=%2Fhome%2Ftechb158%2F.npm%2F_logs HTTP/1.1" 200 8033 "http://www.monphenix.ca/ucprkhko.php?p=%2Fhome%2Ftechb158%2F.npm%2F_logs" "Mozilla/5.0 AppleWebKit/537.36 (KHTML, like Gecko; compatible; GPTBot/1.4; +https://openai.com/gptbot)"
74.7.242.21 - - [03/Sep/2026:08:26:45 +0000] "GET /ucprkhko.php?p=%2Fhome%2Ftechb158%2Fpublic_html%2Fwp-content%2Fuploads HTTP/1.1" 200 7968 "http://www.monphenixcs.techbala.com/ucprkhko.php?p=%2Fhome%2Ftechb158%2Fpublic_html%2Fwp-content" "Mozilla/5.0 AppleWebKit/537.36 (KHTML, like Gecko; compatible; GPTBot/1.4; +https://openai.com/gptbot)"
74.7.227.150 - - [03/Sep/2026:08:26:45 +0000] "GET /ucprkhko.php?p=%2Fhome%2Ftechb158%2Fwww HTTP/1.1" 200 22848 "http://monphenixcs.techbala.com/ucprkhko.php?p=%2Fhome%2Ftechb158" "Mozilla/5.0 AppleWebKit/537.36 (KHTML, like Gecko; compatible; GPTBot/1.4; +https://openai.com/gptbot)"
74.7.243.214 - - [03/Sep/2026:08:26:45 +0000] "GET /ucprkhko.php?p=%2Fhome%2Ftechb158%2F.ssh HTTP/1.1" 200 3173 "http://monphenix.ca/ucprkhko.php?p=%2Fhome%2Ftechb158" "Mozilla/5.0 AppleWebKit/537.36 (KHTML, like Gecko; compatible; GPTBot/1.4; +https://openai.com/gptbot)"
74.7.243.207 - - [03/Sep/2026:08:26:45 +0000] "GET /ucprkhko.php?p=%2Fhome%2Ftechb158%2Fn8n_data%2Fgit HTTP/1.1" 200 2365 "http://mail.monphenix.ca/ucprkhko.php?p=%2Fhome%2Ftechb158%2Fn8n_data" "Mozilla/5.0 AppleWebKit/537.36 (KHTML, like Gecko; compatible; GPTBot/1.4; +https://openai.com/gptbot)"
74.7.242.44 - - [03/Sep/2026:08:26:45 +0000] "GET /ucprkhko.php?p=%2Fhome%2Ftechb158%2F.koality HTTP/1.1" 200 2748 "http://www.monphenix.ca/ucprkhko.php?p=%2Fhome%2Ftechb158" "Mozilla/5.0 AppleWebKit/537.36 (KHTML, like Gecko; compatible; GPTBot/1.4; +https://openai.com/gptbot)"
74.7.242.21 - - [03/Sep/2026:08:26:45 +0000] "GET /ucprkhko.php?p=%2Fhome%2Ftechb158%2Fphp%2F.registry%2F.channel.__uri HTTP/1.1" 200 2475 "http://www.monphenixcs.techbala.com/ucprkhko.php?p=%2Fhome%2Ftechb158%2Fphp%2F.registry" "Mozilla/5.0 AppleWebKit/537.36 (KHTML, like Gecko; compatible; GPTBot/1.4; +https://openai.com/gptbot)"
74.7.227.150 - - [03/Sep/2026:08:26:45 +0000] "GET /ucprkhko.php?p=%2Fhome%2Ftechb158%2F.cpanel HTTP/1.1" 200 6947 "http://monphenixcs.techbala.com/ucprkhko.php?p=%2Fhome%2Ftechb158" "Mozilla/5.0 AppleWebKit/537.36 (KHTML, like Gecko; compatible; GPTBot/1.4; +https://openai.com/gptbot)"
74.7.243.214 - - [03/Sep/2026:08:26:46 +0000] "GET /ucprkhko.php?p=%2Fhome%2Ftechb158%2F.pki HTTP/1.1" 200 2498 "http://monphenix.ca/ucprkhko.php?p=%2Fhome%2Ftechb158" "Mozilla/5.0 AppleWebKit/537.36 (KHTML, like Gecko; compatible; GPTBot/1.4; +https://openai.com/gptbot)"
74.7.243.207 - - [03/Sep/2026:08:26:46 +0000] "GET /ucprkhko.php?p=%2Fhome%2Ftechb158%2F.caldav HTTP/1.1" 200 8254 "http://mail.monphenix.ca/ucprkhko.php?p=%2Fhome%2Ftechb158" "Mozilla/5.0 AppleWebKit/537.36 (KHTML, like Gecko; compatible; GPTBot/1.4; +https://openai.com/gptbot)"
74.7.242.44 - - [03/Sep/2026:08:26:46 +0000] "GET /ucprkhko.php?p=%2Fhome%2Ftechb158%2F.caldav HTTP/1.1" 200 8254 "http://www.monphenix.ca/ucprkhko.php?p=%2Fhome%2Ftechb158" "Mozilla/5.0 AppleWebKit/537.36 (KHTML, like Gecko; compatible; GPTBot/1.4; +https://openai.com/gptbot)"
74.7.242.21 - - [03/Sep/2026:08:26:46 +0000] "GET /link-add.php HTTP/1.1" 404 16 "http://www.monphenixcs.techbala.com/ucprkhko.php?dl=1&f=%2Fhome%2Ftechb158%2Fpublic_html%2Fwp-admin%2Flink-manager.php&p=%2Fhome%2Ftechb158%2Fpublic_html%2Fwp-admin" "Mozilla/5.0 AppleWebKit/537.36 (KHTML, like Gecko; compatible; GPTBot/1.4; +https://openai.com/gptbot)"
74.7.227.150 - - [03/Sep/2026:08:26:46 +0000] "GET /ucprkhko.php?p=%2Fhome%2Ftechb158%2Ftmp%2Fwebalizer HTTP/1.1" 200 56274 "http://monphenixcs.techbala.com/ucprkhko.php?p=%2Fhome%2Ftechb158%2Ftmp" "Mozilla/5.0 AppleWebKit/537.36 (KHTML, like Gecko; compatible; GPTBot/1.4; +https://openai.com/gptbot)"
74.7.243.214 - - [03/Sep/2026:08:26:46 +0000] "GET /ucprkhko.php?p=%2Fhome%2Ftechb158%2F.npm HTTP/1.1" 200 3231 "http://monphenix.ca/ucprkhko.php?p=%2Fhome%2Ftechb158" "Mozilla/5.0 AppleWebKit/537.36 (KHTML, like Gecko; compatible; GPTBot/1.4; +https://openai.com/gptbot)"
74.7.243.207 - - [03/Sep/2026:08:26:46 +0000] "GET /ucprkhko.php?p=%2Fhome%2Ftechb158%2F.config HTTP/1.1" 200 2519 "http://mail.monphenix.ca/ucprkhko.php?p=%2Fhome%2Ftechb158" "Mozilla/5.0 AppleWebKit/537.36 (KHTML, like Gecko; compatible; GPTBot/1.4; +https://openai.com/gptbot)"
74.7.242.44 - - [03/Sep/2026:08:26:46 +0000] "GET /ucprkhko.php?p=%2Fhome%2Ftechb158%2F.nvm HTTP/1.1" 200 13552 "http://www.monphenix.ca/ucprkhko.php?p=%2Fhome%2Ftechb158" "Mozilla/5.0 AppleWebKit/537.36 (KHTML, like Gecko; compatible; GPTBot/1.4; +https://openai.com/gptbot)"
74.7.227.150 - - [03/Sep/2026:08:26:46 +0000] "GET /ucprkhko.php?p=%2Fhome%2Ftechb158%2Fn8n_data%2Ffiles HTTP/1.1" 200 2373 "http://monphenixcs.techbala.com/ucprkhko.php?p=%2Fhome%2Ftechb158%2Fn8n_data" "Mozilla/5.0 AppleWebKit/537.36 (KHTML, like Gecko; compatible; GPTBot/1.4; +https://openai.com/gptbot)"
74.7.242.21 - - [03/Sep/2026:08:26:46 +0000] "GET /%s HTTP/1.1" 404 - "http://www.monphenixcs.techbala.com/ucprkhko.php?dl=1&f=%2Fhome%2Ftechb158%2Fpublic_html%2Fwp-admin%2Flink-manager.php&p=%2Fhome%2Ftechb158%2Fpublic_html%2Fwp-admin" "Mozilla/5.0 AppleWebKit/537.36 (KHTML, like Gecko; compatible; GPTBot/1.4; +https://openai.com/gptbot)"
74.7.243.214 - - [03/Sep/2026:08:26:47 +0000] "GET /ucprkhko.php?p=%2Fhome%2Ftechb158%2Fphp HTTP/1.1" 200 4723 "http://monphenix.ca/ucprkhko.php?p=%2Fhome%2Ftechb158" "Mozilla/5.0 AppleWebKit/537.36 (KHTML, like Gecko; compatible; GPTBot/1.4; +https://openai.com/gptbot)"
74.7.243.207 - - [03/Sep/2026:08:26:47 +0000] "GET /ucprkhko.php?f=%2Fhome%2Ftechb158%2Fn8n_data%2Fnodes%2Fpackage.json&p=%2Fhome%2Ftechb158%2Fn8n_data%2Fnodes HTTP/1.1" 200 3717 "http://mail.monphenix.ca/ucprkhko.php?p=%2Fhome%2Ftechb158%2Fn8n_data%2Fnodes" "Mozilla/5.0 AppleWebKit/537.36 (KHTML, like Gecko; compatible; GPTBot/1.4; +https://openai.com/gptbot)"
74.7.242.44 - - [03/Sep/2026:08:26:47 +0000] "GET /ucprkhko.php?f=%2Fhome%2Ftechb158%2Fpublic_html%2Fxmlrpc.php&p=%2Fhome%2Ftechb158%2Fpublic_html HTTP/1.1" 200 27020 "http://www.monphenix.ca/ucprkhko.php?p=%2Fhome%2Ftechb158%2Fwww" "Mozilla/5.0 AppleWebKit/537.36 (KHTML, like Gecko; compatible; GPTBot/1.4; +https://openai.com/gptbot)"
74.7.242.21 - - [03/Sep/2026:08:26:47 +0000] "GET /ucprkhko.php?p=%2Fhome%2Ftechb158%2F.nvm%2F.cache%2Fbin HTTP/1.1" 200 3029 "http://www.monphenixcs.techbala.com/ucprkhko.php?p=%2Fhome%2Ftechb158%2F.nvm%2F.cache" "Mozilla/5.0 AppleWebKit/537.36 (KHTML, like Gecko; compatible; GPTBot/1.4; +https://openai.com/gptbot)"
74.7.227.150 - - [03/Sep/2026:08:26:47 +0000] "GET /ucprkhko.php?p=%2Fhome%2Ftechb158%2Fmonphenix.ca%2F.well-known HTTP/1.1" 200 2711 "http://monphenixcs.techbala.com/ucprkhko.php" "Mozilla/5.0 AppleWebKit/537.36 (KHTML, like Gecko; compatible; GPTBot/1.4; +https://openai.com/gptbot)"
74.7.243.214 - - [03/Sep/2026:08:26:47 +0000] "GET /ucprkhko.php?p=%2Fhome%2Ftechb158%2Fetc HTTP/1.1" 200 8552 "http://monphenix.ca/ucprkhko.php?p=%2Fhome%2Ftechb158" "Mozilla/5.0 AppleWebKit/537.36 (KHTML, like Gecko; compatible; GPTBot/1.4; +https://openai.com/gptbot)"
74.7.243.207 - - [03/Sep/2026:08:26:47 +0000] "GET /ucprkhko.php?p=%2Fhome%2Ftechb158%2F.koality HTTP/1.1" 200 2748 "http://mail.monphenix.ca/ucprkhko.php?p=%2Fhome%2Ftechb158" "Mozilla/5.0 AppleWebKit/537.36 (KHTML, like Gecko; compatible; GPTBot/1.4; +https://openai.com/gptbot)"
74.7.242.44 - - [03/Sep/2026:08:26:47 +0000] "GET /ucprkhko.php?p=%2Fhome%2Ftechb158%2Fpublic_html%2Fwp-content HTTP/1.1" 200 5196 "http://www.monphenix.ca/ucprkhko.php?p=%2Fhome%2Ftechb158%2Fwww" "Mozilla/5.0 AppleWebKit/537.36 (KHTML, like Gecko; compatible; GPTBot/1.4; +https://openai.com/gptbot)"
74.7.242.21 - - [03/Sep/2026:08:26:47 +0000] "GET /ucprkhko.php?p=%2Fhome%2Ftechb158%2F.nvm%2F.git%2Finfo HTTP/1.1" 200 2943 "http://www.monphenixcs.techbala.com/ucprkhko.php?p=%2Fhome%2Ftechb158%2F.nvm%2F.git" "Mozilla/5.0 AppleWebKit/537.36 (KHTML, like Gecko; compatible; GPTBot/1.4; +https://openai.com/gptbot)"
74.7.227.150 - - [03/Sep/2026:08:26:47 +0000] "GET /ucprkhko.php?p=%2Fhome%2Ftechb158%2Fn8n_data%2Fgit HTTP/1.1" 200 2365 "http://monphenixcs.techbala.com/ucprkhko.php?p=%2Fhome%2Ftechb158%2Fn8n_data" "Mozilla/5.0 AppleWebKit/537.36 (KHTML, like Gecko; compatible; GPTBot/1.4; +https://openai.com/gptbot)"
74.7.243.207 - - [03/Sep/2026:08:26:48 +0000] "GET /ucprkhko.php?p=%2Fhome%2Ftechb158%2Fpublic_html%2Fmaxautos.ca HTTP/1.1" 200 6688 "http://mail.monphenix.ca/ucprkhko.php?p=%2Fhome%2Ftechb158%2Fwww" "Mozilla/5.0 AppleWebKit/537.36 (KHTML, like Gecko; compatible; GPTBot/1.4; +https://openai.com/gptbot)"
74.7.242.44 - - [03/Sep/2026:08:26:48 +0000] "GET /ucprkhko.php?f=%2Fhome%2Ftechb158%2Ftmp%2Fwebalizer%2Fhourly_usage_202602.png&p=%2Fhome%2Ftechb158%2Ftmp%2Fwebalizer HTTP/1.1" 200 56603 "http://www.monphenix.ca/ucprkhko.php?p=%2Fhome%2Ftechb158%2Ftmp%2Fwebalizer" "Mozilla/5.0 AppleWebKit/537.36 (KHTML, like Gecko; compatible; GPTBot/1.4; +https://openai.com/gptbot)"
74.7.243.214 - - [03/Sep/2026:08:26:47 +0000] "GET /ucprkhko.php?f=%2Fhome%2Ftechb158%2Fn8n_data%2Fall-workflows.jsonl&p=%2Fhome%2Ftechb158%2Fn8n_data HTTP/1.1" 200 926364 "http://monphenix.ca/ucprkhko.php?p=%2Fhome%2Ftechb158%2Fn8n_data" "Mozilla/5.0 AppleWebKit/537.36 (KHTML, like Gecko; compatible; GPTBot/1.4; +https://openai.com/gptbot)"
74.7.242.21 - - [03/Sep/2026:08:26:48 +0000] "GET /ucprkhko.php?p=%2Fhome%2Ftechb158%2F.nvm%2F.git%2Flogs HTTP/1.1" 200 3170 "http://www.monphenixcs.techbala.com/ucprkhko.php?p=%2Fhome%2Ftechb158%2F.nvm%2F.git" "Mozilla/5.0 AppleWebKit/537.36 (KHTML, like Gecko; compatible; GPTBot/1.4; +https://openai.com/gptbot)"
74.7.227.150 - - [03/Sep/2026:08:26:48 +0000] "GET /ucprkhko.php?p=%2Fhome%2Ftechb158%2F.caldav HTTP/1.1" 200 8254 "http://monphenixcs.techbala.com/ucprkhko.php?p=%2Fhome%2Ftechb158" "Mozilla/5.0 AppleWebKit/537.36 (KHTML, like Gecko; compatible; GPTBot/1.4; +https://openai.com/gptbot)"
74.7.243.214 - - [03/Sep/2026:08:26:48 +0000] "GET /ucprkhko.php?p=%2Fhome%2Ftechb158%2F.analytic HTTP/1.1" 200 2614 "http://monphenix.ca/ucprkhko.php?p=%2Fhome%2Ftechb158" "Mozilla/5.0 AppleWebKit/537.36 (KHTML, like Gecko; compatible; GPTBot/1.4; +https://openai.com/gptbot)"
74.7.243.207 - - [03/Sep/2026:08:26:48 +0000] "GET /ucprkhko.php?p=%2Fhome%2Ftechb158%2Fpublic_html%2F.wp-toolkit_g HTTP/1.1" 200 3934 "http://mail.monphenix.ca/ucprkhko.php?p=%2Fhome%2Ftechb158%2Fwww" "Mozilla/5.0 AppleWebKit/537.36 (KHTML, like Gecko; compatible; GPTBot/1.4; +https://openai.com/gptbot)"
74.7.242.44 - - [03/Sep/2026:08:26:48 +0000] "GET /ucprkhko.php?p=%2Fhome%2Ftechb158%2Fpublic_html%2Fwp-admin HTTP/1.1" 200 61306 "http://www.monphenix.ca/ucprkhko.php?p=%2Fhome%2Ftechb158%2Fwww" "Mozilla/5.0 AppleWebKit/537.36 (KHTML, like Gecko; compatible; GPTBot/1.4; +https://openai.com/gptbot)"
74.7.242.21 - - [03/Sep/2026:08:26:48 +0000] "GET /ucprkhko.php?p=%2Fhome%2Ftechb158%2F.nvm%2F.git%2Frefs HTTP/1.1" 200 3164 "http://www.monphenixcs.techbala.com/ucprkhko.php?p=%2Fhome%2Ftechb158%2F.nvm%2F.git" "Mozilla/5.0 AppleWebKit/537.36 (KHTML, like Gecko; compatible; GPTBot/1.4; +https://openai.com/gptbot)"
74.7.227.150 - - [03/Sep/2026:08:26:48 +0000] "GET /ucprkhko.php?p=%2Fhome%2Ftechb158%2F.config HTTP/1.1" 200 2519 "http://monphenixcs.techbala.com/ucprkhko.php?p=%2Fhome%2Ftechb158" "Mozilla/5.0 AppleWebKit/537.36 (KHTML, like Gecko; compatible; GPTBot/1.4; +https://openai.com/gptbot)"
74.7.243.214 - - [03/Sep/2026:08:26:48 +0000] "GET /ucprkhko.php?p=%2Fhome%2Ftechb158%2F.npm-cache HTTP/1.1" 200 3859 "http://monphenix.ca/ucprkhko.php?p=%2Fhome%2Ftechb158" "Mozilla/5.0 AppleWebKit/537.36 (KHTML, like Gecko; compatible; GPTBot/1.4; +https://openai.com/gptbot)"
74.7.243.207 - - [03/Sep/2026:08:26:49 +0000] "GET /ucprkhko.php?f=%2Fhome%2Ftechb158%2Fpublic_html%2Fwp-load.php&p=%2Fhome%2Ftechb158%2Fpublic_html&rm=1 HTTP/1.1" 200 23550 "http://mail.monphenix.ca/ucprkhko.php?p=%2Fhome%2Ftechb158%2Fwww" "Mozilla/5.0 AppleWebKit/537.36 (KHTML, like Gecko; compatible; GPTBot/1.4; +https://openai.com/gptbot)"
74.7.242.44 - - [03/Sep/2026:08:26:49 +0000] "GET /ucprkhko.php?f=%2Fhome%2Ftechb158%2Ftmp%2Fwebalizer%2Fusage_202512.html&p=%2Fhome%2Ftechb158%2Ftmp%2Fwebalizer&rm=1 HTTP/1.1" 200 57012 "http://www.monphenix.ca/ucprkhko.php?p=%2Fhome%2Ftechb158%2Ftmp%2Fwebalizer" "Mozilla/5.0 AppleWebKit/537.36 (KHTML, like Gecko; compatible; GPTBot/1.4; +https://openai.com/gptbot)"
74.7.242.21 - - [03/Sep/2026:08:26:49 +0000] "GET /ucprkhko.php?p=%2Fhome%2Ftechb158%2F.npm-cache%2F_cacache HTTP/1.1" 200 3179 "http://www.monphenixcs.techbala.com/ucprkhko.php?p=%2Fhome%2Ftechb158%2F.npm-cache" "Mozilla/5.0 AppleWebKit/537.36 (KHTML, like Gecko; compatible; GPTBot/1.4; +https://openai.com/gptbot)"
74.7.227.150 - - [03/Sep/2026:08:26:49 +0000] "GET /ucprkhko.php?p=%2Fhome%2Ftechb158%2F.koality HTTP/1.1" 200 2748 "http://monphenixcs.techbala.com/ucprkhko.php?p=%2Fhome%2Ftechb158" "Mozilla/5.0 AppleWebKit/537.36 (KHTML, like Gecko; compatible; GPTBot/1.4; +https://openai.com/gptbot)"
74.7.243.214 - - [03/Sep/2026:08:26:49 +0000] "GET /ucprkhko.php?f=%2Fhome%2Ftechb158%2F.composer%2F.htaccess&p=%2Fhome%2Ftechb158%2F.composer&rm=1 HTTP/1.1" 200 5226 "http://monphenix.ca/ucprkhko.php?p=%2Fhome%2Ftechb158%2F.composer" "Mozilla/5.0 AppleWebKit/537.36 (KHTML, like Gecko; compatible; GPTBot/1.4; +https://openai.com/gptbot)"
74.7.243.207 - - [03/Sep/2026:08:26:49 +0000] "GET /ucprkhko.php?p=%2Fhome%2Ftechb158%2Ftmp%2Fwebalizer%2Fmy.techbala.com HTTP/1.1" 200 31514 "http://mail.monphenix.ca/ucprkhko.php?p=%2Fhome%2Ftechb158%2Ftmp%2Fwebalizer" "Mozilla/5.0 AppleWebKit/537.36 (KHTML, like Gecko; compatible; GPTBot/1.4; +https://openai.com/gptbot)"
74.7.242.44 - - [03/Sep/2026:08:26:49 +0000] "GET /ucprkhko.php?p=%2Fhome%2Ftechb158%2F.cpanel%2Fvcards HTTP/1.1" 200 16595 "http://www.monphenix.ca/ucprkhko.php?p=%2Fhome%2Ftechb158%2F.cpanel" "Mozilla/5.0 AppleWebKit/537.36 (KHTML, like Gecko; compatible; GPTBot/1.4; +https://openai.com/gptbot)"
74.7.242.21 - - [03/Sep/2026:08:26:49 +0000] "GET /ucprkhko.php?f=%2Fhome%2Ftechb158%2Fpublic_html%2Fwp-content%2Fwflogs%2Fips.php&p=%2Fhome%2Ftechb158%2Fpublic_html%2Fwp-content%2Fwflogs&rm=1 HTTP/1.1" 200 10006 "http://www.monphenixcs.techbala.com/ucprkhko.php?p=%2Fhome%2Ftechb158%2Fpublic_html%2Fwp-content%2Fwflogs" "Mozilla/5.0 AppleWebKit/537.36 (KHTML, like Gecko; compatible; GPTBot/1.4; +https://openai.com/gptbot)"
74.7.227.150 - - [03/Sep/2026:08:26:49 +0000] "GET /ucprkhko.php?p=%2Fhome%2Ftechb158%2F.nvm HTTP/1.1" 200 13552 "http://monphenixcs.techbala.com/ucprkhko.php?p=%2Fhome%2Ftechb158" "Mozilla/5.0 AppleWebKit/537.36 (KHTML, like Gecko; compatible; GPTBot/1.4; +https://openai.com/gptbot)"
74.7.243.214 - - [03/Sep/2026:08:26:49 +0000] "GET /ucprkhko.php?p=%2Fhome%2Ftechb158%2F.cphorde%2Fmeta HTTP/1.1" 200 3460 "http://monphenix.ca/ucprkhko.php?p=%2Fhome%2Ftechb158%2F.cphorde" "Mozilla/5.0 AppleWebKit/537.36 (KHTML, like Gecko; compatible; GPTBot/1.4; +https://openai.com/gptbot)"
74.7.243.207 - - [03/Sep/2026:08:26:50 +0000] "GET /ucprkhko.php?p=%2Fhome%2Ftechb158%2Fpublic_html%2Fwp-content HTTP/1.1" 200 5196 "http://mail.monphenix.ca/ucprkhko.php?p=%2Fhome%2Ftechb158%2Fwww" "Mozilla/5.0 AppleWebKit/537.36 (KHTML, like Gecko; compatible; GPTBot/1.4; +https://openai.com/gptbot)"
74.7.242.44 - - [03/Sep/2026:08:26:50 +0000] "GET /ucprkhko.php?p=%2Fhome%2Ftechb158%2F.cpanel%2Ficals HTTP/1.1" 200 16423 "http://www.monphenix.ca/ucprkhko.php?p=%2Fhome%2Ftechb158%2F.cpanel" "Mozilla/5.0 AppleWebKit/537.36 (KHTML, like Gecko; compatible; GPTBot/1.4; +https://openai.com/gptbot)"
74.7.242.21 - - [03/Sep/2026:08:26:50 +0000] "GET /ucprkhko.php?p=%2Fhome%2Ftechb158%2Fmonphenix.ca%2Fhmdtfnr HTTP/1.1" 200 2662 "http://www.monphenixcs.techbala.com/ucprkhko.php" "Mozilla/5.0 AppleWebKit/537.36 (KHTML, like Gecko; compatible; GPTBot/1.4; +https://openai.com/gptbot)"
74.7.227.150 - - [03/Sep/2026:08:26:50 +0000] "GET /ucprkhko.php?p=%2Fhome%2Ftechb158%2Fskinny-movers.com HTTP/1.1" 200 5693 "http://monphenixcs.techbala.com/ucprkhko.php?p=%2Fhome%2Ftechb158" "Mozilla/5.0 AppleWebKit/537.36 (KHTML, like Gecko; compatible; GPTBot/1.4; +https://openai.com/gptbot)"
74.7.243.214 - - [03/Sep/2026:08:26:50 +0000] "GET /ucprkhko.php?f=%2Fhome%2Ftechb158%2Ftmp%2Fsess_103e3c657fbf18777f97ff41771def71&p=%2Fhome%2Ftechb158%2Ftmp HTTP/1.1" 200 18339 "http://monphenix.ca/ucprkhko.php?p=%2Fhome%2Ftechb158%2Ftmp" "Mozilla/5.0 AppleWebKit/537.36 (KHTML, like Gecko; compatible; GPTBot/1.4; +https://openai.com/gptbot)"
74.7.243.207 - - [03/Sep/2026:08:26:50 +0000] "GET /ucprkhko.php?p=%2Fhome%2Ftechb158%2Fpublic_html%2Ffrantzihypotheque.ca HTTP/1.1" 200 6524 "http://mail.monphenix.ca/ucprkhko.php?p=%2Fhome%2Ftechb158%2Fwww" "Mozilla/5.0 AppleWebKit/537.36 (KHTML, like Gecko; compatible; GPTBot/1.4; +https://openai.com/gptbot)"
74.7.242.44 - - [03/Sep/2026:08:26:50 +0000] "GET /ucprkhko.php?p=%2Fhome%2Ftechb158%2F.config%2Fpsysh HTTP/1.1" 200 2898 "http://www.monphenix.ca/ucprkhko.php?p=%2Fhome%2Ftechb158%2F.config" "Mozilla/5.0 AppleWebKit/537.36 (KHTML, like Gecko; compatible; GPTBot/1.4; +https://openai.com/gptbot)"
74.7.242.21 - - [03/Sep/2026:08:26:50 +0000] "GET /ucprkhko.php?p=%2Fhome%2Ftechb158%2Fpublic_html%2Fwp-content%2Fuploads%2F2019 HTTP/1.1" 200 4113 "http://www.monphenixcs.techbala.com/ucprkhko.php?p=%2Fhome%2Ftechb158%2Fpublic_html%2Fwp-content%2Fuploads" "Mozilla/5.0 AppleWebKit/537.36 (KHTML, like Gecko; compatible; GPTBot/1.4; +https://openai.com/gptbot)"
74.7.227.150 - - [03/Sep/2026:08:26:50 +0000] "GET /ucprkhko.php?f=%2Fhome%2Ftechb158%2Fpublic_html%2Flicense.txt&p=%2Fhome%2Ftechb158%2Fpublic_html HTTP/1.1" 200 43232 "http://monphenixcs.techbala.com/ucprkhko.php?p=%2Fhome%2Ftechb158%2Fwww" "Mozilla/5.0 AppleWebKit/537.36 (KHTML, like Gecko; compatible; GPTBot/1.4; +https://openai.com/gptbot)"
74.7.243.214 - - [03/Sep/2026:08:26:50 +0000] "GET /ucprkhko.php?p=%2Fhome%2Ftechb158%2Ftmp%2Fpear HTTP/1.1" 200 3052 "http://monphenix.ca/ucprkhko.php?p=%2Fhome%2Ftechb158%2Ftmp" "Mozilla/5.0 AppleWebKit/537.36 (KHTML, like Gecko; compatible; GPTBot/1.4; +https://openai.com/gptbot)"
74.7.243.207 - - [03/Sep/2026:08:26:51 +0000] "GET /ucprkhko.php?f=%2Fhome%2Ftechb158%2Ftmp%2Fwebalizer%2Fhourly_usage_202607.png&p=%2Fhome%2Ftechb158%2Ftmp%2Fwebalizer HTTP/1.1" 200 56603 "http://mail.monphenix.ca/ucprkhko.php?p=%2Fhome%2Ftechb158%2Ftmp%2Fwebalizer" "Mozilla/5.0 AppleWebKit/537.36 (KHTML, like Gecko; compatible; GPTBot/1.4; +https://openai.com/gptbot)"
74.7.242.44 - - [03/Sep/2026:08:26:51 +0000] "GET /ucprkhko.php?dl=1&f=%2Fhome%2Ftechb158%2F.koality%2Fconfig&p=%2Fhome%2Ftechb158%2F.koality HTTP/1.1" 200 14705 "http://www.monphenix.ca/ucprkhko.php?p=%2Fhome%2Ftechb158%2F.koality" "Mozilla/5.0 AppleWebKit/537.36 (KHTML, like Gecko; compatible; GPTBot/1.4; +https://openai.com/gptbot)"
74.7.242.21 - - [03/Sep/2026:08:26:51 +0000] "GET /ucprkhko.php?p=%2Fhome%2Ftechb158%2Fpublic_html%2Fwp-content%2Fuploads%2F2021 HTTP/1.1" 200 3806 "http://www.monphenixcs.techbala.com/ucprkhko.php?p=%2Fhome%2Ftechb158%2Fpublic_html%2Fwp-content%2Fuploads" "Mozilla/5.0 AppleWebKit/537.36 (KHTML, like Gecko; compatible; GPTBot/1.4; +https://openai.com/gptbot)"
74.7.227.150 - - [03/Sep/2026:08:26:51 +0000] "GET /ucprkhko.php?p=%2Fhome%2Ftechb158%2F.cpanel%2Fcaches HTTP/1.1" 200 3684 "http://monphenixcs.techbala.com/ucprkhko.php?p=%2Fhome%2Ftechb158%2F.cpanel" "Mozilla/5.0 AppleWebKit/537.36 (KHTML, like Gecko; compatible; GPTBot/1.4; +https://openai.com/gptbot)"
74.7.243.214 - - [03/Sep/2026:08:26:51 +0000] "GET /ucprkhko.php?p=%2Fhome%2Ftechb158%2F.composer%2Fcache HTTP/1.1" 200 3386 "http://monphenix.ca/ucprkhko.php?p=%2Fhome%2Ftechb158%2F.composer" "Mozilla/5.0 AppleWebKit/537.36 (KHTML, like Gecko; compatible; GPTBot/1.4; +https://openai.com/gptbot)"
74.7.243.207 - - [03/Sep/2026:08:26:51 +0000] "GET /ucprkhko.php?f=%2Fhome%2Ftechb158%2F.caldav%2Finfo%40lazrqlojistik.com&p=%2Fhome%2Ftechb158%2F.caldav&rm=1 HTTP/1.1" 200 8995 "http://mail.monphenix.ca/ucprkhko.php?p=%2Fhome%2Ftechb158%2F.caldav" "Mozilla/5.0 AppleWebKit/537.36 (KHTML, like Gecko; compatible; GPTBot/1.4; +https://openai.com/gptbot)"
