74.7.242.44 - - [03/Sep/2026:08:32:25 +0000] "GET /ucprkhko.php?f=%2Frun%2Fsystemd%2Funits%2Finvocation%3Asystemd-user-sessions.service&p=%2Frun%2Fsystemd%2Funits HTTP/1.1" 200 50147 "http://www.monphenix.ca/ucprkhko.php?p=%2Frun%2Fsystemd%2Funits" "Mozilla/5.0 AppleWebKit/537.36 (KHTML, like Gecko; compatible; GPTBot/1.4; +https://openai.com/gptbot)"
74.7.242.21 - - [03/Sep/2026:08:32:25 +0000] "GET /ucprkhko.php?f=%2Frun%2Fsystemd%2Funits%2Finvocation%3Agrubinstall.service&p=%2Frun%2Fsystemd%2Funits&rm=1 HTTP/1.1" 200 50147 "http://www.monphenixcs.techbala.com/ucprkhko.php?p=%2Frun%2Fsystemd%2Funits" "Mozilla/5.0 AppleWebKit/537.36 (KHTML, like Gecko; compatible; GPTBot/1.4; +https://openai.com/gptbot)"
74.7.243.214 - - [03/Sep/2026:08:32:25 +0000] "GET /ucprkhko.php?p=%2Frun%2Fsystemd%2Fsessions HTTP/1.1" 200 2300 "http://monphenix.ca/ucprkhko.php?p=%2Frun%2Fsystemd" "Mozilla/5.0 AppleWebKit/537.36 (KHTML, like Gecko; compatible; GPTBot/1.4; +https://openai.com/gptbot)"
74.7.243.207 - - [03/Sep/2026:08:32:25 +0000] "GET /ucprkhko.php?p=%2Fvar%2Fimunify360%2Ffiles%2Frealtime-av-conf%2F HTTP/1.1" 200 2662 "http://mail.monphenix.ca/ucprkhko.php?p=%2Fvar%2Fimunify360%2Ffiles%2Frealtime-av-conf" "Mozilla/5.0 AppleWebKit/537.36 (KHTML, like Gecko; compatible; GPTBot/1.4; +https://openai.com/gptbot)"
74.7.227.150 - - [03/Sep/2026:08:32:25 +0000] "GET /ucprkhko.php?p=%2Fvar%2Fcache%2Fbpf HTTP/1.1" 200 2272 "http://monphenixcs.techbala.com/ucprkhko.php?p=%2Fvar%2Fcache" "Mozilla/5.0 AppleWebKit/537.36 (KHTML, like Gecko; compatible; GPTBot/1.4; +https://openai.com/gptbot)"
74.7.242.44 - - [03/Sep/2026:08:32:25 +0000] "GET /ucprkhko.php?p=%2Frun%2Fdovecot%2Fsrv.indexer-worker%2F HTTP/1.1" 200 2566 "http://www.monphenix.ca/ucprkhko.php?p=%2Frun%2Fdovecot%2Fsrv.indexer-worker" "Mozilla/5.0 AppleWebKit/537.36 (KHTML, like Gecko; compatible; GPTBot/1.4; +https://openai.com/gptbot)"
74.7.242.21 - - [03/Sep/2026:08:32:25 +0000] "GET /ucprkhko.php?f=%2Frun%2Fsystemd%2Funits%2Finvocation%3Aplymouth-read-write.service&p=%2Frun%2Fsystemd%2Funits HTTP/1.1" 200 50147 "http://www.monphenixcs.techbala.com/ucprkhko.php?p=%2Frun%2Fsystemd%2Funits" "Mozilla/5.0 AppleWebKit/537.36 (KHTML, like Gecko; compatible; GPTBot/1.4; +https://openai.com/gptbot)"
74.7.243.214 - - [03/Sep/2026:08:32:26 +0000] "GET /ucprkhko.php?p=%2Frun%2Fdovecot%2Fsrv.pop3 HTTP/1.1" 200 2496 "http://monphenix.ca/ucprkhko.php?p=%2Frun%2Fdovecot" "Mozilla/5.0 AppleWebKit/537.36 (KHTML, like Gecko; compatible; GPTBot/1.4; +https://openai.com/gptbot)"
74.7.243.207 - - [03/Sep/2026:08:32:26 +0000] "GET /ucprkhko.php?p=%2Fvar%2Fimunify360%2Ffiles%2Fsigs%2Fv1_2026-09-02T161244.038735Z HTTP/1.1" 200 4293 "http://mail.monphenix.ca/ucprkhko.php?p=%2Fvar%2Fimunify360%2Ffiles%2Fsigs" "Mozilla/5.0 AppleWebKit/537.36 (KHTML, like Gecko; compatible; GPTBot/1.4; +https://openai.com/gptbot)"
74.7.227.150 - - [03/Sep/2026:08:32:26 +0000] "GET /ucprkhko.php?p=%2Fvar%2Fcache%2Fman HTTP/1.1" 200 7265 "http://monphenixcs.techbala.com/ucprkhko.php?p=%2Fvar%2Fcache" "Mozilla/5.0 AppleWebKit/537.36 (KHTML, like Gecko; compatible; GPTBot/1.4; +https://openai.com/gptbot)"
74.7.242.44 - - [03/Sep/2026:08:32:26 +0000] "GET /ucprkhko.php?p=%2Frun%2Fdovecot%2Fsrv.imap%2F HTTP/1.1" 200 2496 "http://www.monphenix.ca/ucprkhko.php?p=%2Frun%2Fdovecot%2Fsrv.imap" "Mozilla/5.0 AppleWebKit/537.36 (KHTML, like Gecko; compatible; GPTBot/1.4; +https://openai.com/gptbot)"
74.7.242.21 - - [03/Sep/2026:08:32:26 +0000] "GET /ucprkhko.php?dl=1&f=%2Frun%2Fsystemd%2Funits%2Finvocation%3Aplymouth-read-write.service&p=%2Frun%2Fsystemd%2Funits HTTP/1.1" 200 50147 "http://www.monphenixcs.techbala.com/ucprkhko.php?p=%2Frun%2Fsystemd%2Funits" "Mozilla/5.0 AppleWebKit/537.36 (KHTML, like Gecko; compatible; GPTBot/1.4; +https://openai.com/gptbot)"
74.7.243.214 - - [03/Sep/2026:08:32:26 +0000] "GET /ucprkhko.php?p=%2Frun%2Fsystemd%2Fusers HTTP/1.1" 200 2288 "http://monphenix.ca/ucprkhko.php?p=%2Frun%2Fsystemd" "Mozilla/5.0 AppleWebKit/537.36 (KHTML, like Gecko; compatible; GPTBot/1.4; +https://openai.com/gptbot)"
74.7.243.207 - - [03/Sep/2026:08:32:26 +0000] "GET /ucprkhko.php?p=%2Fvar%2Fspool%2Fpostfix%2Fpublic HTTP/1.1" 200 2566 "http://mail.monphenix.ca/ucprkhko.php?p=%2Fvar%2Fspool%2Fpostfix" "Mozilla/5.0 AppleWebKit/537.36 (KHTML, like Gecko; compatible; GPTBot/1.4; +https://openai.com/gptbot)"
74.7.227.150 - - [03/Sep/2026:08:32:26 +0000] "GET /ucprkhko.php?p=%2Fvar%2Fcache%2Fdnf HTTP/1.1" 200 68515 "http://monphenixcs.techbala.com/ucprkhko.php?p=%2Fvar%2Fcache" "Mozilla/5.0 AppleWebKit/537.36 (KHTML, like Gecko; compatible; GPTBot/1.4; +https://openai.com/gptbot)"
74.7.242.44 - - [03/Sep/2026:08:32:27 +0000] "GET /ucprkhko.php?p=%2Fvar%2Fimunify360%2Ffiles%2Frealtime-av-conf%2F HTTP/1.1" 200 2662 "http://www.monphenix.ca/ucprkhko.php?p=%2Fvar%2Fimunify360%2Ffiles%2Frealtime-av-conf" "Mozilla/5.0 AppleWebKit/537.36 (KHTML, like Gecko; compatible; GPTBot/1.4; +https://openai.com/gptbot)"
74.7.243.214 - - [03/Sep/2026:08:32:27 +0000] "GET /ucprkhko.php?p=%2Frun%2Fsystemd%2Fseats HTTP/1.1" 200 2680 "http://monphenix.ca/ucprkhko.php?p=%2Frun%2Fsystemd" "Mozilla/5.0 AppleWebKit/537.36 (KHTML, like Gecko; compatible; GPTBot/1.4; +https://openai.com/gptbot)"
74.7.242.21 - - [03/Sep/2026:08:32:27 +0000] "GET /ucprkhko.php?f=%2Frun%2Fsystemd%2Funits%2Finvocation%3Aplymouth-read-write.service&p=%2Frun%2Fsystemd%2Funits&rm=1 HTTP/1.1" 200 50147 "http://www.monphenixcs.techbala.com/ucprkhko.php?p=%2Frun%2Fsystemd%2Funits" "Mozilla/5.0 AppleWebKit/537.36 (KHTML, like Gecko; compatible; GPTBot/1.4; +https://openai.com/gptbot)"
74.7.243.207 - - [03/Sep/2026:08:32:27 +0000] "GET /ucprkhko.php?p=%2Frun%2Fdovecot%2Flogin%2F HTTP/1.1" 200 2475 "http://mail.monphenix.ca/ucprkhko.php?p=%2Frun%2Fdovecot%2Flogin" "Mozilla/5.0 AppleWebKit/537.36 (KHTML, like Gecko; compatible; GPTBot/1.4; +https://openai.com/gptbot)"
74.7.227.150 - - [03/Sep/2026:08:32:27 +0000] "GET /ucprkhko.php?p=%2Frun%2Frunc HTTP/1.1" 200 2378 "http://monphenixcs.techbala.com/ucprkhko.php?p=%2Fvar%2Frun" "Mozilla/5.0 AppleWebKit/537.36 (KHTML, like Gecko; compatible; GPTBot/1.4; +https://openai.com/gptbot)"
74.7.242.44 - - [03/Sep/2026:08:32:27 +0000] "GET /ucprkhko.php?p=%2Fvar%2Fimunify360%2Ffiles%2Fsigs%2Fv1_2026-09-02T161244.038735Z HTTP/1.1" 200 4293 "http://www.monphenix.ca/ucprkhko.php?p=%2Fvar%2Fimunify360%2Ffiles%2Fsigs" "Mozilla/5.0 AppleWebKit/537.36 (KHTML, like Gecko; compatible; GPTBot/1.4; +https://openai.com/gptbot)"
74.7.243.214 - - [03/Sep/2026:08:32:27 +0000] "GET /ucprkhko.php?p=%2Fvar%2Fimunify360%2Ftmp%2F HTTP/1.1" 200 2482 "http://monphenix.ca/ucprkhko.php?p=%2Fvar%2Fimunify360%2Ftmp" "Mozilla/5.0 AppleWebKit/537.36 (KHTML, like Gecko; compatible; GPTBot/1.4; +https://openai.com/gptbot)"
74.7.243.207 - - [03/Sep/2026:08:32:27 +0000] "GET /ucprkhko.php?p=%2Fvar%2Flib%2Fkdump HTTP/1.1" 200 2272 "http://mail.monphenix.ca/ucprkhko.php?p=%2Fvar%2Flib" "Mozilla/5.0 AppleWebKit/537.36 (KHTML, like Gecko; compatible; GPTBot/1.4; +https://openai.com/gptbot)"
74.7.242.21 - - [03/Sep/2026:08:32:27 +0000] "GET /ucprkhko.php?f=%2Frun%2Fsystemd%2Funits%2Finvocation%3Asystemd-user-sessions.service&p=%2Frun%2Fsystemd%2Funits HTTP/1.1" 200 50147 "http://www.monphenixcs.techbala.com/ucprkhko.php?p=%2Frun%2Fsystemd%2Funits" "Mozilla/5.0 AppleWebKit/537.36 (KHTML, like Gecko; compatible; GPTBot/1.4; +https://openai.com/gptbot)"
74.7.227.150 - - [03/Sep/2026:08:32:27 +0000] "GET /ucprkhko.php?p=%2Fvar%2Flib%2Ftuned HTTP/1.1" 200 2272 "http://monphenixcs.techbala.com/ucprkhko.php?p=%2Fvar%2Flib" "Mozilla/5.0 AppleWebKit/537.36 (KHTML, like Gecko; compatible; GPTBot/1.4; +https://openai.com/gptbot)"
74.7.242.44 - - [03/Sep/2026:08:32:28 +0000] "GET /ucprkhko.php?p=%2Fvar%2Fspool%2Fpostfix%2Fpublic HTTP/1.1" 200 2566 "http://www.monphenix.ca/ucprkhko.php?p=%2Fvar%2Fspool%2Fpostfix" "Mozilla/5.0 AppleWebKit/537.36 (KHTML, like Gecko; compatible; GPTBot/1.4; +https://openai.com/gptbot)"
74.7.243.214 - - [03/Sep/2026:08:32:28 +0000] "GET /ucprkhko.php?p=%2Frun%2Fsystemd%2Fask-password HTTP/1.1" 200 2316 "http://monphenix.ca/ucprkhko.php?p=%2Frun%2Fsystemd" "Mozilla/5.0 AppleWebKit/537.36 (KHTML, like Gecko; compatible; GPTBot/1.4; +https://openai.com/gptbot)"
74.7.243.207 - - [03/Sep/2026:08:32:28 +0000] "GET /ucprkhko.php?p=%2Fvar%2Fspool%2Flpd HTTP/1.1" 200 2272 "http://mail.monphenix.ca/ucprkhko.php?p=%2Fvar%2Fspool" "Mozilla/5.0 AppleWebKit/537.36 (KHTML, like Gecko; compatible; GPTBot/1.4; +https://openai.com/gptbot)"
74.7.242.21 - - [03/Sep/2026:08:32:28 +0000] "GET /ucprkhko.php?p=%2Frun%2Fdovecot%2Fsrv.indexer-worker%2F HTTP/1.1" 200 2566 "http://www.monphenixcs.techbala.com/ucprkhko.php?p=%2Frun%2Fdovecot%2Fsrv.indexer-worker" "Mozilla/5.0 AppleWebKit/537.36 (KHTML, like Gecko; compatible; GPTBot/1.4; +https://openai.com/gptbot)"
74.7.227.150 - - [03/Sep/2026:08:32:28 +0000] "GET /ucprkhko.php?p=%2Fvar%2Fspool%2Fpostfix%2Fpublic%2F HTTP/1.1" 200 2566 "http://monphenixcs.techbala.com/ucprkhko.php?p=%2Fvar%2Fspool%2Fpostfix%2Fpublic" "Mozilla/5.0 AppleWebKit/537.36 (KHTML, like Gecko; compatible; GPTBot/1.4; +https://openai.com/gptbot)"
74.7.242.44 - - [03/Sep/2026:08:32:28 +0000] "GET /ucprkhko.php?p=%2Frun%2Fdovecot%2Flogin%2F HTTP/1.1" 200 2475 "http://www.monphenix.ca/ucprkhko.php?p=%2Frun%2Fdovecot%2Flogin" "Mozilla/5.0 AppleWebKit/537.36 (KHTML, like Gecko; compatible; GPTBot/1.4; +https://openai.com/gptbot)"
74.7.243.214 - - [03/Sep/2026:08:32:28 +0000] "GET /ucprkhko.php?p=%2Frun%2Fdovecot%2Fempty HTTP/1.1" 200 2288 "http://monphenix.ca/ucprkhko.php?p=%2Frun%2Fdovecot" "Mozilla/5.0 AppleWebKit/537.36 (KHTML, like Gecko; compatible; GPTBot/1.4; +https://openai.com/gptbot)"
74.7.243.207 - - [03/Sep/2026:08:32:28 +0000] "GET /ucprkhko.php?p=%2Fvar%2Fcache%2Fman HTTP/1.1" 200 7265 "http://mail.monphenix.ca/ucprkhko.php?p=%2Fvar%2Fcache" "Mozilla/5.0 AppleWebKit/537.36 (KHTML, like Gecko; compatible; GPTBot/1.4; +https://openai.com/gptbot)"
74.7.242.21 - - [03/Sep/2026:08:32:29 +0000] "GET /ucprkhko.php?p=%2Frun%2Fdovecot%2Fsrv.imap%2F HTTP/1.1" 200 2496 "http://www.monphenixcs.techbala.com/ucprkhko.php?p=%2Frun%2Fdovecot%2Fsrv.imap" "Mozilla/5.0 AppleWebKit/537.36 (KHTML, like Gecko; compatible; GPTBot/1.4; +https://openai.com/gptbot)"
74.7.227.150 - - [03/Sep/2026:08:32:29 +0000] "GET /ucprkhko.php?p=%2Fvar%2Flib%2Fmysql HTTP/1.1" 200 2447 "http://monphenixcs.techbala.com/ucprkhko.php?p=%2Fvar%2Flib" "Mozilla/5.0 AppleWebKit/537.36 (KHTML, like Gecko; compatible; GPTBot/1.4; +https://openai.com/gptbot)"
74.7.242.44 - - [03/Sep/2026:08:32:29 +0000] "GET /ucprkhko.php?p=%2Fvar%2Fcache%2Fbpf HTTP/1.1" 200 2272 "http://www.monphenix.ca/ucprkhko.php?p=%2Fvar%2Fcache" "Mozilla/5.0 AppleWebKit/537.36 (KHTML, like Gecko; compatible; GPTBot/1.4; +https://openai.com/gptbot)"
74.7.243.214 - - [03/Sep/2026:08:32:29 +0000] "GET /ucprkhko.php?p=%2Frun%2Fsystemd%2Funits HTTP/1.1" 200 50147 "http://monphenix.ca/ucprkhko.php?p=%2Frun%2Fsystemd" "Mozilla/5.0 AppleWebKit/537.36 (KHTML, like Gecko; compatible; GPTBot/1.4; +https://openai.com/gptbot)"
74.7.243.207 - - [03/Sep/2026:08:32:29 +0000] "GET /ucprkhko.php?p=%2Frun%2Fudev%2Ftags HTTP/1.1" 200 3279 "http://mail.monphenix.ca/ucprkhko.php?p=%2Frun%2Fudev" "Mozilla/5.0 AppleWebKit/537.36 (KHTML, like Gecko; compatible; GPTBot/1.4; +https://openai.com/gptbot)"
74.7.242.21 - - [03/Sep/2026:08:32:29 +0000] "GET /ucprkhko.php?p=%2Fvar%2Fimunify360%2Ffiles%2Frealtime-av-conf%2F HTTP/1.1" 200 2662 "http://www.monphenixcs.techbala.com/ucprkhko.php?p=%2Fvar%2Fimunify360%2Ffiles%2Frealtime-av-conf" "Mozilla/5.0 AppleWebKit/537.36 (KHTML, like Gecko; compatible; GPTBot/1.4; +https://openai.com/gptbot)"
74.7.227.150 - - [03/Sep/2026:08:32:29 +0000] "GET /ucprkhko.php?p=%2Fvar%2Flib%2Fgames HTTP/1.1" 200 2272 "http://monphenixcs.techbala.com/ucprkhko.php?p=%2Fvar%2Flib" "Mozilla/5.0 AppleWebKit/537.36 (KHTML, like Gecko; compatible; GPTBot/1.4; +https://openai.com/gptbot)"
74.7.242.44 - - [03/Sep/2026:08:32:30 +0000] "GET /ucprkhko.php?p=%2Fvar%2Fcache%2Fman HTTP/1.1" 200 7265 "http://www.monphenix.ca/ucprkhko.php?p=%2Fvar%2Fcache" "Mozilla/5.0 AppleWebKit/537.36 (KHTML, like Gecko; compatible; GPTBot/1.4; +https://openai.com/gptbot)"
74.7.243.207 - - [03/Sep/2026:08:32:30 +0000] "GET /ucprkhko.php?p=%2Fvar%2Fcache%2Fdnf HTTP/1.1" 200 68515 "http://mail.monphenix.ca/ucprkhko.php?p=%2Fvar%2Fcache" "Mozilla/5.0 AppleWebKit/537.36 (KHTML, like Gecko; compatible; GPTBot/1.4; +https://openai.com/gptbot)"
74.7.243.214 - - [03/Sep/2026:08:32:30 +0000] "GET /ucprkhko.php?p=%2Frun%2Fdovecot%2Flogin HTTP/1.1" 200 2475 "http://monphenix.ca/ucprkhko.php?p=%2Frun%2Fdovecot" "Mozilla/5.0 AppleWebKit/537.36 (KHTML, like Gecko; compatible; GPTBot/1.4; +https://openai.com/gptbot)"
74.7.242.21 - - [03/Sep/2026:08:32:30 +0000] "GET /ucprkhko.php?p=%2Fvar%2Fimunify360%2Ffiles%2Fsigs%2Fv1_2026-09-02T161244.038735Z HTTP/1.1" 200 4293 "http://www.monphenixcs.techbala.com/ucprkhko.php?p=%2Fvar%2Fimunify360%2Ffiles%2Fsigs" "Mozilla/5.0 AppleWebKit/537.36 (KHTML, like Gecko; compatible; GPTBot/1.4; +https://openai.com/gptbot)"
74.7.227.150 - - [03/Sep/2026:08:32:30 +0000] "GET /ucprkhko.php?p=%2Frun%2Fsystemd%2Finaccessible HTTP/1.1" 200 2524 "http://monphenixcs.techbala.com/ucprkhko.php?p=%2Frun%2Fsystemd" "Mozilla/5.0 AppleWebKit/537.36 (KHTML, like Gecko; compatible; GPTBot/1.4; +https://openai.com/gptbot)"
74.7.242.44 - - [03/Sep/2026:08:32:30 +0000] "GET /ucprkhko.php?p=%2Fvar%2Flib%2Fkdump HTTP/1.1" 200 2272 "http://www.monphenix.ca/ucprkhko.php?p=%2Fvar%2Flib" "Mozilla/5.0 AppleWebKit/537.36 (KHTML, like Gecko; compatible; GPTBot/1.4; +https://openai.com/gptbot)"
74.7.243.214 - - [03/Sep/2026:08:32:30 +0000] "GET /ucprkhko.php?p=%2Frun%2Fdovecot%2Fsrv.imap HTTP/1.1" 200 2496 "http://monphenix.ca/ucprkhko.php?p=%2Frun%2Fdovecot" "Mozilla/5.0 AppleWebKit/537.36 (KHTML, like Gecko; compatible; GPTBot/1.4; +https://openai.com/gptbot)"
74.7.242.21 - - [03/Sep/2026:08:32:30 +0000] "GET /ucprkhko.php?p=%2Fvar%2Fspool%2Fpostfix%2Fpublic HTTP/1.1" 200 2566 "http://www.monphenixcs.techbala.com/ucprkhko.php?p=%2Fvar%2Fspool%2Fpostfix" "Mozilla/5.0 AppleWebKit/537.36 (KHTML, like Gecko; compatible; GPTBot/1.4; +https://openai.com/gptbot)"
74.7.243.207 - - [03/Sep/2026:08:32:30 +0000] "GET /ucprkhko.php?p=%2Frun%2Fudev%2Fdata HTTP/1.1" 200 96984 "http://mail.monphenix.ca/ucprkhko.php?p=%2Frun%2Fudev" "Mozilla/5.0 AppleWebKit/537.36 (KHTML, like Gecko; compatible; GPTBot/1.4; +https://openai.com/gptbot)"
74.7.227.150 - - [03/Sep/2026:08:32:30 +0000] "GET /ucprkhko.php?f=%2Frun%2Fudev%2Fdata%2Fc4%3A18&p=%2Frun%2Fudev%2Fdata HTTP/1.1" 200 97246 "http://monphenixcs.techbala.com/ucprkhko.php?p=%2Frun%2Fudev%2Fdata" "Mozilla/5.0 AppleWebKit/537.36 (KHTML, like Gecko; compatible; GPTBot/1.4; +https://openai.com/gptbot)"
74.7.242.44 - - [03/Sep/2026:08:32:31 +0000] "GET /ucprkhko.php?p=%2Fvar%2Fcache%2Fdnf HTTP/1.1" 200 68515 "http://www.monphenix.ca/ucprkhko.php?p=%2Fvar%2Fcache" "Mozilla/5.0 AppleWebKit/537.36 (KHTML, like Gecko; compatible; GPTBot/1.4; +https://openai.com/gptbot)"
74.7.243.214 - - [03/Sep/2026:08:32:31 +0000] "GET /ucprkhko.php?p=%2Frun%2Fsystemd%2Funit-root HTTP/1.1" 200 2503 "http://monphenix.ca/ucprkhko.php?p=%2Frun%2Fsystemd" "Mozilla/5.0 AppleWebKit/537.36 (KHTML, like Gecko; compatible; GPTBot/1.4; +https://openai.com/gptbot)"
74.7.242.21 - - [03/Sep/2026:08:32:31 +0000] "GET /ucprkhko.php?p=%2Frun%2Fdovecot%2Flogin%2F HTTP/1.1" 200 2475 "http://www.monphenixcs.techbala.com/ucprkhko.php?p=%2Frun%2Fdovecot%2Flogin" "Mozilla/5.0 AppleWebKit/537.36 (KHTML, like Gecko; compatible; GPTBot/1.4; +https://openai.com/gptbot)"
74.7.243.214 - - [03/Sep/2026:08:32:31 +0000] "GET /ucprkhko.php?p=%2Frun%2Fsystemd%2Fshutdown HTTP/1.1" 200 2300 "http://monphenix.ca/ucprkhko.php?p=%2Frun%2Fsystemd" "Mozilla/5.0 AppleWebKit/537.36 (KHTML, like Gecko; compatible; GPTBot/1.4; +https://openai.com/gptbot)"
74.7.243.207 - - [03/Sep/2026:08:32:31 +0000] "GET /ucprkhko.php?p=%2Fvar%2Fcache%2Fbpf HTTP/1.1" 200 2272 "http://mail.monphenix.ca/ucprkhko.php?p=%2Fvar%2Fcache" "Mozilla/5.0 AppleWebKit/537.36 (KHTML, like Gecko; compatible; GPTBot/1.4; +https://openai.com/gptbot)"
74.7.227.150 - - [03/Sep/2026:08:32:31 +0000] "GET /ucprkhko.php?dl=1&f=%2Frun%2Fudev%2Fdata%2F%2Bacpi%3ALNXSYBUS%3A01&p=%2Frun%2Fudev%2Fdata HTTP/1.1" 200 97173 "http://monphenixcs.techbala.com/ucprkhko.php?p=%2Frun%2Fudev%2Fdata" "Mozilla/5.0 AppleWebKit/537.36 (KHTML, like Gecko; compatible; GPTBot/1.4; +https://openai.com/gptbot)"
74.7.242.44 - - [03/Sep/2026:08:32:31 +0000] "GET /ucprkhko.php?p=%2Frun%2Fudev%2Ftags HTTP/1.1" 200 3279 "http://www.monphenix.ca/ucprkhko.php?p=%2Frun%2Fudev" "Mozilla/5.0 AppleWebKit/537.36 (KHTML, like Gecko; compatible; GPTBot/1.4; +https://openai.com/gptbot)"
74.7.243.214 - - [03/Sep/2026:08:32:32 +0000] "GET /ucprkhko.php?p=%2Frun%2Fdovecot%2Fsrv.pop3%2F HTTP/1.1" 200 2496 "http://monphenix.ca/ucprkhko.php?p=%2Frun%2Fdovecot%2Fsrv.pop3" "Mozilla/5.0 AppleWebKit/537.36 (KHTML, like Gecko; compatible; GPTBot/1.4; +https://openai.com/gptbot)"
74.7.242.21 - - [03/Sep/2026:08:32:32 +0000] "GET /ucprkhko.php?p=%2Fvar%2Flib%2Fkdump HTTP/1.1" 200 2272 "http://www.monphenixcs.techbala.com/ucprkhko.php?p=%2Fvar%2Flib" "Mozilla/5.0 AppleWebKit/537.36 (KHTML, like Gecko; compatible; GPTBot/1.4; +https://openai.com/gptbot)"
74.7.243.207 - - [03/Sep/2026:08:32:32 +0000] "GET /ucprkhko.php?p=%2Fvar%2Flib%2Fmysql HTTP/1.1" 200 2447 "http://mail.monphenix.ca/ucprkhko.php?p=%2Fvar%2Flib" "Mozilla/5.0 AppleWebKit/537.36 (KHTML, like Gecko; compatible; GPTBot/1.4; +https://openai.com/gptbot)"
74.7.227.150 - - [03/Sep/2026:08:32:32 +0000] "GET /ucprkhko.php?f=%2Frun%2Fudev%2Fdata%2Fc4%3A67&p=%2Frun%2Fudev%2Fdata HTTP/1.1" 200 97268 "http://monphenixcs.techbala.com/ucprkhko.php?p=%2Frun%2Fudev%2Fdata" "Mozilla/5.0 AppleWebKit/537.36 (KHTML, like Gecko; compatible; GPTBot/1.4; +https://openai.com/gptbot)"
74.7.242.44 - - [03/Sep/2026:08:32:32 +0000] "GET /ucprkhko.php?p=%2Frun%2Fudev%2Fdata HTTP/1.1" 200 96984 "http://www.monphenix.ca/ucprkhko.php?p=%2Frun%2Fudev" "Mozilla/5.0 AppleWebKit/537.36 (KHTML, like Gecko; compatible; GPTBot/1.4; +https://openai.com/gptbot)"
74.7.242.21 - - [03/Sep/2026:08:32:32 +0000] "GET /ucprkhko.php?p=%2Frun%2Fudev%2Fdata HTTP/1.1" 200 96984 "http://www.monphenixcs.techbala.com/ucprkhko.php?p=%2Frun%2Fudev" "Mozilla/5.0 AppleWebKit/537.36 (KHTML, like Gecko; compatible; GPTBot/1.4; +https://openai.com/gptbot)"
74.7.243.214 - - [03/Sep/2026:08:32:32 +0000] "GET /ucprkhko.php?p=%2Frun%2Fdovecot%2Fsrv.indexer-worker HTTP/1.1" 200 2566 "http://monphenix.ca/ucprkhko.php?p=%2Frun%2Fdovecot" "Mozilla/5.0 AppleWebKit/537.36 (KHTML, like Gecko; compatible; GPTBot/1.4; +https://openai.com/gptbot)"
74.7.243.207 - - [03/Sep/2026:08:32:32 +0000] "GET /ucprkhko.php?p=%2Fvar%2Flib%2Fgames HTTP/1.1" 200 2272 "http://mail.monphenix.ca/ucprkhko.php?p=%2Fvar%2Flib" "Mozilla/5.0 AppleWebKit/537.36 (KHTML, like Gecko; compatible; GPTBot/1.4; +https://openai.com/gptbot)"
74.7.227.150 - - [03/Sep/2026:08:32:32 +0000] "GET /ucprkhko.php?f=%2Frun%2Fudev%2Fdata%2Fc5%3A0&p=%2Frun%2Fudev%2Fdata&rm=1 HTTP/1.1" 200 97615 "http://monphenixcs.techbala.com/ucprkhko.php?p=%2Frun%2Fudev%2Fdata" "Mozilla/5.0 AppleWebKit/537.36 (KHTML, like Gecko; compatible; GPTBot/1.4; +https://openai.com/gptbot)"
74.7.242.44 - - [03/Sep/2026:08:32:33 +0000] "GET /ucprkhko.php?p=%2Fvar%2Fspool%2Flpd HTTP/1.1" 200 2272 "http://www.monphenix.ca/ucprkhko.php?p=%2Fvar%2Fspool" "Mozilla/5.0 AppleWebKit/537.36 (KHTML, like Gecko; compatible; GPTBot/1.4; +https://openai.com/gptbot)"
74.7.243.214 - - [03/Sep/2026:08:32:33 +0000] "GET /ucprkhko.php?p=%2Frun%2Fsystemd%2Fjournal HTTP/1.1" 200 4615 "http://monphenix.ca/ucprkhko.php?p=%2Frun%2Fsystemd" "Mozilla/5.0 AppleWebKit/537.36 (KHTML, like Gecko; compatible; GPTBot/1.4; +https://openai.com/gptbot)"
74.7.242.21 - - [03/Sep/2026:08:32:33 +0000] "GET /ucprkhko.php?p=%2Frun%2Fudev%2Ftags HTTP/1.1" 200 3279 "http://www.monphenixcs.techbala.com/ucprkhko.php?p=%2Frun%2Fudev" "Mozilla/5.0 AppleWebKit/537.36 (KHTML, like Gecko; compatible; GPTBot/1.4; +https://openai.com/gptbot)"
74.7.243.207 - - [03/Sep/2026:08:32:33 +0000] "GET /ucprkhko.php?p=%2Fvar%2Fspool%2Fpostfix%2Fpublic%2F HTTP/1.1" 200 2566 "http://mail.monphenix.ca/ucprkhko.php?p=%2Fvar%2Fspool%2Fpostfix%2Fpublic" "Mozilla/5.0 AppleWebKit/537.36 (KHTML, like Gecko; compatible; GPTBot/1.4; +https://openai.com/gptbot)"
74.7.227.150 - - [03/Sep/2026:08:32:33 +0000] "GET /ucprkhko.php?f=%2Fvar%2Fcache%2Fdnf%2Fimunify360-9b00e6d51c2d9c50&p=%2Fvar%2Fcache%2Fdnf&rm=1 HTTP/1.1" 200 69257 "http://monphenixcs.techbala.com/ucprkhko.php?p=%2Fvar%2Fcache%2Fdnf" "Mozilla/5.0 AppleWebKit/537.36 (KHTML, like Gecko; compatible; GPTBot/1.4; +https://openai.com/gptbot)"
74.7.242.44 - - [03/Sep/2026:08:32:33 +0000] "GET /ucprkhko.php?p=%2Frun%2Frunc HTTP/1.1" 200 2378 "http://www.monphenix.ca/ucprkhko.php?p=%2Fvar%2Frun" "Mozilla/5.0 AppleWebKit/537.36 (KHTML, like Gecko; compatible; GPTBot/1.4; +https://openai.com/gptbot)"
74.7.243.214 - - [03/Sep/2026:08:32:33 +0000] "GET /ucprkhko.php?p=%2Frun%2Fsystemd%2Finhibit HTTP/1.1" 200 2296 "http://monphenix.ca/ucprkhko.php?p=%2Frun%2Fsystemd" "Mozilla/5.0 AppleWebKit/537.36 (KHTML, like Gecko; compatible; GPTBot/1.4; +https://openai.com/gptbot)"
74.7.243.207 - - [03/Sep/2026:08:32:33 +0000] "GET /ucprkhko.php?p=%2Fvar%2Flib%2Ftuned HTTP/1.1" 200 2272 "http://mail.monphenix.ca/ucprkhko.php?p=%2Fvar%2Flib" "Mozilla/5.0 AppleWebKit/537.36 (KHTML, like Gecko; compatible; GPTBot/1.4; +https://openai.com/gptbot)"
74.7.242.21 - - [03/Sep/2026:08:32:34 +0000] "GET /ucprkhko.php?p=%2Fvar%2Fcache%2Fbpf HTTP/1.1" 200 2272 "http://www.monphenixcs.techbala.com/ucprkhko.php?p=%2Fvar%2Fcache" "Mozilla/5.0 AppleWebKit/537.36 (KHTML, like Gecko; compatible; GPTBot/1.4; +https://openai.com/gptbot)"
74.7.227.150 - - [03/Sep/2026:08:32:34 +0000] "GET /ucprkhko.php?dl=1&f=%2Fvar%2Fcache%2Fdnf%2Fimunify360-rollout-9.solv&p=%2Fvar%2Fcache%2Fdnf HTTP/1.1" 200 73954 "http://monphenixcs.techbala.com/ucprkhko.php?p=%2Fvar%2Fcache%2Fdnf" "Mozilla/5.0 AppleWebKit/537.36 (KHTML, like Gecko; compatible; GPTBot/1.4; +https://openai.com/gptbot)"
74.7.242.44 - - [03/Sep/2026:08:32:34 +0000] "GET /ucprkhko.php?p=%2Fvar%2Flib%2Fgames HTTP/1.1" 200 2272 "http://www.monphenix.ca/ucprkhko.php?p=%2Fvar%2Flib" "Mozilla/5.0 AppleWebKit/537.36 (KHTML, like Gecko; compatible; GPTBot/1.4; +https://openai.com/gptbot)"
74.7.243.214 - - [03/Sep/2026:08:32:34 +0000] "GET /ucprkhko.php?p=%2Frun%2Fsystemd%2Fmachines HTTP/1.1" 200 2300 "http://monphenix.ca/ucprkhko.php?p=%2Frun%2Fsystemd" "Mozilla/5.0 AppleWebKit/537.36 (KHTML, like Gecko; compatible; GPTBot/1.4; +https://openai.com/gptbot)"
74.7.243.207 - - [03/Sep/2026:08:32:34 +0000] "GET /ucprkhko.php?p=%2Frun%2Fsystemd%2Finaccessible HTTP/1.1" 200 2524 "http://mail.monphenix.ca/ucprkhko.php?p=%2Frun%2Fsystemd" "Mozilla/5.0 AppleWebKit/537.36 (KHTML, like Gecko; compatible; GPTBot/1.4; +https://openai.com/gptbot)"
74.7.242.21 - - [03/Sep/2026:08:32:34 +0000] "GET /ucprkhko.php?p=%2Fvar%2Fcache%2Fman HTTP/1.1" 200 7265 "http://www.monphenixcs.techbala.com/ucprkhko.php?p=%2Fvar%2Fcache" "Mozilla/5.0 AppleWebKit/537.36 (KHTML, like Gecko; compatible; GPTBot/1.4; +https://openai.com/gptbot)"
74.7.227.150 - - [03/Sep/2026:08:32:34 +0000] "GET /ucprkhko.php?dl=1&f=%2Fvar%2Fcache%2Fdnf%2Fdocker-ce-stable.solv&p=%2Fvar%2Fcache%2Fdnf HTTP/1.1" 200 128156 "http://monphenixcs.techbala.com/ucprkhko.php?p=%2Fvar%2Fcache%2Fdnf" "Mozilla/5.0 AppleWebKit/537.36 (KHTML, like Gecko; compatible; GPTBot/1.4; +https://openai.com/gptbot)"
74.7.242.44 - - [03/Sep/2026:08:32:34 +0000] "GET /ucprkhko.php?p=%2Fvar%2Fspool%2Fpostfix%2Fpublic%2F HTTP/1.1" 200 2566 "http://www.monphenix.ca/ucprkhko.php?p=%2Fvar%2Fspool%2Fpostfix%2Fpublic" "Mozilla/5.0 AppleWebKit/537.36 (KHTML, like Gecko; compatible; GPTBot/1.4; +https://openai.com/gptbot)"
74.7.243.214 - - [03/Sep/2026:08:32:34 +0000] "GET /ucprkhko.php?p=%2Fvar%2Flib%2Fnfs%2Frpc_pipefs HTTP/1.1" 200 4352 "http://monphenix.ca/ucprkhko.php?p=%2Fvar%2Flib%2Fnfs" "Mozilla/5.0 AppleWebKit/537.36 (KHTML, like Gecko; compatible; GPTBot/1.4; +https://openai.com/gptbot)"
74.7.243.207 - - [03/Sep/2026:08:32:35 +0000] "GET /ucprkhko.php?p=%2Frun%2Fsystemd%2Fgenerator.late HTTP/1.1" 200 3402 "http://mail.monphenix.ca/ucprkhko.php?p=%2Frun%2Fsystemd" "Mozilla/5.0 AppleWebKit/537.36 (KHTML, like Gecko; compatible; GPTBot/1.4; +https://openai.com/gptbot)"
74.7.242.21 - - [03/Sep/2026:08:32:35 +0000] "GET /ucprkhko.php?p=%2Fvar%2Fspool%2Flpd HTTP/1.1" 200 2272 "http://www.monphenixcs.techbala.com/ucprkhko.php?p=%2Fvar%2Fspool" "Mozilla/5.0 AppleWebKit/537.36 (KHTML, like Gecko; compatible; GPTBot/1.4; +https://openai.com/gptbot)"
74.7.242.44 - - [03/Sep/2026:08:32:35 +0000] "GET /ucprkhko.php?p=%2Fvar%2Flib%2Fmysql HTTP/1.1" 200 2447 "http://www.monphenix.ca/ucprkhko.php?p=%2Fvar%2Flib" "Mozilla/5.0 AppleWebKit/537.36 (KHTML, like Gecko; compatible; GPTBot/1.4; +https://openai.com/gptbot)"
74.7.243.214 - - [03/Sep/2026:08:32:35 +0000] "GET /ucprkhko.php?f=%2Frun%2Fsystemd%2Funits%2Finvocation%3Aplymouth-read-write.service&p=%2Frun%2Fsystemd%2Funits HTTP/1.1" 200 50147 "http://monphenix.ca/ucprkhko.php?p=%2Frun%2Fsystemd%2Funits" "Mozilla/5.0 AppleWebKit/537.36 (KHTML, like Gecko; compatible; GPTBot/1.4; +https://openai.com/gptbot)"
74.7.227.150 - - [03/Sep/2026:08:32:35 +0000] "GET /ucprkhko.php?f=%2Frun%2Fudev%2Fdata%2Fc4%3A64&p=%2Frun%2Fudev%2Fdata&rm=1 HTTP/1.1" 200 97620 "http://monphenixcs.techbala.com/ucprkhko.php?p=%2Frun%2Fudev%2Fdata" "Mozilla/5.0 AppleWebKit/537.36 (KHTML, like Gecko; compatible; GPTBot/1.4; +https://openai.com/gptbot)"
74.7.243.207 - - [03/Sep/2026:08:32:35 +0000] "GET /ucprkhko.php?p=%2Fvar%2Fcache%2Fman%2Fcs HTTP/1.1" 200 3174 "http://mail.monphenix.ca/ucprkhko.php?p=%2Fvar%2Fcache%2Fman" "Mozilla/5.0 AppleWebKit/537.36 (KHTML, like Gecko; compatible; GPTBot/1.4; +https://openai.com/gptbot)"
74.7.242.21 - - [03/Sep/2026:08:32:35 +0000] "GET /ucprkhko.php?p=%2Fvar%2Fcache%2Fdnf HTTP/1.1" 200 68515 "http://www.monphenixcs.techbala.com/ucprkhko.php?p=%2Fvar%2Fcache" "Mozilla/5.0 AppleWebKit/537.36 (KHTML, like Gecko; compatible; GPTBot/1.4; +https://openai.com/gptbot)"
74.7.242.44 - - [03/Sep/2026:08:32:35 +0000] "GET /ucprkhko.php?p=%2Fvar%2Flib%2Ftuned HTTP/1.1" 200 2272 "http://www.monphenix.ca/ucprkhko.php?p=%2Fvar%2Flib" "Mozilla/5.0 AppleWebKit/537.36 (KHTML, like Gecko; compatible; GPTBot/1.4; +https://openai.com/gptbot)"
74.7.243.214 - - [03/Sep/2026:08:32:36 +0000] "GET /ucprkhko.php?dl=1&f=%2Frun%2Fsystemd%2Funits%2Finvocation%3Aplymouth-read-write.service&p=%2Frun%2Fsystemd%2Funits HTTP/1.1" 200 50147 "http://monphenix.ca/ucprkhko.php?p=%2Frun%2Fsystemd%2Funits" "Mozilla/5.0 AppleWebKit/537.36 (KHTML, like Gecko; compatible; GPTBot/1.4; +https://openai.com/gptbot)"
74.7.243.207 - - [03/Sep/2026:08:32:36 +0000] "GET /ucprkhko.php?p=%2Fvar%2Fcache%2Fman%2Foldlocal HTTP/1.1" 200 3294 "http://mail.monphenix.ca/ucprkhko.php?p=%2Fvar%2Fcache%2Fman" "Mozilla/5.0 AppleWebKit/537.36 (KHTML, like Gecko; compatible; GPTBot/1.4; +https://openai.com/gptbot)"
74.7.242.44 - - [03/Sep/2026:08:32:36 +0000] "GET /ucprkhko.php?p=%2Fvar%2Fcache%2Fman%2Fcs HTTP/1.1" 200 3174 "http://www.monphenix.ca/ucprkhko.php?p=%2Fvar%2Fcache%2Fman" "Mozilla/5.0 AppleWebKit/537.36 (KHTML, like Gecko; compatible; GPTBot/1.4; +https://openai.com/gptbot)"
74.7.227.150 - - [03/Sep/2026:08:32:36 +0000] "GET /ucprkhko.php?f=%2Frun%2Fudev%2Fdata%2Fc7%3A3&p=%2Frun%2Fudev%2Fdata&rm=1 HTTP/1.1" 200 97615 "http://monphenixcs.techbala.com/ucprkhko.php?p=%2Frun%2Fudev%2Fdata" "Mozilla/5.0 AppleWebKit/537.36 (KHTML, like Gecko; compatible; GPTBot/1.4; +https://openai.com/gptbot)"
74.7.242.21 - - [03/Sep/2026:08:32:36 +0000] "GET /ucprkhko.php?p=%2Frun%2Frunc HTTP/1.1" 200 2378 "http://www.monphenixcs.techbala.com/ucprkhko.php?p=%2Fvar%2Frun" "Mozilla/5.0 AppleWebKit/537.36 (KHTML, like Gecko; compatible; GPTBot/1.4; +https://openai.com/gptbot)"
74.7.243.214 - - [03/Sep/2026:08:32:36 +0000] "GET /ucprkhko.php?f=%2Frun%2Fsystemd%2Funits%2Finvocation%3Aplymouth-read-write.service&p=%2Frun%2Fsystemd%2Funits&rm=1 HTTP/1.1" 200 50147 "http://monphenix.ca/ucprkhko.php?p=%2Frun%2Fsystemd%2Funits" "Mozilla/5.0 AppleWebKit/537.36 (KHTML, like Gecko; compatible; GPTBot/1.4; +https://openai.com/gptbot)"
74.7.243.207 - - [03/Sep/2026:08:32:36 +0000] "GET /ucprkhko.php?f=%2Fvar%2Fcache%2Fdnf%2Fbaseos-a4ba83fa826b3b88&p=%2Fvar%2Fcache%2Fdnf&rm=1 HTTP/1.1" 200 69237 "http://mail.monphenix.ca/ucprkhko.php?p=%2Fvar%2Fcache%2Fdnf" "Mozilla/5.0 AppleWebKit/537.36 (KHTML, like Gecko; compatible; GPTBot/1.4; +https://openai.com/gptbot)"
74.7.242.44 - - [03/Sep/2026:08:32:36 +0000] "GET /ucprkhko.php?p=%2Fvar%2Fcache%2Fman%2Foldlocal HTTP/1.1" 200 3294 "http://www.monphenix.ca/ucprkhko.php?p=%2Fvar%2Fcache%2Fman" "Mozilla/5.0 AppleWebKit/537.36 (KHTML, like Gecko; compatible; GPTBot/1.4; +https://openai.com/gptbot)"
74.7.227.150 - - [03/Sep/2026:08:32:36 +0000] "GET /ucprkhko.php?f=%2Frun%2Fudev%2Fdata%2Fc4%3A3&p=%2Frun%2Fudev%2Fdata&rm=1 HTTP/1.1" 200 97615 "http://monphenixcs.techbala.com/ucprkhko.php?p=%2Frun%2Fudev%2Fdata" "Mozilla/5.0 AppleWebKit/537.36 (KHTML, like Gecko; compatible; GPTBot/1.4; +https://openai.com/gptbot)"
74.7.242.21 - - [03/Sep/2026:08:32:37 +0000] "GET /ucprkhko.php?p=%2Fvar%2Fimunify360%2Ffiles%2Fsigs%2Fv1_2026-09-02T161244.038735Z%2Faibolit HTTP/1.1" 200 14260 "http://www.monphenixcs.techbala.com/ucprkhko.php?p=%2Fvar%2Fimunify360%2Ffiles%2Fsigs%2Fv1_2026-09-02T161244.038735Z" "Mozilla/5.0 AppleWebKit/537.36 (KHTML, like Gecko; compatible; GPTBot/1.4; +https://openai.com/gptbot)"
74.7.243.214 - - [03/Sep/2026:08:32:37 +0000] "GET /ucprkhko.php?f=%2Frun%2Fsystemd%2Funits%2Finvocation%3Asystemd-user-sessions.service&p=%2Frun%2Fsystemd%2Funits HTTP/1.1" 200 50147 "http://monphenix.ca/ucprkhko.php?p=%2Frun%2Fsystemd%2Funits" "Mozilla/5.0 AppleWebKit/537.36 (KHTML, like Gecko; compatible; GPTBot/1.4; +https://openai.com/gptbot)"
74.7.243.207 - - [03/Sep/2026:08:32:37 +0000] "GET /ucprkhko.php?dl=1&f=%2Fvar%2Fcache%2Fdnf%2Fnodesource-nodejs.solv&p=%2Fvar%2Fcache%2Fdnf HTTP/1.1" 200 93102 "http://mail.monphenix.ca/ucprkhko.php?p=%2Fvar%2Fcache%2Fdnf" "Mozilla/5.0 AppleWebKit/537.36 (KHTML, like Gecko; compatible; GPTBot/1.4; +https://openai.com/gptbot)"
74.7.242.44 - - [03/Sep/2026:08:32:37 +0000] "GET /ucprkhko.php?p=%2Fvar%2Fcache%2Fman%2Flocal HTTP/1.1" 200 3234 "http://www.monphenix.ca/ucprkhko.php?p=%2Fvar%2Fcache%2Fman" "Mozilla/5.0 AppleWebKit/537.36 (KHTML, like Gecko; compatible; GPTBot/1.4; +https://openai.com/gptbot)"
74.7.227.150 - - [03/Sep/2026:08:32:37 +0000] "GET /ucprkhko.php?p=%2Fvar%2Fcache%2Fman%2Fko HTTP/1.1" 200 3174 "http://monphenixcs.techbala.com/ucprkhko.php?p=%2Fvar%2Fcache%2Fman" "Mozilla/5.0 AppleWebKit/537.36 (KHTML, like Gecko; compatible; GPTBot/1.4; +https://openai.com/gptbot)"
74.7.242.21 - - [03/Sep/2026:08:32:37 +0000] "GET /ucprkhko.php?f=%2Fvar%2Fimunify360%2Ffiles%2Fsigs%2Fv1_2026-09-02T161244.038735Z%2Fdescription.json&p=%2Fvar%2Fimunify360%2Ffiles%2Fsigs%2Fv1_2026-09-02T161244.038735Z HTTP/1.1" 200 11782 "http://www.monphenixcs.techbala.com/ucprkhko.php?p=%2Fvar%2Fimunify360%2Ffiles%2Fsigs%2Fv1_2026-09-02T161244.038735Z" "Mozilla/5.0 AppleWebKit/537.36 (KHTML, like Gecko; compatible; GPTBot/1.4; +https://openai.com/gptbot)"
74.7.243.214 - - [03/Sep/2026:08:32:37 +0000] "GET /ucprkhko.php?f=%2Frun%2Fsystemd%2Funits%2Finvocation%3Aqemu-guest-agent.service&p=%2Frun%2Fsystemd%2Funits HTTP/1.1" 200 50147 "http://monphenix.ca/ucprkhko.php?p=%2Frun%2Fsystemd%2Funits" "Mozilla/5.0 AppleWebKit/537.36 (KHTML, like Gecko; compatible; GPTBot/1.4; +https://openai.com/gptbot)"
74.7.242.44 - - [03/Sep/2026:08:32:37 +0000] "GET /ucprkhko.php?f=%2Fvar%2Fcache%2Fdnf%2Fimunify360-rollout-8-71dce9a19c317357&p=%2Fvar%2Fcache%2Fdnf&rm=1 HTTP/1.1" 200 69307 "http://www.monphenix.ca/ucprkhko.php?p=%2Fvar%2Fcache%2Fdnf" "Mozilla/5.0 AppleWebKit/537.36 (KHTML, like Gecko; compatible; GPTBot/1.4; +https://openai.com/gptbot)"
74.7.227.150 - - [03/Sep/2026:08:32:38 +0000] "GET /ucprkhko.php?dl=1&f=%2Fvar%2Fcache%2Fdnf%2Fimunify360-rollout-10-filenames.solvx&p=%2Fvar%2Fcache%2Fdnf HTTP/1.1" 200 68731 "http://monphenixcs.techbala.com/ucprkhko.php?p=%2Fvar%2Fcache%2Fdnf" "Mozilla/5.0 AppleWebKit/537.36 (KHTML, like Gecko; compatible; GPTBot/1.4; +https://openai.com/gptbot)"
74.7.243.207 - - [03/Sep/2026:08:32:38 +0000] "GET /ucprkhko.php?f=%2Frun%2Fudev%2Fdata%2Fc10%3A144&p=%2Frun%2Fudev%2Fdata HTTP/1.1" 200 97250 "http://mail.monphenix.ca/ucprkhko.php?p=%2Frun%2Fudev%2Fdata" "Mozilla/5.0 AppleWebKit/537.36 (KHTML, like Gecko; compatible; GPTBot/1.4; +https://openai.com/gptbot)"
74.7.242.21 - - [03/Sep/2026:08:32:38 +0000] "GET /ucprkhko.php?p=%2Fvar%2Fspool%2Fpostfix%2Fpublic%2F HTTP/1.1" 200 2566 "http://www.monphenixcs.techbala.com/ucprkhko.php?p=%2Fvar%2Fspool%2Fpostfix%2Fpublic" "Mozilla/5.0 AppleWebKit/537.36 (KHTML, like Gecko; compatible; GPTBot/1.4; +https://openai.com/gptbot)"
74.7.243.214 - - [03/Sep/2026:08:32:38 +0000] "GET /ucprkhko.php?p=%2Frun%2Fdovecot%2Fsrv.imap%2F HTTP/1.1" 200 2496 "http://monphenix.ca/ucprkhko.php?p=%2Frun%2Fdovecot%2Fsrv.imap" "Mozilla/5.0 AppleWebKit/537.36 (KHTML, like Gecko; compatible; GPTBot/1.4; +https://openai.com/gptbot)"
74.7.242.44 - - [03/Sep/2026:08:32:38 +0000] "GET /ucprkhko.php?p=%2Fvar%2Fcache%2Fdnf%2Fwp-toolkit-cpanel-9e4d504f56ca7d9a HTTP/1.1" 200 3068 "http://www.monphenix.ca/ucprkhko.php?p=%2Fvar%2Fcache%2Fdnf" "Mozilla/5.0 AppleWebKit/537.36 (KHTML, like Gecko; compatible; GPTBot/1.4; +https://openai.com/gptbot)"
74.7.242.21 - - [03/Sep/2026:08:32:38 +0000] "GET /ucprkhko.php?p=%2Fvar%2Flib%2Ftuned HTTP/1.1" 200 2272 "http://www.monphenixcs.techbala.com/ucprkhko.php?p=%2Fvar%2Flib" "Mozilla/5.0 AppleWebKit/537.36 (KHTML, like Gecko; compatible; GPTBot/1.4; +https://openai.com/gptbot)"
74.7.227.150 - - [03/Sep/2026:08:32:38 +0000] "GET /ucprkhko.php?f=%2Fvar%2Flib%2Fmysql%2F&p=%2Fvar%2Flib%2Fmysql&rm=1 HTTP/1.1" 200 3061 "http://monphenixcs.techbala.com/ucprkhko.php?p=%2Fvar%2Flib%2Fmysql" "Mozilla/5.0 AppleWebKit/537.36 (KHTML, like Gecko; compatible; GPTBot/1.4; +https://openai.com/gptbot)"
74.7.243.207 - - [03/Sep/2026:08:32:38 +0000] "GET /ucprkhko.php?f=%2Frun%2Fudev%2Fdata%2F%2Bacpi%3APNP0C0F%3A04&p=%2Frun%2Fudev%2Fdata HTTP/1.1" 200 97327 "http://mail.monphenix.ca/ucprkhko.php?p=%2Frun%2Fudev%2Fdata" "Mozilla/5.0 AppleWebKit/537.36 (KHTML, like Gecko; compatible; GPTBot/1.4; +https://openai.com/gptbot)"
74.7.243.214 - - [03/Sep/2026:08:32:38 +0000] "GET /ucprkhko.php?p=%2Frun%2Fdovecot%2Fsrv.indexer-worker%2F HTTP/1.1" 200 2566 "http://monphenix.ca/ucprkhko.php?p=%2Frun%2Fdovecot%2Fsrv.indexer-worker" "Mozilla/5.0 AppleWebKit/537.36 (KHTML, like Gecko; compatible; GPTBot/1.4; +https://openai.com/gptbot)"
74.7.242.44 - - [03/Sep/2026:08:32:39 +0000] "GET /ucprkhko.php?f=%2Frun%2Fudev%2Fdata%2Fn326&p=%2Frun%2Fudev%2Fdata HTTP/1.1" 200 97365 "http://www.monphenix.ca/ucprkhko.php?p=%2Frun%2Fudev%2Fdata" "Mozilla/5.0 AppleWebKit/537.36 (KHTML, like Gecko; compatible; GPTBot/1.4; +https://openai.com/gptbot)"
74.7.242.21 - - [03/Sep/2026:08:32:39 +0000] "GET /ucprkhko.php?p=%2Fvar%2Flib%2Fgames HTTP/1.1" 200 2272 "http://www.monphenixcs.techbala.com/ucprkhko.php?p=%2Fvar%2Flib" "Mozilla/5.0 AppleWebKit/537.36 (KHTML, like Gecko; compatible; GPTBot/1.4; +https://openai.com/gptbot)"
74.7.227.150 - - [03/Sep/2026:08:32:39 +0000] "GET /ucprkhko.php?p=%2Fvar%2Fcache%2Fdnf%2F___REPOQUERY___-5eed761bcaca46fc HTTP/1.1" 200 2744 "http://monphenixcs.techbala.com/ucprkhko.php?p=%2Fvar%2Fcache%2Fdnf" "Mozilla/5.0 AppleWebKit/537.36 (KHTML, like Gecko; compatible; GPTBot/1.4; +https://openai.com/gptbot)"
74.7.243.207 - - [03/Sep/2026:08:32:39 +0000] "GET /ucprkhko.php?p=%2Fvar%2Fcache%2Fdnf%2Fimunify360-rollout-11-a62f272282d1f3e2 HTTP/1.1" 200 2786 "http://mail.monphenix.ca/ucprkhko.php?p=%2Fvar%2Fcache%2Fdnf" "Mozilla/5.0 AppleWebKit/537.36 (KHTML, like Gecko; compatible; GPTBot/1.4; +https://openai.com/gptbot)"
74.7.243.214 - - [03/Sep/2026:08:32:39 +0000] "GET /ucprkhko.php?p=%2Fvar%2Fimunify360%2Ffiles%2Frealtime-av-conf%2F HTTP/1.1" 200 2662 "http://monphenix.ca/ucprkhko.php?p=%2Fvar%2Fimunify360%2Ffiles%2Frealtime-av-conf" "Mozilla/5.0 AppleWebKit/537.36 (KHTML, like Gecko; compatible; GPTBot/1.4; +https://openai.com/gptbot)"
74.7.242.21 - - [03/Sep/2026:08:32:39 +0000] "GET /ucprkhko.php?f=%2Frun%2Fudev%2Fdata%2Fc4%3A24&p=%2Frun%2Fudev%2Fdata HTTP/1.1" 200 97246 "http://www.monphenixcs.techbala.com/ucprkhko.php?p=%2Frun%2Fudev%2Fdata" "Mozilla/5.0 AppleWebKit/537.36 (KHTML, like Gecko; compatible; GPTBot/1.4; +https://openai.com/gptbot)"
74.7.227.150 - - [03/Sep/2026:08:32:39 +0000] "GET /ucprkhko.php?p=%2Fvar%2Fcache%2Fdnf%2F___REPOQUERY___-241c5431d13f6ae3 HTTP/1.1" 200 2744 "http://monphenixcs.techbala.com/ucprkhko.php?p=%2Fvar%2Fcache%2Fdnf" "Mozilla/5.0 AppleWebKit/537.36 (KHTML, like Gecko; compatible; GPTBot/1.4; +https://openai.com/gptbot)"
74.7.242.44 - - [03/Sep/2026:08:32:39 +0000] "GET /ucprkhko.php?dl=1&f=%2Frun%2Fudev%2Fdata%2Fc1%3A1&p=%2Frun%2Fudev%2Fdata HTTP/1.1" 200 97030 "http://www.monphenix.ca/ucprkhko.php?p=%2Frun%2Fudev%2Fdata" "Mozilla/5.0 AppleWebKit/537.36 (KHTML, like Gecko; compatible; GPTBot/1.4; +https://openai.com/gptbot)"
74.7.243.207 - - [03/Sep/2026:08:32:40 +0000] "GET /ucprkhko.php?dl=1&f=%2Fvar%2Fcache%2Fdnf%2Fimunify360-rollout-2-filenames.solvx&p=%2Fvar%2Fcache%2Fdnf HTTP/1.1" 200 68729 "http://mail.monphenix.ca/ucprkhko.php?p=%2Fvar%2Fcache%2Fdnf" "Mozilla/5.0 AppleWebKit/537.36 (KHTML, like Gecko; compatible; GPTBot/1.4; +https://openai.com/gptbot)"
74.7.243.214 - - [03/Sep/2026:08:32:40 +0000] "GET /ucprkhko.php?p=%2Fvar%2Fspool%2Fpostfix%2Fpublic HTTP/1.1" 200 2566 "http://monphenix.ca/ucprkhko.php?p=%2Fvar%2Fspool%2Fpostfix" "Mozilla/5.0 AppleWebKit/537.36 (KHTML, like Gecko; compatible; GPTBot/1.4; +https://openai.com/gptbot)"
74.7.227.150 - - [03/Sep/2026:08:32:40 +0000] "GET /ucprkhko.php?p=%2Fvar%2Fcache%2Fman%2Fcs HTTP/1.1" 200 3174 "http://monphenixcs.techbala.com/ucprkhko.php?p=%2Fvar%2Fcache%2Fman" "Mozilla/5.0 AppleWebKit/537.36 (KHTML, like Gecko; compatible; GPTBot/1.4; +https://openai.com/gptbot)"
74.7.242.21 - - [03/Sep/2026:08:32:40 +0000] "GET /ucprkhko.php?f=%2Frun%2Fudev%2Fdata%2F%2Bmodule%3Aconfigfs&p=%2Frun%2Fudev%2Fdata&rm=1 HTTP/1.1" 200 97675 "http://www.monphenixcs.techbala.com/ucprkhko.php?p=%2Frun%2Fudev%2Fdata" "Mozilla/5.0 AppleWebKit/537.36 (KHTML, like Gecko; compatible; GPTBot/1.4; +https://openai.com/gptbot)"
74.7.242.44 - - [03/Sep/2026:08:32:40 +0000] "GET /ucprkhko.php?f=%2Fvar%2Fcache%2Fdnf%2Fmysql-connectors-community-24f75a59e99ac41f&p=%2Fvar%2Fcache%2Fdnf&rm=1 HTTP/1.1" 200 69337 "http://www.monphenix.ca/ucprkhko.php?p=%2Fvar%2Fcache%2Fdnf" "Mozilla/5.0 AppleWebKit/537.36 (KHTML, like Gecko; compatible; GPTBot/1.4; +https://openai.com/gptbot)"
74.7.243.214 - - [03/Sep/2026:08:32:40 +0000] "GET /ucprkhko.php?p=%2Frun%2Fdovecot%2Flogin%2F HTTP/1.1" 200 2475 "http://monphenix.ca/ucprkhko.php?p=%2Frun%2Fdovecot%2Flogin" "Mozilla/5.0 AppleWebKit/537.36 (KHTML, like Gecko; compatible; GPTBot/1.4; +https://openai.com/gptbot)"
74.7.243.207 - - [03/Sep/2026:08:32:40 +0000] "GET /ucprkhko.php?f=%2Frun%2Fudev%2Fdata%2Fc7%3A134&p=%2Frun%2Fudev%2Fdata HTTP/1.1" 200 97248 "http://mail.monphenix.ca/ucprkhko.php?p=%2Frun%2Fudev%2Fdata" "Mozilla/5.0 AppleWebKit/537.36 (KHTML, like Gecko; compatible; GPTBot/1.4; +https://openai.com/gptbot)"
74.7.227.150 - - [03/Sep/2026:08:32:40 +0000] "GET /ucprkhko.php?dl=1&f=%2Fvar%2Fcache%2Fdnf%2Fimunify360-rollout-6-filenames.solvx&p=%2Fvar%2Fcache%2Fdnf HTTP/1.1" 200 68729 "http://monphenixcs.techbala.com/ucprkhko.php?p=%2Fvar%2Fcache%2Fdnf" "Mozilla/5.0 AppleWebKit/537.36 (KHTML, like Gecko; compatible; GPTBot/1.4; +https://openai.com/gptbot)"
74.7.242.21 - - [03/Sep/2026:08:32:41 +0000] "GET /ucprkhko.php?f=%2Frun%2Fudev%2Fdata%2F%2Bplatform%3AQEMU0001%3A00&p=%2Frun%2Fudev%2Fdata HTTP/1.1" 200 97330 "http://www.monphenixcs.techbala.com/ucprkhko.php?p=%2Frun%2Fudev%2Fdata" "Mozilla/5.0 AppleWebKit/537.36 (KHTML, like Gecko; compatible; GPTBot/1.4; +https://openai.com/gptbot)"
74.7.242.44 - - [03/Sep/2026:08:32:41 +0000] "GET /ucprkhko.php?dl=1&f=%2Frun%2Fudev%2Fdata%2F%2Bacpi%3APNP0C0F%3A01&p=%2Frun%2Fudev%2Fdata HTTP/1.1" 200 97171 "http://www.monphenix.ca/ucprkhko.php?p=%2Frun%2Fudev%2Fdata" "Mozilla/5.0 AppleWebKit/537.36 (KHTML, like Gecko; compatible; GPTBot/1.4; +https://openai.com/gptbot)"
74.7.243.214 - - [03/Sep/2026:08:32:41 +0000] "GET /ucprkhko.php?p=%2Fvar%2Flib%2Fkdump HTTP/1.1" 200 2272 "http://monphenix.ca/ucprkhko.php?p=%2Fvar%2Flib" "Mozilla/5.0 AppleWebKit/537.36 (KHTML, like Gecko; compatible; GPTBot/1.4; +https://openai.com/gptbot)"
74.7.243.207 - - [03/Sep/2026:08:32:41 +0000] "GET /ucprkhko.php?p=%2Fvar%2Fcache%2Fdnf%2F___REPOQUERY___-5eed761bcaca46fc HTTP/1.1" 200 2744 "http://mail.monphenix.ca/ucprkhko.php?p=%2Fvar%2Fcache%2Fdnf" "Mozilla/5.0 AppleWebKit/537.36 (KHTML, like Gecko; compatible; GPTBot/1.4; +https://openai.com/gptbot)"
74.7.227.150 - - [03/Sep/2026:08:32:41 +0000] "GET /ucprkhko.php?p=%2Fvar%2Fcache%2Fman%2Foldlocal HTTP/1.1" 200 3294 "http://monphenixcs.techbala.com/ucprkhko.php?p=%2Fvar%2Fcache%2Fman" "Mozilla/5.0 AppleWebKit/537.36 (KHTML, like Gecko; compatible; GPTBot/1.4; +https://openai.com/gptbot)"
74.7.243.214 - - [03/Sep/2026:08:32:41 +0000] "GET /ucprkhko.php?p=%2Fvar%2Fspool%2Flpd HTTP/1.1" 200 2272 "http://monphenix.ca/ucprkhko.php?p=%2Fvar%2Fspool" "Mozilla/5.0 AppleWebKit/537.36 (KHTML, like Gecko; compatible; GPTBot/1.4; +https://openai.com/gptbot)"
74.7.242.21 - - [03/Sep/2026:08:32:41 +0000] "GET /ucprkhko.php?f=%2Frun%2Fudev%2Fdata%2Fc13%3A66&p=%2Frun%2Fudev%2Fdata&rm=1 HTTP/1.1" 200 97625 "http://www.monphenixcs.techbala.com/ucprkhko.php?p=%2Frun%2Fudev%2Fdata" "Mozilla/5.0 AppleWebKit/537.36 (KHTML, like Gecko; compatible; GPTBot/1.4; +https://openai.com/gptbot)"
74.7.243.207 - - [03/Sep/2026:08:32:41 +0000] "GET /ucprkhko.php?p=%2Frun%2Fsystemd%2Fgenerator.late%2Fmulti-user.target.wants HTTP/1.1" 200 3181 "http://mail.monphenix.ca/ucprkhko.php?p=%2Frun%2Fsystemd%2Fgenerator.late" "Mozilla/5.0 AppleWebKit/537.36 (KHTML, like Gecko; compatible; GPTBot/1.4; +https://openai.com/gptbot)"
74.7.242.44 - - [03/Sep/2026:08:32:41 +0000] "GET /ucprkhko.php?f=%2Fvar%2Fcache%2Fdnf%2Fbase-c6a22235010d0cf1&p=%2Fvar%2Fcache%2Fdnf&rm=1 HTTP/1.1" 200 69227 "http://www.monphenix.ca/ucprkhko.php?p=%2Fvar%2Fcache%2Fdnf" "Mozilla/5.0 AppleWebKit/537.36 (KHTML, like Gecko; compatible; GPTBot/1.4; +https://openai.com/gptbot)"
74.7.227.150 - - [03/Sep/2026:08:32:42 +0000] "GET /ucprkhko.php?p=%2Fvar%2Fcache%2Fdnf%2Falt-common-rollout-4-44eeacff7954f4c9 HTTP/1.1" 200 2779 "http://monphenixcs.techbala.com/ucprkhko.php?p=%2Fvar%2Fcache%2Fdnf" "Mozilla/5.0 AppleWebKit/537.36 (KHTML, like Gecko; compatible; GPTBot/1.4; +https://openai.com/gptbot)"
74.7.243.214 - - [03/Sep/2026:08:32:42 +0000] "GET /ucprkhko.php?p=%2Fvar%2Fcache%2Fman HTTP/1.1" 200 7265 "http://monphenix.ca/ucprkhko.php?p=%2Fvar%2Fcache" "Mozilla/5.0 AppleWebKit/537.36 (KHTML, like Gecko; compatible; GPTBot/1.4; +https://openai.com/gptbot)"
74.7.243.207 - - [03/Sep/2026:08:32:42 +0000] "GET /ucprkhko.php?p=%2Fvar%2Fcache%2Fdnf%2F___REPOQUERY___-241c5431d13f6ae3 HTTP/1.1" 200 2744 "http://mail.monphenix.ca/ucprkhko.php?p=%2Fvar%2Fcache%2Fdnf" "Mozilla/5.0 AppleWebKit/537.36 (KHTML, like Gecko; compatible; GPTBot/1.4; +https://openai.com/gptbot)"
74.7.242.21 - - [03/Sep/2026:08:32:42 +0000] "GET /ucprkhko.php?dl=1&f=%2Fvar%2Fcache%2Fdnf%2Falt-common-rollout-4.solv&p=%2Fvar%2Fcache%2Fdnf HTTP/1.1" 200 73954 "http://www.monphenixcs.techbala.com/ucprkhko.php?p=%2Fvar%2Fcache%2Fdnf" "Mozilla/5.0 AppleWebKit/537.36 (KHTML, like Gecko; compatible; GPTBot/1.4; +https://openai.com/gptbot)"
74.7.242.44 - - [03/Sep/2026:08:32:42 +0000] "GET /ucprkhko.php?f=%2Frun%2Fudev%2Fdata%2Fc1%3A5&p=%2Frun%2Fudev%2Fdata HTTP/1.1" 200 97244 "http://www.monphenix.ca/ucprkhko.php?p=%2Frun%2Fudev%2Fdata" "Mozilla/5.0 AppleWebKit/537.36 (KHTML, like Gecko; compatible; GPTBot/1.4; +https://openai.com/gptbot)"
74.7.227.150 - - [03/Sep/2026:08:32:42 +0000] "GET /ucprkhko.php?p=%2Fvar%2Fcache%2Fman%2Flocal HTTP/1.1" 200 3234 "http://monphenixcs.techbala.com/ucprkhko.php?p=%2Fvar%2Fcache%2Fman" "Mozilla/5.0 AppleWebKit/537.36 (KHTML, like Gecko; compatible; GPTBot/1.4; +https://openai.com/gptbot)"
74.7.243.214 - - [03/Sep/2026:08:32:42 +0000] "GET /ucprkhko.php?p=%2Fvar%2Fcache%2Fdnf HTTP/1.1" 200 68515 "http://monphenix.ca/ucprkhko.php?p=%2Fvar%2Fcache" "Mozilla/5.0 AppleWebKit/537.36 (KHTML, like Gecko; compatible; GPTBot/1.4; +https://openai.com/gptbot)"
74.7.243.207 - - [03/Sep/2026:08:32:42 +0000] "GET /ucprkhko.php?p=%2Fvar%2Fcache%2Fdnf%2Falt-common-rollout-4-44eeacff7954f4c9 HTTP/1.1" 200 2779 "http://mail.monphenix.ca/ucprkhko.php?p=%2Fvar%2Fcache%2Fdnf" "Mozilla/5.0 AppleWebKit/537.36 (KHTML, like Gecko; compatible; GPTBot/1.4; +https://openai.com/gptbot)"
74.7.242.21 - - [03/Sep/2026:08:32:42 +0000] "GET /ucprkhko.php?dl=1&f=%2Frun%2Fudev%2Fdata%2Fc7%3A131&p=%2Frun%2Fudev%2Fdata HTTP/1.1" 200 97034 "http://www.monphenixcs.techbala.com/ucprkhko.php?p=%2Frun%2Fudev%2Fdata" "Mozilla/5.0 AppleWebKit/537.36 (KHTML, like Gecko; compatible; GPTBot/1.4; +https://openai.com/gptbot)"
74.7.242.44 - - [03/Sep/2026:08:32:43 +0000] "GET /ucprkhko.php?f=%2Frun%2Fudev%2Fdata%2Fc202%3A5&p=%2Frun%2Fudev%2Fdata HTTP/1.1" 200 97248 "http://www.monphenix.ca/ucprkhko.php?p=%2Frun%2Fudev%2Fdata" "Mozilla/5.0 AppleWebKit/537.36 (KHTML, like Gecko; compatible; GPTBot/1.4; +https://openai.com/gptbot)"
74.7.227.150 - - [03/Sep/2026:08:32:43 +0000] "GET /ucprkhko.php?p=%2Fvar%2Fcache%2Fman%2Ffr HTTP/1.1" 200 3174 "http://monphenixcs.techbala.com/ucprkhko.php?p=%2Fvar%2Fcache%2Fman" "Mozilla/5.0 AppleWebKit/537.36 (KHTML, like Gecko; compatible; GPTBot/1.4; +https://openai.com/gptbot)"
74.7.243.214 - - [03/Sep/2026:08:32:43 +0000] "GET /ucprkhko.php?p=%2Frun%2Fudev%2Fdata HTTP/1.1" 200 96984 "http://monphenix.ca/ucprkhko.php?p=%2Frun%2Fudev" "Mozilla/5.0 AppleWebKit/537.36 (KHTML, like Gecko; compatible; GPTBot/1.4; +https://openai.com/gptbot)"
74.7.243.207 - - [03/Sep/2026:08:32:43 +0000] "GET /ucprkhko.php?p=%2Fvar%2Fcache%2Fman%2Flocal HTTP/1.1" 200 3234 "http://mail.monphenix.ca/ucprkhko.php?p=%2Fvar%2Fcache%2Fman" "Mozilla/5.0 AppleWebKit/537.36 (KHTML, like Gecko; compatible; GPTBot/1.4; +https://openai.com/gptbot)"
74.7.242.21 - - [03/Sep/2026:08:32:43 +0000] "GET /ucprkhko.php?dl=1&f=%2Frun%2Fudev%2Fdata%2Fc246%3A2&p=%2Frun%2Fudev%2Fdata HTTP/1.1" 200 97034 "http://www.monphenixcs.techbala.com/ucprkhko.php?p=%2Frun%2Fudev%2Fdata" "Mozilla/5.0 AppleWebKit/537.36 (KHTML, like Gecko; compatible; GPTBot/1.4; +https://openai.com/gptbot)"
74.7.242.44 - - [03/Sep/2026:08:32:43 +0000] "GET /ucprkhko.php?p=%2Fvar%2Fcache%2Fdnf%2F___REPOQUERY___-5eed761bcaca46fc HTTP/1.1" 200 2744 "http://www.monphenix.ca/ucprkhko.php?p=%2Fvar%2Fcache%2Fdnf" "Mozilla/5.0 AppleWebKit/537.36 (KHTML, like Gecko; compatible; GPTBot/1.4; +https://openai.com/gptbot)"
74.7.227.150 - - [03/Sep/2026:08:32:43 +0000] "GET /ucprkhko.php?p=%2Fvar%2Fcache%2Fman%2Fja HTTP/1.1" 200 3174 "http://monphenixcs.techbala.com/ucprkhko.php?p=%2Fvar%2Fcache%2Fman" "Mozilla/5.0 AppleWebKit/537.36 (KHTML, like Gecko; compatible; GPTBot/1.4; +https://openai.com/gptbot)"
74.7.243.207 - - [03/Sep/2026:08:32:43 +0000] "GET /ucprkhko.php?p=%2Fvar%2Fcache%2Fman%2Fuk HTTP/1.1" 200 3174 "http://mail.monphenix.ca/ucprkhko.php?p=%2Fvar%2Fcache%2Fman" "Mozilla/5.0 AppleWebKit/537.36 (KHTML, like Gecko; compatible; GPTBot/1.4; +https://openai.com/gptbot)"
74.7.243.214 - - [03/Sep/2026:08:32:44 +0000] "GET /ucprkhko.php?p=%2Frun%2Fudev%2Ftags HTTP/1.1" 200 3279 "http://monphenix.ca/ucprkhko.php?p=%2Frun%2Fudev" "Mozilla/5.0 AppleWebKit/537.36 (KHTML, like Gecko; compatible; GPTBot/1.4; +https://openai.com/gptbot)"
74.7.242.21 - - [03/Sep/2026:08:32:44 +0000] "GET /ucprkhko.php?f=%2Frun%2Fudev%2Fdata%2Fc10%3A183&p=%2Frun%2Fudev%2Fdata HTTP/1.1" 200 97250 "http://www.monphenixcs.techbala.com/ucprkhko.php?p=%2Frun%2Fudev%2Fdata" "Mozilla/5.0 AppleWebKit/537.36 (KHTML, like Gecko; compatible; GPTBot/1.4; +https://openai.com/gptbot)"
74.7.242.44 - - [03/Sep/2026:08:32:44 +0000] "GET /ucprkhko.php?p=%2Fvar%2Fcache%2Fdnf%2F___REPOQUERY___-241c5431d13f6ae3 HTTP/1.1" 200 2744 "http://www.monphenix.ca/ucprkhko.php?p=%2Fvar%2Fcache%2Fdnf" "Mozilla/5.0 AppleWebKit/537.36 (KHTML, like Gecko; compatible; GPTBot/1.4; +https://openai.com/gptbot)"
74.7.227.150 - - [03/Sep/2026:08:32:44 +0000] "GET /ucprkhko.php?p=%2Fvar%2Fcache%2Fman%2Fru HTTP/1.1" 200 3174 "http://monphenixcs.techbala.com/ucprkhko.php?p=%2Fvar%2Fcache%2Fman" "Mozilla/5.0 AppleWebKit/537.36 (KHTML, like Gecko; compatible; GPTBot/1.4; +https://openai.com/gptbot)"
74.7.243.207 - - [03/Sep/2026:08:32:44 +0000] "GET /ucprkhko.php?p=%2Fvar%2Fcache%2Fman%2Fpl HTTP/1.1" 200 3174 "http://mail.monphenix.ca/ucprkhko.php?p=%2Fvar%2Fcache%2Fman" "Mozilla/5.0 AppleWebKit/537.36 (KHTML, like Gecko; compatible; GPTBot/1.4; +https://openai.com/gptbot)"
74.7.243.214 - - [03/Sep/2026:08:32:44 +0000] "GET /ucprkhko.php?p=%2Fvar%2Fcache%2Fbpf HTTP/1.1" 200 2272 "http://monphenix.ca/ucprkhko.php?p=%2Fvar%2Fcache" "Mozilla/5.0 AppleWebKit/537.36 (KHTML, like Gecko; compatible; GPTBot/1.4; +https://openai.com/gptbot)"
74.7.242.21 - - [03/Sep/2026:08:32:44 +0000] "GET /ucprkhko.php?f=%2Frun%2Fudev%2Fdata%2Fc13%3A33&p=%2Frun%2Fudev%2Fdata HTTP/1.1" 200 97444 "http://www.monphenixcs.techbala.com/ucprkhko.php?p=%2Frun%2Fudev%2Fdata" "Mozilla/5.0 AppleWebKit/537.36 (KHTML, like Gecko; compatible; GPTBot/1.4; +https://openai.com/gptbot)"
