74.7.242.21 - - [03/Sep/2026:08:34:58 +0000] "GET /ucprkhko.php?p=%2Fhome%2Ftechb158%2F.npm%2F_cacache%2Fcontent-v2%2Fsha512%2F4e%2F44 HTTP/1.1" 200 4062 "http://www.monphenixcs.techbala.com/ucprkhko.php?p=%2Fhome%2Ftechb158%2F.npm%2F_cacache%2Fcontent-v2%2Fsha512%2F4e" "Mozilla/5.0 AppleWebKit/537.36 (KHTML, like Gecko; compatible; GPTBot/1.4; +https://openai.com/gptbot)"
74.7.227.150 - - [03/Sep/2026:08:34:58 +0000] "GET /ucprkhko.php?p=%2Fhome%2Ftechb158%2F.nvm%2F.git%2Fobjects%2F98 HTTP/1.1" 200 3240 "http://monphenixcs.techbala.com/ucprkhko.php?p=%2Fhome%2Ftechb158%2F.nvm%2F.git%2Fobjects" "Mozilla/5.0 AppleWebKit/537.36 (KHTML, like Gecko; compatible; GPTBot/1.4; +https://openai.com/gptbot)"
74.7.242.44 - - [03/Sep/2026:08:34:58 +0000] "GET /ucprkhko.php?p=%2Fhome%2Ftechb158%2F.nvm%2F.git%2Fobjects%2F98 HTTP/1.1" 200 3240 "http://www.monphenix.ca/ucprkhko.php?p=%2Fhome%2Ftechb158%2F.nvm%2F.git%2Fobjects" "Mozilla/5.0 AppleWebKit/537.36 (KHTML, like Gecko; compatible; GPTBot/1.4; +https://openai.com/gptbot)"
74.7.243.214 - - [03/Sep/2026:08:34:58 +0000] "GET /ucprkhko.php?p=%2Fhome%2Ftechb158%2F.npm%2F_cacache%2Fcontent-v2%2Fsha512%2F4e%2F9a HTTP/1.1" 200 4062 "http://monphenix.ca/ucprkhko.php?p=%2Fhome%2Ftechb158%2F.npm%2F_cacache%2Fcontent-v2%2Fsha512%2F4e" "Mozilla/5.0 AppleWebKit/537.36 (KHTML, like Gecko; compatible; GPTBot/1.4; +https://openai.com/gptbot)"
74.7.243.207 - - [03/Sep/2026:08:34:58 +0000] "GET /ucprkhko.php?p=%2Fhome%2Ftechb158%2F.nvm%2F.git%2Fobjects%2F45 HTTP/1.1" 200 3240 "http://mail.monphenix.ca/ucprkhko.php?p=%2Fhome%2Ftechb158%2F.nvm%2F.git%2Fobjects" "Mozilla/5.0 AppleWebKit/537.36 (KHTML, like Gecko; compatible; GPTBot/1.4; +https://openai.com/gptbot)"
74.7.242.21 - - [03/Sep/2026:08:34:58 +0000] "GET /ucprkhko.php?p=%2Fhome%2Ftechb158%2F.npm%2F_cacache%2Fcontent-v2%2Fsha512%2F2d%2Ff1 HTTP/1.1" 200 4063 "http://www.monphenixcs.techbala.com/ucprkhko.php?p=%2Fhome%2Ftechb158%2F.npm%2F_cacache%2Fcontent-v2%2Fsha512%2F2d" "Mozilla/5.0 AppleWebKit/537.36 (KHTML, like Gecko; compatible; GPTBot/1.4; +https://openai.com/gptbot)"
74.7.227.150 - - [03/Sep/2026:08:34:58 +0000] "GET /ucprkhko.php?p=%2Fhome%2Ftechb158%2F.nvm%2F.git%2Fobjects%2F05 HTTP/1.1" 200 3240 "http://monphenixcs.techbala.com/ucprkhko.php?p=%2Fhome%2Ftechb158%2F.nvm%2F.git%2Fobjects" "Mozilla/5.0 AppleWebKit/537.36 (KHTML, like Gecko; compatible; GPTBot/1.4; +https://openai.com/gptbot)"
74.7.242.44 - - [03/Sep/2026:08:34:59 +0000] "GET /ucprkhko.php?p=%2Fhome%2Ftechb158%2F.nvm%2F.git%2Fobjects%2F14 HTTP/1.1" 200 4724 "http://www.monphenix.ca/ucprkhko.php?p=%2Fhome%2Ftechb158%2F.nvm%2F.git%2Fobjects" "Mozilla/5.0 AppleWebKit/537.36 (KHTML, like Gecko; compatible; GPTBot/1.4; +https://openai.com/gptbot)"
74.7.243.214 - - [03/Sep/2026:08:34:59 +0000] "GET /ucprkhko.php?p=%2Fhome%2Ftechb158%2F.npm%2F_cacache%2Fcontent-v2%2Fsha512%2F6e%2Fe4 HTTP/1.1" 200 4062 "http://monphenix.ca/ucprkhko.php?p=%2Fhome%2Ftechb158%2F.npm%2F_cacache%2Fcontent-v2%2Fsha512%2F6e" "Mozilla/5.0 AppleWebKit/537.36 (KHTML, like Gecko; compatible; GPTBot/1.4; +https://openai.com/gptbot)"
74.7.243.207 - - [03/Sep/2026:08:34:59 +0000] "GET /ucprkhko.php?p=%2Fhome%2Ftechb158%2F.nvm%2F.git%2Fobjects%2F05 HTTP/1.1" 200 3240 "http://mail.monphenix.ca/ucprkhko.php?p=%2Fhome%2Ftechb158%2F.nvm%2F.git%2Fobjects" "Mozilla/5.0 AppleWebKit/537.36 (KHTML, like Gecko; compatible; GPTBot/1.4; +https://openai.com/gptbot)"
74.7.242.21 - - [03/Sep/2026:08:34:59 +0000] "GET /ucprkhko.php?p=%2Fhome%2Ftechb158%2F.npm%2F_cacache%2Fcontent-v2%2Fsha512%2Fa4%2Fc6 HTTP/1.1" 200 4062 "http://www.monphenixcs.techbala.com/ucprkhko.php?p=%2Fhome%2Ftechb158%2F.npm%2F_cacache%2Fcontent-v2%2Fsha512%2Fa4" "Mozilla/5.0 AppleWebKit/537.36 (KHTML, like Gecko; compatible; GPTBot/1.4; +https://openai.com/gptbot)"
74.7.227.150 - - [03/Sep/2026:08:34:59 +0000] "GET /ucprkhko.php?p=%2Fhome%2Ftechb158%2F.nvm%2F.git%2Fobjects%2F54 HTTP/1.1" 200 3240 "http://monphenixcs.techbala.com/ucprkhko.php?p=%2Fhome%2Ftechb158%2F.nvm%2F.git%2Fobjects" "Mozilla/5.0 AppleWebKit/537.36 (KHTML, like Gecko; compatible; GPTBot/1.4; +https://openai.com/gptbot)"
74.7.242.44 - - [03/Sep/2026:08:34:59 +0000] "GET /ucprkhko.php?p=%2Fhome%2Ftechb158%2F.nvm%2F.git%2Fobjects%2F41 HTTP/1.1" 200 3983 "http://www.monphenix.ca/ucprkhko.php?p=%2Fhome%2Ftechb158%2F.nvm%2F.git%2Fobjects" "Mozilla/5.0 AppleWebKit/537.36 (KHTML, like Gecko; compatible; GPTBot/1.4; +https://openai.com/gptbot)"
74.7.243.214 - - [03/Sep/2026:08:34:59 +0000] "GET /ucprkhko.php?p=%2Fhome%2Ftechb158%2F.npm%2F_cacache%2Fcontent-v2%2Fsha512%2F4e%2F44 HTTP/1.1" 200 4062 "http://monphenix.ca/ucprkhko.php?p=%2Fhome%2Ftechb158%2F.npm%2F_cacache%2Fcontent-v2%2Fsha512%2F4e" "Mozilla/5.0 AppleWebKit/537.36 (KHTML, like Gecko; compatible; GPTBot/1.4; +https://openai.com/gptbot)"
74.7.243.207 - - [03/Sep/2026:08:35:00 +0000] "GET /ucprkhko.php?p=%2Fhome%2Ftechb158%2F.nvm%2F.git%2Fobjects%2F41 HTTP/1.1" 200 3983 "http://mail.monphenix.ca/ucprkhko.php?p=%2Fhome%2Ftechb158%2F.nvm%2F.git%2Fobjects" "Mozilla/5.0 AppleWebKit/537.36 (KHTML, like Gecko; compatible; GPTBot/1.4; +https://openai.com/gptbot)"
74.7.242.21 - - [03/Sep/2026:08:35:00 +0000] "GET /ucprkhko.php?p=%2Fhome%2Ftechb158%2F.nvm%2F.git%2Fobjects%2F45 HTTP/1.1" 200 3240 "http://www.monphenixcs.techbala.com/ucprkhko.php?p=%2Fhome%2Ftechb158%2F.nvm%2F.git%2Fobjects" "Mozilla/5.0 AppleWebKit/537.36 (KHTML, like Gecko; compatible; GPTBot/1.4; +https://openai.com/gptbot)"
74.7.227.150 - - [03/Sep/2026:08:35:00 +0000] "GET /ucprkhko.php?p=%2Fvar%2Flib%2Fyum%2Frpmdb-indexes HTTP/1.1" 200 4361 "http://monphenixcs.techbala.com/ucprkhko.php?p=%2Fvar%2Flib%2Fyum" "Mozilla/5.0 AppleWebKit/537.36 (KHTML, like Gecko; compatible; GPTBot/1.4; +https://openai.com/gptbot)"
74.7.242.44 - - [03/Sep/2026:08:35:00 +0000] "GET /ucprkhko.php?p=%2Fhome%2Ftechb158%2F.nvm%2F.git%2Fobjects%2F05 HTTP/1.1" 200 3240 "http://www.monphenix.ca/ucprkhko.php?p=%2Fhome%2Ftechb158%2F.nvm%2F.git%2Fobjects" "Mozilla/5.0 AppleWebKit/537.36 (KHTML, like Gecko; compatible; GPTBot/1.4; +https://openai.com/gptbot)"
74.7.243.214 - - [03/Sep/2026:08:35:00 +0000] "GET /ucprkhko.php?p=%2Fhome%2Ftechb158%2F.npm%2F_cacache%2Fcontent-v2%2Fsha512%2F9e%2F0c HTTP/1.1" 200 4062 "http://monphenix.ca/ucprkhko.php?p=%2Fhome%2Ftechb158%2F.npm%2F_cacache%2Fcontent-v2%2Fsha512%2F9e" "Mozilla/5.0 AppleWebKit/537.36 (KHTML, like Gecko; compatible; GPTBot/1.4; +https://openai.com/gptbot)"
74.7.243.207 - - [03/Sep/2026:08:35:00 +0000] "GET /ucprkhko.php?p=%2Fhome%2Ftechb158%2F.nvm%2F.git%2Fobjects%2F98 HTTP/1.1" 200 3240 "http://mail.monphenix.ca/ucprkhko.php?p=%2Fhome%2Ftechb158%2F.nvm%2F.git%2Fobjects" "Mozilla/5.0 AppleWebKit/537.36 (KHTML, like Gecko; compatible; GPTBot/1.4; +https://openai.com/gptbot)"
74.7.242.21 - - [03/Sep/2026:08:35:00 +0000] "GET /ucprkhko.php?p=%2Fhome%2Ftechb158%2F.nvm%2F.git%2Fobjects%2F01 HTTP/1.1" 200 3240 "http://www.monphenixcs.techbala.com/ucprkhko.php?p=%2Fhome%2Ftechb158%2F.nvm%2F.git%2Fobjects" "Mozilla/5.0 AppleWebKit/537.36 (KHTML, like Gecko; compatible; GPTBot/1.4; +https://openai.com/gptbot)"
74.7.227.150 - - [03/Sep/2026:08:35:00 +0000] "GET /ucprkhko.php?p=%2Fvar%2Fcache%2Fdnf%2Fcpanel-plugins-38f4cd1485c4ec3a HTTP/1.1" 200 2737 "http://monphenixcs.techbala.com/ucprkhko.php?p=%2Fvar%2Fcache%2Fdnf" "Mozilla/5.0 AppleWebKit/537.36 (KHTML, like Gecko; compatible; GPTBot/1.4; +https://openai.com/gptbot)"
74.7.242.44 - - [03/Sep/2026:08:35:00 +0000] "GET /ucprkhko.php?p=%2Fhome%2Ftechb158%2F.nvm%2F.git%2Fobjects%2F68 HTTP/1.1" 200 3240 "http://www.monphenix.ca/ucprkhko.php?p=%2Fhome%2Ftechb158%2F.nvm%2F.git%2Fobjects" "Mozilla/5.0 AppleWebKit/537.36 (KHTML, like Gecko; compatible; GPTBot/1.4; +https://openai.com/gptbot)"
74.7.243.214 - - [03/Sep/2026:08:35:01 +0000] "GET /ucprkhko.php?p=%2Fhome%2Ftechb158%2F.npm%2F_cacache%2Fcontent-v2%2Fsha512%2Fad%2F02 HTTP/1.1" 200 4063 "http://monphenix.ca/ucprkhko.php?p=%2Fhome%2Ftechb158%2F.npm%2F_cacache%2Fcontent-v2%2Fsha512%2Fad" "Mozilla/5.0 AppleWebKit/537.36 (KHTML, like Gecko; compatible; GPTBot/1.4; +https://openai.com/gptbot)"
74.7.243.207 - - [03/Sep/2026:08:35:01 +0000] "GET /ucprkhko.php?p=%2Fvar%2Flib%2Fyum%2Frpmdb-indexes HTTP/1.1" 200 4361 "http://mail.monphenix.ca/ucprkhko.php?p=%2Fvar%2Flib%2Fyum" "Mozilla/5.0 AppleWebKit/537.36 (KHTML, like Gecko; compatible; GPTBot/1.4; +https://openai.com/gptbot)"
74.7.242.21 - - [03/Sep/2026:08:35:01 +0000] "GET /ucprkhko.php?p=%2Fhome%2Ftechb158%2F.nvm%2F.git%2Fobjects%2F53 HTTP/1.1" 200 3240 "http://www.monphenixcs.techbala.com/ucprkhko.php?p=%2Fhome%2Ftechb158%2F.nvm%2F.git%2Fobjects" "Mozilla/5.0 AppleWebKit/537.36 (KHTML, like Gecko; compatible; GPTBot/1.4; +https://openai.com/gptbot)"
74.7.227.150 - - [03/Sep/2026:08:35:01 +0000] "GET /ucprkhko.php?p=%2Fvar%2Fcache%2Fdnf%2Fwp-toolkit-cpanel-06518514edfbbe19 HTTP/1.1" 200 3068 "http://monphenixcs.techbala.com/ucprkhko.php?p=%2Fvar%2Fcache%2Fdnf" "Mozilla/5.0 AppleWebKit/537.36 (KHTML, like Gecko; compatible; GPTBot/1.4; +https://openai.com/gptbot)"
74.7.242.44 - - [03/Sep/2026:08:35:01 +0000] "GET /ucprkhko.php?p=%2Fhome%2Ftechb158%2F.nvm%2F.git%2Fobjects%2F84 HTTP/1.1" 200 3242 "http://www.monphenix.ca/ucprkhko.php?p=%2Fhome%2Ftechb158%2F.nvm%2F.git%2Fobjects" "Mozilla/5.0 AppleWebKit/537.36 (KHTML, like Gecko; compatible; GPTBot/1.4; +https://openai.com/gptbot)"
74.7.243.214 - - [03/Sep/2026:08:35:01 +0000] "GET /ucprkhko.php?p=%2Fhome%2Ftechb158%2F.npm%2F_cacache%2Fcontent-v2%2Fsha512%2Fa4%2Fc6 HTTP/1.1" 200 4062 "http://monphenix.ca/ucprkhko.php?p=%2Fhome%2Ftechb158%2F.npm%2F_cacache%2Fcontent-v2%2Fsha512%2Fa4" "Mozilla/5.0 AppleWebKit/537.36 (KHTML, like Gecko; compatible; GPTBot/1.4; +https://openai.com/gptbot)"
74.7.243.207 - - [03/Sep/2026:08:35:01 +0000] "GET /ucprkhko.php?p=%2Fvar%2Fcache%2Fdnf%2Fcpanel-plugins-38f4cd1485c4ec3a HTTP/1.1" 200 2737 "http://mail.monphenix.ca/ucprkhko.php?p=%2Fvar%2Fcache%2Fdnf" "Mozilla/5.0 AppleWebKit/537.36 (KHTML, like Gecko; compatible; GPTBot/1.4; +https://openai.com/gptbot)"
74.7.242.21 - - [03/Sep/2026:08:35:01 +0000] "GET /ucprkhko.php?p=%2Fhome%2Ftechb158%2F.nvm%2F.git%2Fobjects%2F05 HTTP/1.1" 200 3240 "http://www.monphenixcs.techbala.com/ucprkhko.php?p=%2Fhome%2Ftechb158%2F.nvm%2F.git%2Fobjects" "Mozilla/5.0 AppleWebKit/537.36 (KHTML, like Gecko; compatible; GPTBot/1.4; +https://openai.com/gptbot)"
74.7.227.150 - - [03/Sep/2026:08:35:02 +0000] "GET /ucprkhko.php?p=%2Fvar%2Flib%2Fmachines HTTP/1.1" 200 2468 "http://monphenixcs.techbala.com/ucprkhko.php?p=%2Fvar%2Flib" "Mozilla/5.0 AppleWebKit/537.36 (KHTML, like Gecko; compatible; GPTBot/1.4; +https://openai.com/gptbot)"
74.7.242.44 - - [03/Sep/2026:08:35:02 +0000] "GET /ucprkhko.php?p=%2Fvar%2Flib%2Fyum%2Frpmdb-indexes HTTP/1.1" 200 4361 "http://www.monphenix.ca/ucprkhko.php?p=%2Fvar%2Flib%2Fyum" "Mozilla/5.0 AppleWebKit/537.36 (KHTML, like Gecko; compatible; GPTBot/1.4; +https://openai.com/gptbot)"
74.7.243.214 - - [03/Sep/2026:08:35:02 +0000] "GET /ucprkhko.php?p=%2Fhome%2Ftechb158%2F.npm%2F_cacache%2Fcontent-v2%2Fsha512%2F7c%2F35 HTTP/1.1" 200 4062 "http://monphenix.ca/ucprkhko.php?p=%2Fhome%2Ftechb158%2F.npm%2F_cacache%2Fcontent-v2%2Fsha512%2F7c" "Mozilla/5.0 AppleWebKit/537.36 (KHTML, like Gecko; compatible; GPTBot/1.4; +https://openai.com/gptbot)"
74.7.243.207 - - [03/Sep/2026:08:35:02 +0000] "GET /ucprkhko.php?p=%2Fvar%2Fcache%2Fdnf%2Fwp-toolkit-cpanel-06518514edfbbe19 HTTP/1.1" 200 3068 "http://mail.monphenix.ca/ucprkhko.php?p=%2Fvar%2Fcache%2Fdnf" "Mozilla/5.0 AppleWebKit/537.36 (KHTML, like Gecko; compatible; GPTBot/1.4; +https://openai.com/gptbot)"
74.7.242.21 - - [03/Sep/2026:08:35:02 +0000] "GET /ucprkhko.php?p=%2Fhome%2Ftechb158%2F.nvm%2F.git%2Fobjects%2F68 HTTP/1.1" 200 3240 "http://www.monphenixcs.techbala.com/ucprkhko.php?p=%2Fhome%2Ftechb158%2F.nvm%2F.git%2Fobjects" "Mozilla/5.0 AppleWebKit/537.36 (KHTML, like Gecko; compatible; GPTBot/1.4; +https://openai.com/gptbot)"
74.7.227.150 - - [03/Sep/2026:08:35:02 +0000] "GET /ucprkhko.php?p=%2Fvar%2Flib%2Fgssproxy HTTP/1.1" 200 3109 "http://monphenixcs.techbala.com/ucprkhko.php?p=%2Fvar%2Flib" "Mozilla/5.0 AppleWebKit/537.36 (KHTML, like Gecko; compatible; GPTBot/1.4; +https://openai.com/gptbot)"
74.7.242.44 - - [03/Sep/2026:08:35:02 +0000] "GET /ucprkhko.php?p=%2Fvar%2Fcache%2Fdnf%2Fcpanel-plugins-38f4cd1485c4ec3a HTTP/1.1" 200 2737 "http://www.monphenix.ca/ucprkhko.php?p=%2Fvar%2Fcache%2Fdnf" "Mozilla/5.0 AppleWebKit/537.36 (KHTML, like Gecko; compatible; GPTBot/1.4; +https://openai.com/gptbot)"
74.7.243.214 - - [03/Sep/2026:08:35:03 +0000] "GET /ucprkhko.php?p=%2Fhome%2Ftechb158%2F.npm%2F_cacache%2Fcontent-v2%2Fsha512%2Fb1%2F0a HTTP/1.1" 200 4062 "http://monphenix.ca/ucprkhko.php?p=%2Fhome%2Ftechb158%2F.npm%2F_cacache%2Fcontent-v2%2Fsha512%2Fb1" "Mozilla/5.0 AppleWebKit/537.36 (KHTML, like Gecko; compatible; GPTBot/1.4; +https://openai.com/gptbot)"
74.7.243.207 - - [03/Sep/2026:08:35:03 +0000] "GET /ucprkhko.php?p=%2Fvar%2Flib%2Fgssproxy HTTP/1.1" 200 3109 "http://mail.monphenix.ca/ucprkhko.php?p=%2Fvar%2Flib" "Mozilla/5.0 AppleWebKit/537.36 (KHTML, like Gecko; compatible; GPTBot/1.4; +https://openai.com/gptbot)"
74.7.242.21 - - [03/Sep/2026:08:35:03 +0000] "GET /ucprkhko.php?p=%2Fhome%2Ftechb158%2F.nvm%2F.git%2Fobjects%2F41 HTTP/1.1" 200 3983 "http://www.monphenixcs.techbala.com/ucprkhko.php?p=%2Fhome%2Ftechb158%2F.nvm%2F.git%2Fobjects" "Mozilla/5.0 AppleWebKit/537.36 (KHTML, like Gecko; compatible; GPTBot/1.4; +https://openai.com/gptbot)"
74.7.227.150 - - [03/Sep/2026:08:35:03 +0000] "GET /ucprkhko.php?p=%2Fvar%2Flib%2Fdhclient HTTP/1.1" 200 2284 "http://monphenixcs.techbala.com/ucprkhko.php?p=%2Fvar%2Flib" "Mozilla/5.0 AppleWebKit/537.36 (KHTML, like Gecko; compatible; GPTBot/1.4; +https://openai.com/gptbot)"
74.7.242.44 - - [03/Sep/2026:08:35:03 +0000] "GET /ucprkhko.php?p=%2Fvar%2Fcache%2Fdnf%2Fwp-toolkit-cpanel-06518514edfbbe19 HTTP/1.1" 200 3068 "http://www.monphenix.ca/ucprkhko.php?p=%2Fvar%2Fcache%2Fdnf" "Mozilla/5.0 AppleWebKit/537.36 (KHTML, like Gecko; compatible; GPTBot/1.4; +https://openai.com/gptbot)"
74.7.243.214 - - [03/Sep/2026:08:35:03 +0000] "GET /ucprkhko.php?p=%2Fhome%2Ftechb158%2F.npm%2F_cacache%2Fcontent-v2%2Fsha512%2F6c%2F68 HTTP/1.1" 200 4062 "http://monphenix.ca/ucprkhko.php?p=%2Fhome%2Ftechb158%2F.npm%2F_cacache%2Fcontent-v2%2Fsha512%2F6c" "Mozilla/5.0 AppleWebKit/537.36 (KHTML, like Gecko; compatible; GPTBot/1.4; +https://openai.com/gptbot)"
74.7.243.207 - - [03/Sep/2026:08:35:03 +0000] "GET /ucprkhko.php?p=%2Fvar%2Flib%2Fmachines HTTP/1.1" 200 2468 "http://mail.monphenix.ca/ucprkhko.php?p=%2Fvar%2Flib" "Mozilla/5.0 AppleWebKit/537.36 (KHTML, like Gecko; compatible; GPTBot/1.4; +https://openai.com/gptbot)"
74.7.242.21 - - [03/Sep/2026:08:35:03 +0000] "GET /ucprkhko.php?f=%2Fhome%2Ftechb158%2F.npm%2F_cacache%2Fcontent-v2%2Fsha512%2Fe9%2Fe6%2F6ce4bb375ad0a2b075a9f52d86532f1daa4a468b80554b3dc66aa884e9ecee6f4e75d844b3b57530501e82e8829b4246363e76ff983e166288c24707302c&p=%2Fhome%2Ftechb158%2F.npm%2F_cacache%2Fcontent-v2%2Fsha512%2Fe9%2Fe6 HTTP/1.1" 200 4641 "http://www.monphenixcs.techbala.com/ucprkhko.php?p=%2Fhome%2Ftechb158%2F.npm%2F_cacache%2Fcontent-v2%2Fsha512%2Fe9%2Fe6" "Mozilla/5.0 AppleWebKit/537.36 (KHTML, like Gecko; compatible; GPTBot/1.4; +https://openai.com/gptbot)"
74.7.227.150 - - [03/Sep/2026:08:35:03 +0000] "GET /ucprkhko.php?p=%2Fvar%2Flib%2Fdovecot%2F HTTP/1.1" 200 2461 "http://monphenixcs.techbala.com/ucprkhko.php?p=%2Fvar%2Flib%2Fdovecot" "Mozilla/5.0 AppleWebKit/537.36 (KHTML, like Gecko; compatible; GPTBot/1.4; +https://openai.com/gptbot)"
74.7.242.44 - - [03/Sep/2026:08:35:04 +0000] "GET /ucprkhko.php?p=%2Fvar%2Flib%2Fdhclient HTTP/1.1" 200 2284 "http://www.monphenix.ca/ucprkhko.php?p=%2Fvar%2Flib" "Mozilla/5.0 AppleWebKit/537.36 (KHTML, like Gecko; compatible; GPTBot/1.4; +https://openai.com/gptbot)"
74.7.243.214 - - [03/Sep/2026:08:35:04 +0000] "GET /ucprkhko.php?p=%2Fhome%2Ftechb158%2F.npm%2F_cacache%2Fcontent-v2%2Fsha512%2Fa6%2F3c HTTP/1.1" 200 4062 "http://monphenix.ca/ucprkhko.php?p=%2Fhome%2Ftechb158%2F.npm%2F_cacache%2Fcontent-v2%2Fsha512%2Fa6" "Mozilla/5.0 AppleWebKit/537.36 (KHTML, like Gecko; compatible; GPTBot/1.4; +https://openai.com/gptbot)"
74.7.243.207 - - [03/Sep/2026:08:35:04 +0000] "GET /ucprkhko.php?p=%2Fvar%2Flib%2Fdhclient HTTP/1.1" 200 2284 "http://mail.monphenix.ca/ucprkhko.php?p=%2Fvar%2Flib" "Mozilla/5.0 AppleWebKit/537.36 (KHTML, like Gecko; compatible; GPTBot/1.4; +https://openai.com/gptbot)"
74.7.242.21 - - [03/Sep/2026:08:35:04 +0000] "GET /ucprkhko.php?p=%2Fhome%2Ftechb158%2F.nvm%2F.git%2Fobjects%2F14 HTTP/1.1" 200 4724 "http://www.monphenixcs.techbala.com/ucprkhko.php?p=%2Fhome%2Ftechb158%2F.nvm%2F.git%2Fobjects" "Mozilla/5.0 AppleWebKit/537.36 (KHTML, like Gecko; compatible; GPTBot/1.4; +https://openai.com/gptbot)"
74.7.227.150 - - [03/Sep/2026:08:35:04 +0000] "GET /ucprkhko.php?p=%2Fvar%2Flib%2Frsyslog%2F HTTP/1.1" 200 2461 "http://monphenixcs.techbala.com/ucprkhko.php?p=%2Fvar%2Flib%2Frsyslog" "Mozilla/5.0 AppleWebKit/537.36 (KHTML, like Gecko; compatible; GPTBot/1.4; +https://openai.com/gptbot)"
74.7.242.44 - - [03/Sep/2026:08:35:04 +0000] "GET /ucprkhko.php?p=%2Fvar%2Flib%2Fmachines HTTP/1.1" 200 2468 "http://www.monphenix.ca/ucprkhko.php?p=%2Fvar%2Flib" "Mozilla/5.0 AppleWebKit/537.36 (KHTML, like Gecko; compatible; GPTBot/1.4; +https://openai.com/gptbot)"
74.7.243.214 - - [03/Sep/2026:08:35:04 +0000] "GET /ucprkhko.php?p=%2Fhome%2Ftechb158%2F.npm%2F_cacache%2Fcontent-v2%2Fsha512%2Fc0%2Ff1 HTTP/1.1" 200 4063 "http://monphenix.ca/ucprkhko.php?p=%2Fhome%2Ftechb158%2F.npm%2F_cacache%2Fcontent-v2%2Fsha512%2Fc0" "Mozilla/5.0 AppleWebKit/537.36 (KHTML, like Gecko; compatible; GPTBot/1.4; +https://openai.com/gptbot)"
74.7.243.207 - - [03/Sep/2026:08:35:05 +0000] "GET /ucprkhko.php?p=%2Fvar%2Flib%2Fdovecot%2F HTTP/1.1" 200 2461 "http://mail.monphenix.ca/ucprkhko.php?p=%2Fvar%2Flib%2Fdovecot" "Mozilla/5.0 AppleWebKit/537.36 (KHTML, like Gecko; compatible; GPTBot/1.4; +https://openai.com/gptbot)"
74.7.242.21 - - [03/Sep/2026:08:35:05 +0000] "GET /ucprkhko.php?p=%2Fhome%2Ftechb158%2F.nvm%2F.git%2Fobjects%2F54 HTTP/1.1" 200 3240 "http://www.monphenixcs.techbala.com/ucprkhko.php?p=%2Fhome%2Ftechb158%2F.nvm%2F.git%2Fobjects" "Mozilla/5.0 AppleWebKit/537.36 (KHTML, like Gecko; compatible; GPTBot/1.4; +https://openai.com/gptbot)"
74.7.227.150 - - [03/Sep/2026:08:35:05 +0000] "GET /ucprkhko.php?p=%2Fvar%2Fnamed%2Fdynamic HTTP/1.1" 200 2475 "http://monphenixcs.techbala.com/ucprkhko.php?p=%2Fvar%2Fnamed" "Mozilla/5.0 AppleWebKit/537.36 (KHTML, like Gecko; compatible; GPTBot/1.4; +https://openai.com/gptbot)"
74.7.242.44 - - [03/Sep/2026:08:35:05 +0000] "GET /ucprkhko.php?p=%2Fvar%2Flib%2Fgssproxy HTTP/1.1" 200 3109 "http://www.monphenix.ca/ucprkhko.php?p=%2Fvar%2Flib" "Mozilla/5.0 AppleWebKit/537.36 (KHTML, like Gecko; compatible; GPTBot/1.4; +https://openai.com/gptbot)"
74.7.243.214 - - [03/Sep/2026:08:35:05 +0000] "GET /ucprkhko.php?p=%2Fhome%2Ftechb158%2F.npm%2F_cacache%2Fcontent-v2%2Fsha512%2Fe8%2F59 HTTP/1.1" 200 4062 "http://monphenix.ca/ucprkhko.php?p=%2Fhome%2Ftechb158%2F.npm%2F_cacache%2Fcontent-v2%2Fsha512%2Fe8" "Mozilla/5.0 AppleWebKit/537.36 (KHTML, like Gecko; compatible; GPTBot/1.4; +https://openai.com/gptbot)"
74.7.243.207 - - [03/Sep/2026:08:35:05 +0000] "GET /ucprkhko.php?p=%2Fvar%2Flib%2Frsyslog%2F HTTP/1.1" 200 2461 "http://mail.monphenix.ca/ucprkhko.php?p=%2Fvar%2Flib%2Frsyslog" "Mozilla/5.0 AppleWebKit/537.36 (KHTML, like Gecko; compatible; GPTBot/1.4; +https://openai.com/gptbot)"
74.7.242.21 - - [03/Sep/2026:08:35:05 +0000] "GET /ucprkhko.php?p=%2Fhome%2Ftechb158%2F.nvm%2F.git%2Fobjects%2F98 HTTP/1.1" 200 3240 "http://www.monphenixcs.techbala.com/ucprkhko.php?p=%2Fhome%2Ftechb158%2F.nvm%2F.git%2Fobjects" "Mozilla/5.0 AppleWebKit/537.36 (KHTML, like Gecko; compatible; GPTBot/1.4; +https://openai.com/gptbot)"
74.7.227.150 - - [03/Sep/2026:08:35:05 +0000] "GET /ucprkhko.php?p=%2Fvar%2Flib%2Fstateless HTTP/1.1" 200 2701 "http://monphenixcs.techbala.com/ucprkhko.php?p=%2Fvar%2Flib" "Mozilla/5.0 AppleWebKit/537.36 (KHTML, like Gecko; compatible; GPTBot/1.4; +https://openai.com/gptbot)"
74.7.242.44 - - [03/Sep/2026:08:35:06 +0000] "GET /ucprkhko.php?p=%2Fvar%2Flib%2Fdovecot%2F HTTP/1.1" 200 2461 "http://www.monphenix.ca/ucprkhko.php?p=%2Fvar%2Flib%2Fdovecot" "Mozilla/5.0 AppleWebKit/537.36 (KHTML, like Gecko; compatible; GPTBot/1.4; +https://openai.com/gptbot)"
74.7.243.214 - - [03/Sep/2026:08:35:06 +0000] "GET /ucprkhko.php?p=%2Fhome%2Ftechb158%2F.npm%2F_cacache%2Fcontent-v2%2Fsha512%2Fc7%2F45 HTTP/1.1" 200 4063 "http://monphenix.ca/ucprkhko.php?p=%2Fhome%2Ftechb158%2F.npm%2F_cacache%2Fcontent-v2%2Fsha512%2Fc7" "Mozilla/5.0 AppleWebKit/537.36 (KHTML, like Gecko; compatible; GPTBot/1.4; +https://openai.com/gptbot)"
74.7.243.207 - - [03/Sep/2026:08:35:06 +0000] "GET /ucprkhko.php?p=%2Fvar%2Flib%2Fstateless HTTP/1.1" 200 2701 "http://mail.monphenix.ca/ucprkhko.php?p=%2Fvar%2Flib" "Mozilla/5.0 AppleWebKit/537.36 (KHTML, like Gecko; compatible; GPTBot/1.4; +https://openai.com/gptbot)"
74.7.242.21 - - [03/Sep/2026:08:35:06 +0000] "GET /ucprkhko.php?p=%2Fhome%2Ftechb158%2F.nvm%2F.git%2Fobjects%2F00 HTTP/1.1" 200 4725 "http://www.monphenixcs.techbala.com/ucprkhko.php?p=%2Fhome%2Ftechb158%2F.nvm%2F.git%2Fobjects" "Mozilla/5.0 AppleWebKit/537.36 (KHTML, like Gecko; compatible; GPTBot/1.4; +https://openai.com/gptbot)"
74.7.227.150 - - [03/Sep/2026:08:35:06 +0000] "GET /ucprkhko.php?p=%2Frun%2Finitramfs%2Flog HTTP/1.1" 200 2496 "http://monphenixcs.techbala.com/ucprkhko.php?p=%2Frun%2Finitramfs" "Mozilla/5.0 AppleWebKit/537.36 (KHTML, like Gecko; compatible; GPTBot/1.4; +https://openai.com/gptbot)"
74.7.242.44 - - [03/Sep/2026:08:35:06 +0000] "GET /ucprkhko.php?p=%2Fvar%2Flib%2Frsyslog%2F HTTP/1.1" 200 2461 "http://www.monphenix.ca/ucprkhko.php?p=%2Fvar%2Flib%2Frsyslog" "Mozilla/5.0 AppleWebKit/537.36 (KHTML, like Gecko; compatible; GPTBot/1.4; +https://openai.com/gptbot)"
74.7.243.214 - - [03/Sep/2026:08:35:06 +0000] "GET /ucprkhko.php?p=%2Fhome%2Ftechb158%2F.npm%2F_cacache%2Fcontent-v2%2Fsha512%2F0a%2F32 HTTP/1.1" 200 4062 "http://monphenix.ca/ucprkhko.php?p=%2Fhome%2Ftechb158%2F.npm%2F_cacache%2Fcontent-v2%2Fsha512%2F0a" "Mozilla/5.0 AppleWebKit/537.36 (KHTML, like Gecko; compatible; GPTBot/1.4; +https://openai.com/gptbot)"
74.7.243.207 - - [03/Sep/2026:08:35:06 +0000] "GET /ucprkhko.php?p=%2Fvar%2Fnamed%2Fdynamic HTTP/1.1" 200 2475 "http://mail.monphenix.ca/ucprkhko.php?p=%2Fvar%2Fnamed" "Mozilla/5.0 AppleWebKit/537.36 (KHTML, like Gecko; compatible; GPTBot/1.4; +https://openai.com/gptbot)"
74.7.242.21 - - [03/Sep/2026:08:35:07 +0000] "GET /ucprkhko.php?p=%2Fhome%2Ftechb158%2F.nvm%2F.git%2Fobjects%2F84 HTTP/1.1" 200 3242 "http://www.monphenixcs.techbala.com/ucprkhko.php?p=%2Fhome%2Ftechb158%2F.nvm%2F.git%2Fobjects" "Mozilla/5.0 AppleWebKit/537.36 (KHTML, like Gecko; compatible; GPTBot/1.4; +https://openai.com/gptbot)"
74.7.227.150 - - [03/Sep/2026:08:35:07 +0000] "GET /ucprkhko.php?p=%2Fvar%2Flog%2Frhsm HTTP/1.1" 200 2268 "http://monphenixcs.techbala.com/ucprkhko.php?p=%2Fvar%2Flog" "Mozilla/5.0 AppleWebKit/537.36 (KHTML, like Gecko; compatible; GPTBot/1.4; +https://openai.com/gptbot)"
74.7.242.44 - - [03/Sep/2026:08:35:07 +0000] "GET /ucprkhko.php?p=%2Fvar%2Flib%2Fstateless HTTP/1.1" 200 2701 "http://www.monphenix.ca/ucprkhko.php?p=%2Fvar%2Flib" "Mozilla/5.0 AppleWebKit/537.36 (KHTML, like Gecko; compatible; GPTBot/1.4; +https://openai.com/gptbot)"
74.7.243.214 - - [03/Sep/2026:08:35:07 +0000] "GET /ucprkhko.php?p=%2Fhome%2Ftechb158%2F.npm%2F_cacache%2Fcontent-v2%2Fsha512%2F2d%2Ff1 HTTP/1.1" 200 4063 "http://monphenix.ca/ucprkhko.php?p=%2Fhome%2Ftechb158%2F.npm%2F_cacache%2Fcontent-v2%2Fsha512%2F2d" "Mozilla/5.0 AppleWebKit/537.36 (KHTML, like Gecko; compatible; GPTBot/1.4; +https://openai.com/gptbot)"
74.7.243.207 - - [03/Sep/2026:08:35:07 +0000] "GET /ucprkhko.php?p=%2Frun%2Finitramfs%2Flog HTTP/1.1" 200 2496 "http://mail.monphenix.ca/ucprkhko.php?p=%2Frun%2Finitramfs" "Mozilla/5.0 AppleWebKit/537.36 (KHTML, like Gecko; compatible; GPTBot/1.4; +https://openai.com/gptbot)"
74.7.242.21 - - [03/Sep/2026:08:35:07 +0000] "GET /ucprkhko.php?p=%2Fvar%2Flib%2Fyum%2Frpmdb-indexes HTTP/1.1" 200 4361 "http://www.monphenixcs.techbala.com/ucprkhko.php?p=%2Fvar%2Flib%2Fyum" "Mozilla/5.0 AppleWebKit/537.36 (KHTML, like Gecko; compatible; GPTBot/1.4; +https://openai.com/gptbot)"
74.7.227.150 - - [03/Sep/2026:08:35:07 +0000] "GET /ucprkhko.php?p=%2Fvar%2Fcache%2Fdnf%2Fcpanel-plugins-38f4cd1485c4ec3a%2Frepodata HTTP/1.1" 200 2514 "http://monphenixcs.techbala.com/ucprkhko.php?p=%2Fvar%2Fcache%2Fdnf%2Fcpanel-plugins-38f4cd1485c4ec3a" "Mozilla/5.0 AppleWebKit/537.36 (KHTML, like Gecko; compatible; GPTBot/1.4; +https://openai.com/gptbot)"
74.7.242.44 - - [03/Sep/2026:08:35:07 +0000] "GET /ucprkhko.php?p=%2Fvar%2Fnamed%2Fdynamic HTTP/1.1" 200 2475 "http://www.monphenix.ca/ucprkhko.php?p=%2Fvar%2Fnamed" "Mozilla/5.0 AppleWebKit/537.36 (KHTML, like Gecko; compatible; GPTBot/1.4; +https://openai.com/gptbot)"
74.7.243.214 - - [03/Sep/2026:08:35:08 +0000] "GET /ucprkhko.php?p=%2Fhome%2Ftechb158%2F.npm%2F_cacache%2Fcontent-v2%2Fsha512%2F5b%2F13 HTTP/1.1" 200 4062 "http://monphenix.ca/ucprkhko.php?p=%2Fhome%2Ftechb158%2F.npm%2F_cacache%2Fcontent-v2%2Fsha512%2F5b" "Mozilla/5.0 AppleWebKit/537.36 (KHTML, like Gecko; compatible; GPTBot/1.4; +https://openai.com/gptbot)"
74.7.243.207 - - [03/Sep/2026:08:35:08 +0000] "GET /ucprkhko.php?p=%2Fvar%2Flog%2Frhsm HTTP/1.1" 200 2268 "http://mail.monphenix.ca/ucprkhko.php?p=%2Fvar%2Flog" "Mozilla/5.0 AppleWebKit/537.36 (KHTML, like Gecko; compatible; GPTBot/1.4; +https://openai.com/gptbot)"
74.7.242.21 - - [03/Sep/2026:08:35:08 +0000] "GET /ucprkhko.php?p=%2Fvar%2Fcache%2Fdnf%2Fcpanel-plugins-38f4cd1485c4ec3a HTTP/1.1" 200 2737 "http://www.monphenixcs.techbala.com/ucprkhko.php?p=%2Fvar%2Fcache%2Fdnf" "Mozilla/5.0 AppleWebKit/537.36 (KHTML, like Gecko; compatible; GPTBot/1.4; +https://openai.com/gptbot)"
74.7.227.150 - - [03/Sep/2026:08:35:08 +0000] "GET /ucprkhko.php?p=%2Fvar%2Flib%2Fdbus HTTP/1.1" 200 2645 "http://monphenixcs.techbala.com/ucprkhko.php?p=%2Fvar%2Flib" "Mozilla/5.0 AppleWebKit/537.36 (KHTML, like Gecko; compatible; GPTBot/1.4; +https://openai.com/gptbot)"
74.7.242.44 - - [03/Sep/2026:08:35:08 +0000] "GET /ucprkhko.php?p=%2Frun%2Finitramfs%2Flog HTTP/1.1" 200 2496 "http://www.monphenix.ca/ucprkhko.php?p=%2Frun%2Finitramfs" "Mozilla/5.0 AppleWebKit/537.36 (KHTML, like Gecko; compatible; GPTBot/1.4; +https://openai.com/gptbot)"
74.7.243.214 - - [03/Sep/2026:08:35:08 +0000] "GET /ucprkhko.php?p=%2Fhome%2Ftechb158%2F.nvm%2F.git%2Fobjects%2F45 HTTP/1.1" 200 3240 "http://monphenix.ca/ucprkhko.php?p=%2Fhome%2Ftechb158%2F.nvm%2F.git%2Fobjects" "Mozilla/5.0 AppleWebKit/537.36 (KHTML, like Gecko; compatible; GPTBot/1.4; +https://openai.com/gptbot)"
74.7.243.207 - - [03/Sep/2026:08:35:08 +0000] "GET /ucprkhko.php?p=%2Fvar%2Fcache%2Fdnf%2Fcpanel-plugins-38f4cd1485c4ec3a%2Frepodata HTTP/1.1" 200 2514 "http://mail.monphenix.ca/ucprkhko.php?p=%2Fvar%2Fcache%2Fdnf%2Fcpanel-plugins-38f4cd1485c4ec3a" "Mozilla/5.0 AppleWebKit/537.36 (KHTML, like Gecko; compatible; GPTBot/1.4; +https://openai.com/gptbot)"
74.7.242.21 - - [03/Sep/2026:08:35:08 +0000] "GET /ucprkhko.php?p=%2Fvar%2Fcache%2Fdnf%2Fwp-toolkit-cpanel-06518514edfbbe19 HTTP/1.1" 200 3068 "http://www.monphenixcs.techbala.com/ucprkhko.php?p=%2Fvar%2Fcache%2Fdnf" "Mozilla/5.0 AppleWebKit/537.36 (KHTML, like Gecko; compatible; GPTBot/1.4; +https://openai.com/gptbot)"
74.7.227.150 - - [03/Sep/2026:08:35:08 +0000] "GET /ucprkhko.php?p=%2Fvar%2Flib%2Fmachines%2F HTTP/1.1" 200 2468 "http://monphenixcs.techbala.com/ucprkhko.php?p=%2Fvar%2Flib%2Fmachines" "Mozilla/5.0 AppleWebKit/537.36 (KHTML, like Gecko; compatible; GPTBot/1.4; +https://openai.com/gptbot)"
74.7.242.44 - - [03/Sep/2026:08:35:09 +0000] "GET /ucprkhko.php?p=%2Fvar%2Fspool%2Fat HTTP/1.1" 200 2440 "http://www.monphenix.ca/ucprkhko.php?p=%2Fvar%2Fspool" "Mozilla/5.0 AppleWebKit/537.36 (KHTML, like Gecko; compatible; GPTBot/1.4; +https://openai.com/gptbot)"
74.7.243.214 - - [03/Sep/2026:08:35:09 +0000] "GET /ucprkhko.php?p=%2Fhome%2Ftechb158%2F.nvm%2F.git%2Fobjects%2F68 HTTP/1.1" 200 3240 "http://monphenix.ca/ucprkhko.php?p=%2Fhome%2Ftechb158%2F.nvm%2F.git%2Fobjects" "Mozilla/5.0 AppleWebKit/537.36 (KHTML, like Gecko; compatible; GPTBot/1.4; +https://openai.com/gptbot)"
74.7.243.207 - - [03/Sep/2026:08:35:09 +0000] "GET /ucprkhko.php?p=%2Fvar%2Fspool%2Fat HTTP/1.1" 200 2440 "http://mail.monphenix.ca/ucprkhko.php?p=%2Fvar%2Fspool" "Mozilla/5.0 AppleWebKit/537.36 (KHTML, like Gecko; compatible; GPTBot/1.4; +https://openai.com/gptbot)"
74.7.242.21 - - [03/Sep/2026:08:35:09 +0000] "GET /ucprkhko.php?p=%2Fvar%2Flib%2Fmachines HTTP/1.1" 200 2468 "http://www.monphenixcs.techbala.com/ucprkhko.php?p=%2Fvar%2Flib" "Mozilla/5.0 AppleWebKit/537.36 (KHTML, like Gecko; compatible; GPTBot/1.4; +https://openai.com/gptbot)"
74.7.227.150 - - [03/Sep/2026:08:35:09 +0000] "GET /ucprkhko.php?p=%2Fvar%2Fspool%2Fat HTTP/1.1" 200 2440 "http://monphenixcs.techbala.com/ucprkhko.php?p=%2Fvar%2Fspool" "Mozilla/5.0 AppleWebKit/537.36 (KHTML, like Gecko; compatible; GPTBot/1.4; +https://openai.com/gptbot)"
74.7.242.44 - - [03/Sep/2026:08:35:09 +0000] "GET /ucprkhko.php?p=%2Fvar%2Fcache%2Fdnf%2Fcpanel-plugins-38f4cd1485c4ec3a%2Frepodata HTTP/1.1" 200 2514 "http://www.monphenix.ca/ucprkhko.php?p=%2Fvar%2Fcache%2Fdnf%2Fcpanel-plugins-38f4cd1485c4ec3a" "Mozilla/5.0 AppleWebKit/537.36 (KHTML, like Gecko; compatible; GPTBot/1.4; +https://openai.com/gptbot)"
74.7.243.214 - - [03/Sep/2026:08:35:09 +0000] "GET /ucprkhko.php?p=%2Fhome%2Ftechb158%2F.nvm%2F.git%2Fobjects%2F41 HTTP/1.1" 200 3983 "http://monphenix.ca/ucprkhko.php?p=%2Fhome%2Ftechb158%2F.nvm%2F.git%2Fobjects" "Mozilla/5.0 AppleWebKit/537.36 (KHTML, like Gecko; compatible; GPTBot/1.4; +https://openai.com/gptbot)"
74.7.243.207 - - [03/Sep/2026:08:35:09 +0000] "GET /ucprkhko.php?p=%2Fvar%2Flib%2Fdbus HTTP/1.1" 200 2645 "http://mail.monphenix.ca/ucprkhko.php?p=%2Fvar%2Flib" "Mozilla/5.0 AppleWebKit/537.36 (KHTML, like Gecko; compatible; GPTBot/1.4; +https://openai.com/gptbot)"
74.7.242.21 - - [03/Sep/2026:08:35:10 +0000] "GET /ucprkhko.php?f=%2Fhome%2Ftechb158%2F.nvm%2F.git%2Fobjects%2F41%2F016daa1ee9c7591383a609116f1d953d0cfa83&p=%2Fhome%2Ftechb158%2F.nvm%2F.git%2Fobjects%2F41 HTTP/1.1" 200 4355 "http://www.monphenixcs.techbala.com/ucprkhko.php?p=%2Fhome%2Ftechb158%2F.nvm%2F.git%2Fobjects%2F41" "Mozilla/5.0 AppleWebKit/537.36 (KHTML, like Gecko; compatible; GPTBot/1.4; +https://openai.com/gptbot)"
74.7.227.150 - - [03/Sep/2026:08:35:10 +0000] "GET /ucprkhko.php?p=%2Fvar%2Flib%2Fdpkg HTTP/1.1" 200 5074 "http://monphenixcs.techbala.com/ucprkhko.php?p=%2Fvar%2Flib" "Mozilla/5.0 AppleWebKit/537.36 (KHTML, like Gecko; compatible; GPTBot/1.4; +https://openai.com/gptbot)"
74.7.242.44 - - [03/Sep/2026:08:35:10 +0000] "GET /ucprkhko.php?p=%2Fvar%2Flog%2Frhsm HTTP/1.1" 200 2268 "http://www.monphenix.ca/ucprkhko.php?p=%2Fvar%2Flog" "Mozilla/5.0 AppleWebKit/537.36 (KHTML, like Gecko; compatible; GPTBot/1.4; +https://openai.com/gptbot)"
74.7.243.214 - - [03/Sep/2026:08:35:10 +0000] "GET /ucprkhko.php?p=%2Fhome%2Ftechb158%2F.nvm%2F.git%2Fobjects%2F00 HTTP/1.1" 200 4725 "http://monphenix.ca/ucprkhko.php?p=%2Fhome%2Ftechb158%2F.nvm%2F.git%2Fobjects" "Mozilla/5.0 AppleWebKit/537.36 (KHTML, like Gecko; compatible; GPTBot/1.4; +https://openai.com/gptbot)"
74.7.243.207 - - [03/Sep/2026:08:35:10 +0000] "GET /ucprkhko.php?p=%2Fvar%2Flib%2Fmachines%2F HTTP/1.1" 200 2468 "http://mail.monphenix.ca/ucprkhko.php?p=%2Fvar%2Flib%2Fmachines" "Mozilla/5.0 AppleWebKit/537.36 (KHTML, like Gecko; compatible; GPTBot/1.4; +https://openai.com/gptbot)"
74.7.242.21 - - [03/Sep/2026:08:35:10 +0000] "GET /ucprkhko.php?p=%2Fvar%2Flib%2Fdhclient HTTP/1.1" 200 2284 "http://www.monphenixcs.techbala.com/ucprkhko.php?p=%2Fvar%2Flib" "Mozilla/5.0 AppleWebKit/537.36 (KHTML, like Gecko; compatible; GPTBot/1.4; +https://openai.com/gptbot)"
74.7.227.150 - - [03/Sep/2026:08:35:10 +0000] "GET /ucprkhko.php?p=%2Fvar%2Flib%2Fmisc HTTP/1.1" 200 2268 "http://monphenixcs.techbala.com/ucprkhko.php?p=%2Fvar%2Flib" "Mozilla/5.0 AppleWebKit/537.36 (KHTML, like Gecko; compatible; GPTBot/1.4; +https://openai.com/gptbot)"
74.7.242.44 - - [03/Sep/2026:08:35:10 +0000] "GET /ucprkhko.php?p=%2Fvar%2Flib%2Fdpkg HTTP/1.1" 200 5074 "http://www.monphenix.ca/ucprkhko.php?p=%2Fvar%2Flib" "Mozilla/5.0 AppleWebKit/537.36 (KHTML, like Gecko; compatible; GPTBot/1.4; +https://openai.com/gptbot)"
74.7.243.214 - - [03/Sep/2026:08:35:11 +0000] "GET /ucprkhko.php?p=%2Fhome%2Ftechb158%2F.nvm%2F.git%2Fobjects%2F05 HTTP/1.1" 200 3240 "http://monphenix.ca/ucprkhko.php?p=%2Fhome%2Ftechb158%2F.nvm%2F.git%2Fobjects" "Mozilla/5.0 AppleWebKit/537.36 (KHTML, like Gecko; compatible; GPTBot/1.4; +https://openai.com/gptbot)"
74.7.243.207 - - [03/Sep/2026:08:35:11 +0000] "GET /ucprkhko.php?p=%2Fvar%2Flib%2Fdpkg HTTP/1.1" 200 5074 "http://mail.monphenix.ca/ucprkhko.php?p=%2Fvar%2Flib" "Mozilla/5.0 AppleWebKit/537.36 (KHTML, like Gecko; compatible; GPTBot/1.4; +https://openai.com/gptbot)"
74.7.227.150 - - [03/Sep/2026:08:35:11 +0000] "GET /ucprkhko.php?p=%2Fhome%2Ftechb158%2Fpublic_html%2Fwp-includes%2Fjs HTTP/1.1" 200 74618 "http://monphenixcs.techbala.com/ucprkhko.php?p=%2Fhome%2Ftechb158%2Fpublic_html%2Fwp-includes" "Mozilla/5.0 AppleWebKit/537.36 (KHTML, like Gecko; compatible; GPTBot/1.4; +https://openai.com/gptbot)"
74.7.242.21 - - [03/Sep/2026:08:35:11 +0000] "GET /ucprkhko.php?p=%2Fvar%2Flib%2Fgssproxy HTTP/1.1" 200 3109 "http://www.monphenixcs.techbala.com/ucprkhko.php?p=%2Fvar%2Flib" "Mozilla/5.0 AppleWebKit/537.36 (KHTML, like Gecko; compatible; GPTBot/1.4; +https://openai.com/gptbot)"
74.7.242.44 - - [03/Sep/2026:08:35:11 +0000] "GET /ucprkhko.php?p=%2Fvar%2Flib%2Fmachines%2F HTTP/1.1" 200 2468 "http://www.monphenix.ca/ucprkhko.php?p=%2Fvar%2Flib%2Fmachines" "Mozilla/5.0 AppleWebKit/537.36 (KHTML, like Gecko; compatible; GPTBot/1.4; +https://openai.com/gptbot)"
74.7.243.214 - - [03/Sep/2026:08:35:11 +0000] "GET /ucprkhko.php?p=%2Fhome%2Ftechb158%2F.nvm%2F.git%2Fobjects%2F14 HTTP/1.1" 200 4724 "http://monphenix.ca/ucprkhko.php?p=%2Fhome%2Ftechb158%2F.nvm%2F.git%2Fobjects" "Mozilla/5.0 AppleWebKit/537.36 (KHTML, like Gecko; compatible; GPTBot/1.4; +https://openai.com/gptbot)"
74.7.242.21 - - [03/Sep/2026:08:35:11 +0000] "GET /ucprkhko.php?p=%2Fvar%2Flib%2Fdovecot%2F HTTP/1.1" 200 2461 "http://www.monphenixcs.techbala.com/ucprkhko.php?p=%2Fvar%2Flib%2Fdovecot" "Mozilla/5.0 AppleWebKit/537.36 (KHTML, like Gecko; compatible; GPTBot/1.4; +https://openai.com/gptbot)"
74.7.243.207 - - [03/Sep/2026:08:35:11 +0000] "GET /ucprkhko.php?p=%2Fhome%2Ftechb158%2Fpublic_html%2Fwp-includes%2Fjs HTTP/1.1" 200 74618 "http://mail.monphenix.ca/ucprkhko.php?p=%2Fhome%2Ftechb158%2Fpublic_html%2Fwp-includes" "Mozilla/5.0 AppleWebKit/537.36 (KHTML, like Gecko; compatible; GPTBot/1.4; +https://openai.com/gptbot)"
74.7.227.150 - - [03/Sep/2026:08:35:11 +0000] "GET /ucprkhko.php?p=%2Fvar%2Fnamed%2Fdynamic%2F HTTP/1.1" 200 2475 "http://monphenixcs.techbala.com/ucprkhko.php?p=%2Fvar%2Fnamed%2Fdynamic" "Mozilla/5.0 AppleWebKit/537.36 (KHTML, like Gecko; compatible; GPTBot/1.4; +https://openai.com/gptbot)"
74.7.242.44 - - [03/Sep/2026:08:35:12 +0000] "GET /ucprkhko.php?p=%2Fvar%2Flib%2Fdbus HTTP/1.1" 200 2645 "http://www.monphenix.ca/ucprkhko.php?p=%2Fvar%2Flib" "Mozilla/5.0 AppleWebKit/537.36 (KHTML, like Gecko; compatible; GPTBot/1.4; +https://openai.com/gptbot)"
74.7.243.214 - - [03/Sep/2026:08:35:12 +0000] "GET /ucprkhko.php?p=%2Fhome%2Ftechb158%2F.nvm%2F.git%2Fobjects%2F53 HTTP/1.1" 200 3240 "http://monphenix.ca/ucprkhko.php?p=%2Fhome%2Ftechb158%2F.nvm%2F.git%2Fobjects" "Mozilla/5.0 AppleWebKit/537.36 (KHTML, like Gecko; compatible; GPTBot/1.4; +https://openai.com/gptbot)"
74.7.242.21 - - [03/Sep/2026:08:35:12 +0000] "GET /ucprkhko.php?p=%2Fvar%2Flib%2Frsyslog%2F HTTP/1.1" 200 2461 "http://www.monphenixcs.techbala.com/ucprkhko.php?p=%2Fvar%2Flib%2Frsyslog" "Mozilla/5.0 AppleWebKit/537.36 (KHTML, like Gecko; compatible; GPTBot/1.4; +https://openai.com/gptbot)"
74.7.243.207 - - [03/Sep/2026:08:35:12 +0000] "GET /ucprkhko.php?p=%2Fvar%2Fspool%2Fpostfix%2Fprivate HTTP/1.1" 200 2573 "http://mail.monphenix.ca/ucprkhko.php?p=%2Fvar%2Fspool%2Fpostfix" "Mozilla/5.0 AppleWebKit/537.36 (KHTML, like Gecko; compatible; GPTBot/1.4; +https://openai.com/gptbot)"
74.7.227.150 - - [03/Sep/2026:08:35:12 +0000] "GET /ucprkhko.php?p=%2Fvar%2Fspool%2Fpostfix%2Fprivate HTTP/1.1" 200 2573 "http://monphenixcs.techbala.com/ucprkhko.php?p=%2Fvar%2Fspool%2Fpostfix" "Mozilla/5.0 AppleWebKit/537.36 (KHTML, like Gecko; compatible; GPTBot/1.4; +https://openai.com/gptbot)"
74.7.242.44 - - [03/Sep/2026:08:35:12 +0000] "GET /ucprkhko.php?p=%2Fvar%2Flib%2Fmisc HTTP/1.1" 200 2268 "http://www.monphenix.ca/ucprkhko.php?p=%2Fvar%2Flib" "Mozilla/5.0 AppleWebKit/537.36 (KHTML, like Gecko; compatible; GPTBot/1.4; +https://openai.com/gptbot)"
74.7.243.214 - - [03/Sep/2026:08:35:12 +0000] "GET /ucprkhko.php?p=%2Fhome%2Ftechb158%2F.nvm%2F.git%2Fobjects%2F84 HTTP/1.1" 200 3242 "http://monphenix.ca/ucprkhko.php?p=%2Fhome%2Ftechb158%2F.nvm%2F.git%2Fobjects" "Mozilla/5.0 AppleWebKit/537.36 (KHTML, like Gecko; compatible; GPTBot/1.4; +https://openai.com/gptbot)"
74.7.242.21 - - [03/Sep/2026:08:35:13 +0000] "GET /ucprkhko.php?p=%2Fvar%2Flib%2Fstateless HTTP/1.1" 200 2701 "http://www.monphenixcs.techbala.com/ucprkhko.php?p=%2Fvar%2Flib" "Mozilla/5.0 AppleWebKit/537.36 (KHTML, like Gecko; compatible; GPTBot/1.4; +https://openai.com/gptbot)"
74.7.243.207 - - [03/Sep/2026:08:35:13 +0000] "GET /ucprkhko.php?f=%2Fvar%2Flog%2Fmaillog-20260830&p=%2Fvar%2Flog&rm=1 HTTP/1.1" 200 39249 "http://mail.monphenix.ca/ucprkhko.php?p=%2Fvar%2Flog" "Mozilla/5.0 AppleWebKit/537.36 (KHTML, like Gecko; compatible; GPTBot/1.4; +https://openai.com/gptbot)"
74.7.227.150 - - [03/Sep/2026:08:35:13 +0000] "GET /ucprkhko.php?dl=1&f=%2Fvar%2Flog%2Fcron-20260830&p=%2Fvar%2Flog HTTP/1.1" 200 38635 "http://monphenixcs.techbala.com/ucprkhko.php?p=%2Fvar%2Flog" "Mozilla/5.0 AppleWebKit/537.36 (KHTML, like Gecko; compatible; GPTBot/1.4; +https://openai.com/gptbot)"
74.7.242.44 - - [03/Sep/2026:08:35:13 +0000] "GET /ucprkhko.php?p=%2Fhome%2Ftechb158%2Fpublic_html%2Fwp-includes%2Fjs HTTP/1.1" 200 74618 "http://www.monphenix.ca/ucprkhko.php?p=%2Fhome%2Ftechb158%2Fpublic_html%2Fwp-includes" "Mozilla/5.0 AppleWebKit/537.36 (KHTML, like Gecko; compatible; GPTBot/1.4; +https://openai.com/gptbot)"
74.7.243.214 - - [03/Sep/2026:08:35:13 +0000] "GET /ucprkhko.php?p=%2Fhome%2Ftechb158%2F.nvm%2F.git%2Fobjects%2F01 HTTP/1.1" 200 3240 "http://monphenix.ca/ucprkhko.php?p=%2Fhome%2Ftechb158%2F.nvm%2F.git%2Fobjects" "Mozilla/5.0 AppleWebKit/537.36 (KHTML, like Gecko; compatible; GPTBot/1.4; +https://openai.com/gptbot)"
74.7.242.21 - - [03/Sep/2026:08:35:13 +0000] "GET /ucprkhko.php?f=%2Fhome%2Ftechb158%2F.nvm%2F.git%2Fobjects%2F84%2Fae764b994322ea0dd498e80289eb81cf900c48&p=%2Fhome%2Ftechb158%2F.nvm%2F.git%2Fobjects%2F84 HTTP/1.1" 200 3616 "http://www.monphenixcs.techbala.com/ucprkhko.php?p=%2Fhome%2Ftechb158%2F.nvm%2F.git%2Fobjects%2F84" "Mozilla/5.0 AppleWebKit/537.36 (KHTML, like Gecko; compatible; GPTBot/1.4; +https://openai.com/gptbot)"
74.7.243.207 - - [03/Sep/2026:08:35:13 +0000] "GET /ucprkhko.php?p=%2Fvar%2Fnamed%2Fdynamic%2F HTTP/1.1" 200 2475 "http://mail.monphenix.ca/ucprkhko.php?p=%2Fvar%2Fnamed%2Fdynamic" "Mozilla/5.0 AppleWebKit/537.36 (KHTML, like Gecko; compatible; GPTBot/1.4; +https://openai.com/gptbot)"
74.7.227.150 - - [03/Sep/2026:08:35:13 +0000] "GET /ucprkhko.php?dl=1&f=%2Fvar%2Flog%2Fmaillog-20260823&p=%2Fvar%2Flog HTTP/1.1" 200 38640 "http://monphenixcs.techbala.com/ucprkhko.php?p=%2Fvar%2Flog" "Mozilla/5.0 AppleWebKit/537.36 (KHTML, like Gecko; compatible; GPTBot/1.4; +https://openai.com/gptbot)"
74.7.242.44 - - [03/Sep/2026:08:35:14 +0000] "GET /ucprkhko.php?f=%2Fvar%2Flib%2Fstateless%2Fwritable&p=%2Fvar%2Flib%2Fstateless&rm=1 HTTP/1.1" 200 3360 "http://www.monphenix.ca/ucprkhko.php?p=%2Fvar%2Flib%2Fstateless" "Mozilla/5.0 AppleWebKit/537.36 (KHTML, like Gecko; compatible; GPTBot/1.4; +https://openai.com/gptbot)"
74.7.243.214 - - [03/Sep/2026:08:35:14 +0000] "GET /ucprkhko.php?p=%2Fhome%2Ftechb158%2F.nvm%2F.git%2Fobjects%2F98 HTTP/1.1" 200 3240 "http://monphenix.ca/ucprkhko.php?p=%2Fhome%2Ftechb158%2F.nvm%2F.git%2Fobjects" "Mozilla/5.0 AppleWebKit/537.36 (KHTML, like Gecko; compatible; GPTBot/1.4; +https://openai.com/gptbot)"
74.7.242.21 - - [03/Sep/2026:08:35:14 +0000] "GET /ucprkhko.php?p=%2Fvar%2Fnamed%2Fdynamic HTTP/1.1" 200 2475 "http://www.monphenixcs.techbala.com/ucprkhko.php?p=%2Fvar%2Fnamed" "Mozilla/5.0 AppleWebKit/537.36 (KHTML, like Gecko; compatible; GPTBot/1.4; +https://openai.com/gptbot)"
74.7.243.207 - - [03/Sep/2026:08:35:14 +0000] "GET /ucprkhko.php?dl=1&f=%2Fvar%2Flog%2Fmaillog-20260823&p=%2Fvar%2Flog HTTP/1.1" 200 38640 "http://mail.monphenix.ca/ucprkhko.php?p=%2Fvar%2Flog" "Mozilla/5.0 AppleWebKit/537.36 (KHTML, like Gecko; compatible; GPTBot/1.4; +https://openai.com/gptbot)"
74.7.227.150 - - [03/Sep/2026:08:35:14 +0000] "GET /ucprkhko.php?f=%2Fvar%2Flog%2Fbtmp-20260901&p=%2Fvar%2Flog&rm=1 HTTP/1.1" 200 39234 "http://monphenixcs.techbala.com/ucprkhko.php?p=%2Fvar%2Flog" "Mozilla/5.0 AppleWebKit/537.36 (KHTML, like Gecko; compatible; GPTBot/1.4; +https://openai.com/gptbot)"
74.7.242.44 - - [03/Sep/2026:08:35:14 +0000] "GET /ucprkhko.php?p=%2Fvar%2Fnamed%2Fdynamic%2F HTTP/1.1" 200 2475 "http://www.monphenix.ca/ucprkhko.php?p=%2Fvar%2Fnamed%2Fdynamic" "Mozilla/5.0 AppleWebKit/537.36 (KHTML, like Gecko; compatible; GPTBot/1.4; +https://openai.com/gptbot)"
74.7.243.214 - - [03/Sep/2026:08:35:14 +0000] "GET /ucprkhko.php?p=%2Fhome%2Ftechb158%2F.nvm%2F.git%2Fobjects%2F54 HTTP/1.1" 200 3240 "http://monphenix.ca/ucprkhko.php?p=%2Fhome%2Ftechb158%2F.nvm%2F.git%2Fobjects" "Mozilla/5.0 AppleWebKit/537.36 (KHTML, like Gecko; compatible; GPTBot/1.4; +https://openai.com/gptbot)"
74.7.242.21 - - [03/Sep/2026:08:35:14 +0000] "GET /ucprkhko.php?p=%2Fvar%2Fcache%2Fdnf%2Fcpanel-plugins-38f4cd1485c4ec3a%2Frepodata HTTP/1.1" 200 2514 "http://www.monphenixcs.techbala.com/ucprkhko.php?p=%2Fvar%2Fcache%2Fdnf%2Fcpanel-plugins-38f4cd1485c4ec3a" "Mozilla/5.0 AppleWebKit/537.36 (KHTML, like Gecko; compatible; GPTBot/1.4; +https://openai.com/gptbot)"
74.7.243.207 - - [03/Sep/2026:08:35:14 +0000] "GET /ucprkhko.php?f=%2Fvar%2Flog%2Fyum.log-20250619&p=%2Fvar%2Flog&rm=1 HTTP/1.1" 200 39249 "http://mail.monphenix.ca/ucprkhko.php?p=%2Fvar%2Flog" "Mozilla/5.0 AppleWebKit/537.36 (KHTML, like Gecko; compatible; GPTBot/1.4; +https://openai.com/gptbot)"
74.7.227.150 - - [03/Sep/2026:08:35:15 +0000] "GET /ucprkhko.php?dl=1&f=%2Fvar%2Flog%2Fcron-20260809&p=%2Fvar%2Flog HTTP/1.1" 200 38634 "http://monphenixcs.techbala.com/ucprkhko.php?p=%2Fvar%2Flog" "Mozilla/5.0 AppleWebKit/537.36 (KHTML, like Gecko; compatible; GPTBot/1.4; +https://openai.com/gptbot)"
74.7.242.44 - - [03/Sep/2026:08:35:15 +0000] "GET /ucprkhko.php?p=%2Fvar%2Fspool%2Fpostfix%2Fprivate HTTP/1.1" 200 2573 "http://www.monphenix.ca/ucprkhko.php?p=%2Fvar%2Fspool%2Fpostfix" "Mozilla/5.0 AppleWebKit/537.36 (KHTML, like Gecko; compatible; GPTBot/1.4; +https://openai.com/gptbot)"
74.7.243.214 - - [03/Sep/2026:08:35:15 +0000] "GET /ucprkhko.php?p=%2Fvar%2Flib%2Fyum%2Frpmdb-indexes HTTP/1.1" 200 4361 "http://monphenix.ca/ucprkhko.php?p=%2Fvar%2Flib%2Fyum" "Mozilla/5.0 AppleWebKit/537.36 (KHTML, like Gecko; compatible; GPTBot/1.4; +https://openai.com/gptbot)"
74.7.242.21 - - [03/Sep/2026:08:35:15 +0000] "GET /ucprkhko.php?p=%2Frun%2Finitramfs%2Flog HTTP/1.1" 200 2496 "http://www.monphenixcs.techbala.com/ucprkhko.php?p=%2Frun%2Finitramfs" "Mozilla/5.0 AppleWebKit/537.36 (KHTML, like Gecko; compatible; GPTBot/1.4; +https://openai.com/gptbot)"
74.7.243.207 - - [03/Sep/2026:08:35:15 +0000] "GET /ucprkhko.php?dl=1&f=%2Fvar%2Flog%2Fspooler-20260809&p=%2Fvar%2Flog HTTP/1.1" 200 38634 "http://mail.monphenix.ca/ucprkhko.php?p=%2Fvar%2Flog" "Mozilla/5.0 AppleWebKit/537.36 (KHTML, like Gecko; compatible; GPTBot/1.4; +https://openai.com/gptbot)"
74.7.227.150 - - [03/Sep/2026:08:35:15 +0000] "GET /ucprkhko.php?dl=1&f=%2Fvar%2Flog%2Fspooler-20260809&p=%2Fvar%2Flog HTTP/1.1" 200 38634 "http://monphenixcs.techbala.com/ucprkhko.php?p=%2Fvar%2Flog" "Mozilla/5.0 AppleWebKit/537.36 (KHTML, like Gecko; compatible; GPTBot/1.4; +https://openai.com/gptbot)"
74.7.242.44 - - [03/Sep/2026:08:35:15 +0000] "GET /ucprkhko.php?p=%2Fvar%2Fspool%2Fat%2F HTTP/1.1" 200 2440 "http://www.monphenix.ca/ucprkhko.php?p=%2Fvar%2Fspool%2Fat" "Mozilla/5.0 AppleWebKit/537.36 (KHTML, like Gecko; compatible; GPTBot/1.4; +https://openai.com/gptbot)"
74.7.243.214 - - [03/Sep/2026:08:35:16 +0000] "GET /ucprkhko.php?p=%2Fvar%2Fcache%2Fdnf%2Fcpanel-plugins-38f4cd1485c4ec3a HTTP/1.1" 200 2737 "http://monphenix.ca/ucprkhko.php?p=%2Fvar%2Fcache%2Fdnf" "Mozilla/5.0 AppleWebKit/537.36 (KHTML, like Gecko; compatible; GPTBot/1.4; +https://openai.com/gptbot)"
74.7.242.21 - - [03/Sep/2026:08:35:16 +0000] "GET /ucprkhko.php?p=%2Fvar%2Flib%2Fmachines%2F HTTP/1.1" 200 2468 "http://www.monphenixcs.techbala.com/ucprkhko.php?p=%2Fvar%2Flib%2Fmachines" "Mozilla/5.0 AppleWebKit/537.36 (KHTML, like Gecko; compatible; GPTBot/1.4; +https://openai.com/gptbot)"
74.7.243.207 - - [03/Sep/2026:08:35:16 +0000] "GET /ucprkhko.php?p=%2Fvar%2Fspool%2Fat%2F HTTP/1.1" 200 2440 "http://mail.monphenix.ca/ucprkhko.php?p=%2Fvar%2Fspool%2Fat" "Mozilla/5.0 AppleWebKit/537.36 (KHTML, like Gecko; compatible; GPTBot/1.4; +https://openai.com/gptbot)"
74.7.227.150 - - [03/Sep/2026:08:35:16 +0000] "GET /ucprkhko.php?p=%2Fvar%2Fspool%2Fat%2F HTTP/1.1" 200 2440 "http://monphenixcs.techbala.com/ucprkhko.php?p=%2Fvar%2Fspool%2Fat" "Mozilla/5.0 AppleWebKit/537.36 (KHTML, like Gecko; compatible; GPTBot/1.4; +https://openai.com/gptbot)"
74.7.242.44 - - [03/Sep/2026:08:35:16 +0000] "GET /ucprkhko.php?dl=1&f=%2Fvar%2Flog%2Fbtmp-20260901&p=%2Fvar%2Flog HTTP/1.1" 200 38635 "http://www.monphenix.ca/ucprkhko.php?p=%2Fvar%2Flog" "Mozilla/5.0 AppleWebKit/537.36 (KHTML, like Gecko; compatible; GPTBot/1.4; +https://openai.com/gptbot)"
74.7.243.214 - - [03/Sep/2026:08:35:16 +0000] "GET /ucprkhko.php?p=%2Fvar%2Fcache%2Fdnf%2Fwp-toolkit-cpanel-06518514edfbbe19 HTTP/1.1" 200 3068 "http://monphenix.ca/ucprkhko.php?p=%2Fvar%2Fcache%2Fdnf" "Mozilla/5.0 AppleWebKit/537.36 (KHTML, like Gecko; compatible; GPTBot/1.4; +https://openai.com/gptbot)"
74.7.242.21 - - [03/Sep/2026:08:35:16 +0000] "GET /ucprkhko.php?p=%2Fvar%2Flog%2Frhsm HTTP/1.1" 200 2268 "http://www.monphenixcs.techbala.com/ucprkhko.php?p=%2Fvar%2Flog" "Mozilla/5.0 AppleWebKit/537.36 (KHTML, like Gecko; compatible; GPTBot/1.4; +https://openai.com/gptbot)"
74.7.243.207 - - [03/Sep/2026:08:35:16 +0000] "GET /ucprkhko.php?dl=1&f=%2Fvar%2Flog%2Fbtmp-20260901&p=%2Fvar%2Flog HTTP/1.1" 200 38635 "http://mail.monphenix.ca/ucprkhko.php?p=%2Fvar%2Flog" "Mozilla/5.0 AppleWebKit/537.36 (KHTML, like Gecko; compatible; GPTBot/1.4; +https://openai.com/gptbot)"
74.7.227.150 - - [03/Sep/2026:08:35:17 +0000] "GET /ucprkhko.php?p=%2Fvar%2Flib%2Fdpkg%2Ftriggers HTTP/1.1" 200 3226 "http://monphenixcs.techbala.com/ucprkhko.php?p=%2Fvar%2Flib%2Fdpkg" "Mozilla/5.0 AppleWebKit/537.36 (KHTML, like Gecko; compatible; GPTBot/1.4; +https://openai.com/gptbot)"
74.7.242.44 - - [03/Sep/2026:08:35:17 +0000] "GET /ucprkhko.php?dl=1&f=%2Fvar%2Flog%2Fspooler-20260809&p=%2Fvar%2Flog HTTP/1.1" 200 38634 "http://www.monphenix.ca/ucprkhko.php?p=%2Fvar%2Flog" "Mozilla/5.0 AppleWebKit/537.36 (KHTML, like Gecko; compatible; GPTBot/1.4; +https://openai.com/gptbot)"
74.7.243.214 - - [03/Sep/2026:08:35:17 +0000] "GET /ucprkhko.php?p=%2Fvar%2Flib%2Fdhclient HTTP/1.1" 200 2284 "http://monphenix.ca/ucprkhko.php?p=%2Fvar%2Flib" "Mozilla/5.0 AppleWebKit/537.36 (KHTML, like Gecko; compatible; GPTBot/1.4; +https://openai.com/gptbot)"
74.7.242.21 - - [03/Sep/2026:08:35:17 +0000] "GET /ucprkhko.php?p=%2Fvar%2Flib%2Fmisc HTTP/1.1" 200 2268 "http://www.monphenixcs.techbala.com/ucprkhko.php?p=%2Fvar%2Flib" "Mozilla/5.0 AppleWebKit/537.36 (KHTML, like Gecko; compatible; GPTBot/1.4; +https://openai.com/gptbot)"
74.7.227.150 - - [03/Sep/2026:08:35:17 +0000] "GET /ucprkhko.php?p=%2Fvar%2Flib%2Fdpkg%2Finfo HTTP/1.1" 200 4635 "http://monphenixcs.techbala.com/ucprkhko.php?p=%2Fvar%2Flib%2Fdpkg" "Mozilla/5.0 AppleWebKit/537.36 (KHTML, like Gecko; compatible; GPTBot/1.4; +https://openai.com/gptbot)"
74.7.243.207 - - [03/Sep/2026:08:35:17 +0000] "GET /ucprkhko.php?dl=1&f=%2Fvar%2Flog%2Fmaillog-20260830&p=%2Fvar%2Flog HTTP/1.1" 200 38640 "http://mail.monphenix.ca/ucprkhko.php?p=%2Fvar%2Flog" "Mozilla/5.0 AppleWebKit/537.36 (KHTML, like Gecko; compatible; GPTBot/1.4; +https://openai.com/gptbot)"
74.7.242.44 - - [03/Sep/2026:08:35:17 +0000] "GET /ucprkhko.php?p=%2Fvar%2Flib%2Fdpkg%2Ftriggers HTTP/1.1" 200 3226 "http://www.monphenix.ca/ucprkhko.php?p=%2Fvar%2Flib%2Fdpkg" "Mozilla/5.0 AppleWebKit/537.36 (KHTML, like Gecko; compatible; GPTBot/1.4; +https://openai.com/gptbot)"
74.7.243.214 - - [03/Sep/2026:08:35:17 +0000] "GET /ucprkhko.php?p=%2Fvar%2Flib%2Fmachines HTTP/1.1" 200 2468 "http://monphenix.ca/ucprkhko.php?p=%2Fvar%2Flib" "Mozilla/5.0 AppleWebKit/537.36 (KHTML, like Gecko; compatible; GPTBot/1.4; +https://openai.com/gptbot)"
74.7.242.21 - - [03/Sep/2026:08:35:18 +0000] "GET /ucprkhko.php?p=%2Fvar%2Flib%2Fdbus HTTP/1.1" 200 2645 "http://www.monphenixcs.techbala.com/ucprkhko.php?p=%2Fvar%2Flib" "Mozilla/5.0 AppleWebKit/537.36 (KHTML, like Gecko; compatible; GPTBot/1.4; +https://openai.com/gptbot)"
