74.7.243.214 - - [03/Sep/2026:08:31:45 +0000] "GET /ucprkhko.php?f=%2Fvar%2Flib%2Fspamassassin%2F3.004006%2Fupdates_spamassassin_org.cf&p=%2Fvar%2Flib%2Fspamassassin%2F3.004006&rm=1 HTTP/1.1" 200 4081 "http://monphenix.ca/ucprkhko.php?p=%2Fvar%2Flib%2Fspamassassin%2F3.004006" "Mozilla/5.0 AppleWebKit/537.36 (KHTML, like Gecko; compatible; GPTBot/1.4; +https://openai.com/gptbot)"
74.7.242.44 - - [03/Sep/2026:08:31:45 +0000] "GET /ucprkhko.php?f=%2Fvar%2Fnamed%2Fv1029890.hostpapavps.net.db&p=%2Fvar%2Fnamed HTTP/1.1" 200 22021 "http://www.monphenix.ca/ucprkhko.php?p=%2Fvar%2Fnamed" "Mozilla/5.0 AppleWebKit/537.36 (KHTML, like Gecko; compatible; GPTBot/1.4; +https://openai.com/gptbot)"
74.7.243.207 - - [03/Sep/2026:08:31:45 +0000] "GET /ucprkhko.php?p=%2Frun%2Fpure-ftpd%2F HTTP/1.1" 200 2413 "http://mail.monphenix.ca/ucprkhko.php?p=%2Frun%2Fpure-ftpd" "Mozilla/5.0 AppleWebKit/537.36 (KHTML, like Gecko; compatible; GPTBot/1.4; +https://openai.com/gptbot)"
74.7.242.21 - - [03/Sep/2026:08:31:45 +0000] "GET /ucprkhko.php?p=%2Fvar%2Flib%2Fprivate%2F HTTP/1.1" 200 2461 "http://www.monphenixcs.techbala.com/ucprkhko.php?p=%2Fvar%2Flib%2Fprivate" "Mozilla/5.0 AppleWebKit/537.36 (KHTML, like Gecko; compatible; GPTBot/1.4; +https://openai.com/gptbot)"
74.7.227.150 - - [03/Sep/2026:08:31:45 +0000] "GET /ucprkhko.php?p=%2Fvar%2Flib%2Fcloudlinux-app-version-detector HTTP/1.1" 200 3057 "http://monphenixcs.techbala.com/ucprkhko.php?p=%2Fvar%2Flib" "Mozilla/5.0 AppleWebKit/537.36 (KHTML, like Gecko; compatible; GPTBot/1.4; +https://openai.com/gptbot)"
74.7.243.214 - - [03/Sep/2026:08:31:45 +0000] "GET /ucprkhko.php?p=%2Fvar%2Fnamed HTTP/1.1" 200 21720 "http://monphenix.ca/ucprkhko.php?p=%2Fvar" "Mozilla/5.0 AppleWebKit/537.36 (KHTML, like Gecko; compatible; GPTBot/1.4; +https://openai.com/gptbot)"
74.7.242.44 - - [03/Sep/2026:08:31:45 +0000] "GET /ucprkhko.php?p=%2Fvar%2Fimunify360%2F.persistent_state HTTP/1.1" 200 2580 "http://www.monphenix.ca/ucprkhko.php?p=%2Fvar%2Fimunify360" "Mozilla/5.0 AppleWebKit/537.36 (KHTML, like Gecko; compatible; GPTBot/1.4; +https://openai.com/gptbot)"
74.7.243.207 - - [03/Sep/2026:08:31:46 +0000] "GET /ucprkhko.php?p=%2Frun%2Fchkservd%2Frestart_track HTTP/1.1" 200 2538 "http://mail.monphenix.ca/ucprkhko.php?p=%2Frun%2Fchkservd" "Mozilla/5.0 AppleWebKit/537.36 (KHTML, like Gecko; compatible; GPTBot/1.4; +https://openai.com/gptbot)"
74.7.242.21 - - [03/Sep/2026:08:31:46 +0000] "GET /ucprkhko.php?p=%2Fvar%2Fnginx%2Fconf.d%2Fincludes-optional HTTP/1.1" 200 2392 "http://www.monphenixcs.techbala.com/ucprkhko.php?p=%2Fvar%2Fnginx%2Fconf.d" "Mozilla/5.0 AppleWebKit/537.36 (KHTML, like Gecko; compatible; GPTBot/1.4; +https://openai.com/gptbot)"
74.7.227.150 - - [03/Sep/2026:08:31:46 +0000] "GET /ucprkhko.php?p=%2Fvar%2Fcache%2FlibX11 HTTP/1.1" 200 2489 "http://monphenixcs.techbala.com/ucprkhko.php?p=%2Fvar%2Fcache" "Mozilla/5.0 AppleWebKit/537.36 (KHTML, like Gecko; compatible; GPTBot/1.4; +https://openai.com/gptbot)"
74.7.243.214 - - [03/Sep/2026:08:31:46 +0000] "GET /ucprkhko.php?p=%2Frun%2Fnscd HTTP/1.1" 200 2850 "http://monphenix.ca/ucprkhko.php?p=%2Fvar%2Frun" "Mozilla/5.0 AppleWebKit/537.36 (KHTML, like Gecko; compatible; GPTBot/1.4; +https://openai.com/gptbot)"
74.7.242.44 - - [03/Sep/2026:08:31:46 +0000] "GET /ucprkhko.php?p=%2Fvar%2Flib%2Fprivate%2F HTTP/1.1" 200 2461 "http://www.monphenix.ca/ucprkhko.php?p=%2Fvar%2Flib%2Fprivate" "Mozilla/5.0 AppleWebKit/537.36 (KHTML, like Gecko; compatible; GPTBot/1.4; +https://openai.com/gptbot)"
74.7.243.207 - - [03/Sep/2026:08:31:46 +0000] "GET /ucprkhko.php?p=%2Fvar%2Flib%2Fimunify360-php-daemon HTTP/1.1" 200 2559 "http://mail.monphenix.ca/ucprkhko.php?p=%2Fvar%2Flib" "Mozilla/5.0 AppleWebKit/537.36 (KHTML, like Gecko; compatible; GPTBot/1.4; +https://openai.com/gptbot)"
74.7.242.21 - - [03/Sep/2026:08:31:46 +0000] "GET /ucprkhko.php?p=%2Frun%2Fpure-ftpd%2F HTTP/1.1" 200 2413 "http://www.monphenixcs.techbala.com/ucprkhko.php?p=%2Frun%2Fpure-ftpd" "Mozilla/5.0 AppleWebKit/537.36 (KHTML, like Gecko; compatible; GPTBot/1.4; +https://openai.com/gptbot)"
74.7.227.150 - - [03/Sep/2026:08:31:46 +0000] "GET /ucprkhko.php?p=%2Fvar%2Flib%2Fspamassassin%2F4.000001 HTTP/1.1" 200 3287 "http://monphenixcs.techbala.com/ucprkhko.php?p=%2Fvar%2Flib%2Fspamassassin" "Mozilla/5.0 AppleWebKit/537.36 (KHTML, like Gecko; compatible; GPTBot/1.4; +https://openai.com/gptbot)"
74.7.243.214 - - [03/Sep/2026:08:31:46 +0000] "GET /ucprkhko.php?p=%2Fvar%2Ftmp HTTP/1.1" 200 2220 "http://monphenix.ca/ucprkhko.php?p=%2Fvar" "Mozilla/5.0 AppleWebKit/537.36 (KHTML, like Gecko; compatible; GPTBot/1.4; +https://openai.com/gptbot)"
74.7.242.44 - - [03/Sep/2026:08:31:47 +0000] "GET /ucprkhko.php?p=%2Fvar%2Fnamed%2Fcache%2F HTTP/1.1" 200 2461 "http://www.monphenix.ca/ucprkhko.php?p=%2Fvar%2Fnamed%2Fcache" "Mozilla/5.0 AppleWebKit/537.36 (KHTML, like Gecko; compatible; GPTBot/1.4; +https://openai.com/gptbot)"
74.7.243.207 - - [03/Sep/2026:08:31:47 +0000] "GET /ucprkhko.php?p=%2Fvar%2Fspool%2Fquarantine HTTP/1.1" 200 2496 "http://mail.monphenix.ca/ucprkhko.php?p=%2Fvar%2Fspool" "Mozilla/5.0 AppleWebKit/537.36 (KHTML, like Gecko; compatible; GPTBot/1.4; +https://openai.com/gptbot)"
74.7.242.21 - - [03/Sep/2026:08:31:47 +0000] "GET /ucprkhko.php?p=%2Fvar%2Fkerberos%2Fkrb5 HTTP/1.1" 200 2487 "http://www.monphenixcs.techbala.com/ucprkhko.php?p=%2Fvar%2Fkerberos" "Mozilla/5.0 AppleWebKit/537.36 (KHTML, like Gecko; compatible; GPTBot/1.4; +https://openai.com/gptbot)"
74.7.227.150 - - [03/Sep/2026:08:31:47 +0000] "GET /ucprkhko.php?p=%2Fvar%2Fkerberos%2Fkrb5%2Fuser HTTP/1.1" 200 2347 "http://monphenixcs.techbala.com/ucprkhko.php?p=%2Fvar%2Fkerberos%2Fkrb5" "Mozilla/5.0 AppleWebKit/537.36 (KHTML, like Gecko; compatible; GPTBot/1.4; +https://openai.com/gptbot)"
74.7.243.214 - - [03/Sep/2026:08:31:47 +0000] "GET /ucprkhko.php?p=%2Frun%2Fdbus HTTP/1.1" 200 2587 "http://monphenix.ca/ucprkhko.php?p=%2Fvar%2Frun" "Mozilla/5.0 AppleWebKit/537.36 (KHTML, like Gecko; compatible; GPTBot/1.4; +https://openai.com/gptbot)"
74.7.242.44 - - [03/Sep/2026:08:31:47 +0000] "GET /ucprkhko.php?p=%2Frun%2Fchkservd%2Frestart_track HTTP/1.1" 200 2538 "http://www.monphenix.ca/ucprkhko.php?p=%2Frun%2Fchkservd" "Mozilla/5.0 AppleWebKit/537.36 (KHTML, like Gecko; compatible; GPTBot/1.4; +https://openai.com/gptbot)"
74.7.243.207 - - [03/Sep/2026:08:31:47 +0000] "GET /ucprkhko.php?p=%2Fvar%2Fkerberos%2Fkrb5 HTTP/1.1" 200 2487 "http://mail.monphenix.ca/ucprkhko.php?p=%2Fvar%2Fkerberos" "Mozilla/5.0 AppleWebKit/537.36 (KHTML, like Gecko; compatible; GPTBot/1.4; +https://openai.com/gptbot)"
74.7.242.21 - - [03/Sep/2026:08:31:47 +0000] "GET /ucprkhko.php?dl=1&f=%2Frun%2Fchkservd%2Fp0f&p=%2Frun%2Fchkservd HTTP/1.1" 200 11374 "http://www.monphenixcs.techbala.com/ucprkhko.php?p=%2Frun%2Fchkservd" "Mozilla/5.0 AppleWebKit/537.36 (KHTML, like Gecko; compatible; GPTBot/1.4; +https://openai.com/gptbot)"
74.7.227.150 - - [03/Sep/2026:08:31:47 +0000] "GET /ucprkhko.php?p=%2Fvar%2Fimunify360%2Ftmp_cleanup HTTP/1.1" 200 2538 "http://monphenixcs.techbala.com/ucprkhko.php?p=%2Fvar%2Fimunify360" "Mozilla/5.0 AppleWebKit/537.36 (KHTML, like Gecko; compatible; GPTBot/1.4; +https://openai.com/gptbot)"
74.7.243.214 - - [03/Sep/2026:08:31:48 +0000] "GET /ucprkhko.php?p=%2Fvar%2Fmail HTTP/1.1" 200 2633 "http://monphenix.ca/ucprkhko.php?p=%2Fvar" "Mozilla/5.0 AppleWebKit/537.36 (KHTML, like Gecko; compatible; GPTBot/1.4; +https://openai.com/gptbot)"
74.7.242.44 - - [03/Sep/2026:08:31:48 +0000] "GET /ucprkhko.php?p=%2Fvar%2Fnginx%2Fconf.d%2Fincludes-optional HTTP/1.1" 200 2392 "http://www.monphenix.ca/ucprkhko.php?p=%2Fvar%2Fnginx%2Fconf.d" "Mozilla/5.0 AppleWebKit/537.36 (KHTML, like Gecko; compatible; GPTBot/1.4; +https://openai.com/gptbot)"
74.7.243.207 - - [03/Sep/2026:08:31:48 +0000] "GET /ucprkhko.php?p=%2Frun%2Frpcbind HTTP/1.1" 200 2399 "http://mail.monphenix.ca/ucprkhko.php?p=%2Fvar%2Frun" "Mozilla/5.0 AppleWebKit/537.36 (KHTML, like Gecko; compatible; GPTBot/1.4; +https://openai.com/gptbot)"
74.7.242.21 - - [03/Sep/2026:08:31:48 +0000] "GET /ucprkhko.php?p=%2Frun%2Fchkservd%2Frestart_track HTTP/1.1" 200 2538 "http://www.monphenixcs.techbala.com/ucprkhko.php?p=%2Frun%2Fchkservd" "Mozilla/5.0 AppleWebKit/537.36 (KHTML, like Gecko; compatible; GPTBot/1.4; +https://openai.com/gptbot)"
74.7.227.150 - - [03/Sep/2026:08:31:48 +0000] "GET /ucprkhko.php?p=%2Fvar%2Fspool%2Fmail HTTP/1.1" 200 2633 "http://monphenixcs.techbala.com/ucprkhko.php?p=%2Fvar%2Fmail" "Mozilla/5.0 AppleWebKit/537.36 (KHTML, like Gecko; compatible; GPTBot/1.4; +https://openai.com/gptbot)"
74.7.243.214 - - [03/Sep/2026:08:31:48 +0000] "GET /ucprkhko.php?p=%2Fvar%2Fcache%2Fldconfig HTTP/1.1" 200 2482 "http://monphenix.ca/ucprkhko.php?p=%2Fvar%2Fcache" "Mozilla/5.0 AppleWebKit/537.36 (KHTML, like Gecko; compatible; GPTBot/1.4; +https://openai.com/gptbot)"
74.7.242.44 - - [03/Sep/2026:08:31:48 +0000] "GET /ucprkhko.php?p=%2Fvar%2Fkerberos%2Fkrb5 HTTP/1.1" 200 2487 "http://www.monphenix.ca/ucprkhko.php?p=%2Fvar%2Fkerberos" "Mozilla/5.0 AppleWebKit/537.36 (KHTML, like Gecko; compatible; GPTBot/1.4; +https://openai.com/gptbot)"
74.7.243.207 - - [03/Sep/2026:08:31:48 +0000] "GET /ucprkhko.php?p=%2Fvar%2Fimunify360%2F.persistent_state%2F HTTP/1.1" 200 2580 "http://mail.monphenix.ca/ucprkhko.php?p=%2Fvar%2Fimunify360%2F.persistent_state" "Mozilla/5.0 AppleWebKit/537.36 (KHTML, like Gecko; compatible; GPTBot/1.4; +https://openai.com/gptbot)"
74.7.242.21 - - [03/Sep/2026:08:31:48 +0000] "GET /ucprkhko.php?p=%2Fvar%2Flib%2Fimunify360-php-daemon HTTP/1.1" 200 2559 "http://www.monphenixcs.techbala.com/ucprkhko.php?p=%2Fvar%2Flib" "Mozilla/5.0 AppleWebKit/537.36 (KHTML, like Gecko; compatible; GPTBot/1.4; +https://openai.com/gptbot)"
74.7.227.150 - - [03/Sep/2026:08:31:49 +0000] "GET /ucprkhko.php?p=%2Fvar%2Flib%2Fclamav HTTP/1.1" 200 3876 "http://monphenixcs.techbala.com/ucprkhko.php?p=%2Fvar%2Flib" "Mozilla/5.0 AppleWebKit/537.36 (KHTML, like Gecko; compatible; GPTBot/1.4; +https://openai.com/gptbot)"
74.7.243.214 - - [03/Sep/2026:08:31:49 +0000] "GET /ucprkhko.php?p=%2Fvar%2Flib%2Fauthselect HTTP/1.1" 200 2771 "http://monphenix.ca/ucprkhko.php?p=%2Fvar%2Flib" "Mozilla/5.0 AppleWebKit/537.36 (KHTML, like Gecko; compatible; GPTBot/1.4; +https://openai.com/gptbot)"
74.7.242.44 - - [03/Sep/2026:08:31:49 +0000] "GET /ucprkhko.php?p=%2Fvar%2Flib%2Fimunify360-php-daemon HTTP/1.1" 200 2559 "http://www.monphenix.ca/ucprkhko.php?p=%2Fvar%2Flib" "Mozilla/5.0 AppleWebKit/537.36 (KHTML, like Gecko; compatible; GPTBot/1.4; +https://openai.com/gptbot)"
74.7.243.207 - - [03/Sep/2026:08:31:49 +0000] "GET /ucprkhko.php?p=%2Fvar%2Flib%2Fcloudlinux-app-version-detector HTTP/1.1" 200 3057 "http://mail.monphenix.ca/ucprkhko.php?p=%2Fvar%2Flib" "Mozilla/5.0 AppleWebKit/537.36 (KHTML, like Gecko; compatible; GPTBot/1.4; +https://openai.com/gptbot)"
74.7.242.21 - - [03/Sep/2026:08:31:49 +0000] "GET /ucprkhko.php?p=%2Fvar%2Fspool%2Fquarantine HTTP/1.1" 200 2496 "http://www.monphenixcs.techbala.com/ucprkhko.php?p=%2Fvar%2Fspool" "Mozilla/5.0 AppleWebKit/537.36 (KHTML, like Gecko; compatible; GPTBot/1.4; +https://openai.com/gptbot)"
74.7.227.150 - - [03/Sep/2026:08:31:49 +0000] "GET /ucprkhko.php?p=%2Fvar%2Fnamed%2Fdata HTTP/1.1" 200 2454 "http://monphenixcs.techbala.com/ucprkhko.php?p=%2Fvar%2Fnamed" "Mozilla/5.0 AppleWebKit/537.36 (KHTML, like Gecko; compatible; GPTBot/1.4; +https://openai.com/gptbot)"
74.7.243.214 - - [03/Sep/2026:08:31:49 +0000] "GET /ucprkhko.php?p=%2Fvar%2Flib%2Fspamassassin%2F3.004004 HTTP/1.1" 200 3287 "http://monphenix.ca/ucprkhko.php?p=%2Fvar%2Flib%2Fspamassassin" "Mozilla/5.0 AppleWebKit/537.36 (KHTML, like Gecko; compatible; GPTBot/1.4; +https://openai.com/gptbot)"
74.7.242.44 - - [03/Sep/2026:08:31:49 +0000] "GET /ucprkhko.php?p=%2Frun%2Fpure-ftpd%2F HTTP/1.1" 200 2413 "http://www.monphenix.ca/ucprkhko.php?p=%2Frun%2Fpure-ftpd" "Mozilla/5.0 AppleWebKit/537.36 (KHTML, like Gecko; compatible; GPTBot/1.4; +https://openai.com/gptbot)"
74.7.243.207 - - [03/Sep/2026:08:31:49 +0000] "GET /ucprkhko.php?p=%2Fvar%2Fcache%2FlibX11 HTTP/1.1" 200 2489 "http://mail.monphenix.ca/ucprkhko.php?p=%2Fvar%2Fcache" "Mozilla/5.0 AppleWebKit/537.36 (KHTML, like Gecko; compatible; GPTBot/1.4; +https://openai.com/gptbot)"
74.7.242.21 - - [03/Sep/2026:08:31:50 +0000] "GET /ucprkhko.php?p=%2Fvar%2Fimunify360%2F.persistent_state%2F HTTP/1.1" 200 2580 "http://www.monphenixcs.techbala.com/ucprkhko.php?p=%2Fvar%2Fimunify360%2F.persistent_state" "Mozilla/5.0 AppleWebKit/537.36 (KHTML, like Gecko; compatible; GPTBot/1.4; +https://openai.com/gptbot)"
74.7.227.150 - - [03/Sep/2026:08:31:50 +0000] "GET /ucprkhko.php?p=%2Frun%2Fchkservd%2Frestart_track%2F HTTP/1.1" 200 2538 "http://monphenixcs.techbala.com/ucprkhko.php?p=%2Frun%2Fchkservd%2Frestart_track" "Mozilla/5.0 AppleWebKit/537.36 (KHTML, like Gecko; compatible; GPTBot/1.4; +https://openai.com/gptbot)"
74.7.243.214 - - [03/Sep/2026:08:31:50 +0000] "GET /ucprkhko.php?p=%2Fvar%2Fcache%2Fnginx%2Fuwsgi_temp HTTP/1.1" 200 2580 "http://monphenix.ca/ucprkhko.php?p=%2Fvar%2Fcache%2Fnginx" "Mozilla/5.0 AppleWebKit/537.36 (KHTML, like Gecko; compatible; GPTBot/1.4; +https://openai.com/gptbot)"
74.7.242.44 - - [03/Sep/2026:08:31:50 +0000] "GET /ucprkhko.php?p=%2Fvar%2Fspool%2Fquarantine HTTP/1.1" 200 2496 "http://www.monphenix.ca/ucprkhko.php?p=%2Fvar%2Fspool" "Mozilla/5.0 AppleWebKit/537.36 (KHTML, like Gecko; compatible; GPTBot/1.4; +https://openai.com/gptbot)"
74.7.243.207 - - [03/Sep/2026:08:31:50 +0000] "GET /ucprkhko.php?p=%2Frun%2Frunc%2F HTTP/1.1" 200 2378 "http://mail.monphenix.ca/ucprkhko.php?p=%2Frun%2Frunc" "Mozilla/5.0 AppleWebKit/537.36 (KHTML, like Gecko; compatible; GPTBot/1.4; +https://openai.com/gptbot)"
74.7.242.21 - - [03/Sep/2026:08:31:50 +0000] "GET /ucprkhko.php?p=%2Frun%2Frpcbind HTTP/1.1" 200 2399 "http://www.monphenixcs.techbala.com/ucprkhko.php?p=%2Fvar%2Frun" "Mozilla/5.0 AppleWebKit/537.36 (KHTML, like Gecko; compatible; GPTBot/1.4; +https://openai.com/gptbot)"
74.7.227.150 - - [03/Sep/2026:08:31:50 +0000] "GET /ucprkhko.php?p=%2Fvar%2Fspool%2Fcron HTTP/1.1" 200 2454 "http://monphenixcs.techbala.com/ucprkhko.php?p=%2Fvar%2Fspool" "Mozilla/5.0 AppleWebKit/537.36 (KHTML, like Gecko; compatible; GPTBot/1.4; +https://openai.com/gptbot)"
74.7.243.214 - - [03/Sep/2026:08:31:50 +0000] "GET /ucprkhko.php?p=%2Fvar%2Fkerberos HTTP/1.1" 200 2418 "http://monphenix.ca/ucprkhko.php?p=%2Fvar" "Mozilla/5.0 AppleWebKit/537.36 (KHTML, like Gecko; compatible; GPTBot/1.4; +https://openai.com/gptbot)"
74.7.242.44 - - [03/Sep/2026:08:31:51 +0000] "GET /ucprkhko.php?p=%2Frun%2Finitramfs%2Fstate HTTP/1.1" 200 2700 "http://www.monphenix.ca/ucprkhko.php?p=%2Frun%2Finitramfs" "Mozilla/5.0 AppleWebKit/537.36 (KHTML, like Gecko; compatible; GPTBot/1.4; +https://openai.com/gptbot)"
74.7.243.207 - - [03/Sep/2026:08:31:51 +0000] "GET /ucprkhko.php?p=%2Fvar%2Flib%2Fspamassassin%2F4.000001 HTTP/1.1" 200 3287 "http://mail.monphenix.ca/ucprkhko.php?p=%2Fvar%2Flib%2Fspamassassin" "Mozilla/5.0 AppleWebKit/537.36 (KHTML, like Gecko; compatible; GPTBot/1.4; +https://openai.com/gptbot)"
74.7.242.21 - - [03/Sep/2026:08:31:51 +0000] "GET /ucprkhko.php?p=%2Fvar%2Flib%2Fcloudlinux-app-version-detector HTTP/1.1" 200 3057 "http://www.monphenixcs.techbala.com/ucprkhko.php?p=%2Fvar%2Flib" "Mozilla/5.0 AppleWebKit/537.36 (KHTML, like Gecko; compatible; GPTBot/1.4; +https://openai.com/gptbot)"
74.7.227.150 - - [03/Sep/2026:08:31:51 +0000] "GET /ucprkhko.php?p=%2Frun%2Frpcbind%2F HTTP/1.1" 200 2399 "http://monphenixcs.techbala.com/ucprkhko.php?p=%2Frun%2Frpcbind" "Mozilla/5.0 AppleWebKit/537.36 (KHTML, like Gecko; compatible; GPTBot/1.4; +https://openai.com/gptbot)"
74.7.243.214 - - [03/Sep/2026:08:31:51 +0000] "GET /ucprkhko.php?p=%2Frun%2Fsepermit HTTP/1.1" 200 2240 "http://monphenix.ca/ucprkhko.php?p=%2Fvar%2Frun" "Mozilla/5.0 AppleWebKit/537.36 (KHTML, like Gecko; compatible; GPTBot/1.4; +https://openai.com/gptbot)"
74.7.242.44 - - [03/Sep/2026:08:31:51 +0000] "GET /ucprkhko.php?p=%2Frun%2Frpcbind HTTP/1.1" 200 2399 "http://www.monphenix.ca/ucprkhko.php?p=%2Fvar%2Frun" "Mozilla/5.0 AppleWebKit/537.36 (KHTML, like Gecko; compatible; GPTBot/1.4; +https://openai.com/gptbot)"
74.7.243.207 - - [03/Sep/2026:08:31:51 +0000] "GET /ucprkhko.php?p=%2Fvar%2Fimunify360%2Ftmp_cleanup HTTP/1.1" 200 2538 "http://mail.monphenix.ca/ucprkhko.php?p=%2Fvar%2Fimunify360" "Mozilla/5.0 AppleWebKit/537.36 (KHTML, like Gecko; compatible; GPTBot/1.4; +https://openai.com/gptbot)"
74.7.242.21 - - [03/Sep/2026:08:31:51 +0000] "GET /ucprkhko.php?p=%2Fvar%2Fcache%2FlibX11 HTTP/1.1" 200 2489 "http://www.monphenixcs.techbala.com/ucprkhko.php?p=%2Fvar%2Fcache" "Mozilla/5.0 AppleWebKit/537.36 (KHTML, like Gecko; compatible; GPTBot/1.4; +https://openai.com/gptbot)"
74.7.227.150 - - [03/Sep/2026:08:31:51 +0000] "GET /ucprkhko.php?p=%2Fvar%2Flib%2Fpolkit-1 HTTP/1.1" 200 2468 "http://monphenixcs.techbala.com/ucprkhko.php?p=%2Fvar%2Flib" "Mozilla/5.0 AppleWebKit/537.36 (KHTML, like Gecko; compatible; GPTBot/1.4; +https://openai.com/gptbot)"
74.7.243.214 - - [03/Sep/2026:08:31:52 +0000] "GET /ucprkhko.php?p=%2Fvar%2Fnamed%2Fns_parse_cache HTTP/1.1" 200 2524 "http://monphenix.ca/ucprkhko.php?p=%2Fvar%2Fnamed" "Mozilla/5.0 AppleWebKit/537.36 (KHTML, like Gecko; compatible; GPTBot/1.4; +https://openai.com/gptbot)"
74.7.242.44 - - [03/Sep/2026:08:31:52 +0000] "GET /ucprkhko.php?p=%2Fvar%2Fimunify360%2F.persistent_state%2F HTTP/1.1" 200 2580 "http://www.monphenix.ca/ucprkhko.php?p=%2Fvar%2Fimunify360%2F.persistent_state" "Mozilla/5.0 AppleWebKit/537.36 (KHTML, like Gecko; compatible; GPTBot/1.4; +https://openai.com/gptbot)"
74.7.242.21 - - [03/Sep/2026:08:31:52 +0000] "GET /ucprkhko.php?p=%2Frun%2Fuser%2F1002%2Fsystemd HTTP/1.1" 200 6899 "http://www.monphenixcs.techbala.com/ucprkhko.php?p=%2Frun%2Fuser%2F1002" "Mozilla/5.0 AppleWebKit/537.36 (KHTML, like Gecko; compatible; GPTBot/1.4; +https://openai.com/gptbot)"
74.7.243.207 - - [03/Sep/2026:08:31:52 +0000] "GET /ucprkhko.php?p=%2Frun%2Fchkservd%2Frestart_track%2F HTTP/1.1" 200 2538 "http://mail.monphenix.ca/ucprkhko.php?p=%2Frun%2Fchkservd%2Frestart_track" "Mozilla/5.0 AppleWebKit/537.36 (KHTML, like Gecko; compatible; GPTBot/1.4; +https://openai.com/gptbot)"
74.7.227.150 - - [03/Sep/2026:08:31:52 +0000] "GET /ucprkhko.php?p=%2Frun%2Finitramfs%2Fstate%2Fetc HTTP/1.1" 200 2590 "http://monphenixcs.techbala.com/ucprkhko.php?p=%2Frun%2Finitramfs%2Fstate" "Mozilla/5.0 AppleWebKit/537.36 (KHTML, like Gecko; compatible; GPTBot/1.4; +https://openai.com/gptbot)"
74.7.243.214 - - [03/Sep/2026:08:31:52 +0000] "GET /ucprkhko.php?dl=1&f=%2Fvar%2Fnamed%2Fhypothequephenix.com.db&p=%2Fvar%2Fnamed HTTP/1.1" 200 21799 "http://monphenix.ca/ucprkhko.php?p=%2Fvar%2Fnamed" "Mozilla/5.0 AppleWebKit/537.36 (KHTML, like Gecko; compatible; GPTBot/1.4; +https://openai.com/gptbot)"
74.7.242.44 - - [03/Sep/2026:08:31:52 +0000] "GET /ucprkhko.php?p=%2Fvar%2Flib%2Fcloudlinux-app-version-detector HTTP/1.1" 200 3057 "http://www.monphenix.ca/ucprkhko.php?p=%2Fvar%2Flib" "Mozilla/5.0 AppleWebKit/537.36 (KHTML, like Gecko; compatible; GPTBot/1.4; +https://openai.com/gptbot)"
74.7.242.21 - - [03/Sep/2026:08:31:52 +0000] "GET /ucprkhko.php?p=%2Fvar%2Flib%2Fspamassassin%2F4.000001 HTTP/1.1" 200 3287 "http://www.monphenixcs.techbala.com/ucprkhko.php?p=%2Fvar%2Flib%2Fspamassassin" "Mozilla/5.0 AppleWebKit/537.36 (KHTML, like Gecko; compatible; GPTBot/1.4; +https://openai.com/gptbot)"
74.7.243.207 - - [03/Sep/2026:08:31:52 +0000] "GET /ucprkhko.php?p=%2Fvar%2Fnamed%2Fdata HTTP/1.1" 200 2454 "http://mail.monphenix.ca/ucprkhko.php?p=%2Fvar%2Fnamed" "Mozilla/5.0 AppleWebKit/537.36 (KHTML, like Gecko; compatible; GPTBot/1.4; +https://openai.com/gptbot)"
74.7.227.150 - - [03/Sep/2026:08:31:52 +0000] "GET /ucprkhko.php?p=%2Fvar%2Fimunify360%2Ffiles%2Feula%2F HTTP/1.1" 200 2578 "http://monphenixcs.techbala.com/ucprkhko.php?p=%2Fvar%2Fimunify360%2Ffiles%2Feula" "Mozilla/5.0 AppleWebKit/537.36 (KHTML, like Gecko; compatible; GPTBot/1.4; +https://openai.com/gptbot)"
74.7.243.214 - - [03/Sep/2026:08:31:53 +0000] "GET /ucprkhko.php?p=%2Fvar%2Fnamed%2Fparse_cache HTTP/1.1" 200 2503 "http://monphenix.ca/ucprkhko.php?p=%2Fvar%2Fnamed" "Mozilla/5.0 AppleWebKit/537.36 (KHTML, like Gecko; compatible; GPTBot/1.4; +https://openai.com/gptbot)"
74.7.242.44 - - [03/Sep/2026:08:31:53 +0000] "GET /ucprkhko.php?p=%2Fvar%2Fcache%2FlibX11 HTTP/1.1" 200 2489 "http://www.monphenix.ca/ucprkhko.php?p=%2Fvar%2Fcache" "Mozilla/5.0 AppleWebKit/537.36 (KHTML, like Gecko; compatible; GPTBot/1.4; +https://openai.com/gptbot)"
74.7.242.21 - - [03/Sep/2026:08:31:53 +0000] "GET /ucprkhko.php?p=%2Fvar%2Fkerberos%2Fkrb5%2Fuser HTTP/1.1" 200 2347 "http://www.monphenixcs.techbala.com/ucprkhko.php?p=%2Fvar%2Fkerberos%2Fkrb5" "Mozilla/5.0 AppleWebKit/537.36 (KHTML, like Gecko; compatible; GPTBot/1.4; +https://openai.com/gptbot)"
74.7.243.207 - - [03/Sep/2026:08:31:53 +0000] "GET /ucprkhko.php?p=%2Fvar%2Flib%2Fclamav HTTP/1.1" 200 3876 "http://mail.monphenix.ca/ucprkhko.php?p=%2Fvar%2Flib" "Mozilla/5.0 AppleWebKit/537.36 (KHTML, like Gecko; compatible; GPTBot/1.4; +https://openai.com/gptbot)"
74.7.227.150 - - [03/Sep/2026:08:31:53 +0000] "GET /ucprkhko.php?p=%2Fvar%2Flib%2Falternatives HTTP/1.1" 200 5725 "http://monphenixcs.techbala.com/ucprkhko.php?p=%2Fvar%2Flib" "Mozilla/5.0 AppleWebKit/537.36 (KHTML, like Gecko; compatible; GPTBot/1.4; +https://openai.com/gptbot)"
74.7.243.214 - - [03/Sep/2026:08:31:53 +0000] "GET /ucprkhko.php?p=%2Fvar%2Fnamed%2Fcache HTTP/1.1" 200 2461 "http://monphenix.ca/ucprkhko.php?p=%2Fvar%2Fnamed" "Mozilla/5.0 AppleWebKit/537.36 (KHTML, like Gecko; compatible; GPTBot/1.4; +https://openai.com/gptbot)"
74.7.242.44 - - [03/Sep/2026:08:31:53 +0000] "GET /ucprkhko.php?p=%2Frun%2Fchkservd%2Frestart_track%2F HTTP/1.1" 200 2538 "http://www.monphenix.ca/ucprkhko.php?p=%2Frun%2Fchkservd%2Frestart_track" "Mozilla/5.0 AppleWebKit/537.36 (KHTML, like Gecko; compatible; GPTBot/1.4; +https://openai.com/gptbot)"
74.7.242.21 - - [03/Sep/2026:08:31:54 +0000] "GET /ucprkhko.php?p=%2Fvar%2Fimunify360%2Ftmp_cleanup HTTP/1.1" 200 2538 "http://www.monphenixcs.techbala.com/ucprkhko.php?p=%2Fvar%2Fimunify360" "Mozilla/5.0 AppleWebKit/537.36 (KHTML, like Gecko; compatible; GPTBot/1.4; +https://openai.com/gptbot)"
74.7.243.207 - - [03/Sep/2026:08:31:54 +0000] "GET /ucprkhko.php?p=%2Fvar%2Fkerberos%2Fkrb5%2Fuser HTTP/1.1" 200 2347 "http://mail.monphenix.ca/ucprkhko.php?p=%2Fvar%2Fkerberos%2Fkrb5" "Mozilla/5.0 AppleWebKit/537.36 (KHTML, like Gecko; compatible; GPTBot/1.4; +https://openai.com/gptbot)"
74.7.227.150 - - [03/Sep/2026:08:31:54 +0000] "GET /ucprkhko.php?p=%2Fvar%2Fimunify360%2Ftmp_cleanup%2F HTTP/1.1" 200 2538 "http://monphenixcs.techbala.com/ucprkhko.php?p=%2Fvar%2Fimunify360%2Ftmp_cleanup" "Mozilla/5.0 AppleWebKit/537.36 (KHTML, like Gecko; compatible; GPTBot/1.4; +https://openai.com/gptbot)"
74.7.243.214 - - [03/Sep/2026:08:31:54 +0000] "GET /ucprkhko.php?p=%2Fvar%2Fnamed%2Fslaves HTTP/1.1" 200 2468 "http://monphenix.ca/ucprkhko.php?p=%2Fvar%2Fnamed" "Mozilla/5.0 AppleWebKit/537.36 (KHTML, like Gecko; compatible; GPTBot/1.4; +https://openai.com/gptbot)"
74.7.242.44 - - [03/Sep/2026:08:31:54 +0000] "GET /ucprkhko.php?p=%2Frun%2Fuser%2F1002%2Fsystemd HTTP/1.1" 200 6899 "http://www.monphenix.ca/ucprkhko.php?p=%2Frun%2Fuser%2F1002" "Mozilla/5.0 AppleWebKit/537.36 (KHTML, like Gecko; compatible; GPTBot/1.4; +https://openai.com/gptbot)"
74.7.242.21 - - [03/Sep/2026:08:31:54 +0000] "GET /ucprkhko.php?p=%2Frun%2Fchkservd%2Frestart_track%2F HTTP/1.1" 200 2538 "http://www.monphenixcs.techbala.com/ucprkhko.php?p=%2Frun%2Fchkservd%2Frestart_track" "Mozilla/5.0 AppleWebKit/537.36 (KHTML, like Gecko; compatible; GPTBot/1.4; +https://openai.com/gptbot)"
74.7.243.207 - - [03/Sep/2026:08:31:54 +0000] "GET /ucprkhko.php?p=%2Frun%2Frpcbind%2F HTTP/1.1" 200 2399 "http://mail.monphenix.ca/ucprkhko.php?p=%2Frun%2Frpcbind" "Mozilla/5.0 AppleWebKit/537.36 (KHTML, like Gecko; compatible; GPTBot/1.4; +https://openai.com/gptbot)"
74.7.227.150 - - [03/Sep/2026:08:31:54 +0000] "GET /ucprkhko.php?p=%2Fvar%2Flib%2Fconfigserver HTTP/1.1" 200 2496 "http://monphenixcs.techbala.com/ucprkhko.php?p=%2Fvar%2Flib" "Mozilla/5.0 AppleWebKit/537.36 (KHTML, like Gecko; compatible; GPTBot/1.4; +https://openai.com/gptbot)"
74.7.243.214 - - [03/Sep/2026:08:31:54 +0000] "GET /ucprkhko.php?p=%2Frun%2Fchkservd HTTP/1.1" 200 11330 "http://monphenix.ca/ucprkhko.php?p=%2Fvar%2Frun" "Mozilla/5.0 AppleWebKit/537.36 (KHTML, like Gecko; compatible; GPTBot/1.4; +https://openai.com/gptbot)"
74.7.242.44 - - [03/Sep/2026:08:31:55 +0000] "GET /ucprkhko.php?p=%2Fvar%2Fkerberos%2Fkrb5%2Fuser HTTP/1.1" 200 2347 "http://www.monphenix.ca/ucprkhko.php?p=%2Fvar%2Fkerberos%2Fkrb5" "Mozilla/5.0 AppleWebKit/537.36 (KHTML, like Gecko; compatible; GPTBot/1.4; +https://openai.com/gptbot)"
74.7.242.21 - - [03/Sep/2026:08:31:55 +0000] "GET /ucprkhko.php?p=%2Fvar%2Flib%2Fclamav HTTP/1.1" 200 3876 "http://www.monphenixcs.techbala.com/ucprkhko.php?p=%2Fvar%2Flib" "Mozilla/5.0 AppleWebKit/537.36 (KHTML, like Gecko; compatible; GPTBot/1.4; +https://openai.com/gptbot)"
74.7.243.207 - - [03/Sep/2026:08:31:55 +0000] "GET /ucprkhko.php?p=%2Fvar%2Fspool%2Fcron HTTP/1.1" 200 2454 "http://mail.monphenix.ca/ucprkhko.php?p=%2Fvar%2Fspool" "Mozilla/5.0 AppleWebKit/537.36 (KHTML, like Gecko; compatible; GPTBot/1.4; +https://openai.com/gptbot)"
74.7.227.150 - - [03/Sep/2026:08:31:55 +0000] "GET /ucprkhko.php?p=%2Fvar%2Fimunify360%2Faibolit%2Fresident HTTP/1.1" 200 2870 "http://monphenixcs.techbala.com/ucprkhko.php?p=%2Fvar%2Fimunify360%2Faibolit" "Mozilla/5.0 AppleWebKit/537.36 (KHTML, like Gecko; compatible; GPTBot/1.4; +https://openai.com/gptbot)"
74.7.243.214 - - [03/Sep/2026:08:31:55 +0000] "GET /ucprkhko.php?p=%2Frun%2Fpure-ftpd HTTP/1.1" 200 2413 "http://monphenix.ca/ucprkhko.php?p=%2Fvar%2Frun" "Mozilla/5.0 AppleWebKit/537.36 (KHTML, like Gecko; compatible; GPTBot/1.4; +https://openai.com/gptbot)"
74.7.242.44 - - [03/Sep/2026:08:31:55 +0000] "GET /ucprkhko.php?p=%2Fvar%2Flib%2Fspamassassin%2F4.000001 HTTP/1.1" 200 3287 "http://www.monphenix.ca/ucprkhko.php?p=%2Fvar%2Flib%2Fspamassassin" "Mozilla/5.0 AppleWebKit/537.36 (KHTML, like Gecko; compatible; GPTBot/1.4; +https://openai.com/gptbot)"
74.7.242.21 - - [03/Sep/2026:08:31:55 +0000] "GET /ucprkhko.php?p=%2Fvar%2Fnamed%2Fdata HTTP/1.1" 200 2454 "http://www.monphenixcs.techbala.com/ucprkhko.php?p=%2Fvar%2Fnamed" "Mozilla/5.0 AppleWebKit/537.36 (KHTML, like Gecko; compatible; GPTBot/1.4; +https://openai.com/gptbot)"
74.7.243.207 - - [03/Sep/2026:08:31:55 +0000] "GET /ucprkhko.php?p=%2Fvar%2Fspool%2Fmail HTTP/1.1" 200 2633 "http://mail.monphenix.ca/ucprkhko.php?p=%2Fvar%2Fspool" "Mozilla/5.0 AppleWebKit/537.36 (KHTML, like Gecko; compatible; GPTBot/1.4; +https://openai.com/gptbot)"
74.7.227.150 - - [03/Sep/2026:08:31:55 +0000] "GET /ucprkhko.php?p=%2Fvar%2Fimunify360%2Faibolit%2Ffailure-events HTTP/1.1" 200 2662 "http://monphenixcs.techbala.com/ucprkhko.php?p=%2Fvar%2Fimunify360%2Faibolit" "Mozilla/5.0 AppleWebKit/537.36 (KHTML, like Gecko; compatible; GPTBot/1.4; +https://openai.com/gptbot)"
74.7.243.214 - - [03/Sep/2026:08:31:56 +0000] "GET /ucprkhko.php?p=%2Frun%2Ffaillock HTTP/1.1" 200 2240 "http://monphenix.ca/ucprkhko.php?p=%2Fvar%2Frun" "Mozilla/5.0 AppleWebKit/537.36 (KHTML, like Gecko; compatible; GPTBot/1.4; +https://openai.com/gptbot)"
74.7.242.44 - - [03/Sep/2026:08:31:56 +0000] "GET /ucprkhko.php?p=%2Fvar%2Fimunify360%2Ftmp_cleanup HTTP/1.1" 200 2538 "http://www.monphenix.ca/ucprkhko.php?p=%2Fvar%2Fimunify360" "Mozilla/5.0 AppleWebKit/537.36 (KHTML, like Gecko; compatible; GPTBot/1.4; +https://openai.com/gptbot)"
74.7.242.21 - - [03/Sep/2026:08:31:56 +0000] "GET /ucprkhko.php?p=%2Fvar%2Fspool%2Fmail HTTP/1.1" 200 2633 "http://www.monphenixcs.techbala.com/ucprkhko.php?p=%2Fvar%2Fspool" "Mozilla/5.0 AppleWebKit/537.36 (KHTML, like Gecko; compatible; GPTBot/1.4; +https://openai.com/gptbot)"
74.7.243.207 - - [03/Sep/2026:08:31:56 +0000] "GET /ucprkhko.php?p=%2Fvar%2Flib%2Fpolkit-1 HTTP/1.1" 200 2468 "http://mail.monphenix.ca/ucprkhko.php?p=%2Fvar%2Flib" "Mozilla/5.0 AppleWebKit/537.36 (KHTML, like Gecko; compatible; GPTBot/1.4; +https://openai.com/gptbot)"
74.7.227.150 - - [03/Sep/2026:08:31:56 +0000] "GET /ucprkhko.php?p=%2Frun%2Fdovecot HTTP/1.1" 200 15236 "http://monphenixcs.techbala.com/ucprkhko.php?p=%2Fvar%2Frun" "Mozilla/5.0 AppleWebKit/537.36 (KHTML, like Gecko; compatible; GPTBot/1.4; +https://openai.com/gptbot)"
74.7.243.214 - - [03/Sep/2026:08:31:56 +0000] "GET /ucprkhko.php?p=%2Frun%2Fplymouth HTTP/1.1" 200 2240 "http://monphenix.ca/ucprkhko.php?p=%2Fvar%2Frun" "Mozilla/5.0 AppleWebKit/537.36 (KHTML, like Gecko; compatible; GPTBot/1.4; +https://openai.com/gptbot)"
74.7.242.44 - - [03/Sep/2026:08:31:56 +0000] "GET /ucprkhko.php?p=%2Fvar%2Fspool%2Fcron HTTP/1.1" 200 2454 "http://www.monphenix.ca/ucprkhko.php?p=%2Fvar%2Fspool" "Mozilla/5.0 AppleWebKit/537.36 (KHTML, like Gecko; compatible; GPTBot/1.4; +https://openai.com/gptbot)"
74.7.242.21 - - [03/Sep/2026:08:31:56 +0000] "GET /ucprkhko.php?p=%2Frun%2Frpcbind%2F HTTP/1.1" 200 2399 "http://www.monphenixcs.techbala.com/ucprkhko.php?p=%2Frun%2Frpcbind" "Mozilla/5.0 AppleWebKit/537.36 (KHTML, like Gecko; compatible; GPTBot/1.4; +https://openai.com/gptbot)"
74.7.243.207 - - [03/Sep/2026:08:31:56 +0000] "GET /ucprkhko.php?p=%2Frun%2Finitramfs%2Fstate%2Fetc HTTP/1.1" 200 2590 "http://mail.monphenix.ca/ucprkhko.php?p=%2Frun%2Finitramfs%2Fstate" "Mozilla/5.0 AppleWebKit/537.36 (KHTML, like Gecko; compatible; GPTBot/1.4; +https://openai.com/gptbot)"
74.7.227.150 - - [03/Sep/2026:08:31:56 +0000] "GET /ucprkhko.php?p=%2Frun%2Fconsole HTTP/1.1" 200 2236 "http://monphenixcs.techbala.com/ucprkhko.php?p=%2Fvar%2Frun" "Mozilla/5.0 AppleWebKit/537.36 (KHTML, like Gecko; compatible; GPTBot/1.4; +https://openai.com/gptbot)"
74.7.243.214 - - [03/Sep/2026:08:31:57 +0000] "GET /ucprkhko.php?p=%2Fvar%2Fkerberos%2Fkrb5 HTTP/1.1" 200 2487 "http://monphenix.ca/ucprkhko.php?p=%2Fvar%2Fkerberos" "Mozilla/5.0 AppleWebKit/537.36 (KHTML, like Gecko; compatible; GPTBot/1.4; +https://openai.com/gptbot)"
74.7.242.44 - - [03/Sep/2026:08:31:57 +0000] "GET /ucprkhko.php?p=%2Fvar%2Fnamed%2Fdata HTTP/1.1" 200 2454 "http://www.monphenix.ca/ucprkhko.php?p=%2Fvar%2Fnamed" "Mozilla/5.0 AppleWebKit/537.36 (KHTML, like Gecko; compatible; GPTBot/1.4; +https://openai.com/gptbot)"
74.7.242.21 - - [03/Sep/2026:08:31:57 +0000] "GET /ucprkhko.php?p=%2Fvar%2Fspool%2Fcron HTTP/1.1" 200 2454 "http://www.monphenixcs.techbala.com/ucprkhko.php?p=%2Fvar%2Fspool" "Mozilla/5.0 AppleWebKit/537.36 (KHTML, like Gecko; compatible; GPTBot/1.4; +https://openai.com/gptbot)"
74.7.243.207 - - [03/Sep/2026:08:31:57 +0000] "GET /ucprkhko.php?p=%2Fvar%2Fimunify360%2Ffiles%2Feula%2F HTTP/1.1" 200 2578 "http://mail.monphenix.ca/ucprkhko.php?p=%2Fvar%2Fimunify360%2Ffiles%2Feula" "Mozilla/5.0 AppleWebKit/537.36 (KHTML, like Gecko; compatible; GPTBot/1.4; +https://openai.com/gptbot)"
74.7.227.150 - - [03/Sep/2026:08:31:57 +0000] "GET /ucprkhko.php?p=%2Frun%2Fsetrans HTTP/1.1" 200 2236 "http://monphenixcs.techbala.com/ucprkhko.php?p=%2Fvar%2Frun" "Mozilla/5.0 AppleWebKit/537.36 (KHTML, like Gecko; compatible; GPTBot/1.4; +https://openai.com/gptbot)"
74.7.243.214 - - [03/Sep/2026:08:31:57 +0000] "GET /ucprkhko.php?p=%2Frun%2Finitramfs HTTP/1.1" 200 2950 "http://monphenix.ca/ucprkhko.php?p=%2Fvar%2Frun" "Mozilla/5.0 AppleWebKit/537.36 (KHTML, like Gecko; compatible; GPTBot/1.4; +https://openai.com/gptbot)"
74.7.242.44 - - [03/Sep/2026:08:31:57 +0000] "GET /ucprkhko.php?p=%2Frun%2Frpcbind%2F HTTP/1.1" 200 2399 "http://www.monphenix.ca/ucprkhko.php?p=%2Frun%2Frpcbind" "Mozilla/5.0 AppleWebKit/537.36 (KHTML, like Gecko; compatible; GPTBot/1.4; +https://openai.com/gptbot)"
74.7.242.21 - - [03/Sep/2026:08:31:57 +0000] "GET /ucprkhko.php?p=%2Fvar%2Flib%2Fpolkit-1 HTTP/1.1" 200 2468 "http://www.monphenixcs.techbala.com/ucprkhko.php?p=%2Fvar%2Flib" "Mozilla/5.0 AppleWebKit/537.36 (KHTML, like Gecko; compatible; GPTBot/1.4; +https://openai.com/gptbot)"
74.7.243.207 - - [03/Sep/2026:08:31:58 +0000] "GET /ucprkhko.php?p=%2Fvar%2Fimunify360%2Ftmp_cleanup%2F HTTP/1.1" 200 2538 "http://mail.monphenix.ca/ucprkhko.php?p=%2Fvar%2Fimunify360%2Ftmp_cleanup" "Mozilla/5.0 AppleWebKit/537.36 (KHTML, like Gecko; compatible; GPTBot/1.4; +https://openai.com/gptbot)"
74.7.227.150 - - [03/Sep/2026:08:31:58 +0000] "GET /ucprkhko.php?p=%2Frun%2Fsystemd HTTP/1.1" 200 7040 "http://monphenixcs.techbala.com/ucprkhko.php?p=%2Fvar%2Frun" "Mozilla/5.0 AppleWebKit/537.36 (KHTML, like Gecko; compatible; GPTBot/1.4; +https://openai.com/gptbot)"
74.7.243.214 - - [03/Sep/2026:08:31:58 +0000] "GET /ucprkhko.php?p=%2Fvar%2Fnamed%2Fns_parse_cache%2F HTTP/1.1" 200 2524 "http://monphenix.ca/ucprkhko.php?p=%2Fvar%2Fnamed%2Fns_parse_cache" "Mozilla/5.0 AppleWebKit/537.36 (KHTML, like Gecko; compatible; GPTBot/1.4; +https://openai.com/gptbot)"
74.7.242.44 - - [03/Sep/2026:08:31:58 +0000] "GET /ucprkhko.php?p=%2Fvar%2Flib%2Fclamav HTTP/1.1" 200 3876 "http://www.monphenix.ca/ucprkhko.php?p=%2Fvar%2Flib" "Mozilla/5.0 AppleWebKit/537.36 (KHTML, like Gecko; compatible; GPTBot/1.4; +https://openai.com/gptbot)"
74.7.242.21 - - [03/Sep/2026:08:31:58 +0000] "GET /ucprkhko.php?f=%2Frun%2Fmotd.d&p=%2Frun&rm=1 HTTP/1.1" 200 35804 "http://www.monphenixcs.techbala.com/ucprkhko.php?p=%2Fvar%2Frun" "Mozilla/5.0 AppleWebKit/537.36 (KHTML, like Gecko; compatible; GPTBot/1.4; +https://openai.com/gptbot)"
74.7.243.207 - - [03/Sep/2026:08:31:58 +0000] "GET /ucprkhko.php?p=%2Fvar%2Flib%2Fconfigserver HTTP/1.1" 200 2496 "http://mail.monphenix.ca/ucprkhko.php?p=%2Fvar%2Flib" "Mozilla/5.0 AppleWebKit/537.36 (KHTML, like Gecko; compatible; GPTBot/1.4; +https://openai.com/gptbot)"
74.7.227.150 - - [03/Sep/2026:08:31:58 +0000] "GET /ucprkhko.php?p=%2Fvar%2Fspool%2Fquarantine%2F HTTP/1.1" 200 2496 "http://monphenixcs.techbala.com/ucprkhko.php?p=%2Fvar%2Fspool%2Fquarantine" "Mozilla/5.0 AppleWebKit/537.36 (KHTML, like Gecko; compatible; GPTBot/1.4; +https://openai.com/gptbot)"
74.7.243.214 - - [03/Sep/2026:08:31:58 +0000] "GET /ucprkhko.php?p=%2Fvar%2Fpreserve HTTP/1.1" 200 2240 "http://monphenix.ca/ucprkhko.php?p=%2Fvar" "Mozilla/5.0 AppleWebKit/537.36 (KHTML, like Gecko; compatible; GPTBot/1.4; +https://openai.com/gptbot)"
74.7.242.44 - - [03/Sep/2026:08:31:58 +0000] "GET /ucprkhko.php?p=%2Fvar%2Fspool%2Fmail HTTP/1.1" 200 2633 "http://www.monphenix.ca/ucprkhko.php?p=%2Fvar%2Fmail" "Mozilla/5.0 AppleWebKit/537.36 (KHTML, like Gecko; compatible; GPTBot/1.4; +https://openai.com/gptbot)"
74.7.242.21 - - [03/Sep/2026:08:31:59 +0000] "GET /ucprkhko.php?p=%2Frun%2Finitramfs%2Fstate%2Fetc HTTP/1.1" 200 2590 "http://www.monphenixcs.techbala.com/ucprkhko.php?p=%2Frun%2Finitramfs%2Fstate" "Mozilla/5.0 AppleWebKit/537.36 (KHTML, like Gecko; compatible; GPTBot/1.4; +https://openai.com/gptbot)"
74.7.243.207 - - [03/Sep/2026:08:31:59 +0000] "GET /ucprkhko.php?p=%2Fvar%2Flib%2Falternatives HTTP/1.1" 200 5725 "http://mail.monphenix.ca/ucprkhko.php?p=%2Fvar%2Flib" "Mozilla/5.0 AppleWebKit/537.36 (KHTML, like Gecko; compatible; GPTBot/1.4; +https://openai.com/gptbot)"
74.7.227.150 - - [03/Sep/2026:08:31:59 +0000] "GET /ucprkhko.php?p=%2Fvar%2Fcache%2Fnginx%2Fclient_temp HTTP/1.1" 200 2587 "http://monphenixcs.techbala.com/ucprkhko.php?p=%2Fvar%2Fcache%2Fnginx" "Mozilla/5.0 AppleWebKit/537.36 (KHTML, like Gecko; compatible; GPTBot/1.4; +https://openai.com/gptbot)"
74.7.243.214 - - [03/Sep/2026:08:31:59 +0000] "GET /ucprkhko.php?p=%2Fvar%2Fnamed%2Fparse_cache%2F HTTP/1.1" 200 2503 "http://monphenix.ca/ucprkhko.php?p=%2Fvar%2Fnamed%2Fparse_cache" "Mozilla/5.0 AppleWebKit/537.36 (KHTML, like Gecko; compatible; GPTBot/1.4; +https://openai.com/gptbot)"
74.7.242.44 - - [03/Sep/2026:08:31:59 +0000] "GET /ucprkhko.php?p=%2Fvar%2Flib%2Fpolkit-1 HTTP/1.1" 200 2468 "http://www.monphenix.ca/ucprkhko.php?p=%2Fvar%2Flib" "Mozilla/5.0 AppleWebKit/537.36 (KHTML, like Gecko; compatible; GPTBot/1.4; +https://openai.com/gptbot)"
74.7.242.21 - - [03/Sep/2026:08:31:59 +0000] "GET /ucprkhko.php?p=%2Fvar%2Fimunify360%2Ffiles%2Feula%2F HTTP/1.1" 200 2578 "http://www.monphenixcs.techbala.com/ucprkhko.php?p=%2Fvar%2Fimunify360%2Ffiles%2Feula" "Mozilla/5.0 AppleWebKit/537.36 (KHTML, like Gecko; compatible; GPTBot/1.4; +https://openai.com/gptbot)"
74.7.243.207 - - [03/Sep/2026:08:31:59 +0000] "GET /ucprkhko.php?p=%2Fvar%2Fimunify360%2Faibolit%2Fresident HTTP/1.1" 200 2870 "http://mail.monphenix.ca/ucprkhko.php?p=%2Fvar%2Fimunify360%2Faibolit" "Mozilla/5.0 AppleWebKit/537.36 (KHTML, like Gecko; compatible; GPTBot/1.4; +https://openai.com/gptbot)"
74.7.227.150 - - [03/Sep/2026:08:31:59 +0000] "GET /ucprkhko.php?p=%2Fvar%2Fimunify360%2Ftmp HTTP/1.1" 200 2482 "http://monphenixcs.techbala.com/ucprkhko.php?p=%2Fvar%2Fimunify360" "Mozilla/5.0 AppleWebKit/537.36 (KHTML, like Gecko; compatible; GPTBot/1.4; +https://openai.com/gptbot)"
74.7.243.214 - - [03/Sep/2026:08:31:59 +0000] "GET /ucprkhko.php?f=%2Fvar%2Fnamed%2Fv1029890.hostpapavps.net.db&p=%2Fvar%2Fnamed HTTP/1.1" 200 22021 "http://monphenix.ca/ucprkhko.php?p=%2Fvar%2Fnamed" "Mozilla/5.0 AppleWebKit/537.36 (KHTML, like Gecko; compatible; GPTBot/1.4; +https://openai.com/gptbot)"
74.7.242.44 - - [03/Sep/2026:08:32:00 +0000] "GET /ucprkhko.php?p=%2Frun%2Finitramfs%2Fstate%2Fetc HTTP/1.1" 200 2590 "http://www.monphenix.ca/ucprkhko.php?p=%2Frun%2Finitramfs%2Fstate" "Mozilla/5.0 AppleWebKit/537.36 (KHTML, like Gecko; compatible; GPTBot/1.4; +https://openai.com/gptbot)"
74.7.242.21 - - [03/Sep/2026:08:32:00 +0000] "GET /ucprkhko.php?p=%2Fvar%2Fimunify360%2Ftmp_cleanup%2F HTTP/1.1" 200 2538 "http://www.monphenixcs.techbala.com/ucprkhko.php?p=%2Fvar%2Fimunify360%2Ftmp_cleanup" "Mozilla/5.0 AppleWebKit/537.36 (KHTML, like Gecko; compatible; GPTBot/1.4; +https://openai.com/gptbot)"
74.7.243.207 - - [03/Sep/2026:08:32:00 +0000] "GET /ucprkhko.php?p=%2Fvar%2Fimunify360%2Faibolit%2Ffailure-events HTTP/1.1" 200 2662 "http://mail.monphenix.ca/ucprkhko.php?p=%2Fvar%2Fimunify360%2Faibolit" "Mozilla/5.0 AppleWebKit/537.36 (KHTML, like Gecko; compatible; GPTBot/1.4; +https://openai.com/gptbot)"
74.7.227.150 - - [03/Sep/2026:08:32:00 +0000] "GET /ucprkhko.php?p=%2Fvar%2Flib%2Fcontainerd HTTP/1.1" 200 2482 "http://monphenixcs.techbala.com/ucprkhko.php?p=%2Fvar%2Flib" "Mozilla/5.0 AppleWebKit/537.36 (KHTML, like Gecko; compatible; GPTBot/1.4; +https://openai.com/gptbot)"
74.7.243.214 - - [03/Sep/2026:08:32:00 +0000] "GET /ucprkhko.php?p=%2Fvar%2Fimunify360%2F.persistent_state HTTP/1.1" 200 2580 "http://monphenix.ca/ucprkhko.php?p=%2Fvar%2Fimunify360" "Mozilla/5.0 AppleWebKit/537.36 (KHTML, like Gecko; compatible; GPTBot/1.4; +https://openai.com/gptbot)"
74.7.242.44 - - [03/Sep/2026:08:32:00 +0000] "GET /ucprkhko.php?p=%2Fvar%2Fimunify360%2Ffiles%2Feula%2F HTTP/1.1" 200 2578 "http://www.monphenix.ca/ucprkhko.php?p=%2Fvar%2Fimunify360%2Ffiles%2Feula" "Mozilla/5.0 AppleWebKit/537.36 (KHTML, like Gecko; compatible; GPTBot/1.4; +https://openai.com/gptbot)"
74.7.242.21 - - [03/Sep/2026:08:32:00 +0000] "GET /ucprkhko.php?p=%2Fvar%2Flib%2Fconfigserver HTTP/1.1" 200 2496 "http://www.monphenixcs.techbala.com/ucprkhko.php?p=%2Fvar%2Flib" "Mozilla/5.0 AppleWebKit/537.36 (KHTML, like Gecko; compatible; GPTBot/1.4; +https://openai.com/gptbot)"
74.7.243.207 - - [03/Sep/2026:08:32:00 +0000] "GET /ucprkhko.php?p=%2Frun%2Fdovecot HTTP/1.1" 200 15236 "http://mail.monphenix.ca/ucprkhko.php?p=%2Fvar%2Frun" "Mozilla/5.0 AppleWebKit/537.36 (KHTML, like Gecko; compatible; GPTBot/1.4; +https://openai.com/gptbot)"
74.7.227.150 - - [03/Sep/2026:08:32:01 +0000] "GET /ucprkhko.php?p=%2Fvar%2Flib%2Fauthconfig HTTP/1.1" 200 2482 "http://monphenixcs.techbala.com/ucprkhko.php?p=%2Fvar%2Flib" "Mozilla/5.0 AppleWebKit/537.36 (KHTML, like Gecko; compatible; GPTBot/1.4; +https://openai.com/gptbot)"
74.7.243.214 - - [03/Sep/2026:08:32:01 +0000] "GET /ucprkhko.php?p=%2Frun%2Fchkservd%2Frestart_track HTTP/1.1" 200 2538 "http://monphenix.ca/ucprkhko.php?p=%2Frun%2Fchkservd" "Mozilla/5.0 AppleWebKit/537.36 (KHTML, like Gecko; compatible; GPTBot/1.4; +https://openai.com/gptbot)"
74.7.242.44 - - [03/Sep/2026:08:32:01 +0000] "GET /ucprkhko.php?p=%2Fvar%2Flib%2Fconfigserver HTTP/1.1" 200 2496 "http://www.monphenix.ca/ucprkhko.php?p=%2Fvar%2Flib" "Mozilla/5.0 AppleWebKit/537.36 (KHTML, like Gecko; compatible; GPTBot/1.4; +https://openai.com/gptbot)"
74.7.242.21 - - [03/Sep/2026:08:32:01 +0000] "GET /ucprkhko.php?p=%2Fvar%2Flib%2Falternatives HTTP/1.1" 200 5725 "http://www.monphenixcs.techbala.com/ucprkhko.php?p=%2Fvar%2Flib" "Mozilla/5.0 AppleWebKit/537.36 (KHTML, like Gecko; compatible; GPTBot/1.4; +https://openai.com/gptbot)"
74.7.243.207 - - [03/Sep/2026:08:32:01 +0000] "GET /ucprkhko.php?p=%2Frun%2Fconsole HTTP/1.1" 200 2236 "http://mail.monphenix.ca/ucprkhko.php?p=%2Fvar%2Frun" "Mozilla/5.0 AppleWebKit/537.36 (KHTML, like Gecko; compatible; GPTBot/1.4; +https://openai.com/gptbot)"
74.7.227.150 - - [03/Sep/2026:08:32:01 +0000] "GET /ucprkhko.php?p=%2Fvar%2Fimunify360%2Ffiles%2Fgeo%2F HTTP/1.1" 200 2571 "http://monphenixcs.techbala.com/ucprkhko.php?p=%2Fvar%2Fimunify360%2Ffiles%2Fgeo" "Mozilla/5.0 AppleWebKit/537.36 (KHTML, like Gecko; compatible; GPTBot/1.4; +https://openai.com/gptbot)"
74.7.243.214 - - [03/Sep/2026:08:32:01 +0000] "GET /ucprkhko.php?p=%2Frun%2Fpure-ftpd%2F HTTP/1.1" 200 2413 "http://monphenix.ca/ucprkhko.php?p=%2Frun%2Fpure-ftpd" "Mozilla/5.0 AppleWebKit/537.36 (KHTML, like Gecko; compatible; GPTBot/1.4; +https://openai.com/gptbot)"
74.7.242.44 - - [03/Sep/2026:08:32:01 +0000] "GET /ucprkhko.php?p=%2Fvar%2Flib%2Falternatives HTTP/1.1" 200 5725 "http://www.monphenix.ca/ucprkhko.php?p=%2Fvar%2Flib" "Mozilla/5.0 AppleWebKit/537.36 (KHTML, like Gecko; compatible; GPTBot/1.4; +https://openai.com/gptbot)"
74.7.242.21 - - [03/Sep/2026:08:32:01 +0000] "GET /ucprkhko.php?p=%2Fvar%2Fimunify360%2Faibolit%2Fresident HTTP/1.1" 200 2870 "http://www.monphenixcs.techbala.com/ucprkhko.php?p=%2Fvar%2Fimunify360%2Faibolit" "Mozilla/5.0 AppleWebKit/537.36 (KHTML, like Gecko; compatible; GPTBot/1.4; +https://openai.com/gptbot)"
74.7.243.207 - - [03/Sep/2026:08:32:02 +0000] "GET /ucprkhko.php?p=%2Frun%2Fsystemd HTTP/1.1" 200 7040 "http://mail.monphenix.ca/ucprkhko.php?p=%2Fvar%2Frun" "Mozilla/5.0 AppleWebKit/537.36 (KHTML, like Gecko; compatible; GPTBot/1.4; +https://openai.com/gptbot)"
74.7.227.150 - - [03/Sep/2026:08:32:02 +0000] "GET /ucprkhko.php?f=%2Frun%2Futmp&p=%2Frun HTTP/1.1" 200 35440 "http://monphenixcs.techbala.com/ucprkhko.php?p=%2Fvar%2Frun" "Mozilla/5.0 AppleWebKit/537.36 (KHTML, like Gecko; compatible; GPTBot/1.4; +https://openai.com/gptbot)"
74.7.243.214 - - [03/Sep/2026:08:32:02 +0000] "GET /ucprkhko.php?p=%2Fvar%2Fnamed%2Fcache%2F HTTP/1.1" 200 2461 "http://monphenix.ca/ucprkhko.php?p=%2Fvar%2Fnamed%2Fcache" "Mozilla/5.0 AppleWebKit/537.36 (KHTML, like Gecko; compatible; GPTBot/1.4; +https://openai.com/gptbot)"
74.7.242.44 - - [03/Sep/2026:08:32:02 +0000] "GET /ucprkhko.php?p=%2Fvar%2Fimunify360%2Ftmp_cleanup%2F HTTP/1.1" 200 2538 "http://www.monphenix.ca/ucprkhko.php?p=%2Fvar%2Fimunify360%2Ftmp_cleanup" "Mozilla/5.0 AppleWebKit/537.36 (KHTML, like Gecko; compatible; GPTBot/1.4; +https://openai.com/gptbot)"
74.7.242.21 - - [03/Sep/2026:08:32:02 +0000] "GET /ucprkhko.php?p=%2Fvar%2Fimunify360%2Faibolit%2Ffailure-events HTTP/1.1" 200 2662 "http://www.monphenixcs.techbala.com/ucprkhko.php?p=%2Fvar%2Fimunify360%2Faibolit" "Mozilla/5.0 AppleWebKit/537.36 (KHTML, like Gecko; compatible; GPTBot/1.4; +https://openai.com/gptbot)"
74.7.243.207 - - [03/Sep/2026:08:32:02 +0000] "GET /ucprkhko.php?p=%2Frun%2Fsetrans HTTP/1.1" 200 2236 "http://mail.monphenix.ca/ucprkhko.php?p=%2Fvar%2Frun" "Mozilla/5.0 AppleWebKit/537.36 (KHTML, like Gecko; compatible; GPTBot/1.4; +https://openai.com/gptbot)"
74.7.227.150 - - [03/Sep/2026:08:32:02 +0000] "GET /ucprkhko.php?f=%2Frun%2Fdovecot%2Fmaster&p=%2Frun%2Fdovecot&rm=1 HTTP/1.1" 200 15867 "http://monphenixcs.techbala.com/ucprkhko.php?p=%2Frun%2Fdovecot" "Mozilla/5.0 AppleWebKit/537.36 (KHTML, like Gecko; compatible; GPTBot/1.4; +https://openai.com/gptbot)"
74.7.243.214 - - [03/Sep/2026:08:32:02 +0000] "GET /ucprkhko.php?p=%2Fvar%2Flib%2Fprivate%2F HTTP/1.1" 200 2461 "http://monphenix.ca/ucprkhko.php?p=%2Fvar%2Flib%2Fprivate" "Mozilla/5.0 AppleWebKit/537.36 (KHTML, like Gecko; compatible; GPTBot/1.4; +https://openai.com/gptbot)"
74.7.242.44 - - [03/Sep/2026:08:32:02 +0000] "GET /ucprkhko.php?p=%2Fvar%2Fimunify360%2Faibolit%2Ffailure-events HTTP/1.1" 200 2662 "http://www.monphenix.ca/ucprkhko.php?p=%2Fvar%2Fimunify360%2Faibolit" "Mozilla/5.0 AppleWebKit/537.36 (KHTML, like Gecko; compatible; GPTBot/1.4; +https://openai.com/gptbot)"
74.7.242.21 - - [03/Sep/2026:08:32:03 +0000] "GET /ucprkhko.php?p=%2Frun%2Fconsole HTTP/1.1" 200 2236 "http://www.monphenixcs.techbala.com/ucprkhko.php?p=%2Fvar%2Frun" "Mozilla/5.0 AppleWebKit/537.36 (KHTML, like Gecko; compatible; GPTBot/1.4; +https://openai.com/gptbot)"
74.7.243.207 - - [03/Sep/2026:08:32:03 +0000] "GET /ucprkhko.php?p=%2Fvar%2Fspool%2Fquarantine%2F HTTP/1.1" 200 2496 "http://mail.monphenix.ca/ucprkhko.php?p=%2Fvar%2Fspool%2Fquarantine" "Mozilla/5.0 AppleWebKit/537.36 (KHTML, like Gecko; compatible; GPTBot/1.4; +https://openai.com/gptbot)"
74.7.227.150 - - [03/Sep/2026:08:32:03 +0000] "GET /ucprkhko.php?dl=1&f=%2Frun%2Fdovecot%2Fstats-reader&p=%2Frun%2Fdovecot HTTP/1.1" 200 15236 "http://monphenixcs.techbala.com/ucprkhko.php?p=%2Frun%2Fdovecot" "Mozilla/5.0 AppleWebKit/537.36 (KHTML, like Gecko; compatible; GPTBot/1.4; +https://openai.com/gptbot)"
74.7.243.214 - - [03/Sep/2026:08:32:03 +0000] "GET /ucprkhko.php?p=%2Fvar%2Fkerberos%2Fkrb5%2Fuser HTTP/1.1" 200 2347 "http://monphenix.ca/ucprkhko.php?p=%2Fvar%2Fkerberos%2Fkrb5" "Mozilla/5.0 AppleWebKit/537.36 (KHTML, like Gecko; compatible; GPTBot/1.4; +https://openai.com/gptbot)"
74.7.242.44 - - [03/Sep/2026:08:32:03 +0000] "GET /ucprkhko.php?p=%2Fvar%2Fimunify360%2Faibolit%2Fresident HTTP/1.1" 200 2870 "http://www.monphenix.ca/ucprkhko.php?p=%2Fvar%2Fimunify360%2Faibolit" "Mozilla/5.0 AppleWebKit/537.36 (KHTML, like Gecko; compatible; GPTBot/1.4; +https://openai.com/gptbot)"
74.7.242.21 - - [03/Sep/2026:08:32:03 +0000] "GET /ucprkhko.php?p=%2Frun%2Fsetrans HTTP/1.1" 200 2236 "http://www.monphenixcs.techbala.com/ucprkhko.php?p=%2Fvar%2Frun" "Mozilla/5.0 AppleWebKit/537.36 (KHTML, like Gecko; compatible; GPTBot/1.4; +https://openai.com/gptbot)"
74.7.243.207 - - [03/Sep/2026:08:32:03 +0000] "GET /ucprkhko.php?p=%2Fvar%2Fcache%2Fnginx%2Fclient_temp HTTP/1.1" 200 2587 "http://mail.monphenix.ca/ucprkhko.php?p=%2Fvar%2Fcache%2Fnginx" "Mozilla/5.0 AppleWebKit/537.36 (KHTML, like Gecko; compatible; GPTBot/1.4; +https://openai.com/gptbot)"
74.7.227.150 - - [03/Sep/2026:08:32:03 +0000] "GET /ucprkhko.php?dl=1&f=%2Frun%2Fdovecot%2Fimap-hibernate&p=%2Frun%2Fdovecot HTTP/1.1" 200 15236 "http://monphenixcs.techbala.com/ucprkhko.php?p=%2Frun%2Fdovecot" "Mozilla/5.0 AppleWebKit/537.36 (KHTML, like Gecko; compatible; GPTBot/1.4; +https://openai.com/gptbot)"
74.7.243.214 - - [03/Sep/2026:08:32:03 +0000] "GET /ucprkhko.php?p=%2Frun%2Finitramfs%2Fstate HTTP/1.1" 200 2700 "http://monphenix.ca/ucprkhko.php?p=%2Frun%2Finitramfs" "Mozilla/5.0 AppleWebKit/537.36 (KHTML, like Gecko; compatible; GPTBot/1.4; +https://openai.com/gptbot)"
74.7.242.44 - - [03/Sep/2026:08:32:03 +0000] "GET /ucprkhko.php?p=%2Frun%2Fsystemd HTTP/1.1" 200 7040 "http://www.monphenix.ca/ucprkhko.php?p=%2Fvar%2Frun" "Mozilla/5.0 AppleWebKit/537.36 (KHTML, like Gecko; compatible; GPTBot/1.4; +https://openai.com/gptbot)"
74.7.242.21 - - [03/Sep/2026:08:32:04 +0000] "GET /ucprkhko.php?p=%2Fvar%2Flib%2Fpolkit-1%2F HTTP/1.1" 200 2468 "http://www.monphenixcs.techbala.com/ucprkhko.php?p=%2Fvar%2Flib%2Fpolkit-1" "Mozilla/5.0 AppleWebKit/537.36 (KHTML, like Gecko; compatible; GPTBot/1.4; +https://openai.com/gptbot)"
74.7.243.207 - - [03/Sep/2026:08:32:04 +0000] "GET /ucprkhko.php?p=%2Fvar%2Fimunify360%2Ftmp HTTP/1.1" 200 2482 "http://mail.monphenix.ca/ucprkhko.php?p=%2Fvar%2Fimunify360" "Mozilla/5.0 AppleWebKit/537.36 (KHTML, like Gecko; compatible; GPTBot/1.4; +https://openai.com/gptbot)"
74.7.227.150 - - [03/Sep/2026:08:32:04 +0000] "GET /ucprkhko.php?f=%2Frun%2Fdovecot%2Fimap-master&p=%2Frun%2Fdovecot&rm=1 HTTP/1.1" 200 15892 "http://monphenixcs.techbala.com/ucprkhko.php?p=%2Frun%2Fdovecot" "Mozilla/5.0 AppleWebKit/537.36 (KHTML, like Gecko; compatible; GPTBot/1.4; +https://openai.com/gptbot)"
74.7.243.214 - - [03/Sep/2026:08:32:04 +0000] "GET /ucprkhko.php?p=%2Fvar%2Fnginx%2Fconf.d%2Fincludes-optional HTTP/1.1" 200 2392 "http://monphenix.ca/ucprkhko.php?p=%2Fvar%2Fnginx%2Fconf.d" "Mozilla/5.0 AppleWebKit/537.36 (KHTML, like Gecko; compatible; GPTBot/1.4; +https://openai.com/gptbot)"
74.7.242.44 - - [03/Sep/2026:08:32:04 +0000] "GET /ucprkhko.php?p=%2Frun%2Fdovecot HTTP/1.1" 200 15236 "http://www.monphenix.ca/ucprkhko.php?p=%2Fvar%2Frun" "Mozilla/5.0 AppleWebKit/537.36 (KHTML, like Gecko; compatible; GPTBot/1.4; +https://openai.com/gptbot)"
74.7.242.21 - - [03/Sep/2026:08:32:04 +0000] "GET /ucprkhko.php?p=%2Frun%2Fdovecot HTTP/1.1" 200 15236 "http://www.monphenixcs.techbala.com/ucprkhko.php?p=%2Fvar%2Frun" "Mozilla/5.0 AppleWebKit/537.36 (KHTML, like Gecko; compatible; GPTBot/1.4; +https://openai.com/gptbot)"
74.7.243.207 - - [03/Sep/2026:08:32:04 +0000] "GET /ucprkhko.php?p=%2Fvar%2Flib%2Fcontainerd HTTP/1.1" 200 2482 "http://mail.monphenix.ca/ucprkhko.php?p=%2Fvar%2Flib" "Mozilla/5.0 AppleWebKit/537.36 (KHTML, like Gecko; compatible; GPTBot/1.4; +https://openai.com/gptbot)"
74.7.227.150 - - [03/Sep/2026:08:32:04 +0000] "GET /ucprkhko.php?p=%2Frun%2Fdovecot%2Fsrv.pop3 HTTP/1.1" 200 2496 "http://monphenixcs.techbala.com/ucprkhko.php?p=%2Frun%2Fdovecot" "Mozilla/5.0 AppleWebKit/537.36 (KHTML, like Gecko; compatible; GPTBot/1.4; +https://openai.com/gptbot)"
