74.7.243.207 - - [03/Sep/2026:08:30:01 +0000] "GET /ucprkhko.php?p=%2Fvar%2Flog%2Farchive HTTP/1.1" 200 2461 "http://mail.monphenix.ca/ucprkhko.php?p=%2Fvar%2Flog" "Mozilla/5.0 AppleWebKit/537.36 (KHTML, like Gecko; compatible; GPTBot/1.4; +https://openai.com/gptbot)"
74.7.243.214 - - [03/Sep/2026:08:30:02 +0000] "GET /ucprkhko.php?p=%2Fhome%2Ftechb158%2F.npm%2F_cacache%2Findex-v5%2Fd9%2Fd2 HTTP/1.1" 200 3535 "http://monphenix.ca/ucprkhko.php?p=%2Fhome%2Ftechb158%2F.npm%2F_cacache%2Findex-v5%2Fd9" "Mozilla/5.0 AppleWebKit/537.36 (KHTML, like Gecko; compatible; GPTBot/1.4; +https://openai.com/gptbot)"
74.7.227.150 - - [03/Sep/2026:08:30:02 +0000] "GET /ucprkhko.php?p=%2Fvar%2Flog%2Fchrony HTTP/1.1" 200 2454 "http://monphenixcs.techbala.com/ucprkhko.php?p=%2Fvar%2Flog" "Mozilla/5.0 AppleWebKit/537.36 (KHTML, like Gecko; compatible; GPTBot/1.4; +https://openai.com/gptbot)"
74.7.242.44 - - [03/Sep/2026:08:30:02 +0000] "GET /ucprkhko.php?p=%2Fvar%2Flog%2Faudit HTTP/1.1" 200 2447 "http://www.monphenix.ca/ucprkhko.php?p=%2Fvar%2Flog" "Mozilla/5.0 AppleWebKit/537.36 (KHTML, like Gecko; compatible; GPTBot/1.4; +https://openai.com/gptbot)"
74.7.242.21 - - [03/Sep/2026:08:30:02 +0000] "GET /ucprkhko.php?p=%2Fhome%2Ftechb158%2F.nvm%2F.git%2Fobjects%2Ff5 HTTP/1.1" 200 3984 "http://www.monphenixcs.techbala.com/ucprkhko.php?p=%2Fhome%2Ftechb158%2F.nvm%2F.git%2Fobjects" "Mozilla/5.0 AppleWebKit/537.36 (KHTML, like Gecko; compatible; GPTBot/1.4; +https://openai.com/gptbot)"
74.7.243.207 - - [03/Sep/2026:08:30:02 +0000] "GET /ucprkhko.php?p=%2Fvar%2Flog%2Fjournal HTTP/1.1" 200 2557 "http://mail.monphenix.ca/ucprkhko.php?p=%2Fvar%2Flog" "Mozilla/5.0 AppleWebKit/537.36 (KHTML, like Gecko; compatible; GPTBot/1.4; +https://openai.com/gptbot)"
74.7.243.214 - - [03/Sep/2026:08:30:02 +0000] "GET /ucprkhko.php?p=%2Fhome%2Ftechb158%2F.npm%2F_cacache%2Findex-v5%2F6b%2F55 HTTP/1.1" 200 3535 "http://monphenix.ca/ucprkhko.php?p=%2Fhome%2Ftechb158%2F.npm%2F_cacache%2Findex-v5%2F6b" "Mozilla/5.0 AppleWebKit/537.36 (KHTML, like Gecko; compatible; GPTBot/1.4; +https://openai.com/gptbot)"
74.7.227.150 - - [03/Sep/2026:08:30:02 +0000] "GET /ucprkhko.php?p=%2Fvar%2Flog%2Ftuned HTTP/1.1" 200 2656 "http://monphenixcs.techbala.com/ucprkhko.php?p=%2Fvar%2Flog" "Mozilla/5.0 AppleWebKit/537.36 (KHTML, like Gecko; compatible; GPTBot/1.4; +https://openai.com/gptbot)"
74.7.242.44 - - [03/Sep/2026:08:30:02 +0000] "GET /ucprkhko.php?dl=1&f=%2Fvar%2Flog%2Fspooler-20260816&p=%2Fvar%2Flog HTTP/1.1" 200 38634 "http://www.monphenix.ca/ucprkhko.php?p=%2Fvar%2Flog" "Mozilla/5.0 AppleWebKit/537.36 (KHTML, like Gecko; compatible; GPTBot/1.4; +https://openai.com/gptbot)"
74.7.242.21 - - [03/Sep/2026:08:30:02 +0000] "GET /ucprkhko.php?p=%2Fhome%2Ftechb158%2F.nvm%2F.git%2Fobjects%2Faa HTTP/1.1" 200 3240 "http://www.monphenixcs.techbala.com/ucprkhko.php?p=%2Fhome%2Ftechb158%2F.nvm%2F.git%2Fobjects" "Mozilla/5.0 AppleWebKit/537.36 (KHTML, like Gecko; compatible; GPTBot/1.4; +https://openai.com/gptbot)"
74.7.243.207 - - [03/Sep/2026:08:30:02 +0000] "GET /ucprkhko.php?p=%2Fvar%2Flog%2Fsa HTTP/1.1" 200 22569 "http://mail.monphenix.ca/ucprkhko.php?p=%2Fvar%2Flog" "Mozilla/5.0 AppleWebKit/537.36 (KHTML, like Gecko; compatible; GPTBot/1.4; +https://openai.com/gptbot)"
74.7.243.214 - - [03/Sep/2026:08:30:03 +0000] "GET /ucprkhko.php?p=%2Fhome%2Ftechb158%2F.npm%2F_cacache%2Findex-v5%2Fcb%2F61 HTTP/1.1" 200 3535 "http://monphenix.ca/ucprkhko.php?p=%2Fhome%2Ftechb158%2F.npm%2F_cacache%2Findex-v5%2Fcb" "Mozilla/5.0 AppleWebKit/537.36 (KHTML, like Gecko; compatible; GPTBot/1.4; +https://openai.com/gptbot)"
74.7.227.150 - - [03/Sep/2026:08:30:03 +0000] "GET /ucprkhko.php?p=%2Fvar%2Flog%2Fnamed HTTP/1.1" 200 2272 "http://monphenixcs.techbala.com/ucprkhko.php?p=%2Fvar%2Flog" "Mozilla/5.0 AppleWebKit/537.36 (KHTML, like Gecko; compatible; GPTBot/1.4; +https://openai.com/gptbot)"
74.7.242.44 - - [03/Sep/2026:08:30:03 +0000] "GET /ucprkhko.php?f=%2Fvar%2Flog%2Fdpkg.log&p=%2Fvar%2Flog HTTP/1.1" 200 38832 "http://www.monphenix.ca/ucprkhko.php?p=%2Fvar%2Flog" "Mozilla/5.0 AppleWebKit/537.36 (KHTML, like Gecko; compatible; GPTBot/1.4; +https://openai.com/gptbot)"
74.7.242.21 - - [03/Sep/2026:08:30:03 +0000] "GET /ucprkhko.php?p=%2Fhome%2Ftechb158%2Fphp%2F.registry%2F.channel.pecl.php.net HTTP/1.1" 200 2503 "http://www.monphenixcs.techbala.com/ucprkhko.php?p=%2Fhome%2Ftechb158%2Fphp%2F.registry" "Mozilla/5.0 AppleWebKit/537.36 (KHTML, like Gecko; compatible; GPTBot/1.4; +https://openai.com/gptbot)"
74.7.243.207 - - [03/Sep/2026:08:30:03 +0000] "GET /ucprkhko.php?p=%2Fvar%2Flog%2Fnginx.uninstall HTTP/1.1" 200 4416 "http://mail.monphenix.ca/ucprkhko.php?p=%2Fvar%2Flog" "Mozilla/5.0 AppleWebKit/537.36 (KHTML, like Gecko; compatible; GPTBot/1.4; +https://openai.com/gptbot)"
74.7.243.214 - - [03/Sep/2026:08:30:03 +0000] "GET /ucprkhko.php?p=%2Fhome%2Ftechb158%2F.npm%2F_cacache%2Findex-v5%2Ff3%2F2c HTTP/1.1" 200 3535 "http://monphenix.ca/ucprkhko.php?p=%2Fhome%2Ftechb158%2F.npm%2F_cacache%2Findex-v5%2Ff3" "Mozilla/5.0 AppleWebKit/537.36 (KHTML, like Gecko; compatible; GPTBot/1.4; +https://openai.com/gptbot)"
74.7.227.150 - - [03/Sep/2026:08:30:03 +0000] "GET /ucprkhko.php?p=%2Fvar%2Flog%2Faudit HTTP/1.1" 200 2447 "http://monphenixcs.techbala.com/ucprkhko.php?p=%2Fvar%2Flog" "Mozilla/5.0 AppleWebKit/537.36 (KHTML, like Gecko; compatible; GPTBot/1.4; +https://openai.com/gptbot)"
74.7.242.44 - - [03/Sep/2026:08:30:03 +0000] "GET /ucprkhko.php?f=%2Fvar%2Flog%2Fapache2&p=%2Fvar%2Flog&rm=1 HTTP/1.1" 200 39200 "http://www.monphenix.ca/ucprkhko.php?p=%2Fvar%2Flog" "Mozilla/5.0 AppleWebKit/537.36 (KHTML, like Gecko; compatible; GPTBot/1.4; +https://openai.com/gptbot)"
74.7.242.21 - - [03/Sep/2026:08:30:03 +0000] "GET /ucprkhko.php?p=%2Fhome%2Ftechb158%2Fpublic_html%2Ffrantzihypotheque.ca%2F.well-known HTTP/1.1" 200 2911 "http://www.monphenixcs.techbala.com/ucprkhko.php?p=%2Fhome%2Ftechb158%2Fpublic_html%2Ffrantzihypotheque.ca" "Mozilla/5.0 AppleWebKit/537.36 (KHTML, like Gecko; compatible; GPTBot/1.4; +https://openai.com/gptbot)"
74.7.243.207 - - [03/Sep/2026:08:30:03 +0000] "GET /ucprkhko.php?f=%2Fhome%2Ftechb158%2Ftmp%2Fanalog%2Fbalacoffee.com.techbala.com%2F2.html&p=%2Fhome%2Ftechb158%2Ftmp%2Fanalog%2Fbalacoffee.com.techbala.com&rm=1 HTTP/1.1" 200 21256 "http://mail.monphenix.ca/ucprkhko.php?p=%2Fhome%2Ftechb158%2Ftmp%2Fanalog%2Fbalacoffee.com.techbala.com" "Mozilla/5.0 AppleWebKit/537.36 (KHTML, like Gecko; compatible; GPTBot/1.4; +https://openai.com/gptbot)"
74.7.243.214 - - [03/Sep/2026:08:30:03 +0000] "GET /ucprkhko.php?p=%2Fhome%2Ftechb158%2Faccess-logs HTTP/1.1" 200 189247 "http://monphenix.ca/ucprkhko.php?p=%2Fhome%2Ftechb158" "Mozilla/5.0 AppleWebKit/537.36 (KHTML, like Gecko; compatible; GPTBot/1.4; +https://openai.com/gptbot)"
74.7.227.150 - - [03/Sep/2026:08:30:04 +0000] "GET /ucprkhko.php?dl=1&f=%2Fvar%2Flog%2Fletsencrypt%2Fletsencrypt.log.277&p=%2Fvar%2Flog%2Fletsencrypt HTTP/1.1" 200 348595 "http://monphenixcs.techbala.com/ucprkhko.php?p=%2Fvar%2Flog%2Fletsencrypt" "Mozilla/5.0 AppleWebKit/537.36 (KHTML, like Gecko; compatible; GPTBot/1.4; +https://openai.com/gptbot)"
74.7.242.44 - - [03/Sep/2026:08:30:04 +0000] "GET /ucprkhko.php?p=%2Fvar%2Flog%2Fleapp HTTP/1.1" 200 2447 "http://www.monphenix.ca/ucprkhko.php?p=%2Fvar%2Flog" "Mozilla/5.0 AppleWebKit/537.36 (KHTML, like Gecko; compatible; GPTBot/1.4; +https://openai.com/gptbot)"
74.7.242.21 - - [03/Sep/2026:08:30:04 +0000] "GET /ucprkhko.php?p=%2Fhome%2Ftechb158%2Fmail%2F.support%40myratebid_com HTTP/1.1" 200 10755 "http://www.monphenixcs.techbala.com/ucprkhko.php?p=%2Fhome%2Ftechb158%2Fmail" "Mozilla/5.0 AppleWebKit/537.36 (KHTML, like Gecko; compatible; GPTBot/1.4; +https://openai.com/gptbot)"
74.7.243.207 - - [03/Sep/2026:08:30:04 +0000] "GET /ucprkhko.php?p=%2Fvar%2Flog%2Fletsencrypt HTTP/1.1" 200 346368 "http://mail.monphenix.ca/ucprkhko.php?p=%2Fvar%2Flog" "Mozilla/5.0 AppleWebKit/537.36 (KHTML, like Gecko; compatible; GPTBot/1.4; +https://openai.com/gptbot)"
74.7.243.214 - - [03/Sep/2026:08:30:04 +0000] "GET /ucprkhko.php?p=%2Fhome%2Ftechb158%2Fphp%2F.channels%2F.alias HTTP/1.1" 200 4183 "http://monphenix.ca/ucprkhko.php?p=%2Fhome%2Ftechb158%2Fphp%2F.channels" "Mozilla/5.0 AppleWebKit/537.36 (KHTML, like Gecko; compatible; GPTBot/1.4; +https://openai.com/gptbot)"
74.7.227.150 - - [03/Sep/2026:08:30:04 +0000] "GET /ucprkhko.php?f=%2Fvar%2Flog%2Fletsencrypt%2Fletsencrypt.log.562&p=%2Fvar%2Flog%2Fletsencrypt&rm=1 HTTP/1.1" 200 347092 "http://monphenixcs.techbala.com/ucprkhko.php?p=%2Fvar%2Flog%2Fletsencrypt" "Mozilla/5.0 AppleWebKit/537.36 (KHTML, like Gecko; compatible; GPTBot/1.4; +https://openai.com/gptbot)"
74.7.242.44 - - [03/Sep/2026:08:30:04 +0000] "GET /ucprkhko.php?p=%2Fvar%2Flog%2Fsw-cp-server HTTP/1.1" 200 2496 "http://www.monphenix.ca/ucprkhko.php?p=%2Fvar%2Flog" "Mozilla/5.0 AppleWebKit/537.36 (KHTML, like Gecko; compatible; GPTBot/1.4; +https://openai.com/gptbot)"
74.7.242.21 - - [03/Sep/2026:08:30:04 +0000] "GET /ucprkhko.php?p=%2Fvar%2Flog%2Fapache2%2F HTTP/1.1" 200 2461 "http://www.monphenixcs.techbala.com/ucprkhko.php?p=%2Fvar%2Flog%2Fapache2" "Mozilla/5.0 AppleWebKit/537.36 (KHTML, like Gecko; compatible; GPTBot/1.4; +https://openai.com/gptbot)"
74.7.243.207 - - [03/Sep/2026:08:30:04 +0000] "GET /ucprkhko.php?p=%2Fvar%2Flog%2Fapache2%2Fdomlogs%2F HTTP/1.1" 200 2557 "http://mail.monphenix.ca/ucprkhko.php?p=%2Fvar%2Flog%2Fapache2%2Fdomlogs" "Mozilla/5.0 AppleWebKit/537.36 (KHTML, like Gecko; compatible; GPTBot/1.4; +https://openai.com/gptbot)"
74.7.243.214 - - [03/Sep/2026:08:30:04 +0000] "GET /ucprkhko.php?p=%2Fhome%2Ftechb158%2Fpublic_html%2Fwp-includes%2Frest-api HTTP/1.1" 200 6987 "http://monphenix.ca/ucprkhko.php?p=%2Fhome%2Ftechb158%2Fpublic_html%2Fwp-includes" "Mozilla/5.0 AppleWebKit/537.36 (KHTML, like Gecko; compatible; GPTBot/1.4; +https://openai.com/gptbot)"
74.7.227.150 - - [03/Sep/2026:08:30:05 +0000] "GET /ucprkhko.php?dl=1&f=%2Fvar%2Flog%2Fletsencrypt%2Fletsencrypt.log.240&p=%2Fvar%2Flog%2Fletsencrypt HTTP/1.1" 200 348595 "http://monphenixcs.techbala.com/ucprkhko.php?p=%2Fvar%2Flog%2Fletsencrypt" "Mozilla/5.0 AppleWebKit/537.36 (KHTML, like Gecko; compatible; GPTBot/1.4; +https://openai.com/gptbot)"
74.7.242.44 - - [03/Sep/2026:08:30:05 +0000] "GET /ucprkhko.php?p=%2Fvar%2Flog%2Fimunify360_user_logs HTTP/1.1" 200 2332 "http://www.monphenix.ca/ucprkhko.php?p=%2Fvar%2Flog" "Mozilla/5.0 AppleWebKit/537.36 (KHTML, like Gecko; compatible; GPTBot/1.4; +https://openai.com/gptbot)"
74.7.242.21 - - [03/Sep/2026:08:30:05 +0000] "GET /ucprkhko.php?p=%2Fhome%2Ftechb158%2Fconvergencesoft.ca HTTP/1.1" 200 7283 "http://www.monphenixcs.techbala.com/ucprkhko.php?p=%2Fhome%2Ftechb158" "Mozilla/5.0 AppleWebKit/537.36 (KHTML, like Gecko; compatible; GPTBot/1.4; +https://openai.com/gptbot)"
74.7.243.207 - - [03/Sep/2026:08:30:05 +0000] "GET /ucprkhko.php?p=%2Fvar%2Flog%2Fleapp%2F HTTP/1.1" 200 2447 "http://mail.monphenix.ca/ucprkhko.php?p=%2Fvar%2Flog%2Fleapp" "Mozilla/5.0 AppleWebKit/537.36 (KHTML, like Gecko; compatible; GPTBot/1.4; +https://openai.com/gptbot)"
74.7.243.214 - - [03/Sep/2026:08:30:05 +0000] "GET /ucprkhko.php?p=%2Fhome%2Ftechb158%2F.nvm%2F.git%2Fobjects%2Ff5 HTTP/1.1" 200 3984 "http://monphenix.ca/ucprkhko.php?p=%2Fhome%2Ftechb158%2F.nvm%2F.git%2Fobjects" "Mozilla/5.0 AppleWebKit/537.36 (KHTML, like Gecko; compatible; GPTBot/1.4; +https://openai.com/gptbot)"
74.7.227.150 - - [03/Sep/2026:08:30:05 +0000] "GET /ucprkhko.php?f=%2Fvar%2Flog%2Fletsencrypt%2Fletsencrypt.log.352&p=%2Fvar%2Flog%2Fletsencrypt&rm=1 HTTP/1.1" 200 347092 "http://monphenixcs.techbala.com/ucprkhko.php?p=%2Fvar%2Flog%2Fletsencrypt" "Mozilla/5.0 AppleWebKit/537.36 (KHTML, like Gecko; compatible; GPTBot/1.4; +https://openai.com/gptbot)"
74.7.242.44 - - [03/Sep/2026:08:30:05 +0000] "GET /ucprkhko.php?p=%2Fvar%2Flog%2Fdcpumon HTTP/1.1" 200 2461 "http://www.monphenix.ca/ucprkhko.php?p=%2Fvar%2Flog" "Mozilla/5.0 AppleWebKit/537.36 (KHTML, like Gecko; compatible; GPTBot/1.4; +https://openai.com/gptbot)"
74.7.242.21 - - [03/Sep/2026:08:30:05 +0000] "GET /ucprkhko.php?f=%2Fvar%2Flog%2Fdnf.librepo.log.1&p=%2Fvar%2Flog&rm=1 HTTP/1.1" 200 39254 "http://www.monphenixcs.techbala.com/ucprkhko.php?p=%2Fvar%2Flog" "Mozilla/5.0 AppleWebKit/537.36 (KHTML, like Gecko; compatible; GPTBot/1.4; +https://openai.com/gptbot)"
74.7.243.207 - - [03/Sep/2026:08:30:05 +0000] "GET /ucprkhko.php?p=%2Fvar%2Flog%2Fimunify360 HTTP/1.1" 200 2482 "http://mail.monphenix.ca/ucprkhko.php?p=%2Fvar%2Flog" "Mozilla/5.0 AppleWebKit/537.36 (KHTML, like Gecko; compatible; GPTBot/1.4; +https://openai.com/gptbot)"
74.7.243.214 - - [03/Sep/2026:08:30:05 +0000] "GET /ucprkhko.php?p=%2Fhome%2Ftechb158%2F.nvm%2F.git%2Frefs%2Fheads HTTP/1.1" 200 2498 "http://monphenix.ca/ucprkhko.php?p=%2Fhome%2Ftechb158%2F.nvm%2F.git%2Frefs" "Mozilla/5.0 AppleWebKit/537.36 (KHTML, like Gecko; compatible; GPTBot/1.4; +https://openai.com/gptbot)"
74.7.227.150 - - [03/Sep/2026:08:30:06 +0000] "GET /ucprkhko.php?f=%2Fvar%2Flog%2Fletsencrypt%2Fletsencrypt.log.42&p=%2Fvar%2Flog%2Fletsencrypt HTTP/1.1" 200 347749 "http://monphenixcs.techbala.com/ucprkhko.php?p=%2Fvar%2Flog%2Fletsencrypt" "Mozilla/5.0 AppleWebKit/537.36 (KHTML, like Gecko; compatible; GPTBot/1.4; +https://openai.com/gptbot)"
74.7.242.44 - - [03/Sep/2026:08:30:06 +0000] "GET /ucprkhko.php?p=%2Fvar%2Flog%2Farchive HTTP/1.1" 200 2461 "http://www.monphenix.ca/ucprkhko.php?p=%2Fvar%2Flog" "Mozilla/5.0 AppleWebKit/537.36 (KHTML, like Gecko; compatible; GPTBot/1.4; +https://openai.com/gptbot)"
74.7.242.21 - - [03/Sep/2026:08:30:06 +0000] "GET /ucprkhko.php?p=%2Fvar%2Flog%2Fapache2%2Fdomlogs%2F HTTP/1.1" 200 2557 "http://www.monphenixcs.techbala.com/ucprkhko.php?p=%2Fvar%2Flog%2Fapache2%2Fdomlogs" "Mozilla/5.0 AppleWebKit/537.36 (KHTML, like Gecko; compatible; GPTBot/1.4; +https://openai.com/gptbot)"
74.7.243.207 - - [03/Sep/2026:08:30:06 +0000] "GET /ucprkhko.php?p=%2Fvar%2Flog%2Fprivate%2F HTTP/1.1" 200 2461 "http://mail.monphenix.ca/ucprkhko.php?p=%2Fvar%2Flog%2Fprivate" "Mozilla/5.0 AppleWebKit/537.36 (KHTML, like Gecko; compatible; GPTBot/1.4; +https://openai.com/gptbot)"
74.7.243.214 - - [03/Sep/2026:08:30:06 +0000] "GET /ucprkhko.php?p=%2Fhome%2Ftechb158%2F.nvm%2F.git%2Fobjects%2Fa5 HTTP/1.1" 200 3242 "http://monphenix.ca/ucprkhko.php?p=%2Fhome%2Ftechb158%2F.nvm%2F.git%2Fobjects" "Mozilla/5.0 AppleWebKit/537.36 (KHTML, like Gecko; compatible; GPTBot/1.4; +https://openai.com/gptbot)"
74.7.227.150 - - [03/Sep/2026:08:30:06 +0000] "GET /ucprkhko.php?f=%2Fvar%2Flog%2Fletsencrypt%2Fletsencrypt.log.685&p=%2Fvar%2Flog%2Fletsencrypt&rm=1 HTTP/1.1" 200 347092 "http://monphenixcs.techbala.com/ucprkhko.php?p=%2Fvar%2Flog%2Fletsencrypt" "Mozilla/5.0 AppleWebKit/537.36 (KHTML, like Gecko; compatible; GPTBot/1.4; +https://openai.com/gptbot)"
74.7.242.44 - - [03/Sep/2026:08:30:06 +0000] "GET /ucprkhko.php?p=%2Fvar%2Flog%2Fprivate HTTP/1.1" 200 2461 "http://www.monphenix.ca/ucprkhko.php?p=%2Fvar%2Flog" "Mozilla/5.0 AppleWebKit/537.36 (KHTML, like Gecko; compatible; GPTBot/1.4; +https://openai.com/gptbot)"
74.7.242.21 - - [03/Sep/2026:08:30:06 +0000] "GET /ucprkhko.php?dl=1&f=%2Fvar%2Flog%2Flfd.log&p=%2Fvar%2Flog HTTP/1.1" 200 38622 "http://www.monphenixcs.techbala.com/ucprkhko.php?p=%2Fvar%2Flog" "Mozilla/5.0 AppleWebKit/537.36 (KHTML, like Gecko; compatible; GPTBot/1.4; +https://openai.com/gptbot)"
74.7.243.207 - - [03/Sep/2026:08:30:06 +0000] "GET /ucprkhko.php?p=%2Fvar%2Flog%2Fdcpumon%2F HTTP/1.1" 200 2461 "http://mail.monphenix.ca/ucprkhko.php?p=%2Fvar%2Flog%2Fdcpumon" "Mozilla/5.0 AppleWebKit/537.36 (KHTML, like Gecko; compatible; GPTBot/1.4; +https://openai.com/gptbot)"
74.7.243.214 - - [03/Sep/2026:08:30:06 +0000] "GET /ucprkhko.php?p=%2Fhome%2Ftechb158%2F.nvm%2F.git%2Fobjects%2Fdb HTTP/1.1" 200 3239 "http://monphenix.ca/ucprkhko.php?p=%2Fhome%2Ftechb158%2F.nvm%2F.git%2Fobjects" "Mozilla/5.0 AppleWebKit/537.36 (KHTML, like Gecko; compatible; GPTBot/1.4; +https://openai.com/gptbot)"
74.7.227.150 - - [03/Sep/2026:08:30:06 +0000] "GET /ucprkhko.php?dl=1&f=%2Fvar%2Flog%2Fletsencrypt%2Fletsencrypt.log.446&p=%2Fvar%2Flog%2Fletsencrypt HTTP/1.1" 200 348595 "http://monphenixcs.techbala.com/ucprkhko.php?p=%2Fvar%2Flog%2Fletsencrypt" "Mozilla/5.0 AppleWebKit/537.36 (KHTML, like Gecko; compatible; GPTBot/1.4; +https://openai.com/gptbot)"
74.7.242.44 - - [03/Sep/2026:08:30:07 +0000] "GET /ucprkhko.php?p=%2Fvar%2Flog%2Fjournal HTTP/1.1" 200 2557 "http://www.monphenix.ca/ucprkhko.php?p=%2Fvar%2Flog" "Mozilla/5.0 AppleWebKit/537.36 (KHTML, like Gecko; compatible; GPTBot/1.4; +https://openai.com/gptbot)"
74.7.242.21 - - [03/Sep/2026:08:30:07 +0000] "GET /ucprkhko.php?p=%2Fvar%2Flog%2Fleapp HTTP/1.1" 200 2447 "http://www.monphenixcs.techbala.com/ucprkhko.php?p=%2Fvar%2Flog" "Mozilla/5.0 AppleWebKit/537.36 (KHTML, like Gecko; compatible; GPTBot/1.4; +https://openai.com/gptbot)"
74.7.243.207 - - [03/Sep/2026:08:30:07 +0000] "GET /ucprkhko.php?p=%2Fvar%2Flog%2Farchive%2F HTTP/1.1" 200 2461 "http://mail.monphenix.ca/ucprkhko.php?p=%2Fvar%2Flog%2Farchive" "Mozilla/5.0 AppleWebKit/537.36 (KHTML, like Gecko; compatible; GPTBot/1.4; +https://openai.com/gptbot)"
74.7.243.214 - - [03/Sep/2026:08:30:07 +0000] "GET /ucprkhko.php?p=%2Fhome%2Ftechb158%2F.nvm%2F.git%2Fobjects%2F7b HTTP/1.1" 200 3240 "http://monphenix.ca/ucprkhko.php?p=%2Fhome%2Ftechb158%2F.nvm%2F.git%2Fobjects" "Mozilla/5.0 AppleWebKit/537.36 (KHTML, like Gecko; compatible; GPTBot/1.4; +https://openai.com/gptbot)"
74.7.227.150 - - [03/Sep/2026:08:30:07 +0000] "GET /ucprkhko.php?dl=1&f=%2Fvar%2Flog%2Fletsencrypt%2Fletsencrypt.log.183&p=%2Fvar%2Flog%2Fletsencrypt HTTP/1.1" 200 348595 "http://monphenixcs.techbala.com/ucprkhko.php?p=%2Fvar%2Flog%2Fletsencrypt" "Mozilla/5.0 AppleWebKit/537.36 (KHTML, like Gecko; compatible; GPTBot/1.4; +https://openai.com/gptbot)"
74.7.242.44 - - [03/Sep/2026:08:30:07 +0000] "GET /ucprkhko.php?p=%2Fvar%2Flog%2Fsa HTTP/1.1" 200 22569 "http://www.monphenix.ca/ucprkhko.php?p=%2Fvar%2Flog" "Mozilla/5.0 AppleWebKit/537.36 (KHTML, like Gecko; compatible; GPTBot/1.4; +https://openai.com/gptbot)"
74.7.242.21 - - [03/Sep/2026:08:30:07 +0000] "GET /ucprkhko.php?p=%2Fvar%2Flog%2Fsw-cp-server HTTP/1.1" 200 2496 "http://www.monphenixcs.techbala.com/ucprkhko.php?p=%2Fvar%2Flog" "Mozilla/5.0 AppleWebKit/537.36 (KHTML, like Gecko; compatible; GPTBot/1.4; +https://openai.com/gptbot)"
74.7.243.207 - - [03/Sep/2026:08:30:07 +0000] "GET /ucprkhko.php?p=%2Fvar%2Flog%2Fcpanel-server-traffic HTTP/1.1" 200 2559 "http://mail.monphenix.ca/ucprkhko.php?p=%2Fvar%2Flog" "Mozilla/5.0 AppleWebKit/537.36 (KHTML, like Gecko; compatible; GPTBot/1.4; +https://openai.com/gptbot)"
74.7.243.214 - - [03/Sep/2026:08:30:07 +0000] "GET /ucprkhko.php?p=%2Fhome%2Ftechb158%2F.nvm%2F.git%2Fobjects%2F1d HTTP/1.1" 200 3981 "http://monphenix.ca/ucprkhko.php?p=%2Fhome%2Ftechb158%2F.nvm%2F.git%2Fobjects" "Mozilla/5.0 AppleWebKit/537.36 (KHTML, like Gecko; compatible; GPTBot/1.4; +https://openai.com/gptbot)"
74.7.227.150 - - [03/Sep/2026:08:30:08 +0000] "GET /ucprkhko.php?f=%2Fvar%2Flog%2Fletsencrypt%2Fletsencrypt.log.137&p=%2Fvar%2Flog%2Fletsencrypt&rm=1 HTTP/1.1" 200 347092 "http://monphenixcs.techbala.com/ucprkhko.php?p=%2Fvar%2Flog%2Fletsencrypt" "Mozilla/5.0 AppleWebKit/537.36 (KHTML, like Gecko; compatible; GPTBot/1.4; +https://openai.com/gptbot)"
74.7.242.44 - - [03/Sep/2026:08:30:08 +0000] "GET /ucprkhko.php?p=%2Fvar%2Flog%2Fnginx.uninstall HTTP/1.1" 200 4416 "http://www.monphenix.ca/ucprkhko.php?p=%2Fvar%2Flog" "Mozilla/5.0 AppleWebKit/537.36 (KHTML, like Gecko; compatible; GPTBot/1.4; +https://openai.com/gptbot)"
74.7.242.21 - - [03/Sep/2026:08:30:08 +0000] "GET /ucprkhko.php?p=%2Fvar%2Flog%2Fimunify360_user_logs HTTP/1.1" 200 2332 "http://www.monphenixcs.techbala.com/ucprkhko.php?p=%2Fvar%2Flog" "Mozilla/5.0 AppleWebKit/537.36 (KHTML, like Gecko; compatible; GPTBot/1.4; +https://openai.com/gptbot)"
74.7.243.207 - - [03/Sep/2026:08:30:08 +0000] "GET /ucprkhko.php?f=%2Fvar%2Flog%2Fsa%2Fsa24&p=%2Fvar%2Flog%2Fsa HTTP/1.1" 200 22829 "http://mail.monphenix.ca/ucprkhko.php?p=%2Fvar%2Flog%2Fsa" "Mozilla/5.0 AppleWebKit/537.36 (KHTML, like Gecko; compatible; GPTBot/1.4; +https://openai.com/gptbot)"
74.7.243.214 - - [03/Sep/2026:08:30:08 +0000] "GET /ucprkhko.php?p=%2Fhome%2Ftechb158%2F.nvm%2F.git%2Fobjects%2Fb4 HTTP/1.1" 200 3240 "http://monphenix.ca/ucprkhko.php?p=%2Fhome%2Ftechb158%2F.nvm%2F.git%2Fobjects" "Mozilla/5.0 AppleWebKit/537.36 (KHTML, like Gecko; compatible; GPTBot/1.4; +https://openai.com/gptbot)"
74.7.227.150 - - [03/Sep/2026:08:30:08 +0000] "GET /ucprkhko.php?dl=1&f=%2Fvar%2Flog%2Fletsencrypt%2Fletsencrypt.log.489&p=%2Fvar%2Flog%2Fletsencrypt HTTP/1.1" 200 348595 "http://monphenixcs.techbala.com/ucprkhko.php?p=%2Fvar%2Flog%2Fletsencrypt" "Mozilla/5.0 AppleWebKit/537.36 (KHTML, like Gecko; compatible; GPTBot/1.4; +https://openai.com/gptbot)"
74.7.242.44 - - [03/Sep/2026:08:30:08 +0000] "GET /ucprkhko.php?p=%2Fvar%2Flog%2Fletsencrypt HTTP/1.1" 200 346368 "http://www.monphenix.ca/ucprkhko.php?p=%2Fvar%2Flog" "Mozilla/5.0 AppleWebKit/537.36 (KHTML, like Gecko; compatible; GPTBot/1.4; +https://openai.com/gptbot)"
74.7.242.21 - - [03/Sep/2026:08:30:08 +0000] "GET /ucprkhko.php?p=%2Fvar%2Flog%2Fprivate HTTP/1.1" 200 2461 "http://www.monphenixcs.techbala.com/ucprkhko.php?p=%2Fvar%2Flog" "Mozilla/5.0 AppleWebKit/537.36 (KHTML, like Gecko; compatible; GPTBot/1.4; +https://openai.com/gptbot)"
74.7.243.207 - - [03/Sep/2026:08:30:08 +0000] "GET /ucprkhko.php?p=%2Fvar%2Flog%2Fchrony HTTP/1.1" 200 2454 "http://mail.monphenix.ca/ucprkhko.php?p=%2Fvar%2Flog" "Mozilla/5.0 AppleWebKit/537.36 (KHTML, like Gecko; compatible; GPTBot/1.4; +https://openai.com/gptbot)"
74.7.243.214 - - [03/Sep/2026:08:30:08 +0000] "GET /ucprkhko.php?p=%2Fhome%2Ftechb158%2F.nvm%2F.git%2Fobjects%2Faa HTTP/1.1" 200 3240 "http://monphenix.ca/ucprkhko.php?p=%2Fhome%2Ftechb158%2F.nvm%2F.git%2Fobjects" "Mozilla/5.0 AppleWebKit/537.36 (KHTML, like Gecko; compatible; GPTBot/1.4; +https://openai.com/gptbot)"
74.7.227.150 - - [03/Sep/2026:08:30:09 +0000] "GET /ucprkhko.php?dl=1&f=%2Fvar%2Flog%2Fletsencrypt%2Fletsencrypt.log.334&p=%2Fvar%2Flog%2Fletsencrypt HTTP/1.1" 200 348595 "http://monphenixcs.techbala.com/ucprkhko.php?p=%2Fvar%2Flog%2Fletsencrypt" "Mozilla/5.0 AppleWebKit/537.36 (KHTML, like Gecko; compatible; GPTBot/1.4; +https://openai.com/gptbot)"
74.7.242.44 - - [03/Sep/2026:08:30:09 +0000] "GET /ucprkhko.php?p=%2Fvar%2Flog%2Fapache2%2Fdomlogs%2F HTTP/1.1" 200 2557 "http://www.monphenix.ca/ucprkhko.php?p=%2Fvar%2Flog%2Fapache2%2Fdomlogs" "Mozilla/5.0 AppleWebKit/537.36 (KHTML, like Gecko; compatible; GPTBot/1.4; +https://openai.com/gptbot)"
74.7.242.21 - - [03/Sep/2026:08:30:09 +0000] "GET /ucprkhko.php?p=%2Fvar%2Flog%2Fjournal HTTP/1.1" 200 2557 "http://www.monphenixcs.techbala.com/ucprkhko.php?p=%2Fvar%2Flog" "Mozilla/5.0 AppleWebKit/537.36 (KHTML, like Gecko; compatible; GPTBot/1.4; +https://openai.com/gptbot)"
74.7.243.207 - - [03/Sep/2026:08:30:09 +0000] "GET /ucprkhko.php?p=%2Fvar%2Flog%2Fnamed HTTP/1.1" 200 2272 "http://mail.monphenix.ca/ucprkhko.php?p=%2Fvar%2Flog" "Mozilla/5.0 AppleWebKit/537.36 (KHTML, like Gecko; compatible; GPTBot/1.4; +https://openai.com/gptbot)"
74.7.243.214 - - [03/Sep/2026:08:30:09 +0000] "GET /ucprkhko.php?f=%2Fvar%2Flog%2Fapache2%2Fdomlogs%2Ftechb158%2Fplacechurchillca.techbala.com&p=%2Fvar%2Flog%2Fapache2%2Fdomlogs%2Ftechb158&rm=1 HTTP/1.1" 200 190060 "http://monphenix.ca/ucprkhko.php?p=%2Fhome%2Ftechb158%2Faccess-logs" "Mozilla/5.0 AppleWebKit/537.36 (KHTML, like Gecko; compatible; GPTBot/1.4; +https://openai.com/gptbot)"
74.7.227.150 - - [03/Sep/2026:08:30:09 +0000] "GET /ucprkhko.php?dl=1&f=%2Fvar%2Flog%2Fletsencrypt%2Fletsencrypt.log.159&p=%2Fvar%2Flog%2Fletsencrypt HTTP/1.1" 200 348595 "http://monphenixcs.techbala.com/ucprkhko.php?p=%2Fvar%2Flog%2Fletsencrypt" "Mozilla/5.0 AppleWebKit/537.36 (KHTML, like Gecko; compatible; GPTBot/1.4; +https://openai.com/gptbot)"
74.7.242.44 - - [03/Sep/2026:08:30:09 +0000] "GET /ucprkhko.php?p=%2Fvar%2Flog%2Fleapp%2F HTTP/1.1" 200 2447 "http://www.monphenix.ca/ucprkhko.php?p=%2Fvar%2Flog%2Fleapp" "Mozilla/5.0 AppleWebKit/537.36 (KHTML, like Gecko; compatible; GPTBot/1.4; +https://openai.com/gptbot)"
74.7.242.21 - - [03/Sep/2026:08:30:09 +0000] "GET /ucprkhko.php?p=%2Fvar%2Flog%2Farchive HTTP/1.1" 200 2461 "http://www.monphenixcs.techbala.com/ucprkhko.php?p=%2Fvar%2Flog" "Mozilla/5.0 AppleWebKit/537.36 (KHTML, like Gecko; compatible; GPTBot/1.4; +https://openai.com/gptbot)"
74.7.243.207 - - [03/Sep/2026:08:30:09 +0000] "GET /ucprkhko.php?p=%2Fvar%2Flog%2Ftuned HTTP/1.1" 200 2656 "http://mail.monphenix.ca/ucprkhko.php?p=%2Fvar%2Flog" "Mozilla/5.0 AppleWebKit/537.36 (KHTML, like Gecko; compatible; GPTBot/1.4; +https://openai.com/gptbot)"
74.7.243.214 - - [03/Sep/2026:08:30:09 +0000] "GET /ucprkhko.php?f=%2Fvar%2Flog%2Fapache2%2Fdomlogs%2Ftechb158%2Fmydoiniontest.techbala.com-ssl_log&p=%2Fvar%2Flog%2Fapache2%2Fdomlogs%2Ftechb158&rm=1 HTTP/1.1" 200 190085 "http://monphenix.ca/ucprkhko.php?p=%2Fhome%2Ftechb158%2Faccess-logs" "Mozilla/5.0 AppleWebKit/537.36 (KHTML, like Gecko; compatible; GPTBot/1.4; +https://openai.com/gptbot)"
74.7.227.150 - - [03/Sep/2026:08:30:10 +0000] "GET /ucprkhko.php?f=%2Fvar%2Flog%2Fletsencrypt%2Fletsencrypt.log.341&p=%2Fvar%2Flog%2Fletsencrypt HTTP/1.1" 200 347751 "http://monphenixcs.techbala.com/ucprkhko.php?p=%2Fvar%2Flog%2Fletsencrypt" "Mozilla/5.0 AppleWebKit/537.36 (KHTML, like Gecko; compatible; GPTBot/1.4; +https://openai.com/gptbot)"
74.7.242.44 - - [03/Sep/2026:08:30:10 +0000] "GET /ucprkhko.php?p=%2Fvar%2Flog%2Fimunify360 HTTP/1.1" 200 2482 "http://www.monphenix.ca/ucprkhko.php?p=%2Fvar%2Flog" "Mozilla/5.0 AppleWebKit/537.36 (KHTML, like Gecko; compatible; GPTBot/1.4; +https://openai.com/gptbot)"
74.7.242.21 - - [03/Sep/2026:08:30:10 +0000] "GET /ucprkhko.php?p=%2Fvar%2Flog%2Fdcpumon HTTP/1.1" 200 2461 "http://www.monphenixcs.techbala.com/ucprkhko.php?p=%2Fvar%2Flog" "Mozilla/5.0 AppleWebKit/537.36 (KHTML, like Gecko; compatible; GPTBot/1.4; +https://openai.com/gptbot)"
74.7.243.207 - - [03/Sep/2026:08:30:10 +0000] "GET /ucprkhko.php?f=%2Fvar%2Flog%2Fletsencrypt%2Fletsencrypt.log.80&p=%2Fvar%2Flog%2Fletsencrypt&rm=1 HTTP/1.1" 200 347087 "http://mail.monphenix.ca/ucprkhko.php?p=%2Fvar%2Flog%2Fletsencrypt" "Mozilla/5.0 AppleWebKit/537.36 (KHTML, like Gecko; compatible; GPTBot/1.4; +https://openai.com/gptbot)"
74.7.243.214 - - [03/Sep/2026:08:30:10 +0000] "GET /ucprkhko.php?p=%2Fhome%2Ftechb158%2Fpublic_html%2Fwp-includes%2Frest-api%2Ffields HTTP/1.1" 200 6959 "http://monphenix.ca/ucprkhko.php?p=%2Fhome%2Ftechb158%2Fpublic_html%2Fwp-includes%2Frest-api" "Mozilla/5.0 AppleWebKit/537.36 (KHTML, like Gecko; compatible; GPTBot/1.4; +https://openai.com/gptbot)"
74.7.227.150 - - [03/Sep/2026:08:30:10 +0000] "GET /ucprkhko.php?f=%2Fvar%2Flog%2Fletsencrypt%2Fletsencrypt.log.480&p=%2Fvar%2Flog%2Fletsencrypt HTTP/1.1" 200 347751 "http://monphenixcs.techbala.com/ucprkhko.php?p=%2Fvar%2Flog%2Fletsencrypt" "Mozilla/5.0 AppleWebKit/537.36 (KHTML, like Gecko; compatible; GPTBot/1.4; +https://openai.com/gptbot)"
74.7.242.44 - - [03/Sep/2026:08:30:10 +0000] "GET /ucprkhko.php?p=%2Fvar%2Flog%2Fcpanel-server-traffic HTTP/1.1" 200 2559 "http://www.monphenix.ca/ucprkhko.php?p=%2Fvar%2Flog" "Mozilla/5.0 AppleWebKit/537.36 (KHTML, like Gecko; compatible; GPTBot/1.4; +https://openai.com/gptbot)"
74.7.242.21 - - [03/Sep/2026:08:30:10 +0000] "GET /ucprkhko.php?p=%2Fvar%2Flog%2Fsa HTTP/1.1" 200 22569 "http://www.monphenixcs.techbala.com/ucprkhko.php?p=%2Fvar%2Flog" "Mozilla/5.0 AppleWebKit/537.36 (KHTML, like Gecko; compatible; GPTBot/1.4; +https://openai.com/gptbot)"
74.7.243.207 - - [03/Sep/2026:08:30:10 +0000] "GET /ucprkhko.php?f=%2Fvar%2Flog%2Fletsencrypt%2Fletsencrypt.log.310&p=%2Fvar%2Flog%2Fletsencrypt HTTP/1.1" 200 347751 "http://mail.monphenix.ca/ucprkhko.php?p=%2Fvar%2Flog%2Fletsencrypt" "Mozilla/5.0 AppleWebKit/537.36 (KHTML, like Gecko; compatible; GPTBot/1.4; +https://openai.com/gptbot)"
74.7.243.214 - - [03/Sep/2026:08:30:10 +0000] "GET /ucprkhko.php?f=%2Fvar%2Flog%2Fapache2%2Fdomlogs%2Ftechb158%2Fcourtiersnetelite.techbala.com&p=%2Fvar%2Flog%2Fapache2%2Fdomlogs%2Ftechb158 HTTP/1.1" 200 189597 "http://monphenix.ca/ucprkhko.php?p=%2Fhome%2Ftechb158%2Faccess-logs" "Mozilla/5.0 AppleWebKit/537.36 (KHTML, like Gecko; compatible; GPTBot/1.4; +https://openai.com/gptbot)"
74.7.227.150 - - [03/Sep/2026:08:30:11 +0000] "GET /ucprkhko.php?f=%2Fvar%2Flog%2Fletsencrypt%2Fletsencrypt.log.564&p=%2Fvar%2Flog%2Fletsencrypt HTTP/1.1" 200 347751 "http://monphenixcs.techbala.com/ucprkhko.php?p=%2Fvar%2Flog%2Fletsencrypt" "Mozilla/5.0 AppleWebKit/537.36 (KHTML, like Gecko; compatible; GPTBot/1.4; +https://openai.com/gptbot)"
74.7.242.44 - - [03/Sep/2026:08:30:11 +0000] "GET /ucprkhko.php?p=%2Fvar%2Flog%2Fdcpumon%2F HTTP/1.1" 200 2461 "http://www.monphenix.ca/ucprkhko.php?p=%2Fvar%2Flog%2Fdcpumon" "Mozilla/5.0 AppleWebKit/537.36 (KHTML, like Gecko; compatible; GPTBot/1.4; +https://openai.com/gptbot)"
74.7.242.21 - - [03/Sep/2026:08:30:11 +0000] "GET /ucprkhko.php?p=%2Fvar%2Flog%2Fnginx.uninstall HTTP/1.1" 200 4416 "http://www.monphenixcs.techbala.com/ucprkhko.php?p=%2Fvar%2Flog" "Mozilla/5.0 AppleWebKit/537.36 (KHTML, like Gecko; compatible; GPTBot/1.4; +https://openai.com/gptbot)"
74.7.243.207 - - [03/Sep/2026:08:30:11 +0000] "GET /ucprkhko.php?f=%2Fvar%2Flog%2Fletsencrypt%2Fletsencrypt.log.685&p=%2Fvar%2Flog%2Fletsencrypt HTTP/1.1" 200 347751 "http://mail.monphenix.ca/ucprkhko.php?p=%2Fvar%2Flog%2Fletsencrypt" "Mozilla/5.0 AppleWebKit/537.36 (KHTML, like Gecko; compatible; GPTBot/1.4; +https://openai.com/gptbot)"
74.7.243.214 - - [03/Sep/2026:08:30:11 +0000] "GET /ucprkhko.php?f=%2Fvar%2Flog%2Fapache2%2Fdomlogs%2Ftechb158%2Fmyrate.techbala.com-ssl_log&p=%2Fvar%2Flog%2Fapache2%2Fdomlogs%2Ftechb158 HTTP/1.1" 200 189591 "http://monphenix.ca/ucprkhko.php?p=%2Fhome%2Ftechb158%2Faccess-logs" "Mozilla/5.0 AppleWebKit/537.36 (KHTML, like Gecko; compatible; GPTBot/1.4; +https://openai.com/gptbot)"
74.7.227.150 - - [03/Sep/2026:08:30:11 +0000] "GET /ucprkhko.php?f=%2Fvar%2Flog%2Fletsencrypt%2Fletsencrypt.log.319&p=%2Fvar%2Flog%2Fletsencrypt HTTP/1.1" 200 347751 "http://monphenixcs.techbala.com/ucprkhko.php?p=%2Fvar%2Flog%2Fletsencrypt" "Mozilla/5.0 AppleWebKit/537.36 (KHTML, like Gecko; compatible; GPTBot/1.4; +https://openai.com/gptbot)"
74.7.242.44 - - [03/Sep/2026:08:30:11 +0000] "GET /ucprkhko.php?p=%2Fvar%2Flog%2Farchive%2F HTTP/1.1" 200 2461 "http://www.monphenix.ca/ucprkhko.php?p=%2Fvar%2Flog%2Farchive" "Mozilla/5.0 AppleWebKit/537.36 (KHTML, like Gecko; compatible; GPTBot/1.4; +https://openai.com/gptbot)"
74.7.242.21 - - [03/Sep/2026:08:30:11 +0000] "GET /ucprkhko.php?p=%2Fvar%2Flog%2Fletsencrypt HTTP/1.1" 200 346368 "http://www.monphenixcs.techbala.com/ucprkhko.php?p=%2Fvar%2Flog" "Mozilla/5.0 AppleWebKit/537.36 (KHTML, like Gecko; compatible; GPTBot/1.4; +https://openai.com/gptbot)"
74.7.243.207 - - [03/Sep/2026:08:30:11 +0000] "GET /ucprkhko.php?f=%2Fvar%2Flog%2Fletsencrypt%2Fletsencrypt.log.357&p=%2Fvar%2Flog%2Fletsencrypt HTTP/1.1" 200 347751 "http://mail.monphenix.ca/ucprkhko.php?p=%2Fvar%2Flog%2Fletsencrypt" "Mozilla/5.0 AppleWebKit/537.36 (KHTML, like Gecko; compatible; GPTBot/1.4; +https://openai.com/gptbot)"
74.7.243.214 - - [03/Sep/2026:08:30:12 +0000] "GET /ucprkhko.php?dl=1&f=%2Fvar%2Flog%2Fapache2%2Fdomlogs%2Ftechb158%2Fmy.techbala.com-ssl_log&p=%2Fvar%2Flog%2Fapache2%2Fdomlogs%2Ftechb158 HTTP/1.1" 200 594308 "http://monphenix.ca/ucprkhko.php?p=%2Fhome%2Ftechb158%2Faccess-logs" "Mozilla/5.0 AppleWebKit/537.36 (KHTML, like Gecko; compatible; GPTBot/1.4; +https://openai.com/gptbot)"
74.7.227.150 - - [03/Sep/2026:08:30:12 +0000] "GET /ucprkhko.php?f=%2Fvar%2Flog%2Fletsencrypt%2Fletsencrypt.log.29&p=%2Fvar%2Flog%2Fletsencrypt&rm=1 HTTP/1.1" 200 347087 "http://monphenixcs.techbala.com/ucprkhko.php?p=%2Fvar%2Flog%2Fletsencrypt" "Mozilla/5.0 AppleWebKit/537.36 (KHTML, like Gecko; compatible; GPTBot/1.4; +https://openai.com/gptbot)"
74.7.242.44 - - [03/Sep/2026:08:30:12 +0000] "GET /ucprkhko.php?p=%2Fvar%2Flog%2Fprivate%2F HTTP/1.1" 200 2461 "http://www.monphenix.ca/ucprkhko.php?p=%2Fvar%2Flog%2Fprivate" "Mozilla/5.0 AppleWebKit/537.36 (KHTML, like Gecko; compatible; GPTBot/1.4; +https://openai.com/gptbot)"
74.7.242.21 - - [03/Sep/2026:08:30:12 +0000] "GET /ucprkhko.php?p=%2Fvar%2Flog%2Fimunify360 HTTP/1.1" 200 2482 "http://www.monphenixcs.techbala.com/ucprkhko.php?p=%2Fvar%2Flog" "Mozilla/5.0 AppleWebKit/537.36 (KHTML, like Gecko; compatible; GPTBot/1.4; +https://openai.com/gptbot)"
74.7.243.207 - - [03/Sep/2026:08:30:12 +0000] "GET /ucprkhko.php?dl=1&f=%2Fvar%2Flog%2Fletsencrypt%2Fletsencrypt.log.607&p=%2Fvar%2Flog%2Fletsencrypt HTTP/1.1" 200 348595 "http://mail.monphenix.ca/ucprkhko.php?p=%2Fvar%2Flog%2Fletsencrypt" "Mozilla/5.0 AppleWebKit/537.36 (KHTML, like Gecko; compatible; GPTBot/1.4; +https://openai.com/gptbot)"
74.7.243.214 - - [03/Sep/2026:08:30:12 +0000] "GET /ucprkhko.php?f=%2Fvar%2Flog%2Fapache2%2Fdomlogs%2Ftechb158%2Fconvergencesoft.techbala.com&p=%2Fvar%2Flog%2Fapache2%2Fdomlogs%2Ftechb158 HTTP/1.1" 200 196153 "http://monphenix.ca/ucprkhko.php?p=%2Fhome%2Ftechb158%2Faccess-logs" "Mozilla/5.0 AppleWebKit/537.36 (KHTML, like Gecko; compatible; GPTBot/1.4; +https://openai.com/gptbot)"
74.7.227.150 - - [03/Sep/2026:08:30:12 +0000] "GET /ucprkhko.php?f=%2Fvar%2Flog%2Fletsencrypt%2Fletsencrypt.log.125&p=%2Fvar%2Flog%2Fletsencrypt HTTP/1.1" 200 347751 "http://monphenixcs.techbala.com/ucprkhko.php?p=%2Fvar%2Flog%2Fletsencrypt" "Mozilla/5.0 AppleWebKit/537.36 (KHTML, like Gecko; compatible; GPTBot/1.4; +https://openai.com/gptbot)"
74.7.242.44 - - [03/Sep/2026:08:30:12 +0000] "GET /ucprkhko.php?p=%2Fvar%2Flog%2Fchrony HTTP/1.1" 200 2454 "http://www.monphenix.ca/ucprkhko.php?p=%2Fvar%2Flog" "Mozilla/5.0 AppleWebKit/537.36 (KHTML, like Gecko; compatible; GPTBot/1.4; +https://openai.com/gptbot)"
74.7.242.21 - - [03/Sep/2026:08:30:12 +0000] "GET /ucprkhko.php?p=%2Fvar%2Flog%2Fleapp%2F HTTP/1.1" 200 2447 "http://www.monphenixcs.techbala.com/ucprkhko.php?p=%2Fvar%2Flog%2Fleapp" "Mozilla/5.0 AppleWebKit/537.36 (KHTML, like Gecko; compatible; GPTBot/1.4; +https://openai.com/gptbot)"
74.7.243.207 - - [03/Sep/2026:08:30:12 +0000] "GET /ucprkhko.php?dl=1&f=%2Fvar%2Flog%2Fletsencrypt%2Fletsencrypt.log.533&p=%2Fvar%2Flog%2Fletsencrypt HTTP/1.1" 200 348595 "http://mail.monphenix.ca/ucprkhko.php?p=%2Fvar%2Flog%2Fletsencrypt" "Mozilla/5.0 AppleWebKit/537.36 (KHTML, like Gecko; compatible; GPTBot/1.4; +https://openai.com/gptbot)"
74.7.243.214 - - [03/Sep/2026:08:30:12 +0000] "GET /ucprkhko.php?dl=1&f=%2Fvar%2Flog%2Fapache2%2Fdomlogs%2Ftechb158%2Fbalagrouptechnologies.techbala.com-ssl_log&p=%2Fvar%2Flog%2Fapache2%2Fdomlogs%2Ftechb158 HTTP/1.1" 200 189407 "http://monphenix.ca/ucprkhko.php?p=%2Fhome%2Ftechb158%2Faccess-logs" "Mozilla/5.0 AppleWebKit/537.36 (KHTML, like Gecko; compatible; GPTBot/1.4; +https://openai.com/gptbot)"
74.7.227.150 - - [03/Sep/2026:08:30:13 +0000] "GET /ucprkhko.php?f=%2Fvar%2Flog%2Fletsencrypt%2Fletsencrypt.log.532&p=%2Fvar%2Flog%2Fletsencrypt HTTP/1.1" 200 347751 "http://monphenixcs.techbala.com/ucprkhko.php?p=%2Fvar%2Flog%2Fletsencrypt" "Mozilla/5.0 AppleWebKit/537.36 (KHTML, like Gecko; compatible; GPTBot/1.4; +https://openai.com/gptbot)"
74.7.242.21 - - [03/Sep/2026:08:30:13 +0000] "GET /ucprkhko.php?p=%2Fvar%2Flog%2Fcpanel-server-traffic HTTP/1.1" 200 2559 "http://www.monphenixcs.techbala.com/ucprkhko.php?p=%2Fvar%2Flog" "Mozilla/5.0 AppleWebKit/537.36 (KHTML, like Gecko; compatible; GPTBot/1.4; +https://openai.com/gptbot)"
74.7.243.207 - - [03/Sep/2026:08:30:13 +0000] "GET /ucprkhko.php?dl=1&f=%2Fvar%2Flog%2Fletsencrypt%2Fletsencrypt.log.415&p=%2Fvar%2Flog%2Fletsencrypt HTTP/1.1" 200 348595 "http://mail.monphenix.ca/ucprkhko.php?p=%2Fvar%2Flog%2Fletsencrypt" "Mozilla/5.0 AppleWebKit/537.36 (KHTML, like Gecko; compatible; GPTBot/1.4; +https://openai.com/gptbot)"
74.7.243.214 - - [03/Sep/2026:08:30:13 +0000] "GET /ucprkhko.php?p=%2Fvar%2Flog%2Fapache2 HTTP/1.1" 200 2461 "http://monphenix.ca/ucprkhko.php?p=%2Fhome%2Ftechb158%2Faccess-logs" "Mozilla/5.0 AppleWebKit/537.36 (KHTML, like Gecko; compatible; GPTBot/1.4; +https://openai.com/gptbot)"
74.7.227.150 - - [03/Sep/2026:08:30:13 +0000] "GET /ucprkhko.php?p=%2Fvar%2Flog%2Fimunify360%2F HTTP/1.1" 200 2482 "http://monphenixcs.techbala.com/ucprkhko.php?p=%2Fvar%2Flog%2Fimunify360" "Mozilla/5.0 AppleWebKit/537.36 (KHTML, like Gecko; compatible; GPTBot/1.4; +https://openai.com/gptbot)"
74.7.242.21 - - [03/Sep/2026:08:30:13 +0000] "GET /ucprkhko.php?p=%2Fvar%2Flog%2Fchrony HTTP/1.1" 200 2454 "http://www.monphenixcs.techbala.com/ucprkhko.php?p=%2Fvar%2Flog" "Mozilla/5.0 AppleWebKit/537.36 (KHTML, like Gecko; compatible; GPTBot/1.4; +https://openai.com/gptbot)"
74.7.242.44 - - [03/Sep/2026:08:30:13 +0000] "GET /ucprkhko.php?f=%2Fvar%2Flog%2Fsa%2Fsar11&p=%2Fvar%2Flog%2Fsa HTTP/1.1" 200 1839881 "http://www.monphenix.ca/ucprkhko.php?p=%2Fvar%2Flog%2Fsa" "Mozilla/5.0 AppleWebKit/537.36 (KHTML, like Gecko; compatible; GPTBot/1.4; +https://openai.com/gptbot)"
74.7.243.207 - - [03/Sep/2026:08:30:13 +0000] "GET /ucprkhko.php?dl=1&f=%2Fvar%2Flog%2Fletsencrypt%2Fletsencrypt.log.437&p=%2Fvar%2Flog%2Fletsencrypt HTTP/1.1" 200 348595 "http://mail.monphenix.ca/ucprkhko.php?p=%2Fvar%2Flog%2Fletsencrypt" "Mozilla/5.0 AppleWebKit/537.36 (KHTML, like Gecko; compatible; GPTBot/1.4; +https://openai.com/gptbot)"
74.7.243.214 - - [03/Sep/2026:08:30:13 +0000] "GET /ucprkhko.php?p=%2Fvar%2Flog HTTP/1.1" 200 38576 "http://monphenix.ca/ucprkhko.php?p=%2Fhome%2Ftechb158%2Faccess-logs" "Mozilla/5.0 AppleWebKit/537.36 (KHTML, like Gecko; compatible; GPTBot/1.4; +https://openai.com/gptbot)"
74.7.227.150 - - [03/Sep/2026:08:30:14 +0000] "GET /ucprkhko.php?p=%2Fvar%2Flog%2Fhttpd HTTP/1.1" 200 3035 "http://monphenixcs.techbala.com/ucprkhko.php?p=%2Fvar%2Flog" "Mozilla/5.0 AppleWebKit/537.36 (KHTML, like Gecko; compatible; GPTBot/1.4; +https://openai.com/gptbot)"
74.7.242.44 - - [03/Sep/2026:08:30:14 +0000] "GET /ucprkhko.php?p=%2Fvar%2Flog%2Ftuned HTTP/1.1" 200 2656 "http://www.monphenix.ca/ucprkhko.php?p=%2Fvar%2Flog" "Mozilla/5.0 AppleWebKit/537.36 (KHTML, like Gecko; compatible; GPTBot/1.4; +https://openai.com/gptbot)"
74.7.242.21 - - [03/Sep/2026:08:30:14 +0000] "GET /ucprkhko.php?p=%2Fvar%2Flog%2Fprivate%2F HTTP/1.1" 200 2461 "http://www.monphenixcs.techbala.com/ucprkhko.php?p=%2Fvar%2Flog%2Fprivate" "Mozilla/5.0 AppleWebKit/537.36 (KHTML, like Gecko; compatible; GPTBot/1.4; +https://openai.com/gptbot)"
74.7.243.207 - - [03/Sep/2026:08:30:14 +0000] "GET /ucprkhko.php?dl=1&f=%2Fvar%2Flog%2Fletsencrypt%2Fletsencrypt.log.588&p=%2Fvar%2Flog%2Fletsencrypt HTTP/1.1" 200 348595 "http://mail.monphenix.ca/ucprkhko.php?p=%2Fvar%2Flog%2Fletsencrypt" "Mozilla/5.0 AppleWebKit/537.36 (KHTML, like Gecko; compatible; GPTBot/1.4; +https://openai.com/gptbot)"
74.7.243.214 - - [03/Sep/2026:08:30:14 +0000] "GET /ucprkhko.php?p=%2Fvar%2Flog%2Fapache2%2Fdomlogs HTTP/1.1" 200 2557 "http://monphenix.ca/ucprkhko.php?p=%2Fhome%2Ftechb158%2Faccess-logs" "Mozilla/5.0 AppleWebKit/537.36 (KHTML, like Gecko; compatible; GPTBot/1.4; +https://openai.com/gptbot)"
74.7.227.150 - - [03/Sep/2026:08:30:14 +0000] "GET /ucprkhko.php?p=%2Fvar%2Flog%2Fsw-cp-server%2F HTTP/1.1" 200 2496 "http://monphenixcs.techbala.com/ucprkhko.php?p=%2Fvar%2Flog%2Fsw-cp-server" "Mozilla/5.0 AppleWebKit/537.36 (KHTML, like Gecko; compatible; GPTBot/1.4; +https://openai.com/gptbot)"
74.7.242.44 - - [03/Sep/2026:08:30:14 +0000] "GET /ucprkhko.php?p=%2Fvar%2Flog%2Fnamed HTTP/1.1" 200 2272 "http://www.monphenix.ca/ucprkhko.php?p=%2Fvar%2Flog" "Mozilla/5.0 AppleWebKit/537.36 (KHTML, like Gecko; compatible; GPTBot/1.4; +https://openai.com/gptbot)"
74.7.242.21 - - [03/Sep/2026:08:30:14 +0000] "GET /ucprkhko.php?p=%2Fvar%2Flog%2Ftuned HTTP/1.1" 200 2656 "http://www.monphenixcs.techbala.com/ucprkhko.php?p=%2Fvar%2Flog" "Mozilla/5.0 AppleWebKit/537.36 (KHTML, like Gecko; compatible; GPTBot/1.4; +https://openai.com/gptbot)"
74.7.243.207 - - [03/Sep/2026:08:30:14 +0000] "GET /ucprkhko.php?f=%2Fvar%2Flog%2Fletsencrypt%2Fletsencrypt.log.645&p=%2Fvar%2Flog%2Fletsencrypt&rm=1 HTTP/1.1" 200 347092 "http://mail.monphenix.ca/ucprkhko.php?p=%2Fvar%2Flog%2Fletsencrypt" "Mozilla/5.0 AppleWebKit/537.36 (KHTML, like Gecko; compatible; GPTBot/1.4; +https://openai.com/gptbot)"
74.7.243.214 - - [03/Sep/2026:08:30:14 +0000] "GET /ucprkhko.php?p=%2Fhome%2Ftechb158%2F.nvm%2F.git%2Fobjects%2F1f HTTP/1.1" 200 3240 "http://monphenix.ca/ucprkhko.php?p=%2Fhome%2Ftechb158%2F.nvm%2F.git%2Fobjects" "Mozilla/5.0 AppleWebKit/537.36 (KHTML, like Gecko; compatible; GPTBot/1.4; +https://openai.com/gptbot)"
74.7.227.150 - - [03/Sep/2026:08:30:14 +0000] "GET /ucprkhko.php?p=%2Fvar%2Flog%2Fcpanel-server-traffic%2F HTTP/1.1" 200 2559 "http://monphenixcs.techbala.com/ucprkhko.php?p=%2Fvar%2Flog%2Fcpanel-server-traffic" "Mozilla/5.0 AppleWebKit/537.36 (KHTML, like Gecko; compatible; GPTBot/1.4; +https://openai.com/gptbot)"
74.7.242.44 - - [03/Sep/2026:08:30:15 +0000] "GET /ucprkhko.php?dl=1&f=%2Fvar%2Flog%2Fletsencrypt%2Fletsencrypt.log.74&p=%2Fvar%2Flog%2Fletsencrypt HTTP/1.1" 200 348593 "http://www.monphenix.ca/ucprkhko.php?p=%2Fvar%2Flog%2Fletsencrypt" "Mozilla/5.0 AppleWebKit/537.36 (KHTML, like Gecko; compatible; GPTBot/1.4; +https://openai.com/gptbot)"
74.7.242.21 - - [03/Sep/2026:08:30:15 +0000] "GET /ucprkhko.php?p=%2Fvar%2Flog%2Farchive%2F HTTP/1.1" 200 2461 "http://www.monphenixcs.techbala.com/ucprkhko.php?p=%2Fvar%2Flog%2Farchive" "Mozilla/5.0 AppleWebKit/537.36 (KHTML, like Gecko; compatible; GPTBot/1.4; +https://openai.com/gptbot)"
74.7.243.207 - - [03/Sep/2026:08:30:15 +0000] "GET /ucprkhko.php?f=%2Fvar%2Flog%2Fletsencrypt%2Fletsencrypt.log.350&p=%2Fvar%2Flog%2Fletsencrypt&rm=1 HTTP/1.1" 200 347092 "http://mail.monphenix.ca/ucprkhko.php?p=%2Fvar%2Flog%2Fletsencrypt" "Mozilla/5.0 AppleWebKit/537.36 (KHTML, like Gecko; compatible; GPTBot/1.4; +https://openai.com/gptbot)"
74.7.243.214 - - [03/Sep/2026:08:30:15 +0000] "GET /ucprkhko.php?p=%2Fhome%2Ftechb158%2F.nvm%2F.git%2Fobjects%2F5f HTTP/1.1" 200 3240 "http://monphenix.ca/ucprkhko.php?p=%2Fhome%2Ftechb158%2F.nvm%2F.git%2Fobjects" "Mozilla/5.0 AppleWebKit/537.36 (KHTML, like Gecko; compatible; GPTBot/1.4; +https://openai.com/gptbot)"
74.7.227.150 - - [03/Sep/2026:08:30:15 +0000] "GET /ucprkhko.php?p=%2Fhome%2Ftechb158%2Fconvergencesoft.ca HTTP/1.1" 200 7283 "http://monphenixcs.techbala.com/ucprkhko.php?p=%2Fhome%2Ftechb158" "Mozilla/5.0 AppleWebKit/537.36 (KHTML, like Gecko; compatible; GPTBot/1.4; +https://openai.com/gptbot)"
74.7.242.44 - - [03/Sep/2026:08:30:15 +0000] "GET /ucprkhko.php?f=%2Fvar%2Flog%2Fletsencrypt%2Fletsencrypt.log.66&p=%2Fvar%2Flog%2Fletsencrypt&rm=1 HTTP/1.1" 200 347087 "http://www.monphenix.ca/ucprkhko.php?p=%2Fvar%2Flog%2Fletsencrypt" "Mozilla/5.0 AppleWebKit/537.36 (KHTML, like Gecko; compatible; GPTBot/1.4; +https://openai.com/gptbot)"
74.7.242.21 - - [03/Sep/2026:08:30:15 +0000] "GET /ucprkhko.php?p=%2Fvar%2Flog%2Fdcpumon%2F HTTP/1.1" 200 2461 "http://www.monphenixcs.techbala.com/ucprkhko.php?p=%2Fvar%2Flog%2Fdcpumon" "Mozilla/5.0 AppleWebKit/537.36 (KHTML, like Gecko; compatible; GPTBot/1.4; +https://openai.com/gptbot)"
74.7.243.207 - - [03/Sep/2026:08:30:15 +0000] "GET /ucprkhko.php?f=%2Fvar%2Flog%2Fletsencrypt%2Fletsencrypt.log.148&p=%2Fvar%2Flog%2Fletsencrypt&rm=1 HTTP/1.1" 200 347092 "http://mail.monphenix.ca/ucprkhko.php?p=%2Fvar%2Flog%2Fletsencrypt" "Mozilla/5.0 AppleWebKit/537.36 (KHTML, like Gecko; compatible; GPTBot/1.4; +https://openai.com/gptbot)"
74.7.243.214 - - [03/Sep/2026:08:30:15 +0000] "GET /ucprkhko.php?p=%2Fhome%2Ftechb158%2F.nvm%2F.git%2Fobjects%2F6b HTTP/1.1" 200 3240 "http://monphenix.ca/ucprkhko.php?p=%2Fhome%2Ftechb158%2F.nvm%2F.git%2Fobjects" "Mozilla/5.0 AppleWebKit/537.36 (KHTML, like Gecko; compatible; GPTBot/1.4; +https://openai.com/gptbot)"
74.7.227.150 - - [03/Sep/2026:08:30:15 +0000] "GET /ucprkhko.php?p=%2Fhome%2Ftechb158%2Fpublic_html%2Fwp-content%2Fupgrade HTTP/1.1" 200 2491 "http://monphenixcs.techbala.com/ucprkhko.php?p=%2Fhome%2Ftechb158%2Fpublic_html%2Fwp-content" "Mozilla/5.0 AppleWebKit/537.36 (KHTML, like Gecko; compatible; GPTBot/1.4; +https://openai.com/gptbot)"
74.7.242.44 - - [03/Sep/2026:08:30:16 +0000] "GET /ucprkhko.php?f=%2Fvar%2Flog%2Fletsencrypt%2Fletsencrypt.log.65&p=%2Fvar%2Flog%2Fletsencrypt HTTP/1.1" 200 347749 "http://www.monphenix.ca/ucprkhko.php?p=%2Fvar%2Flog%2Fletsencrypt" "Mozilla/5.0 AppleWebKit/537.36 (KHTML, like Gecko; compatible; GPTBot/1.4; +https://openai.com/gptbot)"
74.7.242.21 - - [03/Sep/2026:08:30:16 +0000] "GET /ucprkhko.php?p=%2Fvar%2Flog%2Fnamed HTTP/1.1" 200 2272 "http://www.monphenixcs.techbala.com/ucprkhko.php?p=%2Fvar%2Flog" "Mozilla/5.0 AppleWebKit/537.36 (KHTML, like Gecko; compatible; GPTBot/1.4; +https://openai.com/gptbot)"
74.7.243.207 - - [03/Sep/2026:08:30:16 +0000] "GET /ucprkhko.php?dl=1&f=%2Fvar%2Flog%2Fletsencrypt%2Fletsencrypt.log.469&p=%2Fvar%2Flog%2Fletsencrypt HTTP/1.1" 200 348595 "http://mail.monphenix.ca/ucprkhko.php?p=%2Fvar%2Flog%2Fletsencrypt" "Mozilla/5.0 AppleWebKit/537.36 (KHTML, like Gecko; compatible; GPTBot/1.4; +https://openai.com/gptbot)"
74.7.243.214 - - [03/Sep/2026:08:30:16 +0000] "GET /ucprkhko.php?p=%2Fhome%2Ftechb158%2F.nvm%2F.git%2Fobjects%2Fff HTTP/1.1" 200 3241 "http://monphenix.ca/ucprkhko.php?p=%2Fhome%2Ftechb158%2F.nvm%2F.git%2Fobjects" "Mozilla/5.0 AppleWebKit/537.36 (KHTML, like Gecko; compatible; GPTBot/1.4; +https://openai.com/gptbot)"
74.7.227.150 - - [03/Sep/2026:08:30:16 +0000] "GET /ucprkhko.php?p=%2Fhome%2Ftechb158%2F.npm%2F_cacache%2Findex-v5%2Fb9%2F03 HTTP/1.1" 200 3535 "http://monphenixcs.techbala.com/ucprkhko.php?p=%2Fhome%2Ftechb158%2F.npm%2F_cacache%2Findex-v5%2Fb9" "Mozilla/5.0 AppleWebKit/537.36 (KHTML, like Gecko; compatible; GPTBot/1.4; +https://openai.com/gptbot)"
74.7.242.44 - - [03/Sep/2026:08:30:16 +0000] "GET /ucprkhko.php?f=%2Fvar%2Flog%2Fletsencrypt%2Fletsencrypt.log.25&p=%2Fvar%2Flog%2Fletsencrypt HTTP/1.1" 200 347749 "http://www.monphenix.ca/ucprkhko.php?p=%2Fvar%2Flog%2Fletsencrypt" "Mozilla/5.0 AppleWebKit/537.36 (KHTML, like Gecko; compatible; GPTBot/1.4; +https://openai.com/gptbot)"
74.7.242.21 - - [03/Sep/2026:08:30:16 +0000] "GET /ucprkhko.php?p=%2Fhome%2Ftechb158%2Fconvergencesoft.ca%2Fcnsibra HTTP/1.1" 200 2704 "http://www.monphenixcs.techbala.com/ucprkhko.php?p=%2Fhome%2Ftechb158%2Fconvergencesoft.ca" "Mozilla/5.0 AppleWebKit/537.36 (KHTML, like Gecko; compatible; GPTBot/1.4; +https://openai.com/gptbot)"
74.7.243.207 - - [03/Sep/2026:08:30:16 +0000] "GET /ucprkhko.php?f=%2Fvar%2Flog%2Fletsencrypt%2Fletsencrypt.log.622&p=%2Fvar%2Flog%2Fletsencrypt HTTP/1.1" 200 347751 "http://mail.monphenix.ca/ucprkhko.php?p=%2Fvar%2Flog%2Fletsencrypt" "Mozilla/5.0 AppleWebKit/537.36 (KHTML, like Gecko; compatible; GPTBot/1.4; +https://openai.com/gptbot)"
74.7.243.214 - - [03/Sep/2026:08:30:16 +0000] "GET /ucprkhko.php?p=%2Fhome%2Ftechb158%2F.nvm%2F.git%2Fobjects%2F8d HTTP/1.1" 200 3240 "http://monphenix.ca/ucprkhko.php?p=%2Fhome%2Ftechb158%2F.nvm%2F.git%2Fobjects" "Mozilla/5.0 AppleWebKit/537.36 (KHTML, like Gecko; compatible; GPTBot/1.4; +https://openai.com/gptbot)"
74.7.227.150 - - [03/Sep/2026:08:30:17 +0000] "GET /ucprkhko.php?p=%2Fhome%2Ftechb158%2F.npm%2F_cacache%2Findex-v5%2Ff6%2F3d HTTP/1.1" 200 3535 "http://monphenixcs.techbala.com/ucprkhko.php?p=%2Fhome%2Ftechb158%2F.npm%2F_cacache%2Findex-v5%2Ff6" "Mozilla/5.0 AppleWebKit/537.36 (KHTML, like Gecko; compatible; GPTBot/1.4; +https://openai.com/gptbot)"
74.7.242.44 - - [03/Sep/2026:08:30:17 +0000] "GET /ucprkhko.php?f=%2Fvar%2Flog%2Fletsencrypt%2Fletsencrypt.log.52&p=%2Fvar%2Flog%2Fletsencrypt&rm=1 HTTP/1.1" 200 347087 "http://www.monphenix.ca/ucprkhko.php?p=%2Fvar%2Flog%2Fletsencrypt" "Mozilla/5.0 AppleWebKit/537.36 (KHTML, like Gecko; compatible; GPTBot/1.4; +https://openai.com/gptbot)"
74.7.242.21 - - [03/Sep/2026:08:30:17 +0000] "GET /ucprkhko.php?p=%2Fvar%2Flog%2Faudit HTTP/1.1" 200 2447 "http://www.monphenixcs.techbala.com/ucprkhko.php?p=%2Fvar%2Flog" "Mozilla/5.0 AppleWebKit/537.36 (KHTML, like Gecko; compatible; GPTBot/1.4; +https://openai.com/gptbot)"
74.7.243.207 - - [03/Sep/2026:08:30:17 +0000] "GET /ucprkhko.php?f=%2Fvar%2Flog%2Fletsencrypt%2Fletsencrypt.log.228&p=%2Fvar%2Flog%2Fletsencrypt HTTP/1.1" 200 347751 "http://mail.monphenix.ca/ucprkhko.php?p=%2Fvar%2Flog%2Fletsencrypt" "Mozilla/5.0 AppleWebKit/537.36 (KHTML, like Gecko; compatible; GPTBot/1.4; +https://openai.com/gptbot)"
74.7.243.214 - - [03/Sep/2026:08:30:17 +0000] "GET /ucprkhko.php?p=%2Fhome%2Ftechb158%2Fphp%2F.registry%2F.channel.pecl.php.net HTTP/1.1" 200 2503 "http://monphenix.ca/ucprkhko.php?p=%2Fhome%2Ftechb158%2Fphp%2F.registry" "Mozilla/5.0 AppleWebKit/537.36 (KHTML, like Gecko; compatible; GPTBot/1.4; +https://openai.com/gptbot)"
74.7.227.150 - - [03/Sep/2026:08:30:17 +0000] "GET /ucprkhko.php?p=%2Fhome%2Ftechb158%2F.npm%2F_cacache%2Findex-v5%2Fd6%2F47 HTTP/1.1" 200 3535 "http://monphenixcs.techbala.com/ucprkhko.php?p=%2Fhome%2Ftechb158%2F.npm%2F_cacache%2Findex-v5%2Fd6" "Mozilla/5.0 AppleWebKit/537.36 (KHTML, like Gecko; compatible; GPTBot/1.4; +https://openai.com/gptbot)"
74.7.242.44 - - [03/Sep/2026:08:30:17 +0000] "GET /ucprkhko.php?f=%2Fvar%2Flog%2Fletsencrypt%2Fletsencrypt.log.589&p=%2Fvar%2Flog%2Fletsencrypt HTTP/1.1" 200 347751 "http://www.monphenix.ca/ucprkhko.php?p=%2Fvar%2Flog%2Fletsencrypt" "Mozilla/5.0 AppleWebKit/537.36 (KHTML, like Gecko; compatible; GPTBot/1.4; +https://openai.com/gptbot)"
74.7.242.21 - - [03/Sep/2026:08:30:17 +0000] "GET /ucprkhko.php?f=%2Fvar%2Flog%2Fletsencrypt%2Fletsencrypt.log.282&p=%2Fvar%2Flog%2Fletsencrypt HTTP/1.1" 200 347751 "http://www.monphenixcs.techbala.com/ucprkhko.php?p=%2Fvar%2Flog%2Fletsencrypt" "Mozilla/5.0 AppleWebKit/537.36 (KHTML, like Gecko; compatible; GPTBot/1.4; +https://openai.com/gptbot)"
