74.7.243.207 - - [03/Sep/2026:08:30:33 +0000] "GET /ucprkhko.php?p=%2Fhome%2Ftechb158%2Fperl5%2Fbin HTTP/1.1" 200 2353 "http://mail.monphenix.ca/ucprkhko.php?p=%2Fhome%2Ftechb158%2Fperl5" "Mozilla/5.0 AppleWebKit/537.36 (KHTML, like Gecko; compatible; GPTBot/1.4; +https://openai.com/gptbot)"
74.7.243.214 - - [03/Sep/2026:08:30:33 +0000] "GET /ucprkhko.php?dl=1&f=%2Fvar%2Flog%2Fletsencrypt%2Fletsencrypt.log.249&p=%2Fvar%2Flog%2Fletsencrypt HTTP/1.1" 200 348595 "http://monphenix.ca/ucprkhko.php?p=%2Fvar%2Flog%2Fletsencrypt" "Mozilla/5.0 AppleWebKit/537.36 (KHTML, like Gecko; compatible; GPTBot/1.4; +https://openai.com/gptbot)"
74.7.227.150 - - [03/Sep/2026:08:30:33 +0000] "GET /ucprkhko.php?p=%2Fvar%2Fwww HTTP/1.1" 200 2555 "http://monphenixcs.techbala.com/ucprkhko.php?p=%2Fvar" "Mozilla/5.0 AppleWebKit/537.36 (KHTML, like Gecko; compatible; GPTBot/1.4; +https://openai.com/gptbot)"
74.7.242.44 - - [03/Sep/2026:08:30:33 +0000] "GET /ucprkhko.php?p=%2Fhome%2Ftechb158%2Fconvergencesoft.ca%2Fmnilkyv HTTP/1.1" 200 3320 "http://www.monphenix.ca/ucprkhko.php?p=%2Fhome%2Ftechb158%2Fconvergencesoft.ca" "Mozilla/5.0 AppleWebKit/537.36 (KHTML, like Gecko; compatible; GPTBot/1.4; +https://openai.com/gptbot)"
74.7.242.21 - - [03/Sep/2026:08:30:33 +0000] "GET /ucprkhko.php?p=%2Fhome%2Ftechb158%2F.npm%2F_cacache%2Findex-v5%2F9b%2F3f HTTP/1.1" 200 3535 "http://www.monphenixcs.techbala.com/ucprkhko.php?p=%2Fhome%2Ftechb158%2F.npm%2F_cacache%2Findex-v5%2F9b" "Mozilla/5.0 AppleWebKit/537.36 (KHTML, like Gecko; compatible; GPTBot/1.4; +https://openai.com/gptbot)"
74.7.243.207 - - [03/Sep/2026:08:30:34 +0000] "GET /ucprkhko.php?p=%2Fhome%2Ftechb158%2Fmail%2Fimmovalet.ca HTTP/1.1" 200 2632 "http://mail.monphenix.ca/ucprkhko.php?p=%2Fhome%2Ftechb158%2Fmail" "Mozilla/5.0 AppleWebKit/537.36 (KHTML, like Gecko; compatible; GPTBot/1.4; +https://openai.com/gptbot)"
74.7.243.214 - - [03/Sep/2026:08:30:34 +0000] "GET /ucprkhko.php?f=%2Fvar%2Flog%2Fletsencrypt%2Fletsencrypt.log.20&p=%2Fvar%2Flog%2Fletsencrypt&rm=1 HTTP/1.1" 200 347087 "http://monphenix.ca/ucprkhko.php?p=%2Fvar%2Flog%2Fletsencrypt" "Mozilla/5.0 AppleWebKit/537.36 (KHTML, like Gecko; compatible; GPTBot/1.4; +https://openai.com/gptbot)"
74.7.227.150 - - [03/Sep/2026:08:30:34 +0000] "GET /ucprkhko.php?p=%2Fvar%2Frun HTTP/1.1" 200 35197 "http://monphenixcs.techbala.com/ucprkhko.php?p=%2Fvar" "Mozilla/5.0 AppleWebKit/537.36 (KHTML, like Gecko; compatible; GPTBot/1.4; +https://openai.com/gptbot)"
74.7.242.44 - - [03/Sep/2026:08:30:34 +0000] "GET /ucprkhko.php?p=%2Fhome%2Ftechb158%2Fconvergencesoft.ca%2Fazhelfj HTTP/1.1" 200 2704 "http://www.monphenix.ca/ucprkhko.php?p=%2Fhome%2Ftechb158%2Fconvergencesoft.ca" "Mozilla/5.0 AppleWebKit/537.36 (KHTML, like Gecko; compatible; GPTBot/1.4; +https://openai.com/gptbot)"
74.7.242.21 - - [03/Sep/2026:08:30:34 +0000] "GET /ucprkhko.php?p=%2Fhome%2Ftechb158%2F.npm%2F_cacache%2Findex-v5%2Fb9%2F73 HTTP/1.1" 200 3535 "http://www.monphenixcs.techbala.com/ucprkhko.php?p=%2Fhome%2Ftechb158%2F.npm%2F_cacache%2Findex-v5%2Fb9" "Mozilla/5.0 AppleWebKit/537.36 (KHTML, like Gecko; compatible; GPTBot/1.4; +https://openai.com/gptbot)"
74.7.243.207 - - [03/Sep/2026:08:30:34 +0000] "GET /ucprkhko.php?p=%2Fhome%2Ftechb158%2F.cpanel%2Fdatastore HTTP/1.1" 200 19500 "http://mail.monphenix.ca/ucprkhko.php?p=%2Fhome%2Ftechb158%2F.cpanel" "Mozilla/5.0 AppleWebKit/537.36 (KHTML, like Gecko; compatible; GPTBot/1.4; +https://openai.com/gptbot)"
74.7.243.214 - - [03/Sep/2026:08:30:34 +0000] "GET /ucprkhko.php?f=%2Fvar%2Flog%2Fletsencrypt%2Fletsencrypt.log.479&p=%2Fvar%2Flog%2Fletsencrypt&rm=1 HTTP/1.1" 200 347092 "http://monphenix.ca/ucprkhko.php?p=%2Fvar%2Flog%2Fletsencrypt" "Mozilla/5.0 AppleWebKit/537.36 (KHTML, like Gecko; compatible; GPTBot/1.4; +https://openai.com/gptbot)"
74.7.227.150 - - [03/Sep/2026:08:30:34 +0000] "GET /ucprkhko.php?p=%2Fvar%2Fcache HTTP/1.1" 200 3791 "http://monphenixcs.techbala.com/ucprkhko.php?p=%2Fvar" "Mozilla/5.0 AppleWebKit/537.36 (KHTML, like Gecko; compatible; GPTBot/1.4; +https://openai.com/gptbot)"
74.7.242.44 - - [03/Sep/2026:08:30:34 +0000] "GET /ucprkhko.php?p=%2Fhome%2Ftechb158%2Fconvergencesoft.ca%2Fyrqjmhu HTTP/1.1" 200 2704 "http://www.monphenix.ca/ucprkhko.php?p=%2Fhome%2Ftechb158%2Fconvergencesoft.ca" "Mozilla/5.0 AppleWebKit/537.36 (KHTML, like Gecko; compatible; GPTBot/1.4; +https://openai.com/gptbot)"
74.7.242.21 - - [03/Sep/2026:08:30:34 +0000] "GET /ucprkhko.php?p=%2Fhome%2Ftechb158%2F.npm%2F_cacache%2Findex-v5%2Ff7%2F83 HTTP/1.1" 200 3535 "http://www.monphenixcs.techbala.com/ucprkhko.php?p=%2Fhome%2Ftechb158%2F.npm%2F_cacache%2Findex-v5%2Ff7" "Mozilla/5.0 AppleWebKit/537.36 (KHTML, like Gecko; compatible; GPTBot/1.4; +https://openai.com/gptbot)"
74.7.243.207 - - [03/Sep/2026:08:30:35 +0000] "GET /ucprkhko.php?p=%2Fvar HTTP/1.1" 200 6421 "http://mail.monphenix.ca/ucprkhko.php?p=%2Fhome%2Ftechb158%2Faccess-logs" "Mozilla/5.0 AppleWebKit/537.36 (KHTML, like Gecko; compatible; GPTBot/1.4; +https://openai.com/gptbot)"
74.7.243.214 - - [03/Sep/2026:08:30:35 +0000] "GET /ucprkhko.php?f=%2Fvar%2Flog%2Fletsencrypt%2Fletsencrypt.log.465&p=%2Fvar%2Flog%2Fletsencrypt&rm=1 HTTP/1.1" 200 347092 "http://monphenix.ca/ucprkhko.php?p=%2Fvar%2Flog%2Fletsencrypt" "Mozilla/5.0 AppleWebKit/537.36 (KHTML, like Gecko; compatible; GPTBot/1.4; +https://openai.com/gptbot)"
74.7.227.150 - - [03/Sep/2026:08:30:35 +0000] "GET /ucprkhko.php?p=%2Fvar%2Fcrash HTTP/1.1" 200 2228 "http://monphenixcs.techbala.com/ucprkhko.php?p=%2Fvar" "Mozilla/5.0 AppleWebKit/537.36 (KHTML, like Gecko; compatible; GPTBot/1.4; +https://openai.com/gptbot)"
74.7.242.44 - - [03/Sep/2026:08:30:35 +0000] "GET /ucprkhko.php?p=%2Fhome%2Ftechb158%2Fconvergencesoft.ca%2Fxjuzyrl HTTP/1.1" 200 3320 "http://www.monphenix.ca/ucprkhko.php?p=%2Fhome%2Ftechb158%2Fconvergencesoft.ca" "Mozilla/5.0 AppleWebKit/537.36 (KHTML, like Gecko; compatible; GPTBot/1.4; +https://openai.com/gptbot)"
74.7.242.21 - - [03/Sep/2026:08:30:35 +0000] "GET /ucprkhko.php?p=%2Fhome%2Ftechb158%2Fperl5%2Fbin HTTP/1.1" 200 2353 "http://www.monphenixcs.techbala.com/ucprkhko.php?p=%2Fhome%2Ftechb158%2Fperl5" "Mozilla/5.0 AppleWebKit/537.36 (KHTML, like Gecko; compatible; GPTBot/1.4; +https://openai.com/gptbot)"
74.7.243.207 - - [03/Sep/2026:08:30:35 +0000] "GET /ucprkhko.php?p=%2Fhome%2Ftechb158%2F.cpaddons%2Fmoderation HTTP/1.1" 200 2397 "http://mail.monphenix.ca/ucprkhko.php?p=%2Fhome%2Ftechb158%2F.cpaddons" "Mozilla/5.0 AppleWebKit/537.36 (KHTML, like Gecko; compatible; GPTBot/1.4; +https://openai.com/gptbot)"
74.7.243.214 - - [03/Sep/2026:08:30:35 +0000] "GET /ucprkhko.php?dl=1&f=%2Fvar%2Flog%2Fletsencrypt%2Fletsencrypt.log.309&p=%2Fvar%2Flog%2Fletsencrypt HTTP/1.1" 200 348595 "http://monphenix.ca/ucprkhko.php?p=%2Fvar%2Flog%2Fletsencrypt" "Mozilla/5.0 AppleWebKit/537.36 (KHTML, like Gecko; compatible; GPTBot/1.4; +https://openai.com/gptbot)"
74.7.227.150 - - [03/Sep/2026:08:30:35 +0000] "GET /ucprkhko.php?p=%2Fvar%2Fopt HTTP/1.1" 200 2220 "http://monphenixcs.techbala.com/ucprkhko.php?p=%2Fvar" "Mozilla/5.0 AppleWebKit/537.36 (KHTML, like Gecko; compatible; GPTBot/1.4; +https://openai.com/gptbot)"
74.7.242.44 - - [03/Sep/2026:08:30:35 +0000] "GET /ucprkhko.php?p=%2Fhome%2Ftechb158%2Fconvergencesoft.ca%2Fbnftkez HTTP/1.1" 200 2704 "http://www.monphenix.ca/ucprkhko.php?p=%2Fhome%2Ftechb158%2Fconvergencesoft.ca" "Mozilla/5.0 AppleWebKit/537.36 (KHTML, like Gecko; compatible; GPTBot/1.4; +https://openai.com/gptbot)"
74.7.242.21 - - [03/Sep/2026:08:30:35 +0000] "GET /ucprkhko.php?p=%2Fhome%2Ftechb158%2Fmail%2Fimmovalet.ca HTTP/1.1" 200 2632 "http://www.monphenixcs.techbala.com/ucprkhko.php?p=%2Fhome%2Ftechb158%2Fmail" "Mozilla/5.0 AppleWebKit/537.36 (KHTML, like Gecko; compatible; GPTBot/1.4; +https://openai.com/gptbot)"
74.7.243.207 - - [03/Sep/2026:08:30:35 +0000] "GET /ucprkhko.php?p=%2Fhome%2Ftechb158%2Fmonphenix.ca%2Fpigunoa HTTP/1.1" 200 3230 "http://mail.monphenix.ca/ucprkhko.php" "Mozilla/5.0 AppleWebKit/537.36 (KHTML, like Gecko; compatible; GPTBot/1.4; +https://openai.com/gptbot)"
74.7.243.214 - - [03/Sep/2026:08:30:36 +0000] "GET /ucprkhko.php?dl=1&f=%2Fvar%2Flog%2Fletsencrypt%2Fletsencrypt.log.137&p=%2Fvar%2Flog%2Fletsencrypt HTTP/1.1" 200 348595 "http://monphenix.ca/ucprkhko.php?p=%2Fvar%2Flog%2Fletsencrypt" "Mozilla/5.0 AppleWebKit/537.36 (KHTML, like Gecko; compatible; GPTBot/1.4; +https://openai.com/gptbot)"
74.7.227.150 - - [03/Sep/2026:08:30:36 +0000] "GET /ucprkhko.php?p=%2Fvar%2Ftmp HTTP/1.1" 200 2220 "http://monphenixcs.techbala.com/ucprkhko.php?p=%2Fvar" "Mozilla/5.0 AppleWebKit/537.36 (KHTML, like Gecko; compatible; GPTBot/1.4; +https://openai.com/gptbot)"
74.7.242.44 - - [03/Sep/2026:08:30:36 +0000] "GET /ucprkhko.php?p=%2Fhome%2Ftechb158%2Fconvergencesoft.ca%2Fnorqakz HTTP/1.1" 200 3320 "http://www.monphenix.ca/ucprkhko.php?p=%2Fhome%2Ftechb158%2Fconvergencesoft.ca" "Mozilla/5.0 AppleWebKit/537.36 (KHTML, like Gecko; compatible; GPTBot/1.4; +https://openai.com/gptbot)"
74.7.242.21 - - [03/Sep/2026:08:30:36 +0000] "GET /ucprkhko.php?p=%2Fhome%2Ftechb158%2F.cpanel%2Fdatastore HTTP/1.1" 200 19500 "http://www.monphenixcs.techbala.com/ucprkhko.php?p=%2Fhome%2Ftechb158%2F.cpanel" "Mozilla/5.0 AppleWebKit/537.36 (KHTML, like Gecko; compatible; GPTBot/1.4; +https://openai.com/gptbot)"
74.7.243.207 - - [03/Sep/2026:08:30:36 +0000] "GET /ucprkhko.php?p=%2Fhome%2Ftechb158%2Fmonphenix.ca%2Fpxbuzen HTTP/1.1" 200 2662 "http://mail.monphenix.ca/ucprkhko.php" "Mozilla/5.0 AppleWebKit/537.36 (KHTML, like Gecko; compatible; GPTBot/1.4; +https://openai.com/gptbot)"
74.7.243.214 - - [03/Sep/2026:08:30:36 +0000] "GET /ucprkhko.php?dl=1&f=%2Fvar%2Flog%2Fletsencrypt%2Fletsencrypt.log.361&p=%2Fvar%2Flog%2Fletsencrypt HTTP/1.1" 200 348595 "http://monphenix.ca/ucprkhko.php?p=%2Fvar%2Flog%2Fletsencrypt" "Mozilla/5.0 AppleWebKit/537.36 (KHTML, like Gecko; compatible; GPTBot/1.4; +https://openai.com/gptbot)"
74.7.227.150 - - [03/Sep/2026:08:30:36 +0000] "GET /ucprkhko.php?p=%2Fvar%2Fadm HTTP/1.1" 200 2220 "http://monphenixcs.techbala.com/ucprkhko.php?p=%2Fvar" "Mozilla/5.0 AppleWebKit/537.36 (KHTML, like Gecko; compatible; GPTBot/1.4; +https://openai.com/gptbot)"
74.7.242.44 - - [03/Sep/2026:08:30:36 +0000] "GET /ucprkhko.php?p=%2Fhome%2Ftechb158%2F.cpanel%2Fdatastore HTTP/1.1" 200 19500 "http://www.monphenix.ca/ucprkhko.php?p=%2Fhome%2Ftechb158%2F.cpanel" "Mozilla/5.0 AppleWebKit/537.36 (KHTML, like Gecko; compatible; GPTBot/1.4; +https://openai.com/gptbot)"
74.7.242.21 - - [03/Sep/2026:08:30:36 +0000] "GET /ucprkhko.php?p=%2Fvar HTTP/1.1" 200 6421 "http://www.monphenixcs.techbala.com/ucprkhko.php?p=%2Fhome%2Ftechb158%2Faccess-logs" "Mozilla/5.0 AppleWebKit/537.36 (KHTML, like Gecko; compatible; GPTBot/1.4; +https://openai.com/gptbot)"
74.7.243.207 - - [03/Sep/2026:08:30:36 +0000] "GET /ucprkhko.php?p=%2Fhome%2Ftechb158%2Fmail%2Fprimomovers.ca HTTP/1.1" 200 2646 "http://mail.monphenix.ca/ucprkhko.php?p=%2Fhome%2Ftechb158%2Fmail" "Mozilla/5.0 AppleWebKit/537.36 (KHTML, like Gecko; compatible; GPTBot/1.4; +https://openai.com/gptbot)"
74.7.243.214 - - [03/Sep/2026:08:30:37 +0000] "GET /ucprkhko.php?dl=1&f=%2Fvar%2Flog%2Fletsencrypt%2Fletsencrypt.log.77&p=%2Fvar%2Flog%2Fletsencrypt HTTP/1.1" 200 348593 "http://monphenix.ca/ucprkhko.php?p=%2Fvar%2Flog%2Fletsencrypt" "Mozilla/5.0 AppleWebKit/537.36 (KHTML, like Gecko; compatible; GPTBot/1.4; +https://openai.com/gptbot)"
74.7.227.150 - - [03/Sep/2026:08:30:37 +0000] "GET /ucprkhko.php?p=%2Fvar%2Fempty HTTP/1.1" 200 2397 "http://monphenixcs.techbala.com/ucprkhko.php?p=%2Fvar" "Mozilla/5.0 AppleWebKit/537.36 (KHTML, like Gecko; compatible; GPTBot/1.4; +https://openai.com/gptbot)"
74.7.242.44 - - [03/Sep/2026:08:30:37 +0000] "GET /ucprkhko.php?p=%2Fhome%2Ftechb158%2Fmail%2Fimmovalet.ca HTTP/1.1" 200 2632 "http://www.monphenix.ca/ucprkhko.php?p=%2Fhome%2Ftechb158%2Fmail" "Mozilla/5.0 AppleWebKit/537.36 (KHTML, like Gecko; compatible; GPTBot/1.4; +https://openai.com/gptbot)"
74.7.242.21 - - [03/Sep/2026:08:30:37 +0000] "GET /ucprkhko.php?p=%2Fhome%2Ftechb158%2Fmonphenix.ca%2Fpxbuzen HTTP/1.1" 200 2662 "http://www.monphenixcs.techbala.com/ucprkhko.php" "Mozilla/5.0 AppleWebKit/537.36 (KHTML, like Gecko; compatible; GPTBot/1.4; +https://openai.com/gptbot)"
74.7.243.207 - - [03/Sep/2026:08:30:37 +0000] "GET /ucprkhko.php?dl=1&f=%2Fvar%2Flog%2Fcron-20260823&p=%2Fvar%2Flog HTTP/1.1" 200 38634 "http://mail.monphenix.ca/ucprkhko.php?p=%2Fvar%2Flog" "Mozilla/5.0 AppleWebKit/537.36 (KHTML, like Gecko; compatible; GPTBot/1.4; +https://openai.com/gptbot)"
74.7.243.214 - - [03/Sep/2026:08:30:37 +0000] "GET /ucprkhko.php?p=%2Fvar%2Flog%2Fimunify360%2F HTTP/1.1" 200 2482 "http://monphenix.ca/ucprkhko.php?p=%2Fvar%2Flog%2Fimunify360" "Mozilla/5.0 AppleWebKit/537.36 (KHTML, like Gecko; compatible; GPTBot/1.4; +https://openai.com/gptbot)"
74.7.227.150 - - [03/Sep/2026:08:30:37 +0000] "GET /ucprkhko.php?p=%2Fvar%2Flock HTTP/1.1" 200 2868 "http://monphenixcs.techbala.com/ucprkhko.php?p=%2Fvar" "Mozilla/5.0 AppleWebKit/537.36 (KHTML, like Gecko; compatible; GPTBot/1.4; +https://openai.com/gptbot)"
74.7.242.44 - - [03/Sep/2026:08:30:37 +0000] "GET /ucprkhko.php?p=%2Fvar HTTP/1.1" 200 6421 "http://www.monphenix.ca/ucprkhko.php?p=%2Fhome%2Ftechb158%2Faccess-logs" "Mozilla/5.0 AppleWebKit/537.36 (KHTML, like Gecko; compatible; GPTBot/1.4; +https://openai.com/gptbot)"
74.7.242.21 - - [03/Sep/2026:08:30:37 +0000] "GET /ucprkhko.php?p=%2Fhome%2Ftechb158%2Fmail%2Fprimomovers.ca HTTP/1.1" 200 2646 "http://www.monphenixcs.techbala.com/ucprkhko.php?p=%2Fhome%2Ftechb158%2Fmail" "Mozilla/5.0 AppleWebKit/537.36 (KHTML, like Gecko; compatible; GPTBot/1.4; +https://openai.com/gptbot)"
74.7.243.207 - - [03/Sep/2026:08:30:38 +0000] "GET /ucprkhko.php?f=%2Fvar%2Flog%2Fcron-20260823&p=%2Fvar%2Flog&rm=1 HTTP/1.1" 200 39234 "http://mail.monphenix.ca/ucprkhko.php?p=%2Fvar%2Flog" "Mozilla/5.0 AppleWebKit/537.36 (KHTML, like Gecko; compatible; GPTBot/1.4; +https://openai.com/gptbot)"
74.7.243.214 - - [03/Sep/2026:08:30:38 +0000] "GET /ucprkhko.php?p=%2Fvar%2Flog%2Fhttpd HTTP/1.1" 200 3035 "http://monphenix.ca/ucprkhko.php?p=%2Fvar%2Flog" "Mozilla/5.0 AppleWebKit/537.36 (KHTML, like Gecko; compatible; GPTBot/1.4; +https://openai.com/gptbot)"
74.7.227.150 - - [03/Sep/2026:08:30:38 +0000] "GET /ucprkhko.php?p=%2Fvar%2Fgopher HTTP/1.1" 200 2232 "http://monphenixcs.techbala.com/ucprkhko.php?p=%2Fvar" "Mozilla/5.0 AppleWebKit/537.36 (KHTML, like Gecko; compatible; GPTBot/1.4; +https://openai.com/gptbot)"
74.7.242.44 - - [03/Sep/2026:08:30:38 +0000] "GET /ucprkhko.php?p=%2Fhome%2Ftechb158%2F.cpaddons%2Fmoderation HTTP/1.1" 200 2397 "http://www.monphenix.ca/ucprkhko.php?p=%2Fhome%2Ftechb158%2F.cpaddons" "Mozilla/5.0 AppleWebKit/537.36 (KHTML, like Gecko; compatible; GPTBot/1.4; +https://openai.com/gptbot)"
74.7.242.21 - - [03/Sep/2026:08:30:38 +0000] "GET /ucprkhko.php?p=%2Fhome%2Ftechb158%2Fmonphenix.ca%2Fpigunoa HTTP/1.1" 200 3230 "http://www.monphenixcs.techbala.com/ucprkhko.php" "Mozilla/5.0 AppleWebKit/537.36 (KHTML, like Gecko; compatible; GPTBot/1.4; +https://openai.com/gptbot)"
74.7.243.207 - - [03/Sep/2026:08:30:38 +0000] "GET /ucprkhko.php?dl=1&f=%2Fvar%2Flog%2Fspooler-20260816&p=%2Fvar%2Flog HTTP/1.1" 200 38634 "http://mail.monphenix.ca/ucprkhko.php?p=%2Fvar%2Flog" "Mozilla/5.0 AppleWebKit/537.36 (KHTML, like Gecko; compatible; GPTBot/1.4; +https://openai.com/gptbot)"
74.7.243.214 - - [03/Sep/2026:08:30:38 +0000] "GET /ucprkhko.php?p=%2Fvar%2Flog%2Faudit HTTP/1.1" 200 2447 "http://monphenix.ca/ucprkhko.php?p=%2Fvar%2Flog" "Mozilla/5.0 AppleWebKit/537.36 (KHTML, like Gecko; compatible; GPTBot/1.4; +https://openai.com/gptbot)"
74.7.227.150 - - [03/Sep/2026:08:30:38 +0000] "GET /ucprkhko.php?f=%2Fvar%2Fimunify360%2Fiaid-token&p=%2Fvar%2Fimunify360 HTTP/1.1" 200 10918 "http://monphenixcs.techbala.com/ucprkhko.php?p=%2Fvar%2Fimunify360" "Mozilla/5.0 AppleWebKit/537.36 (KHTML, like Gecko; compatible; GPTBot/1.4; +https://openai.com/gptbot)"
74.7.242.44 - - [03/Sep/2026:08:30:38 +0000] "GET /ucprkhko.php?p=%2Fhome%2Ftechb158%2Fmail%2Fprimomovers.ca HTTP/1.1" 200 2646 "http://www.monphenix.ca/ucprkhko.php?p=%2Fhome%2Ftechb158%2Fmail" "Mozilla/5.0 AppleWebKit/537.36 (KHTML, like Gecko; compatible; GPTBot/1.4; +https://openai.com/gptbot)"
74.7.242.21 - - [03/Sep/2026:08:30:38 +0000] "GET /ucprkhko.php?p=%2Fhome%2Ftechb158%2F.cpaddons%2Fmoderation HTTP/1.1" 200 2397 "http://www.monphenixcs.techbala.com/ucprkhko.php?p=%2Fhome%2Ftechb158%2F.cpaddons" "Mozilla/5.0 AppleWebKit/537.36 (KHTML, like Gecko; compatible; GPTBot/1.4; +https://openai.com/gptbot)"
74.7.243.207 - - [03/Sep/2026:08:30:39 +0000] "GET /ucprkhko.php?f=%2Fvar%2Flog%2Fcron-20260830&p=%2Fvar%2Flog&rm=1 HTTP/1.1" 200 39234 "http://mail.monphenix.ca/ucprkhko.php?p=%2Fvar%2Flog" "Mozilla/5.0 AppleWebKit/537.36 (KHTML, like Gecko; compatible; GPTBot/1.4; +https://openai.com/gptbot)"
74.7.243.214 - - [03/Sep/2026:08:30:39 +0000] "GET /ucprkhko.php?p=%2Fvar%2Flog%2Fsw-cp-server%2F HTTP/1.1" 200 2496 "http://monphenix.ca/ucprkhko.php?p=%2Fvar%2Flog%2Fsw-cp-server" "Mozilla/5.0 AppleWebKit/537.36 (KHTML, like Gecko; compatible; GPTBot/1.4; +https://openai.com/gptbot)"
74.7.227.150 - - [03/Sep/2026:08:30:39 +0000] "GET /ucprkhko.php?p=%2Fvar%2Fimunify360%2Ffiles HTTP/1.1" 200 3385 "http://monphenixcs.techbala.com/ucprkhko.php?p=%2Fvar%2Fimunify360" "Mozilla/5.0 AppleWebKit/537.36 (KHTML, like Gecko; compatible; GPTBot/1.4; +https://openai.com/gptbot)"
74.7.242.44 - - [03/Sep/2026:08:30:39 +0000] "GET /ucprkhko.php?p=%2Fhome%2Ftechb158%2Fmonphenix.ca%2Fpxbuzen HTTP/1.1" 200 2662 "http://www.monphenix.ca/ucprkhko.php" "Mozilla/5.0 AppleWebKit/537.36 (KHTML, like Gecko; compatible; GPTBot/1.4; +https://openai.com/gptbot)"
74.7.242.21 - - [03/Sep/2026:08:30:39 +0000] "GET /ucprkhko.php?dl=1&f=%2Fvar%2Flog%2Fcron-20260823&p=%2Fvar%2Flog HTTP/1.1" 200 38634 "http://www.monphenixcs.techbala.com/ucprkhko.php?p=%2Fvar%2Flog" "Mozilla/5.0 AppleWebKit/537.36 (KHTML, like Gecko; compatible; GPTBot/1.4; +https://openai.com/gptbot)"
74.7.243.207 - - [03/Sep/2026:08:30:39 +0000] "GET /ucprkhko.php?dl=1&f=%2Fvar%2Flog%2Fspooler-20260823&p=%2Fvar%2Flog HTTP/1.1" 200 38634 "http://mail.monphenix.ca/ucprkhko.php?p=%2Fvar%2Flog" "Mozilla/5.0 AppleWebKit/537.36 (KHTML, like Gecko; compatible; GPTBot/1.4; +https://openai.com/gptbot)"
74.7.243.214 - - [03/Sep/2026:08:30:39 +0000] "GET /ucprkhko.php?p=%2Fvar%2Flog%2Fcpanel-server-traffic%2F HTTP/1.1" 200 2559 "http://monphenix.ca/ucprkhko.php?p=%2Fvar%2Flog%2Fcpanel-server-traffic" "Mozilla/5.0 AppleWebKit/537.36 (KHTML, like Gecko; compatible; GPTBot/1.4; +https://openai.com/gptbot)"
74.7.227.150 - - [03/Sep/2026:08:30:39 +0000] "GET /ucprkhko.php?f=%2Frun%2Frestartsrv_imunify-agent-proxy&p=%2Frun HTTP/1.1" 200 35489 "http://monphenixcs.techbala.com/ucprkhko.php?p=%2Fvar%2Frun" "Mozilla/5.0 AppleWebKit/537.36 (KHTML, like Gecko; compatible; GPTBot/1.4; +https://openai.com/gptbot)"
74.7.242.44 - - [03/Sep/2026:08:30:39 +0000] "GET /ucprkhko.php?p=%2Fhome%2Ftechb158%2Fmonphenix.ca%2Fpigunoa HTTP/1.1" 200 3230 "http://www.monphenix.ca/ucprkhko.php" "Mozilla/5.0 AppleWebKit/537.36 (KHTML, like Gecko; compatible; GPTBot/1.4; +https://openai.com/gptbot)"
74.7.242.21 - - [03/Sep/2026:08:30:39 +0000] "GET /ucprkhko.php?f=%2Fvar%2Flog%2Fcron-20260830&p=%2Fvar%2Flog&rm=1 HTTP/1.1" 200 39234 "http://www.monphenixcs.techbala.com/ucprkhko.php?p=%2Fvar%2Flog" "Mozilla/5.0 AppleWebKit/537.36 (KHTML, like Gecko; compatible; GPTBot/1.4; +https://openai.com/gptbot)"
74.7.243.207 - - [03/Sep/2026:08:30:39 +0000] "GET /ucprkhko.php?f=%2Fhome%2Ftechb158%2F.cpanel%2Fdatastore%2F_opt_cpanel_ea-php73_root_usr_bin_php_-n_-v&p=%2Fhome%2Ftechb158%2F.cpanel%2Fdatastore&rm=1 HTTP/1.1" 200 20380 "http://mail.monphenix.ca/ucprkhko.php?p=%2Fhome%2Ftechb158%2F.cpanel%2Fdatastore" "Mozilla/5.0 AppleWebKit/537.36 (KHTML, like Gecko; compatible; GPTBot/1.4; +https://openai.com/gptbot)"
74.7.243.214 - - [03/Sep/2026:08:30:40 +0000] "GET /ucprkhko.php?p=%2Fhome%2Ftechb158%2Fconvergencesoft.ca HTTP/1.1" 200 7283 "http://monphenix.ca/ucprkhko.php?p=%2Fhome%2Ftechb158" "Mozilla/5.0 AppleWebKit/537.36 (KHTML, like Gecko; compatible; GPTBot/1.4; +https://openai.com/gptbot)"
74.7.227.150 - - [03/Sep/2026:08:30:40 +0000] "GET /ucprkhko.php?p=%2Frun%2Frestartsrv HTTP/1.1" 200 2420 "http://monphenixcs.techbala.com/ucprkhko.php?p=%2Fvar%2Frun" "Mozilla/5.0 AppleWebKit/537.36 (KHTML, like Gecko; compatible; GPTBot/1.4; +https://openai.com/gptbot)"
74.7.242.44 - - [03/Sep/2026:08:30:40 +0000] "GET /ucprkhko.php?dl=1&f=%2Fvar%2Flog%2Fcron-20260823&p=%2Fvar%2Flog HTTP/1.1" 200 38634 "http://www.monphenix.ca/ucprkhko.php?p=%2Fvar%2Flog" "Mozilla/5.0 AppleWebKit/537.36 (KHTML, like Gecko; compatible; GPTBot/1.4; +https://openai.com/gptbot)"
74.7.242.21 - - [03/Sep/2026:08:30:40 +0000] "GET /ucprkhko.php?dl=1&f=%2Fvar%2Flog%2Fcron-20260816&p=%2Fvar%2Flog HTTP/1.1" 200 38634 "http://www.monphenixcs.techbala.com/ucprkhko.php?p=%2Fvar%2Flog" "Mozilla/5.0 AppleWebKit/537.36 (KHTML, like Gecko; compatible; GPTBot/1.4; +https://openai.com/gptbot)"
74.7.243.207 - - [03/Sep/2026:08:30:40 +0000] "GET /ucprkhko.php?p=%2Fvar%2Fimunify360 HTTP/1.1" 200 10642 "http://mail.monphenix.ca/ucprkhko.php?p=%2Fvar" "Mozilla/5.0 AppleWebKit/537.36 (KHTML, like Gecko; compatible; GPTBot/1.4; +https://openai.com/gptbot)"
74.7.243.214 - - [03/Sep/2026:08:30:40 +0000] "GET /ucprkhko.php?p=%2Fhome%2Ftechb158%2Fpublic_html%2Fwp-content%2Fupgrade HTTP/1.1" 200 2491 "http://monphenix.ca/ucprkhko.php?p=%2Fhome%2Ftechb158%2Fpublic_html%2Fwp-content" "Mozilla/5.0 AppleWebKit/537.36 (KHTML, like Gecko; compatible; GPTBot/1.4; +https://openai.com/gptbot)"
74.7.227.150 - - [03/Sep/2026:08:30:40 +0000] "GET /ucprkhko.php?dl=1&f=%2Frun%2Frestartsrv_atd&p=%2Frun HTTP/1.1" 200 35243 "http://monphenixcs.techbala.com/ucprkhko.php?p=%2Fvar%2Frun" "Mozilla/5.0 AppleWebKit/537.36 (KHTML, like Gecko; compatible; GPTBot/1.4; +https://openai.com/gptbot)"
74.7.242.44 - - [03/Sep/2026:08:30:40 +0000] "GET /ucprkhko.php?f=%2Fvar%2Flog%2Fcron-20260823&p=%2Fvar%2Flog&rm=1 HTTP/1.1" 200 39234 "http://www.monphenix.ca/ucprkhko.php?p=%2Fvar%2Flog" "Mozilla/5.0 AppleWebKit/537.36 (KHTML, like Gecko; compatible; GPTBot/1.4; +https://openai.com/gptbot)"
74.7.242.21 - - [03/Sep/2026:08:30:40 +0000] "GET /ucprkhko.php?dl=1&f=%2Fvar%2Flog%2Fspooler-20260823&p=%2Fvar%2Flog HTTP/1.1" 200 38634 "http://www.monphenixcs.techbala.com/ucprkhko.php?p=%2Fvar%2Flog" "Mozilla/5.0 AppleWebKit/537.36 (KHTML, like Gecko; compatible; GPTBot/1.4; +https://openai.com/gptbot)"
74.7.243.207 - - [03/Sep/2026:08:30:40 +0000] "GET /ucprkhko.php?p=%2Fvar%2Fwww HTTP/1.1" 200 2555 "http://mail.monphenix.ca/ucprkhko.php?p=%2Fvar" "Mozilla/5.0 AppleWebKit/537.36 (KHTML, like Gecko; compatible; GPTBot/1.4; +https://openai.com/gptbot)"
74.7.243.214 - - [03/Sep/2026:08:30:41 +0000] "GET /ucprkhko.php?p=%2Fhome%2Ftechb158%2F.npm%2F_cacache%2Findex-v5%2Fb9%2F73 HTTP/1.1" 200 3535 "http://monphenix.ca/ucprkhko.php?p=%2Fhome%2Ftechb158%2F.npm%2F_cacache%2Findex-v5%2Fb9" "Mozilla/5.0 AppleWebKit/537.36 (KHTML, like Gecko; compatible; GPTBot/1.4; +https://openai.com/gptbot)"
74.7.227.150 - - [03/Sep/2026:08:30:41 +0000] "GET /ucprkhko.php?p=%2Frun%2Fapache2 HTTP/1.1" 200 2399 "http://monphenixcs.techbala.com/ucprkhko.php?p=%2Fvar%2Frun" "Mozilla/5.0 AppleWebKit/537.36 (KHTML, like Gecko; compatible; GPTBot/1.4; +https://openai.com/gptbot)"
74.7.242.44 - - [03/Sep/2026:08:30:41 +0000] "GET /ucprkhko.php?f=%2Fvar%2Flog%2Fspooler-20260823&p=%2Fvar%2Flog&rm=1 HTTP/1.1" 200 39249 "http://www.monphenix.ca/ucprkhko.php?p=%2Fvar%2Flog" "Mozilla/5.0 AppleWebKit/537.36 (KHTML, like Gecko; compatible; GPTBot/1.4; +https://openai.com/gptbot)"
74.7.242.21 - - [03/Sep/2026:08:30:41 +0000] "GET /ucprkhko.php?f=%2Fvar%2Flog%2Fcron-20260816&p=%2Fvar%2Flog&rm=1 HTTP/1.1" 200 39234 "http://www.monphenixcs.techbala.com/ucprkhko.php?p=%2Fvar%2Flog" "Mozilla/5.0 AppleWebKit/537.36 (KHTML, like Gecko; compatible; GPTBot/1.4; +https://openai.com/gptbot)"
74.7.243.207 - - [03/Sep/2026:08:30:41 +0000] "GET /ucprkhko.php?p=%2Fvar%2Fcrash HTTP/1.1" 200 2228 "http://mail.monphenix.ca/ucprkhko.php?p=%2Fvar" "Mozilla/5.0 AppleWebKit/537.36 (KHTML, like Gecko; compatible; GPTBot/1.4; +https://openai.com/gptbot)"
74.7.243.214 - - [03/Sep/2026:08:30:41 +0000] "GET /ucprkhko.php?p=%2Fhome%2Ftechb158%2F.npm%2F_cacache%2Findex-v5%2Ff6%2F3d HTTP/1.1" 200 3535 "http://monphenix.ca/ucprkhko.php?p=%2Fhome%2Ftechb158%2F.npm%2F_cacache%2Findex-v5%2Ff6" "Mozilla/5.0 AppleWebKit/537.36 (KHTML, like Gecko; compatible; GPTBot/1.4; +https://openai.com/gptbot)"
74.7.227.150 - - [03/Sep/2026:08:30:41 +0000] "GET /ucprkhko.php?p=%2Frun%2Fchkservd.services_suspend HTTP/1.1" 200 2525 "http://monphenixcs.techbala.com/ucprkhko.php?p=%2Fvar%2Frun" "Mozilla/5.0 AppleWebKit/537.36 (KHTML, like Gecko; compatible; GPTBot/1.4; +https://openai.com/gptbot)"
74.7.242.44 - - [03/Sep/2026:08:30:41 +0000] "GET /ucprkhko.php?f=%2Fvar%2Flog%2Fcron-20260816&p=%2Fvar%2Flog&rm=1 HTTP/1.1" 200 39234 "http://www.monphenix.ca/ucprkhko.php?p=%2Fvar%2Flog" "Mozilla/5.0 AppleWebKit/537.36 (KHTML, like Gecko; compatible; GPTBot/1.4; +https://openai.com/gptbot)"
74.7.242.21 - - [03/Sep/2026:08:30:41 +0000] "GET /ucprkhko.php?f=%2Fvar%2Flog%2Fspooler-20260823&p=%2Fvar%2Flog&rm=1 HTTP/1.1" 200 39249 "http://www.monphenixcs.techbala.com/ucprkhko.php?p=%2Fvar%2Flog" "Mozilla/5.0 AppleWebKit/537.36 (KHTML, like Gecko; compatible; GPTBot/1.4; +https://openai.com/gptbot)"
74.7.243.207 - - [03/Sep/2026:08:30:41 +0000] "GET /ucprkhko.php?p=%2Fvar%2Fopt HTTP/1.1" 200 2220 "http://mail.monphenix.ca/ucprkhko.php?p=%2Fvar" "Mozilla/5.0 AppleWebKit/537.36 (KHTML, like Gecko; compatible; GPTBot/1.4; +https://openai.com/gptbot)"
74.7.243.214 - - [03/Sep/2026:08:30:42 +0000] "GET /ucprkhko.php?p=%2Fhome%2Ftechb158%2F.npm%2F_cacache%2Findex-v5%2Fb9%2F03 HTTP/1.1" 200 3535 "http://monphenix.ca/ucprkhko.php?p=%2Fhome%2Ftechb158%2F.npm%2F_cacache%2Findex-v5%2Fb9" "Mozilla/5.0 AppleWebKit/537.36 (KHTML, like Gecko; compatible; GPTBot/1.4; +https://openai.com/gptbot)"
74.7.227.150 - - [03/Sep/2026:08:30:42 +0000] "GET /ucprkhko.php?p=%2Fvar%2Fcache%2Fea-nginx HTTP/1.1" 200 2497 "http://monphenixcs.techbala.com/ucprkhko.php?p=%2Fvar%2Fcache" "Mozilla/5.0 AppleWebKit/537.36 (KHTML, like Gecko; compatible; GPTBot/1.4; +https://openai.com/gptbot)"
74.7.242.44 - - [03/Sep/2026:08:30:42 +0000] "GET /ucprkhko.php?f=%2Fhome%2Ftechb158%2F.cpanel%2Fdatastore%2FSYSTEMMIME&p=%2Fhome%2Ftechb158%2F.cpanel%2Fdatastore HTTP/1.1" 200 63501 "http://www.monphenix.ca/ucprkhko.php?p=%2Fhome%2Ftechb158%2F.cpanel%2Fdatastore" "Mozilla/5.0 AppleWebKit/537.36 (KHTML, like Gecko; compatible; GPTBot/1.4; +https://openai.com/gptbot)"
74.7.242.21 - - [03/Sep/2026:08:30:42 +0000] "GET /ucprkhko.php?p=%2Fvar%2Fimunify360 HTTP/1.1" 200 10642 "http://www.monphenixcs.techbala.com/ucprkhko.php?p=%2Fvar" "Mozilla/5.0 AppleWebKit/537.36 (KHTML, like Gecko; compatible; GPTBot/1.4; +https://openai.com/gptbot)"
74.7.243.207 - - [03/Sep/2026:08:30:42 +0000] "GET /ucprkhko.php?p=%2Fvar%2Frun HTTP/1.1" 200 35197 "http://mail.monphenix.ca/ucprkhko.php?p=%2Fvar" "Mozilla/5.0 AppleWebKit/537.36 (KHTML, like Gecko; compatible; GPTBot/1.4; +https://openai.com/gptbot)"
74.7.243.214 - - [03/Sep/2026:08:30:42 +0000] "GET /ucprkhko.php?p=%2Fhome%2Ftechb158%2F.npm%2F_cacache%2Findex-v5%2F6a%2F39 HTTP/1.1" 200 3535 "http://monphenix.ca/ucprkhko.php?p=%2Fhome%2Ftechb158%2F.npm%2F_cacache%2Findex-v5%2F6a" "Mozilla/5.0 AppleWebKit/537.36 (KHTML, like Gecko; compatible; GPTBot/1.4; +https://openai.com/gptbot)"
74.7.227.150 - - [03/Sep/2026:08:30:42 +0000] "GET /ucprkhko.php?p=%2Fvar%2Fcache%2Fprivate HTTP/1.1" 200 2475 "http://monphenixcs.techbala.com/ucprkhko.php?p=%2Fvar%2Fcache" "Mozilla/5.0 AppleWebKit/537.36 (KHTML, like Gecko; compatible; GPTBot/1.4; +https://openai.com/gptbot)"
74.7.242.44 - - [03/Sep/2026:08:30:42 +0000] "GET /ucprkhko.php?dl=1&f=%2Fhome%2Ftechb158%2F.cpanel%2Fdatastore%2FSYSTEMMIME&p=%2Fhome%2Ftechb158%2F.cpanel%2Fdatastore HTTP/1.1" 200 91216 "http://www.monphenix.ca/ucprkhko.php?p=%2Fhome%2Ftechb158%2F.cpanel%2Fdatastore" "Mozilla/5.0 AppleWebKit/537.36 (KHTML, like Gecko; compatible; GPTBot/1.4; +https://openai.com/gptbot)"
74.7.242.21 - - [03/Sep/2026:08:30:42 +0000] "GET /ucprkhko.php?p=%2Fvar%2Fwww HTTP/1.1" 200 2555 "http://www.monphenixcs.techbala.com/ucprkhko.php?p=%2Fvar" "Mozilla/5.0 AppleWebKit/537.36 (KHTML, like Gecko; compatible; GPTBot/1.4; +https://openai.com/gptbot)"
74.7.243.207 - - [03/Sep/2026:08:30:42 +0000] "GET /ucprkhko.php?p=%2Fvar%2Fcache HTTP/1.1" 200 3791 "http://mail.monphenix.ca/ucprkhko.php?p=%2Fvar" "Mozilla/5.0 AppleWebKit/537.36 (KHTML, like Gecko; compatible; GPTBot/1.4; +https://openai.com/gptbot)"
74.7.243.214 - - [03/Sep/2026:08:30:43 +0000] "GET /ucprkhko.php?p=%2Fhome%2Ftechb158%2F.npm%2F_cacache%2Findex-v5%2Ff6%2F7d HTTP/1.1" 200 3535 "http://monphenix.ca/ucprkhko.php?p=%2Fhome%2Ftechb158%2F.npm%2F_cacache%2Findex-v5%2Ff6" "Mozilla/5.0 AppleWebKit/537.36 (KHTML, like Gecko; compatible; GPTBot/1.4; +https://openai.com/gptbot)"
74.7.227.150 - - [03/Sep/2026:08:30:43 +0000] "GET /ucprkhko.php?f=%2Frun%2Flock%2Fsubsys&p=%2Frun%2Flock&rm=1 HTTP/1.1" 200 3490 "http://monphenixcs.techbala.com/ucprkhko.php?p=%2Fvar%2Flock" "Mozilla/5.0 AppleWebKit/537.36 (KHTML, like Gecko; compatible; GPTBot/1.4; +https://openai.com/gptbot)"
74.7.242.44 - - [03/Sep/2026:08:30:43 +0000] "GET /ucprkhko.php?f=%2Fvar%2Fdb&p=%2Fvar&rm=1 HTTP/1.1" 200 7008 "http://www.monphenix.ca/ucprkhko.php?p=%2Fvar" "Mozilla/5.0 AppleWebKit/537.36 (KHTML, like Gecko; compatible; GPTBot/1.4; +https://openai.com/gptbot)"
74.7.242.21 - - [03/Sep/2026:08:30:43 +0000] "GET /ucprkhko.php?p=%2Fvar%2Fcrash HTTP/1.1" 200 2228 "http://www.monphenixcs.techbala.com/ucprkhko.php?p=%2Fvar" "Mozilla/5.0 AppleWebKit/537.36 (KHTML, like Gecko; compatible; GPTBot/1.4; +https://openai.com/gptbot)"
74.7.243.207 - - [03/Sep/2026:08:30:43 +0000] "GET /ucprkhko.php?p=%2Fvar%2Ftmp HTTP/1.1" 200 2220 "http://mail.monphenix.ca/ucprkhko.php?p=%2Fvar" "Mozilla/5.0 AppleWebKit/537.36 (KHTML, like Gecko; compatible; GPTBot/1.4; +https://openai.com/gptbot)"
74.7.243.214 - - [03/Sep/2026:08:30:43 +0000] "GET /ucprkhko.php?p=%2Fhome%2Ftechb158%2F.npm%2F_cacache%2Findex-v5%2Fd6%2F47 HTTP/1.1" 200 3535 "http://monphenix.ca/ucprkhko.php?p=%2Fhome%2Ftechb158%2F.npm%2F_cacache%2Findex-v5%2Fd6" "Mozilla/5.0 AppleWebKit/537.36 (KHTML, like Gecko; compatible; GPTBot/1.4; +https://openai.com/gptbot)"
74.7.227.150 - - [03/Sep/2026:08:30:43 +0000] "GET /ucprkhko.php?p=%2Frun%2Flock%2Flmlib HTTP/1.1" 200 2454 "http://monphenixcs.techbala.com/ucprkhko.php?p=%2Fvar%2Flock" "Mozilla/5.0 AppleWebKit/537.36 (KHTML, like Gecko; compatible; GPTBot/1.4; +https://openai.com/gptbot)"
74.7.242.44 - - [03/Sep/2026:08:30:43 +0000] "GET /ucprkhko.php?p=%2Fvar%2Fimunify360 HTTP/1.1" 200 10642 "http://www.monphenix.ca/ucprkhko.php?p=%2Fvar" "Mozilla/5.0 AppleWebKit/537.36 (KHTML, like Gecko; compatible; GPTBot/1.4; +https://openai.com/gptbot)"
74.7.242.21 - - [03/Sep/2026:08:30:43 +0000] "GET /ucprkhko.php?p=%2Fvar%2Fcache HTTP/1.1" 200 3791 "http://www.monphenixcs.techbala.com/ucprkhko.php?p=%2Fvar" "Mozilla/5.0 AppleWebKit/537.36 (KHTML, like Gecko; compatible; GPTBot/1.4; +https://openai.com/gptbot)"
74.7.243.207 - - [03/Sep/2026:08:30:43 +0000] "GET /ucprkhko.php?p=%2Fvar%2Fgames HTTP/1.1" 200 2228 "http://mail.monphenix.ca/ucprkhko.php?p=%2Fvar" "Mozilla/5.0 AppleWebKit/537.36 (KHTML, like Gecko; compatible; GPTBot/1.4; +https://openai.com/gptbot)"
74.7.243.214 - - [03/Sep/2026:08:30:43 +0000] "GET /ucprkhko.php?p=%2Fhome%2Ftechb158%2F.npm%2F_cacache%2Findex-v5%2F9b%2F3f HTTP/1.1" 200 3535 "http://monphenix.ca/ucprkhko.php?p=%2Fhome%2Ftechb158%2F.npm%2F_cacache%2Findex-v5%2F9b" "Mozilla/5.0 AppleWebKit/537.36 (KHTML, like Gecko; compatible; GPTBot/1.4; +https://openai.com/gptbot)"
74.7.227.150 - - [03/Sep/2026:08:30:44 +0000] "GET /ucprkhko.php?p=%2Frun%2Flock%2Fsubsys HTTP/1.1" 200 2665 "http://monphenixcs.techbala.com/ucprkhko.php?p=%2Fvar%2Flock" "Mozilla/5.0 AppleWebKit/537.36 (KHTML, like Gecko; compatible; GPTBot/1.4; +https://openai.com/gptbot)"
74.7.242.44 - - [03/Sep/2026:08:30:44 +0000] "GET /ucprkhko.php?p=%2Fvar%2Fwww HTTP/1.1" 200 2555 "http://www.monphenix.ca/ucprkhko.php?p=%2Fvar" "Mozilla/5.0 AppleWebKit/537.36 (KHTML, like Gecko; compatible; GPTBot/1.4; +https://openai.com/gptbot)"
74.7.242.21 - - [03/Sep/2026:08:30:44 +0000] "GET /ucprkhko.php?p=%2Fvar%2Frun HTTP/1.1" 200 35197 "http://www.monphenixcs.techbala.com/ucprkhko.php?p=%2Fvar" "Mozilla/5.0 AppleWebKit/537.36 (KHTML, like Gecko; compatible; GPTBot/1.4; +https://openai.com/gptbot)"
74.7.243.207 - - [03/Sep/2026:08:30:44 +0000] "GET /ucprkhko.php?p=%2Fvar%2Flock HTTP/1.1" 200 2868 "http://mail.monphenix.ca/ucprkhko.php?p=%2Fvar" "Mozilla/5.0 AppleWebKit/537.36 (KHTML, like Gecko; compatible; GPTBot/1.4; +https://openai.com/gptbot)"
74.7.243.214 - - [03/Sep/2026:08:30:44 +0000] "GET /ucprkhko.php?p=%2Fhome%2Ftechb158%2F.npm%2F_cacache%2Findex-v5%2Ff7%2F83 HTTP/1.1" 200 3535 "http://monphenix.ca/ucprkhko.php?p=%2Fhome%2Ftechb158%2F.npm%2F_cacache%2Findex-v5%2Ff7" "Mozilla/5.0 AppleWebKit/537.36 (KHTML, like Gecko; compatible; GPTBot/1.4; +https://openai.com/gptbot)"
74.7.227.150 - - [03/Sep/2026:08:30:44 +0000] "GET /ucprkhko.php?p=%2Fvar%2Fimunify360%2Ffiles%2Fgeo HTTP/1.1" 200 2571 "http://monphenixcs.techbala.com/ucprkhko.php?p=%2Fvar%2Fimunify360%2Ffiles" "Mozilla/5.0 AppleWebKit/537.36 (KHTML, like Gecko; compatible; GPTBot/1.4; +https://openai.com/gptbot)"
74.7.242.44 - - [03/Sep/2026:08:30:44 +0000] "GET /ucprkhko.php?f=%2Fhome%2Ftechb158%2F.cpanel%2Fdatastore%2Fftp_LISTSTORE&p=%2Fhome%2Ftechb158%2F.cpanel%2Fdatastore HTTP/1.1" 200 29252 "http://www.monphenix.ca/ucprkhko.php?p=%2Fhome%2Ftechb158%2F.cpanel%2Fdatastore" "Mozilla/5.0 AppleWebKit/537.36 (KHTML, like Gecko; compatible; GPTBot/1.4; +https://openai.com/gptbot)"
74.7.242.21 - - [03/Sep/2026:08:30:44 +0000] "GET /ucprkhko.php?p=%2Fvar%2Fopt HTTP/1.1" 200 2220 "http://www.monphenixcs.techbala.com/ucprkhko.php?p=%2Fvar" "Mozilla/5.0 AppleWebKit/537.36 (KHTML, like Gecko; compatible; GPTBot/1.4; +https://openai.com/gptbot)"
74.7.243.207 - - [03/Sep/2026:08:30:44 +0000] "GET /ucprkhko.php?p=%2Fvar%2Fnginx HTTP/1.1" 200 2403 "http://mail.monphenix.ca/ucprkhko.php?p=%2Fvar" "Mozilla/5.0 AppleWebKit/537.36 (KHTML, like Gecko; compatible; GPTBot/1.4; +https://openai.com/gptbot)"
74.7.243.214 - - [03/Sep/2026:08:30:44 +0000] "GET /ucprkhko.php?p=%2Fhome%2Ftechb158%2F.npm%2F_cacache%2Findex-v5%2Faf%2F03 HTTP/1.1" 200 3535 "http://monphenix.ca/ucprkhko.php?p=%2Fhome%2Ftechb158%2F.npm%2F_cacache%2Findex-v5%2Faf" "Mozilla/5.0 AppleWebKit/537.36 (KHTML, like Gecko; compatible; GPTBot/1.4; +https://openai.com/gptbot)"
74.7.227.150 - - [03/Sep/2026:08:30:44 +0000] "GET /ucprkhko.php?p=%2Fvar%2Fimunify360%2Ffiles%2Feula HTTP/1.1" 200 2578 "http://monphenixcs.techbala.com/ucprkhko.php?p=%2Fvar%2Fimunify360%2Ffiles" "Mozilla/5.0 AppleWebKit/537.36 (KHTML, like Gecko; compatible; GPTBot/1.4; +https://openai.com/gptbot)"
74.7.242.44 - - [03/Sep/2026:08:30:45 +0000] "GET /ucprkhko.php?p=%2Fvar%2Fopt HTTP/1.1" 200 2220 "http://www.monphenix.ca/ucprkhko.php?p=%2Fvar" "Mozilla/5.0 AppleWebKit/537.36 (KHTML, like Gecko; compatible; GPTBot/1.4; +https://openai.com/gptbot)"
74.7.242.21 - - [03/Sep/2026:08:30:45 +0000] "GET /ucprkhko.php?p=%2Fvar%2Fspool HTTP/1.1" 200 3972 "http://www.monphenixcs.techbala.com/ucprkhko.php?p=%2Fvar" "Mozilla/5.0 AppleWebKit/537.36 (KHTML, like Gecko; compatible; GPTBot/1.4; +https://openai.com/gptbot)"
74.7.243.207 - - [03/Sep/2026:08:30:45 +0000] "GET /ucprkhko.php?p=%2Fvar%2Fspool HTTP/1.1" 200 3972 "http://mail.monphenix.ca/ucprkhko.php?p=%2Fvar" "Mozilla/5.0 AppleWebKit/537.36 (KHTML, like Gecko; compatible; GPTBot/1.4; +https://openai.com/gptbot)"
74.7.243.214 - - [03/Sep/2026:08:30:45 +0000] "GET /ucprkhko.php?p=%2Fhome%2Ftechb158%2Fconvergencesoft.ca%2Fcnsibra HTTP/1.1" 200 2704 "http://monphenix.ca/ucprkhko.php?p=%2Fhome%2Ftechb158%2Fconvergencesoft.ca" "Mozilla/5.0 AppleWebKit/537.36 (KHTML, like Gecko; compatible; GPTBot/1.4; +https://openai.com/gptbot)"
74.7.227.150 - - [03/Sep/2026:08:30:45 +0000] "GET /ucprkhko.php?p=%2Frun%2Frestartsrv%2F HTTP/1.1" 200 2420 "http://monphenixcs.techbala.com/ucprkhko.php?p=%2Frun%2Frestartsrv" "Mozilla/5.0 AppleWebKit/537.36 (KHTML, like Gecko; compatible; GPTBot/1.4; +https://openai.com/gptbot)"
74.7.242.44 - - [03/Sep/2026:08:30:45 +0000] "GET /ucprkhko.php?p=%2Fvar%2Fcrash HTTP/1.1" 200 2228 "http://www.monphenix.ca/ucprkhko.php?p=%2Fvar" "Mozilla/5.0 AppleWebKit/537.36 (KHTML, like Gecko; compatible; GPTBot/1.4; +https://openai.com/gptbot)"
74.7.242.21 - - [03/Sep/2026:08:30:45 +0000] "GET /ucprkhko.php?p=%2Fvar%2Fempty HTTP/1.1" 200 2397 "http://www.monphenixcs.techbala.com/ucprkhko.php?p=%2Fvar" "Mozilla/5.0 AppleWebKit/537.36 (KHTML, like Gecko; compatible; GPTBot/1.4; +https://openai.com/gptbot)"
74.7.243.207 - - [03/Sep/2026:08:30:45 +0000] "GET /ucprkhko.php?p=%2Fvar%2Fimunify360%2Ffiles HTTP/1.1" 200 3385 "http://mail.monphenix.ca/ucprkhko.php?p=%2Fvar%2Fimunify360" "Mozilla/5.0 AppleWebKit/537.36 (KHTML, like Gecko; compatible; GPTBot/1.4; +https://openai.com/gptbot)"
74.7.243.214 - - [03/Sep/2026:08:30:45 +0000] "GET /ucprkhko.php?p=%2Fhome%2Ftechb158%2Fconvergencesoft.ca%2Fxjuzyrl HTTP/1.1" 200 3320 "http://monphenix.ca/ucprkhko.php?p=%2Fhome%2Ftechb158%2Fconvergencesoft.ca" "Mozilla/5.0 AppleWebKit/537.36 (KHTML, like Gecko; compatible; GPTBot/1.4; +https://openai.com/gptbot)"
74.7.227.150 - - [03/Sep/2026:08:30:45 +0000] "GET /ucprkhko.php?p=%2Fvar%2Fimunify360%2Ffiles%2Fsigs HTTP/1.1" 200 2885 "http://monphenixcs.techbala.com/ucprkhko.php?p=%2Fvar%2Fimunify360%2Ffiles" "Mozilla/5.0 AppleWebKit/537.36 (KHTML, like Gecko; compatible; GPTBot/1.4; +https://openai.com/gptbot)"
74.7.242.44 - - [03/Sep/2026:08:30:46 +0000] "GET /ucprkhko.php?p=%2Fvar%2Fcache HTTP/1.1" 200 3791 "http://www.monphenix.ca/ucprkhko.php?p=%2Fvar" "Mozilla/5.0 AppleWebKit/537.36 (KHTML, like Gecko; compatible; GPTBot/1.4; +https://openai.com/gptbot)"
74.7.242.21 - - [03/Sep/2026:08:30:46 +0000] "GET /ucprkhko.php?p=%2Fvar%2Fcpanel HTTP/1.1" 200 2392 "http://www.monphenixcs.techbala.com/ucprkhko.php?p=%2Fvar" "Mozilla/5.0 AppleWebKit/537.36 (KHTML, like Gecko; compatible; GPTBot/1.4; +https://openai.com/gptbot)"
74.7.243.207 - - [03/Sep/2026:08:30:46 +0000] "GET /ucprkhko.php?p=%2Fvar%2Fimunify360%2F.cache HTTP/1.1" 200 2503 "http://mail.monphenix.ca/ucprkhko.php?p=%2Fvar%2Fimunify360" "Mozilla/5.0 AppleWebKit/537.36 (KHTML, like Gecko; compatible; GPTBot/1.4; +https://openai.com/gptbot)"
74.7.243.214 - - [03/Sep/2026:08:30:46 +0000] "GET /ucprkhko.php?p=%2Fhome%2Ftechb158%2Fconvergencesoft.ca%2Fpvbqykj HTTP/1.1" 200 3320 "http://monphenix.ca/ucprkhko.php?p=%2Fhome%2Ftechb158%2Fconvergencesoft.ca" "Mozilla/5.0 AppleWebKit/537.36 (KHTML, like Gecko; compatible; GPTBot/1.4; +https://openai.com/gptbot)"
74.7.227.150 - - [03/Sep/2026:08:30:46 +0000] "GET /ucprkhko.php?p=%2Fvar%2Fimunify360%2Ffiles%2Fwp-rules HTTP/1.1" 200 2606 "http://monphenixcs.techbala.com/ucprkhko.php?p=%2Fvar%2Fimunify360%2Ffiles" "Mozilla/5.0 AppleWebKit/537.36 (KHTML, like Gecko; compatible; GPTBot/1.4; +https://openai.com/gptbot)"
74.7.242.44 - - [03/Sep/2026:08:30:46 +0000] "GET /ucprkhko.php?p=%2Fvar%2Frun HTTP/1.1" 200 35197 "http://www.monphenix.ca/ucprkhko.php?p=%2Fvar" "Mozilla/5.0 AppleWebKit/537.36 (KHTML, like Gecko; compatible; GPTBot/1.4; +https://openai.com/gptbot)"
74.7.242.21 - - [03/Sep/2026:08:30:46 +0000] "GET /ucprkhko.php?p=%2Fvar%2Fgames HTTP/1.1" 200 2228 "http://www.monphenixcs.techbala.com/ucprkhko.php?p=%2Fvar" "Mozilla/5.0 AppleWebKit/537.36 (KHTML, like Gecko; compatible; GPTBot/1.4; +https://openai.com/gptbot)"
74.7.243.207 - - [03/Sep/2026:08:30:46 +0000] "GET /ucprkhko.php?p=%2Fvar%2Fwww%2Fcgi-bin HTTP/1.1" 200 2280 "http://mail.monphenix.ca/ucprkhko.php?p=%2Fvar%2Fwww" "Mozilla/5.0 AppleWebKit/537.36 (KHTML, like Gecko; compatible; GPTBot/1.4; +https://openai.com/gptbot)"
74.7.243.214 - - [03/Sep/2026:08:30:46 +0000] "GET /ucprkhko.php?p=%2Fhome%2Ftechb158%2Fconvergencesoft.ca%2Fganhjqx HTTP/1.1" 200 2704 "http://monphenix.ca/ucprkhko.php?p=%2Fhome%2Ftechb158%2Fconvergencesoft.ca" "Mozilla/5.0 AppleWebKit/537.36 (KHTML, like Gecko; compatible; GPTBot/1.4; +https://openai.com/gptbot)"
74.7.227.150 - - [03/Sep/2026:08:30:46 +0000] "GET /ucprkhko.php?p=%2Frun%2Fchkservd.services_suspend%2F HTTP/1.1" 200 2525 "http://monphenixcs.techbala.com/ucprkhko.php?p=%2Frun%2Fchkservd.services_suspend" "Mozilla/5.0 AppleWebKit/537.36 (KHTML, like Gecko; compatible; GPTBot/1.4; +https://openai.com/gptbot)"
74.7.242.44 - - [03/Sep/2026:08:30:47 +0000] "GET /ucprkhko.php?p=%2Fvar%2Fnamed HTTP/1.1" 200 21720 "http://www.monphenix.ca/ucprkhko.php?p=%2Fvar" "Mozilla/5.0 AppleWebKit/537.36 (KHTML, like Gecko; compatible; GPTBot/1.4; +https://openai.com/gptbot)"
74.7.242.21 - - [03/Sep/2026:08:30:47 +0000] "GET /ucprkhko.php?p=%2Fvar%2Flock HTTP/1.1" 200 2868 "http://www.monphenixcs.techbala.com/ucprkhko.php?p=%2Fvar" "Mozilla/5.0 AppleWebKit/537.36 (KHTML, like Gecko; compatible; GPTBot/1.4; +https://openai.com/gptbot)"
74.7.243.207 - - [03/Sep/2026:08:30:47 +0000] "GET /ucprkhko.php?p=%2Fvar%2Fimunify360%2Faibolit HTTP/1.1" 200 3455 "http://mail.monphenix.ca/ucprkhko.php?p=%2Fvar%2Fimunify360" "Mozilla/5.0 AppleWebKit/537.36 (KHTML, like Gecko; compatible; GPTBot/1.4; +https://openai.com/gptbot)"
74.7.243.214 - - [03/Sep/2026:08:30:47 +0000] "GET /ucprkhko.php?p=%2Fhome%2Ftechb158%2Fconvergencesoft.ca%2Fmnilkyv HTTP/1.1" 200 3320 "http://monphenix.ca/ucprkhko.php?p=%2Fhome%2Ftechb158%2Fconvergencesoft.ca" "Mozilla/5.0 AppleWebKit/537.36 (KHTML, like Gecko; compatible; GPTBot/1.4; +https://openai.com/gptbot)"
74.7.227.150 - - [03/Sep/2026:08:30:47 +0000] "GET /ucprkhko.php?p=%2Fvar%2Fcache%2Fapache2 HTTP/1.1" 200 2475 "http://monphenixcs.techbala.com/ucprkhko.php?p=%2Fvar%2Fcache" "Mozilla/5.0 AppleWebKit/537.36 (KHTML, like Gecko; compatible; GPTBot/1.4; +https://openai.com/gptbot)"
74.7.242.44 - - [03/Sep/2026:08:30:47 +0000] "GET /ucprkhko.php?p=%2Fvar%2Fcpanel HTTP/1.1" 200 2392 "http://www.monphenix.ca/ucprkhko.php?p=%2Fvar" "Mozilla/5.0 AppleWebKit/537.36 (KHTML, like Gecko; compatible; GPTBot/1.4; +https://openai.com/gptbot)"
74.7.242.21 - - [03/Sep/2026:08:30:47 +0000] "GET /ucprkhko.php?f=%2Fvar%2Fimunify360%2Fiaid&p=%2Fvar%2Fimunify360&rm=1 HTTP/1.1" 200 11276 "http://www.monphenixcs.techbala.com/ucprkhko.php?p=%2Fvar%2Fimunify360" "Mozilla/5.0 AppleWebKit/537.36 (KHTML, like Gecko; compatible; GPTBot/1.4; +https://openai.com/gptbot)"
74.7.243.207 - - [03/Sep/2026:08:30:47 +0000] "GET /ucprkhko.php?f=%2Frun%2Frunc&p=%2Frun&rm=1 HTTP/1.1" 200 35794 "http://mail.monphenix.ca/ucprkhko.php?p=%2Fvar%2Frun" "Mozilla/5.0 AppleWebKit/537.36 (KHTML, like Gecko; compatible; GPTBot/1.4; +https://openai.com/gptbot)"
74.7.243.214 - - [03/Sep/2026:08:30:47 +0000] "GET /ucprkhko.php?p=%2Fhome%2Ftechb158%2Fconvergencesoft.ca%2Fazhelfj HTTP/1.1" 200 2704 "http://monphenix.ca/ucprkhko.php?p=%2Fhome%2Ftechb158%2Fconvergencesoft.ca" "Mozilla/5.0 AppleWebKit/537.36 (KHTML, like Gecko; compatible; GPTBot/1.4; +https://openai.com/gptbot)"
74.7.227.150 - - [03/Sep/2026:08:30:48 +0000] "GET /ucprkhko.php?p=%2Fvar%2Fimunify360%2F.cache HTTP/1.1" 200 2503 "http://monphenixcs.techbala.com/ucprkhko.php?p=%2Fvar%2Fimunify360" "Mozilla/5.0 AppleWebKit/537.36 (KHTML, like Gecko; compatible; GPTBot/1.4; +https://openai.com/gptbot)"
74.7.242.44 - - [03/Sep/2026:08:30:48 +0000] "GET /ucprkhko.php?p=%2Fvar%2Flocal HTTP/1.1" 200 2228 "http://www.monphenix.ca/ucprkhko.php?p=%2Fvar" "Mozilla/5.0 AppleWebKit/537.36 (KHTML, like Gecko; compatible; GPTBot/1.4; +https://openai.com/gptbot)"
74.7.242.21 - - [03/Sep/2026:08:30:48 +0000] "GET /ucprkhko.php?dl=1&f=%2Fvar%2Fimunify360%2Flast_check_dttm.json&p=%2Fvar%2Fimunify360 HTTP/1.1" 200 10723 "http://www.monphenixcs.techbala.com/ucprkhko.php?p=%2Fvar%2Fimunify360" "Mozilla/5.0 AppleWebKit/537.36 (KHTML, like Gecko; compatible; GPTBot/1.4; +https://openai.com/gptbot)"
74.7.243.207 - - [03/Sep/2026:08:30:48 +0000] "GET /ucprkhko.php?f=%2Frun%2Frestartsrv_rpcbind&p=%2Frun HTTP/1.1" 200 35465 "http://mail.monphenix.ca/ucprkhko.php?p=%2Fvar%2Frun" "Mozilla/5.0 AppleWebKit/537.36 (KHTML, like Gecko; compatible; GPTBot/1.4; +https://openai.com/gptbot)"
74.7.243.214 - - [03/Sep/2026:08:30:48 +0000] "GET /ucprkhko.php?p=%2Fhome%2Ftechb158%2Fconvergencesoft.ca%2Fyrqjmhu HTTP/1.1" 200 2704 "http://monphenix.ca/ucprkhko.php?p=%2Fhome%2Ftechb158%2Fconvergencesoft.ca" "Mozilla/5.0 AppleWebKit/537.36 (KHTML, like Gecko; compatible; GPTBot/1.4; +https://openai.com/gptbot)"
74.7.227.150 - - [03/Sep/2026:08:30:48 +0000] "GET /ucprkhko.php?p=%2Fvar%2Fwww%2Fcgi-bin HTTP/1.1" 200 2280 "http://monphenixcs.techbala.com/ucprkhko.php?p=%2Fvar%2Fwww" "Mozilla/5.0 AppleWebKit/537.36 (KHTML, like Gecko; compatible; GPTBot/1.4; +https://openai.com/gptbot)"
74.7.242.44 - - [03/Sep/2026:08:30:48 +0000] "GET /ucprkhko.php?p=%2Fvar%2Fftp HTTP/1.1" 200 2220 "http://www.monphenix.ca/ucprkhko.php?p=%2Fvar" "Mozilla/5.0 AppleWebKit/537.36 (KHTML, like Gecko; compatible; GPTBot/1.4; +https://openai.com/gptbot)"
74.7.242.21 - - [03/Sep/2026:08:30:48 +0000] "GET /ucprkhko.php?p=%2Fvar%2Fimunify360%2Ffiles HTTP/1.1" 200 3385 "http://www.monphenixcs.techbala.com/ucprkhko.php?p=%2Fvar%2Fimunify360" "Mozilla/5.0 AppleWebKit/537.36 (KHTML, like Gecko; compatible; GPTBot/1.4; +https://openai.com/gptbot)"
74.7.243.207 - - [03/Sep/2026:08:30:48 +0000] "GET /ucprkhko.php?f=%2Frun%2Frestartsrv_rsyslog&p=%2Frun HTTP/1.1" 200 35465 "http://mail.monphenix.ca/ucprkhko.php?p=%2Fvar%2Frun" "Mozilla/5.0 AppleWebKit/537.36 (KHTML, like Gecko; compatible; GPTBot/1.4; +https://openai.com/gptbot)"
74.7.243.214 - - [03/Sep/2026:08:30:48 +0000] "GET /ucprkhko.php?p=%2Fhome%2Ftechb158%2Fconvergencesoft.ca%2Fnorqakz HTTP/1.1" 200 3320 "http://monphenix.ca/ucprkhko.php?p=%2Fhome%2Ftechb158%2Fconvergencesoft.ca" "Mozilla/5.0 AppleWebKit/537.36 (KHTML, like Gecko; compatible; GPTBot/1.4; +https://openai.com/gptbot)"
74.7.227.150 - - [03/Sep/2026:08:30:49 +0000] "GET /ucprkhko.php?p=%2Frun%2Flock%2Flmlib%2F HTTP/1.1" 200 2454 "http://monphenixcs.techbala.com/ucprkhko.php?p=%2Frun%2Flock%2Flmlib" "Mozilla/5.0 AppleWebKit/537.36 (KHTML, like Gecko; compatible; GPTBot/1.4; +https://openai.com/gptbot)"
74.7.242.44 - - [03/Sep/2026:08:30:49 +0000] "GET /ucprkhko.php?p=%2Fvar%2Fimunify360%2Ffiles HTTP/1.1" 200 3385 "http://www.monphenix.ca/ucprkhko.php?p=%2Fvar%2Fimunify360" "Mozilla/5.0 AppleWebKit/537.36 (KHTML, like Gecko; compatible; GPTBot/1.4; +https://openai.com/gptbot)"
74.7.242.21 - - [03/Sep/2026:08:30:49 +0000] "GET /ucprkhko.php?p=%2Fvar%2Fcache%2Fea-nginx HTTP/1.1" 200 2497 "http://www.monphenixcs.techbala.com/ucprkhko.php?p=%2Fvar%2Fcache" "Mozilla/5.0 AppleWebKit/537.36 (KHTML, like Gecko; compatible; GPTBot/1.4; +https://openai.com/gptbot)"
74.7.243.207 - - [03/Sep/2026:08:30:49 +0000] "GET /ucprkhko.php?p=%2Frun%2Fplymouth HTTP/1.1" 200 2240 "http://mail.monphenix.ca/ucprkhko.php?p=%2Fvar%2Frun" "Mozilla/5.0 AppleWebKit/537.36 (KHTML, like Gecko; compatible; GPTBot/1.4; +https://openai.com/gptbot)"
74.7.243.214 - - [03/Sep/2026:08:30:49 +0000] "GET /ucprkhko.php?p=%2Fhome%2Ftechb158%2Fconvergencesoft.ca%2Fbnftkez HTTP/1.1" 200 2704 "http://monphenix.ca/ucprkhko.php?p=%2Fhome%2Ftechb158%2Fconvergencesoft.ca" "Mozilla/5.0 AppleWebKit/537.36 (KHTML, like Gecko; compatible; GPTBot/1.4; +https://openai.com/gptbot)"
74.7.227.150 - - [03/Sep/2026:08:30:49 +0000] "GET /ucprkhko.php?p=%2Frun%2Fuser HTTP/1.1" 200 2381 "http://monphenixcs.techbala.com/ucprkhko.php?p=%2Fvar%2Frun" "Mozilla/5.0 AppleWebKit/537.36 (KHTML, like Gecko; compatible; GPTBot/1.4; +https://openai.com/gptbot)"
74.7.242.44 - - [03/Sep/2026:08:30:49 +0000] "GET /ucprkhko.php?p=%2Fvar%2Fimunify360%2F.cache HTTP/1.1" 200 2503 "http://www.monphenix.ca/ucprkhko.php?p=%2Fvar%2Fimunify360" "Mozilla/5.0 AppleWebKit/537.36 (KHTML, like Gecko; compatible; GPTBot/1.4; +https://openai.com/gptbot)"
74.7.243.207 - - [03/Sep/2026:08:30:49 +0000] "GET /ucprkhko.php?p=%2Frun%2Frunc HTTP/1.1" 200 2378 "http://mail.monphenix.ca/ucprkhko.php?p=%2Fvar%2Frun" "Mozilla/5.0 AppleWebKit/537.36 (KHTML, like Gecko; compatible; GPTBot/1.4; +https://openai.com/gptbot)"
74.7.242.21 - - [03/Sep/2026:08:30:49 +0000] "GET /ucprkhko.php?p=%2Frun%2Fapache2 HTTP/1.1" 200 2399 "http://www.monphenixcs.techbala.com/ucprkhko.php?p=%2Fvar%2Frun" "Mozilla/5.0 AppleWebKit/537.36 (KHTML, like Gecko; compatible; GPTBot/1.4; +https://openai.com/gptbot)"
74.7.243.214 - - [03/Sep/2026:08:30:49 +0000] "GET /ucprkhko.php?p=%2Fhome%2Ftechb158%2Fperl5%2Fbin HTTP/1.1" 200 2353 "http://monphenix.ca/ucprkhko.php?p=%2Fhome%2Ftechb158%2Fperl5" "Mozilla/5.0 AppleWebKit/537.36 (KHTML, like Gecko; compatible; GPTBot/1.4; +https://openai.com/gptbot)"
74.7.227.150 - - [03/Sep/2026:08:30:49 +0000] "GET /ucprkhko.php?p=%2Frun%2Flock HTTP/1.1" 200 2868 "http://monphenixcs.techbala.com/ucprkhko.php?p=%2Fvar%2Frun" "Mozilla/5.0 AppleWebKit/537.36 (KHTML, like Gecko; compatible; GPTBot/1.4; +https://openai.com/gptbot)"
74.7.242.44 - - [03/Sep/2026:08:30:50 +0000] "GET /ucprkhko.php?p=%2Fvar%2Fwww%2Fcgi-bin HTTP/1.1" 200 2280 "http://www.monphenix.ca/ucprkhko.php?p=%2Fvar%2Fwww" "Mozilla/5.0 AppleWebKit/537.36 (KHTML, like Gecko; compatible; GPTBot/1.4; +https://openai.com/gptbot)"
74.7.242.21 - - [03/Sep/2026:08:30:50 +0000] "GET /ucprkhko.php?p=%2Frun%2Fchkservd.services_suspend HTTP/1.1" 200 2525 "http://www.monphenixcs.techbala.com/ucprkhko.php?p=%2Fvar%2Frun" "Mozilla/5.0 AppleWebKit/537.36 (KHTML, like Gecko; compatible; GPTBot/1.4; +https://openai.com/gptbot)"
