74.7.242.44 - - [03/Sep/2026:08:31:08 +0000] "GET /ucprkhko.php?p=%2Fvar%2Fcache%2Fapache2%2F HTTP/1.1" 200 2475 "http://www.monphenix.ca/ucprkhko.php?p=%2Fvar%2Fcache%2Fapache2" "Mozilla/5.0 AppleWebKit/537.36 (KHTML, like Gecko; compatible; GPTBot/1.4; +https://openai.com/gptbot)"
74.7.243.207 - - [03/Sep/2026:08:31:08 +0000] "GET /ucprkhko.php?p=%2Fvar%2Fimunify360%2Fuploads%2F HTTP/1.1" 200 2510 "http://mail.monphenix.ca/ucprkhko.php?p=%2Fvar%2Fimunify360%2Fuploads" "Mozilla/5.0 AppleWebKit/537.36 (KHTML, like Gecko; compatible; GPTBot/1.4; +https://openai.com/gptbot)"
74.7.243.214 - - [03/Sep/2026:08:31:08 +0000] "GET /ucprkhko.php?p=%2Fvar%2Fimunify360%2Ffiles%2Fgeo HTTP/1.1" 200 2571 "http://monphenix.ca/ucprkhko.php?p=%2Fvar%2Fimunify360%2Ffiles" "Mozilla/5.0 AppleWebKit/537.36 (KHTML, like Gecko; compatible; GPTBot/1.4; +https://openai.com/gptbot)"
74.7.227.150 - - [03/Sep/2026:08:31:08 +0000] "GET /ucprkhko.php?p=%2Frun%2Fdocker HTTP/1.1" 200 2392 "http://monphenixcs.techbala.com/ucprkhko.php?p=%2Fvar%2Frun" "Mozilla/5.0 AppleWebKit/537.36 (KHTML, like Gecko; compatible; GPTBot/1.4; +https://openai.com/gptbot)"
74.7.242.21 - - [03/Sep/2026:08:31:08 +0000] "GET /ucprkhko.php?p=%2Fvar%2Fimunify360%2Fuploads%2F HTTP/1.1" 200 2510 "http://www.monphenixcs.techbala.com/ucprkhko.php?p=%2Fvar%2Fimunify360%2Fuploads" "Mozilla/5.0 AppleWebKit/537.36 (KHTML, like Gecko; compatible; GPTBot/1.4; +https://openai.com/gptbot)"
74.7.242.44 - - [03/Sep/2026:08:31:08 +0000] "GET /ucprkhko.php?p=%2Frun%2Fnet-snmp HTTP/1.1" 200 2240 "http://www.monphenix.ca/ucprkhko.php?p=%2Fvar%2Frun" "Mozilla/5.0 AppleWebKit/537.36 (KHTML, like Gecko; compatible; GPTBot/1.4; +https://openai.com/gptbot)"
74.7.243.207 - - [03/Sep/2026:08:31:09 +0000] "GET /ucprkhko.php?p=%2Frun%2Fdocker HTTP/1.1" 200 2392 "http://mail.monphenix.ca/ucprkhko.php?p=%2Fvar%2Frun" "Mozilla/5.0 AppleWebKit/537.36 (KHTML, like Gecko; compatible; GPTBot/1.4; +https://openai.com/gptbot)"
74.7.243.214 - - [03/Sep/2026:08:31:09 +0000] "GET /ucprkhko.php?p=%2Fvar%2Fimunify360%2F.cache%2F HTTP/1.1" 200 2503 "http://monphenix.ca/ucprkhko.php?p=%2Fvar%2Fimunify360%2F.cache" "Mozilla/5.0 AppleWebKit/537.36 (KHTML, like Gecko; compatible; GPTBot/1.4; +https://openai.com/gptbot)"
74.7.227.150 - - [03/Sep/2026:08:31:09 +0000] "GET /ucprkhko.php?p=%2Frun%2Fnscd HTTP/1.1" 200 2850 "http://monphenixcs.techbala.com/ucprkhko.php?p=%2Fvar%2Frun" "Mozilla/5.0 AppleWebKit/537.36 (KHTML, like Gecko; compatible; GPTBot/1.4; +https://openai.com/gptbot)"
74.7.242.21 - - [03/Sep/2026:08:31:09 +0000] "GET /ucprkhko.php?p=%2Fvar%2Fimunify360%2Faibolit%2Frun HTTP/1.1" 200 2585 "http://www.monphenixcs.techbala.com/ucprkhko.php?p=%2Fvar%2Fimunify360%2Faibolit" "Mozilla/5.0 AppleWebKit/537.36 (KHTML, like Gecko; compatible; GPTBot/1.4; +https://openai.com/gptbot)"
74.7.242.44 - - [03/Sep/2026:08:31:09 +0000] "GET /ucprkhko.php?p=%2Frun%2Ffsck HTTP/1.1" 200 2542 "http://www.monphenix.ca/ucprkhko.php?p=%2Fvar%2Frun" "Mozilla/5.0 AppleWebKit/537.36 (KHTML, like Gecko; compatible; GPTBot/1.4; +https://openai.com/gptbot)"
74.7.243.207 - - [03/Sep/2026:08:31:09 +0000] "GET /ucprkhko.php?p=%2Frun%2Fnamed HTTP/1.1" 200 2228 "http://mail.monphenix.ca/ucprkhko.php?p=%2Fvar%2Frun" "Mozilla/5.0 AppleWebKit/537.36 (KHTML, like Gecko; compatible; GPTBot/1.4; +https://openai.com/gptbot)"
74.7.243.214 - - [03/Sep/2026:08:31:09 +0000] "GET /ucprkhko.php?p=%2Fvar%2Fimunify360%2Ffiles%2Fsigs HTTP/1.1" 200 2885 "http://monphenix.ca/ucprkhko.php?p=%2Fvar%2Fimunify360%2Ffiles" "Mozilla/5.0 AppleWebKit/537.36 (KHTML, like Gecko; compatible; GPTBot/1.4; +https://openai.com/gptbot)"
74.7.227.150 - - [03/Sep/2026:08:31:09 +0000] "GET /ucprkhko.php?p=%2Fvar%2Fcache%2Fldconfig HTTP/1.1" 200 2482 "http://monphenixcs.techbala.com/ucprkhko.php?p=%2Fvar%2Fcache" "Mozilla/5.0 AppleWebKit/537.36 (KHTML, like Gecko; compatible; GPTBot/1.4; +https://openai.com/gptbot)"
74.7.242.21 - - [03/Sep/2026:08:31:09 +0000] "GET /ucprkhko.php?p=%2Frun%2Fnscd HTTP/1.1" 200 2850 "http://www.monphenixcs.techbala.com/ucprkhko.php?p=%2Fvar%2Frun" "Mozilla/5.0 AppleWebKit/537.36 (KHTML, like Gecko; compatible; GPTBot/1.4; +https://openai.com/gptbot)"
74.7.242.44 - - [03/Sep/2026:08:31:09 +0000] "GET /ucprkhko.php?p=%2Frun%2Fchrony%2F HTTP/1.1" 200 2392 "http://www.monphenix.ca/ucprkhko.php?p=%2Frun%2Fchrony" "Mozilla/5.0 AppleWebKit/537.36 (KHTML, like Gecko; compatible; GPTBot/1.4; +https://openai.com/gptbot)"
74.7.243.207 - - [03/Sep/2026:08:31:10 +0000] "GET /ucprkhko.php?p=%2Frun%2Fdbus HTTP/1.1" 200 2587 "http://mail.monphenix.ca/ucprkhko.php?p=%2Fvar%2Frun" "Mozilla/5.0 AppleWebKit/537.36 (KHTML, like Gecko; compatible; GPTBot/1.4; +https://openai.com/gptbot)"
74.7.243.214 - - [03/Sep/2026:08:31:10 +0000] "GET /ucprkhko.php?p=%2Fvar%2Fimunify360%2Ffiles%2Feula HTTP/1.1" 200 2578 "http://monphenix.ca/ucprkhko.php?p=%2Fvar%2Fimunify360%2Ffiles" "Mozilla/5.0 AppleWebKit/537.36 (KHTML, like Gecko; compatible; GPTBot/1.4; +https://openai.com/gptbot)"
74.7.227.150 - - [03/Sep/2026:08:31:10 +0000] "GET /ucprkhko.php?p=%2Fvar%2Fspool%2Flogrotate HTTP/1.1" 200 2498 "http://monphenixcs.techbala.com/ucprkhko.php?p=%2Fvar%2Fspool" "Mozilla/5.0 AppleWebKit/537.36 (KHTML, like Gecko; compatible; GPTBot/1.4; +https://openai.com/gptbot)"
74.7.242.21 - - [03/Sep/2026:08:31:10 +0000] "GET /ucprkhko.php?p=%2Frun%2Fmount HTTP/1.1" 200 2228 "http://www.monphenixcs.techbala.com/ucprkhko.php?p=%2Fvar%2Frun" "Mozilla/5.0 AppleWebKit/537.36 (KHTML, like Gecko; compatible; GPTBot/1.4; +https://openai.com/gptbot)"
74.7.242.44 - - [03/Sep/2026:08:31:10 +0000] "GET /ucprkhko.php?p=%2Frun%2Fsudo HTTP/1.1" 200 2378 "http://www.monphenix.ca/ucprkhko.php?p=%2Fvar%2Frun" "Mozilla/5.0 AppleWebKit/537.36 (KHTML, like Gecko; compatible; GPTBot/1.4; +https://openai.com/gptbot)"
74.7.243.207 - - [03/Sep/2026:08:31:10 +0000] "GET /ucprkhko.php?p=%2Frun%2Fmount HTTP/1.1" 200 2228 "http://mail.monphenix.ca/ucprkhko.php?p=%2Fvar%2Frun" "Mozilla/5.0 AppleWebKit/537.36 (KHTML, like Gecko; compatible; GPTBot/1.4; +https://openai.com/gptbot)"
74.7.243.214 - - [03/Sep/2026:08:31:10 +0000] "GET /ucprkhko.php?p=%2Frun%2Fchkservd.services_suspend%2F HTTP/1.1" 200 2525 "http://monphenix.ca/ucprkhko.php?p=%2Frun%2Fchkservd.services_suspend" "Mozilla/5.0 AppleWebKit/537.36 (KHTML, like Gecko; compatible; GPTBot/1.4; +https://openai.com/gptbot)"
74.7.227.150 - - [03/Sep/2026:08:31:10 +0000] "GET /ucprkhko.php?f=%2Fvar%2Fnamed%2Fmarinamendeleva.ca.db&p=%2Fvar%2Fnamed&rm=1 HTTP/1.1" 200 22424 "http://monphenixcs.techbala.com/ucprkhko.php?p=%2Fvar%2Fnamed" "Mozilla/5.0 AppleWebKit/537.36 (KHTML, like Gecko; compatible; GPTBot/1.4; +https://openai.com/gptbot)"
74.7.242.21 - - [03/Sep/2026:08:31:10 +0000] "GET /ucprkhko.php?p=%2Frun%2Fmysqld HTTP/1.1" 200 2925 "http://www.monphenixcs.techbala.com/ucprkhko.php?p=%2Fvar%2Frun" "Mozilla/5.0 AppleWebKit/537.36 (KHTML, like Gecko; compatible; GPTBot/1.4; +https://openai.com/gptbot)"
74.7.242.44 - - [03/Sep/2026:08:31:10 +0000] "GET /ucprkhko.php?p=%2Frun%2Flock%2Flmlib HTTP/1.1" 200 2454 "http://www.monphenix.ca/ucprkhko.php?p=%2Frun%2Flock" "Mozilla/5.0 AppleWebKit/537.36 (KHTML, like Gecko; compatible; GPTBot/1.4; +https://openai.com/gptbot)"
74.7.243.207 - - [03/Sep/2026:08:31:11 +0000] "GET /ucprkhko.php?p=%2Frun%2Fudev HTTP/1.1" 200 3409 "http://mail.monphenix.ca/ucprkhko.php?p=%2Fvar%2Frun" "Mozilla/5.0 AppleWebKit/537.36 (KHTML, like Gecko; compatible; GPTBot/1.4; +https://openai.com/gptbot)"
74.7.243.214 - - [03/Sep/2026:08:31:11 +0000] "GET /ucprkhko.php?p=%2Fvar%2Fimunify360%2Ffiles%2Fwp-rules HTTP/1.1" 200 2606 "http://monphenix.ca/ucprkhko.php?p=%2Fvar%2Fimunify360%2Ffiles" "Mozilla/5.0 AppleWebKit/537.36 (KHTML, like Gecko; compatible; GPTBot/1.4; +https://openai.com/gptbot)"
74.7.227.150 - - [03/Sep/2026:08:31:11 +0000] "GET /ucprkhko.php?f=%2Fvar%2Fnamed%2Fnamed.local&p=%2Fvar%2Fnamed HTTP/1.1" 200 22414 "http://monphenixcs.techbala.com/ucprkhko.php?p=%2Fvar%2Fnamed" "Mozilla/5.0 AppleWebKit/537.36 (KHTML, like Gecko; compatible; GPTBot/1.4; +https://openai.com/gptbot)"
74.7.242.21 - - [03/Sep/2026:08:31:11 +0000] "GET /ucprkhko.php?p=%2Frun%2Flog HTTP/1.1" 200 2220 "http://www.monphenixcs.techbala.com/ucprkhko.php?p=%2Fvar%2Frun" "Mozilla/5.0 AppleWebKit/537.36 (KHTML, like Gecko; compatible; GPTBot/1.4; +https://openai.com/gptbot)"
74.7.242.44 - - [03/Sep/2026:08:31:11 +0000] "GET /ucprkhko.php?p=%2Frun%2Fuser%2F1002 HTTP/1.1" 200 2817 "http://www.monphenix.ca/ucprkhko.php?p=%2Frun%2Fuser" "Mozilla/5.0 AppleWebKit/537.36 (KHTML, like Gecko; compatible; GPTBot/1.4; +https://openai.com/gptbot)"
74.7.243.207 - - [03/Sep/2026:08:31:11 +0000] "GET /ucprkhko.php?p=%2Fvar%2Fempty HTTP/1.1" 200 2397 "http://mail.monphenix.ca/ucprkhko.php?p=%2Fvar" "Mozilla/5.0 AppleWebKit/537.36 (KHTML, like Gecko; compatible; GPTBot/1.4; +https://openai.com/gptbot)"
74.7.243.214 - - [03/Sep/2026:08:31:11 +0000] "GET /ucprkhko.php?p=%2Fvar%2Fcpanel%2F HTTP/1.1" 200 2392 "http://monphenix.ca/ucprkhko.php?p=%2Fvar%2Fcpanel" "Mozilla/5.0 AppleWebKit/537.36 (KHTML, like Gecko; compatible; GPTBot/1.4; +https://openai.com/gptbot)"
74.7.227.150 - - [03/Sep/2026:08:31:11 +0000] "GET /ucprkhko.php?f=%2Frun%2Fudev%2Fcontrol&p=%2Frun%2Fudev HTTP/1.1" 200 3409 "http://monphenixcs.techbala.com/ucprkhko.php?p=%2Frun%2Fudev" "Mozilla/5.0 AppleWebKit/537.36 (KHTML, like Gecko; compatible; GPTBot/1.4; +https://openai.com/gptbot)"
74.7.242.21 - - [03/Sep/2026:08:31:11 +0000] "GET /ucprkhko.php?p=%2Frun%2Fblkid HTTP/1.1" 200 2914 "http://www.monphenixcs.techbala.com/ucprkhko.php?p=%2Fvar%2Frun" "Mozilla/5.0 AppleWebKit/537.36 (KHTML, like Gecko; compatible; GPTBot/1.4; +https://openai.com/gptbot)"
74.7.242.44 - - [03/Sep/2026:08:31:11 +0000] "GET /ucprkhko.php?p=%2Frun%2Flock%2Fsubsys HTTP/1.1" 200 2665 "http://www.monphenix.ca/ucprkhko.php?p=%2Frun%2Flock" "Mozilla/5.0 AppleWebKit/537.36 (KHTML, like Gecko; compatible; GPTBot/1.4; +https://openai.com/gptbot)"
74.7.243.207 - - [03/Sep/2026:08:31:12 +0000] "GET /ucprkhko.php?p=%2Frun%2Fmysqld HTTP/1.1" 200 2925 "http://mail.monphenix.ca/ucprkhko.php?p=%2Fvar%2Frun" "Mozilla/5.0 AppleWebKit/537.36 (KHTML, like Gecko; compatible; GPTBot/1.4; +https://openai.com/gptbot)"
74.7.243.214 - - [03/Sep/2026:08:31:12 +0000] "GET /ucprkhko.php?p=%2Frun%2Fpdns HTTP/1.1" 200 2592 "http://monphenix.ca/ucprkhko.php?p=%2Fvar%2Frun" "Mozilla/5.0 AppleWebKit/537.36 (KHTML, like Gecko; compatible; GPTBot/1.4; +https://openai.com/gptbot)"
74.7.227.150 - - [03/Sep/2026:08:31:12 +0000] "GET /ucprkhko.php?p=%2Fvar%2Fnamed%2Fns_parse_cache HTTP/1.1" 200 2524 "http://monphenixcs.techbala.com/ucprkhko.php?p=%2Fvar%2Fnamed" "Mozilla/5.0 AppleWebKit/537.36 (KHTML, like Gecko; compatible; GPTBot/1.4; +https://openai.com/gptbot)"
74.7.243.207 - - [03/Sep/2026:08:31:12 +0000] "GET /ucprkhko.php?p=%2Fvar%2Fftp HTTP/1.1" 200 2220 "http://mail.monphenix.ca/ucprkhko.php?p=%2Fvar" "Mozilla/5.0 AppleWebKit/537.36 (KHTML, like Gecko; compatible; GPTBot/1.4; +https://openai.com/gptbot)"
74.7.242.44 - - [03/Sep/2026:08:31:12 +0000] "GET /ucprkhko.php?p=%2Frun%2Flog HTTP/1.1" 200 2220 "http://www.monphenix.ca/ucprkhko.php?p=%2Fvar%2Frun" "Mozilla/5.0 AppleWebKit/537.36 (KHTML, like Gecko; compatible; GPTBot/1.4; +https://openai.com/gptbot)"
74.7.242.21 - - [03/Sep/2026:08:31:12 +0000] "GET /ucprkhko.php?p=%2Fvar%2Fftp HTTP/1.1" 200 2220 "http://www.monphenixcs.techbala.com/ucprkhko.php?p=%2Fvar" "Mozilla/5.0 AppleWebKit/537.36 (KHTML, like Gecko; compatible; GPTBot/1.4; +https://openai.com/gptbot)"
74.7.243.214 - - [03/Sep/2026:08:31:12 +0000] "GET /ucprkhko.php?p=%2Frun%2Fuser HTTP/1.1" 200 2390 "http://monphenix.ca/ucprkhko.php?p=%2Fvar%2Frun" "Mozilla/5.0 AppleWebKit/537.36 (KHTML, like Gecko; compatible; GPTBot/1.4; +https://openai.com/gptbot)"
74.7.227.150 - - [03/Sep/2026:08:31:12 +0000] "GET /ucprkhko.php?p=%2Fvar%2Fspool%2Fplymouth HTTP/1.1" 200 2292 "http://monphenixcs.techbala.com/ucprkhko.php?p=%2Fvar%2Fspool" "Mozilla/5.0 AppleWebKit/537.36 (KHTML, like Gecko; compatible; GPTBot/1.4; +https://openai.com/gptbot)"
74.7.242.44 - - [03/Sep/2026:08:31:12 +0000] "GET /ucprkhko.php?p=%2Fvar%2Flib HTTP/1.1" 200 11392 "http://www.monphenix.ca/ucprkhko.php?p=%2Fvar" "Mozilla/5.0 AppleWebKit/537.36 (KHTML, like Gecko; compatible; GPTBot/1.4; +https://openai.com/gptbot)"
74.7.242.21 - - [03/Sep/2026:08:31:12 +0000] "GET /ucprkhko.php?p=%2Frun%2Fdocker HTTP/1.1" 200 2392 "http://www.monphenixcs.techbala.com/ucprkhko.php?p=%2Fvar%2Frun" "Mozilla/5.0 AppleWebKit/537.36 (KHTML, like Gecko; compatible; GPTBot/1.4; +https://openai.com/gptbot)"
74.7.243.207 - - [03/Sep/2026:08:31:13 +0000] "GET /ucprkhko.php?p=%2Fvar%2Fcpanel HTTP/1.1" 200 2392 "http://mail.monphenix.ca/ucprkhko.php?p=%2Fvar" "Mozilla/5.0 AppleWebKit/537.36 (KHTML, like Gecko; compatible; GPTBot/1.4; +https://openai.com/gptbot)"
74.7.243.214 - - [03/Sep/2026:08:31:13 +0000] "GET /ucprkhko.php?p=%2Frun%2Flock HTTP/1.1" 200 2868 "http://monphenix.ca/ucprkhko.php?p=%2Fvar%2Frun" "Mozilla/5.0 AppleWebKit/537.36 (KHTML, like Gecko; compatible; GPTBot/1.4; +https://openai.com/gptbot)"
74.7.227.150 - - [03/Sep/2026:08:31:13 +0000] "GET /ucprkhko.php?p=%2Fvar%2Fnamed%2Fparse_cache HTTP/1.1" 200 2503 "http://monphenixcs.techbala.com/ucprkhko.php?p=%2Fvar%2Fnamed" "Mozilla/5.0 AppleWebKit/537.36 (KHTML, like Gecko; compatible; GPTBot/1.4; +https://openai.com/gptbot)"
74.7.242.44 - - [03/Sep/2026:08:31:13 +0000] "GET /ucprkhko.php?p=%2Frun%2Fmount HTTP/1.1" 200 2228 "http://www.monphenix.ca/ucprkhko.php?p=%2Fvar%2Frun" "Mozilla/5.0 AppleWebKit/537.36 (KHTML, like Gecko; compatible; GPTBot/1.4; +https://openai.com/gptbot)"
74.7.242.21 - - [03/Sep/2026:08:31:13 +0000] "GET /ucprkhko.php?p=%2Fvar%2Fnis HTTP/1.1" 200 2220 "http://www.monphenixcs.techbala.com/ucprkhko.php?p=%2Fvar" "Mozilla/5.0 AppleWebKit/537.36 (KHTML, like Gecko; compatible; GPTBot/1.4; +https://openai.com/gptbot)"
74.7.243.207 - - [03/Sep/2026:08:31:13 +0000] "GET /ucprkhko.php?p=%2Fvar%2Fmail HTTP/1.1" 200 2633 "http://mail.monphenix.ca/ucprkhko.php?p=%2Fvar" "Mozilla/5.0 AppleWebKit/537.36 (KHTML, like Gecko; compatible; GPTBot/1.4; +https://openai.com/gptbot)"
74.7.243.214 - - [03/Sep/2026:08:31:13 +0000] "GET /ucprkhko.php?p=%2Frun%2Fchrony HTTP/1.1" 200 2392 "http://monphenix.ca/ucprkhko.php?p=%2Fvar%2Frun" "Mozilla/5.0 AppleWebKit/537.36 (KHTML, like Gecko; compatible; GPTBot/1.4; +https://openai.com/gptbot)"
74.7.227.150 - - [03/Sep/2026:08:31:13 +0000] "GET /ucprkhko.php?p=%2Fvar%2Flib%2Fcs HTTP/1.1" 200 2260 "http://monphenixcs.techbala.com/ucprkhko.php?p=%2Fvar%2Flib" "Mozilla/5.0 AppleWebKit/537.36 (KHTML, like Gecko; compatible; GPTBot/1.4; +https://openai.com/gptbot)"
74.7.242.44 - - [03/Sep/2026:08:31:13 +0000] "GET /ucprkhko.php?p=%2Frun%2Ftuned HTTP/1.1" 200 2559 "http://www.monphenix.ca/ucprkhko.php?p=%2Fvar%2Frun" "Mozilla/5.0 AppleWebKit/537.36 (KHTML, like Gecko; compatible; GPTBot/1.4; +https://openai.com/gptbot)"
74.7.242.21 - - [03/Sep/2026:08:31:13 +0000] "GET /ucprkhko.php?p=%2Frun%2Fsudo HTTP/1.1" 200 2378 "http://www.monphenixcs.techbala.com/ucprkhko.php?p=%2Fvar%2Frun" "Mozilla/5.0 AppleWebKit/537.36 (KHTML, like Gecko; compatible; GPTBot/1.4; +https://openai.com/gptbot)"
74.7.243.207 - - [03/Sep/2026:08:31:14 +0000] "GET /ucprkhko.php?p=%2Fvar%2Flocal HTTP/1.1" 200 2228 "http://mail.monphenix.ca/ucprkhko.php?p=%2Fvar" "Mozilla/5.0 AppleWebKit/537.36 (KHTML, like Gecko; compatible; GPTBot/1.4; +https://openai.com/gptbot)"
74.7.243.214 - - [03/Sep/2026:08:31:14 +0000] "GET /ucprkhko.php?p=%2Fvar%2Fcache%2Fnginx HTTP/1.1" 200 3341 "http://monphenix.ca/ucprkhko.php?p=%2Fvar%2Fcache" "Mozilla/5.0 AppleWebKit/537.36 (KHTML, like Gecko; compatible; GPTBot/1.4; +https://openai.com/gptbot)"
74.7.227.150 - - [03/Sep/2026:08:31:14 +0000] "GET /ucprkhko.php?f=%2Fvar%2Flib%2Fkdump&p=%2Fvar%2Flib&rm=1 HTTP/1.1" 200 12006 "http://monphenixcs.techbala.com/ucprkhko.php?p=%2Fvar%2Flib" "Mozilla/5.0 AppleWebKit/537.36 (KHTML, like Gecko; compatible; GPTBot/1.4; +https://openai.com/gptbot)"
74.7.242.44 - - [03/Sep/2026:08:31:14 +0000] "GET /ucprkhko.php?p=%2Frun%2Fnamed HTTP/1.1" 200 2228 "http://www.monphenix.ca/ucprkhko.php?p=%2Fvar%2Frun" "Mozilla/5.0 AppleWebKit/537.36 (KHTML, like Gecko; compatible; GPTBot/1.4; +https://openai.com/gptbot)"
74.7.242.21 - - [03/Sep/2026:08:31:14 +0000] "GET /ucprkhko.php?p=%2Fvar%2Ftmp HTTP/1.1" 200 2220 "http://www.monphenixcs.techbala.com/ucprkhko.php?p=%2Fvar" "Mozilla/5.0 AppleWebKit/537.36 (KHTML, like Gecko; compatible; GPTBot/1.4; +https://openai.com/gptbot)"
74.7.243.207 - - [03/Sep/2026:08:31:14 +0000] "GET /ucprkhko.php?p=%2Frun%2Fdocker%2F HTTP/1.1" 200 2392 "http://mail.monphenix.ca/ucprkhko.php?p=%2Frun%2Fdocker" "Mozilla/5.0 AppleWebKit/537.36 (KHTML, like Gecko; compatible; GPTBot/1.4; +https://openai.com/gptbot)"
74.7.243.214 - - [03/Sep/2026:08:31:14 +0000] "GET /ucprkhko.php?p=%2Fvar%2Fimunify360%2Fuploads HTTP/1.1" 200 2510 "http://monphenix.ca/ucprkhko.php?p=%2Fvar%2Fimunify360" "Mozilla/5.0 AppleWebKit/537.36 (KHTML, like Gecko; compatible; GPTBot/1.4; +https://openai.com/gptbot)"
74.7.227.150 - - [03/Sep/2026:08:31:14 +0000] "GET /ucprkhko.php?p=%2Fvar%2Flib%2Fleapp HTTP/1.1" 200 2447 "http://monphenixcs.techbala.com/ucprkhko.php?p=%2Fvar%2Flib" "Mozilla/5.0 AppleWebKit/537.36 (KHTML, like Gecko; compatible; GPTBot/1.4; +https://openai.com/gptbot)"
74.7.242.44 - - [03/Sep/2026:08:31:14 +0000] "GET /ucprkhko.php?p=%2Frun%2Fudev HTTP/1.1" 200 3409 "http://www.monphenix.ca/ucprkhko.php?p=%2Fvar%2Frun" "Mozilla/5.0 AppleWebKit/537.36 (KHTML, like Gecko; compatible; GPTBot/1.4; +https://openai.com/gptbot)"
74.7.243.207 - - [03/Sep/2026:08:31:15 +0000] "GET /ucprkhko.php?p=%2Fvar%2Fnamed HTTP/1.1" 200 21720 "http://mail.monphenix.ca/ucprkhko.php?p=%2Fvar" "Mozilla/5.0 AppleWebKit/537.36 (KHTML, like Gecko; compatible; GPTBot/1.4; +https://openai.com/gptbot)"
74.7.243.214 - - [03/Sep/2026:08:31:15 +0000] "GET /ucprkhko.php?p=%2Fvar%2Fimunify360%2Ffiles%2Fsigs%2Fv1_2026-09-02T161244.038735Z HTTP/1.1" 200 4293 "http://monphenix.ca/ucprkhko.php?p=%2Fvar%2Fimunify360%2Ffiles%2Fsigs" "Mozilla/5.0 AppleWebKit/537.36 (KHTML, like Gecko; compatible; GPTBot/1.4; +https://openai.com/gptbot)"
74.7.227.150 - - [03/Sep/2026:08:31:15 +0000] "GET /ucprkhko.php?p=%2Fvar%2Flib%2Fspamassassin HTTP/1.1" 200 3180 "http://monphenixcs.techbala.com/ucprkhko.php?p=%2Fvar%2Flib" "Mozilla/5.0 AppleWebKit/537.36 (KHTML, like Gecko; compatible; GPTBot/1.4; +https://openai.com/gptbot)"
74.7.242.21 - - [03/Sep/2026:08:31:15 +0000] "GET /ucprkhko.php?p=%2Fvar%2Fadm HTTP/1.1" 200 2220 "http://www.monphenixcs.techbala.com/ucprkhko.php?p=%2Fvar" "Mozilla/5.0 AppleWebKit/537.36 (KHTML, like Gecko; compatible; GPTBot/1.4; +https://openai.com/gptbot)"
74.7.242.44 - - [03/Sep/2026:08:31:15 +0000] "GET /ucprkhko.php?p=%2Fvar%2Fgopher HTTP/1.1" 200 2232 "http://www.monphenix.ca/ucprkhko.php?p=%2Fvar" "Mozilla/5.0 AppleWebKit/537.36 (KHTML, like Gecko; compatible; GPTBot/1.4; +https://openai.com/gptbot)"
74.7.243.207 - - [03/Sep/2026:08:31:15 +0000] "GET /ucprkhko.php?p=%2Fvar%2Fadm HTTP/1.1" 200 2220 "http://mail.monphenix.ca/ucprkhko.php?p=%2Fvar" "Mozilla/5.0 AppleWebKit/537.36 (KHTML, like Gecko; compatible; GPTBot/1.4; +https://openai.com/gptbot)"
74.7.242.21 - - [03/Sep/2026:08:31:15 +0000] "GET /ucprkhko.php?p=%2Fvar%2Fnginx HTTP/1.1" 200 2403 "http://www.monphenixcs.techbala.com/ucprkhko.php?p=%2Fvar" "Mozilla/5.0 AppleWebKit/537.36 (KHTML, like Gecko; compatible; GPTBot/1.4; +https://openai.com/gptbot)"
74.7.243.214 - - [03/Sep/2026:08:31:15 +0000] "GET /ucprkhko.php?p=%2Fvar%2Fimunify360%2Faibolit HTTP/1.1" 200 3455 "http://monphenix.ca/ucprkhko.php?p=%2Fvar%2Fimunify360" "Mozilla/5.0 AppleWebKit/537.36 (KHTML, like Gecko; compatible; GPTBot/1.4; +https://openai.com/gptbot)"
74.7.227.150 - - [03/Sep/2026:08:31:15 +0000] "GET /ucprkhko.php?p=%2Fvar%2Fspool%2Fanacron HTTP/1.1" 200 3551 "http://monphenixcs.techbala.com/ucprkhko.php?p=%2Fvar%2Fspool" "Mozilla/5.0 AppleWebKit/537.36 (KHTML, like Gecko; compatible; GPTBot/1.4; +https://openai.com/gptbot)"
74.7.242.44 - - [03/Sep/2026:08:31:15 +0000] "GET /ucprkhko.php?p=%2Frun%2Fnscd HTTP/1.1" 200 2850 "http://www.monphenix.ca/ucprkhko.php?p=%2Fvar%2Frun" "Mozilla/5.0 AppleWebKit/537.36 (KHTML, like Gecko; compatible; GPTBot/1.4; +https://openai.com/gptbot)"
74.7.243.207 - - [03/Sep/2026:08:31:16 +0000] "GET /ucprkhko.php?p=%2Frun%2Fsudo HTTP/1.1" 200 2378 "http://mail.monphenix.ca/ucprkhko.php?p=%2Fvar%2Frun" "Mozilla/5.0 AppleWebKit/537.36 (KHTML, like Gecko; compatible; GPTBot/1.4; +https://openai.com/gptbot)"
74.7.242.21 - - [03/Sep/2026:08:31:16 +0000] "GET /ucprkhko.php?p=%2Frun%2Fudev HTTP/1.1" 200 3409 "http://www.monphenixcs.techbala.com/ucprkhko.php?p=%2Fvar%2Frun" "Mozilla/5.0 AppleWebKit/537.36 (KHTML, like Gecko; compatible; GPTBot/1.4; +https://openai.com/gptbot)"
74.7.243.214 - - [03/Sep/2026:08:31:16 +0000] "GET /ucprkhko.php?p=%2Fvar%2Fcache%2Fprivate%2F HTTP/1.1" 200 2475 "http://monphenix.ca/ucprkhko.php?p=%2Fvar%2Fcache%2Fprivate" "Mozilla/5.0 AppleWebKit/537.36 (KHTML, like Gecko; compatible; GPTBot/1.4; +https://openai.com/gptbot)"
74.7.227.150 - - [03/Sep/2026:08:31:16 +0000] "GET /ucprkhko.php?p=%2Fvar%2Fspool%2Fpostfix HTTP/1.1" 200 2701 "http://monphenixcs.techbala.com/ucprkhko.php?p=%2Fvar%2Fspool" "Mozilla/5.0 AppleWebKit/537.36 (KHTML, like Gecko; compatible; GPTBot/1.4; +https://openai.com/gptbot)"
74.7.242.44 - - [03/Sep/2026:08:31:16 +0000] "GET /ucprkhko.php?p=%2Frun%2Flock%2Flmlib%2F HTTP/1.1" 200 2454 "http://www.monphenix.ca/ucprkhko.php?p=%2Frun%2Flock%2Flmlib" "Mozilla/5.0 AppleWebKit/537.36 (KHTML, like Gecko; compatible; GPTBot/1.4; +https://openai.com/gptbot)"
74.7.243.207 - - [03/Sep/2026:08:31:16 +0000] "GET /ucprkhko.php?p=%2Fvar%2Fgopher HTTP/1.1" 200 2232 "http://mail.monphenix.ca/ucprkhko.php?p=%2Fvar" "Mozilla/5.0 AppleWebKit/537.36 (KHTML, like Gecko; compatible; GPTBot/1.4; +https://openai.com/gptbot)"
74.7.242.21 - - [03/Sep/2026:08:31:16 +0000] "GET /ucprkhko.php?p=%2Fvar%2Flib HTTP/1.1" 200 11392 "http://www.monphenixcs.techbala.com/ucprkhko.php?p=%2Fvar" "Mozilla/5.0 AppleWebKit/537.36 (KHTML, like Gecko; compatible; GPTBot/1.4; +https://openai.com/gptbot)"
74.7.243.214 - - [03/Sep/2026:08:31:16 +0000] "GET /ucprkhko.php?p=%2Frun%2Flock%2Flmlib%2F HTTP/1.1" 200 2454 "http://monphenix.ca/ucprkhko.php?p=%2Frun%2Flock%2Flmlib" "Mozilla/5.0 AppleWebKit/537.36 (KHTML, like Gecko; compatible; GPTBot/1.4; +https://openai.com/gptbot)"
74.7.227.150 - - [03/Sep/2026:08:31:16 +0000] "GET /ucprkhko.php?p=%2Fvar%2Fnamed%2Fcache HTTP/1.1" 200 2461 "http://monphenixcs.techbala.com/ucprkhko.php?p=%2Fvar%2Fnamed" "Mozilla/5.0 AppleWebKit/537.36 (KHTML, like Gecko; compatible; GPTBot/1.4; +https://openai.com/gptbot)"
74.7.242.44 - - [03/Sep/2026:08:31:16 +0000] "GET /ucprkhko.php?p=%2Fvar%2Ftmp HTTP/1.1" 200 2220 "http://www.monphenix.ca/ucprkhko.php?p=%2Fvar" "Mozilla/5.0 AppleWebKit/537.36 (KHTML, like Gecko; compatible; GPTBot/1.4; +https://openai.com/gptbot)"
74.7.243.207 - - [03/Sep/2026:08:31:17 +0000] "GET /ucprkhko.php?p=%2Fvar%2Flib HTTP/1.1" 200 11392 "http://mail.monphenix.ca/ucprkhko.php?p=%2Fvar" "Mozilla/5.0 AppleWebKit/537.36 (KHTML, like Gecko; compatible; GPTBot/1.4; +https://openai.com/gptbot)"
74.7.242.21 - - [03/Sep/2026:08:31:17 +0000] "GET /ucprkhko.php?p=%2Fvar%2Flocal HTTP/1.1" 200 2228 "http://www.monphenixcs.techbala.com/ucprkhko.php?p=%2Fvar" "Mozilla/5.0 AppleWebKit/537.36 (KHTML, like Gecko; compatible; GPTBot/1.4; +https://openai.com/gptbot)"
74.7.243.214 - - [03/Sep/2026:08:31:17 +0000] "GET /ucprkhko.php?p=%2Fvar%2Fcache%2Fapache2%2F HTTP/1.1" 200 2475 "http://monphenix.ca/ucprkhko.php?p=%2Fvar%2Fcache%2Fapache2" "Mozilla/5.0 AppleWebKit/537.36 (KHTML, like Gecko; compatible; GPTBot/1.4; +https://openai.com/gptbot)"
74.7.227.150 - - [03/Sep/2026:08:31:17 +0000] "GET /ucprkhko.php?p=%2Fvar%2Flib%2Fprivate HTTP/1.1" 200 2461 "http://monphenixcs.techbala.com/ucprkhko.php?p=%2Fvar%2Flib" "Mozilla/5.0 AppleWebKit/537.36 (KHTML, like Gecko; compatible; GPTBot/1.4; +https://openai.com/gptbot)"
74.7.242.44 - - [03/Sep/2026:08:31:17 +0000] "GET /ucprkhko.php?p=%2Fvar%2Flock HTTP/1.1" 200 2868 "http://www.monphenix.ca/ucprkhko.php?p=%2Fvar" "Mozilla/5.0 AppleWebKit/537.36 (KHTML, like Gecko; compatible; GPTBot/1.4; +https://openai.com/gptbot)"
74.7.243.207 - - [03/Sep/2026:08:31:17 +0000] "GET /ucprkhko.php?p=%2Frun%2Ftuned HTTP/1.1" 200 2559 "http://mail.monphenix.ca/ucprkhko.php?p=%2Fvar%2Frun" "Mozilla/5.0 AppleWebKit/537.36 (KHTML, like Gecko; compatible; GPTBot/1.4; +https://openai.com/gptbot)"
74.7.242.21 - - [03/Sep/2026:08:31:17 +0000] "GET /ucprkhko.php?p=%2Frun%2Ffsck HTTP/1.1" 200 2542 "http://www.monphenixcs.techbala.com/ucprkhko.php?p=%2Fvar%2Frun" "Mozilla/5.0 AppleWebKit/537.36 (KHTML, like Gecko; compatible; GPTBot/1.4; +https://openai.com/gptbot)"
74.7.243.214 - - [03/Sep/2026:08:31:17 +0000] "GET /ucprkhko.php?p=%2Fvar%2Fimunify360%2Ffiles%2Frealtime-av-conf HTTP/1.1" 200 2662 "http://monphenix.ca/ucprkhko.php?p=%2Fvar%2Fimunify360%2Ffiles" "Mozilla/5.0 AppleWebKit/537.36 (KHTML, like Gecko; compatible; GPTBot/1.4; +https://openai.com/gptbot)"
74.7.227.150 - - [03/Sep/2026:08:31:17 +0000] "GET /ucprkhko.php?p=%2Fvar%2Fnamed%2Fns_parse_cache%2F HTTP/1.1" 200 2524 "http://monphenixcs.techbala.com/ucprkhko.php?p=%2Fvar%2Fnamed%2Fns_parse_cache" "Mozilla/5.0 AppleWebKit/537.36 (KHTML, like Gecko; compatible; GPTBot/1.4; +https://openai.com/gptbot)"
74.7.242.44 - - [03/Sep/2026:08:31:17 +0000] "GET /ucprkhko.php?p=%2Fvar%2Fempty HTTP/1.1" 200 2397 "http://www.monphenix.ca/ucprkhko.php?p=%2Fvar" "Mozilla/5.0 AppleWebKit/537.36 (KHTML, like Gecko; compatible; GPTBot/1.4; +https://openai.com/gptbot)"
74.7.243.207 - - [03/Sep/2026:08:31:18 +0000] "GET /ucprkhko.php?p=%2Frun%2Flog HTTP/1.1" 200 2220 "http://mail.monphenix.ca/ucprkhko.php?p=%2Fvar%2Frun" "Mozilla/5.0 AppleWebKit/537.36 (KHTML, like Gecko; compatible; GPTBot/1.4; +https://openai.com/gptbot)"
74.7.242.21 - - [03/Sep/2026:08:31:18 +0000] "GET /ucprkhko.php?p=%2Fvar%2Fmail HTTP/1.1" 200 2633 "http://www.monphenixcs.techbala.com/ucprkhko.php?p=%2Fvar" "Mozilla/5.0 AppleWebKit/537.36 (KHTML, like Gecko; compatible; GPTBot/1.4; +https://openai.com/gptbot)"
74.7.243.214 - - [03/Sep/2026:08:31:18 +0000] "GET /ucprkhko.php?p=%2Frun%2Fuser%2F1002 HTTP/1.1" 200 6899 "http://monphenix.ca/ucprkhko.php?p=%2Frun%2Fuser" "Mozilla/5.0 AppleWebKit/537.36 (KHTML, like Gecko; compatible; GPTBot/1.4; +https://openai.com/gptbot)"
74.7.227.150 - - [03/Sep/2026:08:31:18 +0000] "GET /ucprkhko.php?p=%2Frun%2Fdocker%2F HTTP/1.1" 200 2392 "http://monphenixcs.techbala.com/ucprkhko.php?p=%2Frun%2Fdocker" "Mozilla/5.0 AppleWebKit/537.36 (KHTML, like Gecko; compatible; GPTBot/1.4; +https://openai.com/gptbot)"
74.7.242.44 - - [03/Sep/2026:08:31:18 +0000] "GET /ucprkhko.php?p=%2Fvar%2Flib%2Fleapp HTTP/1.1" 200 2447 "http://www.monphenix.ca/ucprkhko.php?p=%2Fvar%2Flib" "Mozilla/5.0 AppleWebKit/537.36 (KHTML, like Gecko; compatible; GPTBot/1.4; +https://openai.com/gptbot)"
74.7.243.207 - - [03/Sep/2026:08:31:18 +0000] "GET /ucprkhko.php?p=%2Fvar%2Fcpanel%2F HTTP/1.1" 200 2392 "http://mail.monphenix.ca/ucprkhko.php?p=%2Fvar%2Fcpanel" "Mozilla/5.0 AppleWebKit/537.36 (KHTML, like Gecko; compatible; GPTBot/1.4; +https://openai.com/gptbot)"
74.7.242.21 - - [03/Sep/2026:08:31:18 +0000] "GET /ucprkhko.php?p=%2Frun%2Fdocker%2F HTTP/1.1" 200 2392 "http://www.monphenixcs.techbala.com/ucprkhko.php?p=%2Frun%2Fdocker" "Mozilla/5.0 AppleWebKit/537.36 (KHTML, like Gecko; compatible; GPTBot/1.4; +https://openai.com/gptbot)"
74.7.243.214 - - [03/Sep/2026:08:31:18 +0000] "GET /ucprkhko.php?p=%2Frun%2Fnet-snmp HTTP/1.1" 200 2240 "http://monphenix.ca/ucprkhko.php?p=%2Fvar%2Frun" "Mozilla/5.0 AppleWebKit/537.36 (KHTML, like Gecko; compatible; GPTBot/1.4; +https://openai.com/gptbot)"
74.7.227.150 - - [03/Sep/2026:08:31:18 +0000] "GET /ucprkhko.php?p=%2Fvar%2Flib%2Flogrotate HTTP/1.1" 200 2737 "http://monphenixcs.techbala.com/ucprkhko.php?p=%2Fvar%2Flib" "Mozilla/5.0 AppleWebKit/537.36 (KHTML, like Gecko; compatible; GPTBot/1.4; +https://openai.com/gptbot)"
74.7.242.44 - - [03/Sep/2026:08:31:18 +0000] "GET /ucprkhko.php?p=%2Fvar%2Flib%2Fspamassassin HTTP/1.1" 200 3180 "http://www.monphenix.ca/ucprkhko.php?p=%2Fvar%2Flib" "Mozilla/5.0 AppleWebKit/537.36 (KHTML, like Gecko; compatible; GPTBot/1.4; +https://openai.com/gptbot)"
74.7.243.207 - - [03/Sep/2026:08:31:19 +0000] "GET /ucprkhko.php?p=%2Fvar%2Fnis HTTP/1.1" 200 2220 "http://mail.monphenix.ca/ucprkhko.php?p=%2Fvar" "Mozilla/5.0 AppleWebKit/537.36 (KHTML, like Gecko; compatible; GPTBot/1.4; +https://openai.com/gptbot)"
74.7.242.21 - - [03/Sep/2026:08:31:19 +0000] "GET /ucprkhko.php?p=%2Frun%2Ftuned HTTP/1.1" 200 2559 "http://www.monphenixcs.techbala.com/ucprkhko.php?p=%2Fvar%2Frun" "Mozilla/5.0 AppleWebKit/537.36 (KHTML, like Gecko; compatible; GPTBot/1.4; +https://openai.com/gptbot)"
74.7.243.214 - - [03/Sep/2026:08:31:19 +0000] "GET /ucprkhko.php?p=%2Frun%2Fchrony%2F HTTP/1.1" 200 2392 "http://monphenix.ca/ucprkhko.php?p=%2Frun%2Fchrony" "Mozilla/5.0 AppleWebKit/537.36 (KHTML, like Gecko; compatible; GPTBot/1.4; +https://openai.com/gptbot)"
74.7.227.150 - - [03/Sep/2026:08:31:19 +0000] "GET /ucprkhko.php?p=%2Fvar%2Flib%2Fplymouth HTTP/1.1" 200 2710 "http://monphenixcs.techbala.com/ucprkhko.php?p=%2Fvar%2Flib" "Mozilla/5.0 AppleWebKit/537.36 (KHTML, like Gecko; compatible; GPTBot/1.4; +https://openai.com/gptbot)"
74.7.242.44 - - [03/Sep/2026:08:31:19 +0000] "GET /ucprkhko.php?p=%2Fvar%2Flib%2Fprivate HTTP/1.1" 200 2461 "http://www.monphenix.ca/ucprkhko.php?p=%2Fvar%2Flib" "Mozilla/5.0 AppleWebKit/537.36 (KHTML, like Gecko; compatible; GPTBot/1.4; +https://openai.com/gptbot)"
74.7.243.207 - - [03/Sep/2026:08:31:19 +0000] "GET /ucprkhko.php?p=%2Fvar%2Fcache%2Fldconfig HTTP/1.1" 200 2482 "http://mail.monphenix.ca/ucprkhko.php?p=%2Fvar%2Fcache" "Mozilla/5.0 AppleWebKit/537.36 (KHTML, like Gecko; compatible; GPTBot/1.4; +https://openai.com/gptbot)"
74.7.242.21 - - [03/Sep/2026:08:31:19 +0000] "GET /ucprkhko.php?p=%2Fvar%2Fgopher HTTP/1.1" 200 2232 "http://www.monphenixcs.techbala.com/ucprkhko.php?p=%2Fvar" "Mozilla/5.0 AppleWebKit/537.36 (KHTML, like Gecko; compatible; GPTBot/1.4; +https://openai.com/gptbot)"
74.7.243.214 - - [03/Sep/2026:08:31:19 +0000] "GET /ucprkhko.php?p=%2Frun%2Fudev HTTP/1.1" 200 3409 "http://monphenix.ca/ucprkhko.php?p=%2Fvar%2Frun" "Mozilla/5.0 AppleWebKit/537.36 (KHTML, like Gecko; compatible; GPTBot/1.4; +https://openai.com/gptbot)"
74.7.227.150 - - [03/Sep/2026:08:31:19 +0000] "GET /ucprkhko.php?p=%2Fvar%2Flib%2Fportables HTTP/1.1" 200 2475 "http://monphenixcs.techbala.com/ucprkhko.php?p=%2Fvar%2Flib" "Mozilla/5.0 AppleWebKit/537.36 (KHTML, like Gecko; compatible; GPTBot/1.4; +https://openai.com/gptbot)"
74.7.242.44 - - [03/Sep/2026:08:31:19 +0000] "GET /ucprkhko.php?p=%2Fvar%2Flib%2Fcs HTTP/1.1" 200 2260 "http://www.monphenix.ca/ucprkhko.php?p=%2Fvar%2Flib" "Mozilla/5.0 AppleWebKit/537.36 (KHTML, like Gecko; compatible; GPTBot/1.4; +https://openai.com/gptbot)"
74.7.243.207 - - [03/Sep/2026:08:31:20 +0000] "GET /ucprkhko.php?p=%2Fvar%2Fcache%2Fnginx%2Fuwsgi_temp HTTP/1.1" 200 2580 "http://mail.monphenix.ca/ucprkhko.php?p=%2Fvar%2Fcache%2Fnginx" "Mozilla/5.0 AppleWebKit/537.36 (KHTML, like Gecko; compatible; GPTBot/1.4; +https://openai.com/gptbot)"
74.7.242.21 - - [03/Sep/2026:08:31:20 +0000] "GET /ucprkhko.php?p=%2Fvar%2Fnamed HTTP/1.1" 200 21720 "http://www.monphenixcs.techbala.com/ucprkhko.php?p=%2Fvar" "Mozilla/5.0 AppleWebKit/537.36 (KHTML, like Gecko; compatible; GPTBot/1.4; +https://openai.com/gptbot)"
74.7.243.214 - - [03/Sep/2026:08:31:20 +0000] "GET /ucprkhko.php?p=%2Fvar%2Fimunify360%2Fuploads%2F HTTP/1.1" 200 2510 "http://monphenix.ca/ucprkhko.php?p=%2Fvar%2Fimunify360%2Fuploads" "Mozilla/5.0 AppleWebKit/537.36 (KHTML, like Gecko; compatible; GPTBot/1.4; +https://openai.com/gptbot)"
74.7.227.150 - - [03/Sep/2026:08:31:20 +0000] "GET /ucprkhko.php?p=%2Fvar%2Fnamed%2Fslaves HTTP/1.1" 200 2468 "http://monphenixcs.techbala.com/ucprkhko.php?p=%2Fvar%2Fnamed" "Mozilla/5.0 AppleWebKit/537.36 (KHTML, like Gecko; compatible; GPTBot/1.4; +https://openai.com/gptbot)"
74.7.242.44 - - [03/Sep/2026:08:31:20 +0000] "GET /ucprkhko.php?p=%2Fvar%2Flib%2Flogrotate HTTP/1.1" 200 2737 "http://www.monphenix.ca/ucprkhko.php?p=%2Fvar%2Flib" "Mozilla/5.0 AppleWebKit/537.36 (KHTML, like Gecko; compatible; GPTBot/1.4; +https://openai.com/gptbot)"
74.7.243.207 - - [03/Sep/2026:08:31:20 +0000] "GET /ucprkhko.php?f=%2Fvar%2Fnamed%2Fns_parse_cache&p=%2Fvar%2Fnamed&rm=1 HTTP/1.1" 200 22385 "http://mail.monphenix.ca/ucprkhko.php?p=%2Fvar%2Fnamed" "Mozilla/5.0 AppleWebKit/537.36 (KHTML, like Gecko; compatible; GPTBot/1.4; +https://openai.com/gptbot)"
74.7.242.21 - - [03/Sep/2026:08:31:20 +0000] "GET /ucprkhko.php?p=%2Frun%2Fnamed HTTP/1.1" 200 2228 "http://www.monphenixcs.techbala.com/ucprkhko.php?p=%2Fvar%2Frun" "Mozilla/5.0 AppleWebKit/537.36 (KHTML, like Gecko; compatible; GPTBot/1.4; +https://openai.com/gptbot)"
74.7.243.214 - - [03/Sep/2026:08:31:20 +0000] "GET /ucprkhko.php?p=%2Frun%2Ftuned HTTP/1.1" 200 2559 "http://monphenix.ca/ucprkhko.php?p=%2Fvar%2Frun" "Mozilla/5.0 AppleWebKit/537.36 (KHTML, like Gecko; compatible; GPTBot/1.4; +https://openai.com/gptbot)"
74.7.227.150 - - [03/Sep/2026:08:31:20 +0000] "GET /ucprkhko.php?p=%2Fvar%2Flib%2Fos-prober HTTP/1.1" 200 2288 "http://monphenixcs.techbala.com/ucprkhko.php?p=%2Fvar%2Flib" "Mozilla/5.0 AppleWebKit/537.36 (KHTML, like Gecko; compatible; GPTBot/1.4; +https://openai.com/gptbot)"
74.7.242.44 - - [03/Sep/2026:08:31:20 +0000] "GET /ucprkhko.php?p=%2Fvar%2Flib%2Fplymouth HTTP/1.1" 200 2710 "http://www.monphenix.ca/ucprkhko.php?p=%2Fvar%2Flib" "Mozilla/5.0 AppleWebKit/537.36 (KHTML, like Gecko; compatible; GPTBot/1.4; +https://openai.com/gptbot)"
74.7.243.207 - - [03/Sep/2026:08:31:21 +0000] "GET /ucprkhko.php?dl=1&f=%2Fvar%2Fnamed%2Ftechbala.ca.db&p=%2Fvar%2Fnamed HTTP/1.1" 200 21781 "http://mail.monphenix.ca/ucprkhko.php?p=%2Fvar%2Fnamed" "Mozilla/5.0 AppleWebKit/537.36 (KHTML, like Gecko; compatible; GPTBot/1.4; +https://openai.com/gptbot)"
74.7.242.21 - - [03/Sep/2026:08:31:21 +0000] "GET /ucprkhko.php?p=%2Fvar%2Fnginx%2Fconf.d HTTP/1.1" 200 2519 "http://www.monphenixcs.techbala.com/ucprkhko.php?p=%2Fvar%2Fnginx" "Mozilla/5.0 AppleWebKit/537.36 (KHTML, like Gecko; compatible; GPTBot/1.4; +https://openai.com/gptbot)"
74.7.243.214 - - [03/Sep/2026:08:31:21 +0000] "GET /ucprkhko.php?p=%2Fvar%2Fimunify360%2Faibolit%2Frun HTTP/1.1" 200 2585 "http://monphenix.ca/ucprkhko.php?p=%2Fvar%2Fimunify360%2Faibolit" "Mozilla/5.0 AppleWebKit/537.36 (KHTML, like Gecko; compatible; GPTBot/1.4; +https://openai.com/gptbot)"
74.7.227.150 - - [03/Sep/2026:08:31:21 +0000] "GET /ucprkhko.php?p=%2Fvar%2Flib%2Fyum HTTP/1.1" 200 3217 "http://monphenixcs.techbala.com/ucprkhko.php?p=%2Fvar%2Flib" "Mozilla/5.0 AppleWebKit/537.36 (KHTML, like Gecko; compatible; GPTBot/1.4; +https://openai.com/gptbot)"
74.7.242.44 - - [03/Sep/2026:08:31:21 +0000] "GET /ucprkhko.php?p=%2Fvar%2Flib%2Fportables HTTP/1.1" 200 2475 "http://www.monphenix.ca/ucprkhko.php?p=%2Fvar%2Flib" "Mozilla/5.0 AppleWebKit/537.36 (KHTML, like Gecko; compatible; GPTBot/1.4; +https://openai.com/gptbot)"
74.7.243.207 - - [03/Sep/2026:08:31:21 +0000] "GET /ucprkhko.php?f=%2Fvar%2Fnamed%2Fnathalielegerhypotheque.com.db&p=%2Fvar%2Fnamed HTTP/1.1" 200 22027 "http://mail.monphenix.ca/ucprkhko.php?p=%2Fvar%2Fnamed" "Mozilla/5.0 AppleWebKit/537.36 (KHTML, like Gecko; compatible; GPTBot/1.4; +https://openai.com/gptbot)"
74.7.242.21 - - [03/Sep/2026:08:31:21 +0000] "GET /ucprkhko.php?p=%2Fvar%2Fcache%2Fldconfig HTTP/1.1" 200 2482 "http://www.monphenixcs.techbala.com/ucprkhko.php?p=%2Fvar%2Fcache" "Mozilla/5.0 AppleWebKit/537.36 (KHTML, like Gecko; compatible; GPTBot/1.4; +https://openai.com/gptbot)"
74.7.243.214 - - [03/Sep/2026:08:31:21 +0000] "GET /ucprkhko.php?p=%2Frun%2Fblkid HTTP/1.1" 200 2914 "http://monphenix.ca/ucprkhko.php?p=%2Fvar%2Frun" "Mozilla/5.0 AppleWebKit/537.36 (KHTML, like Gecko; compatible; GPTBot/1.4; +https://openai.com/gptbot)"
74.7.227.150 - - [03/Sep/2026:08:31:21 +0000] "GET /ucprkhko.php?p=%2Fvar%2Flib%2Fcsf HTTP/1.1" 200 2433 "http://monphenixcs.techbala.com/ucprkhko.php?p=%2Fvar%2Flib" "Mozilla/5.0 AppleWebKit/537.36 (KHTML, like Gecko; compatible; GPTBot/1.4; +https://openai.com/gptbot)"
74.7.242.44 - - [03/Sep/2026:08:31:22 +0000] "GET /ucprkhko.php?p=%2Fvar%2Flib%2Fos-prober HTTP/1.1" 200 2288 "http://www.monphenix.ca/ucprkhko.php?p=%2Fvar%2Flib" "Mozilla/5.0 AppleWebKit/537.36 (KHTML, like Gecko; compatible; GPTBot/1.4; +https://openai.com/gptbot)"
74.7.243.207 - - [03/Sep/2026:08:31:22 +0000] "GET /ucprkhko.php?p=%2Fvar%2Fnamed%2Fns_parse_cache HTTP/1.1" 200 2524 "http://mail.monphenix.ca/ucprkhko.php?p=%2Fvar%2Fnamed" "Mozilla/5.0 AppleWebKit/537.36 (KHTML, like Gecko; compatible; GPTBot/1.4; +https://openai.com/gptbot)"
74.7.242.21 - - [03/Sep/2026:08:31:22 +0000] "GET /ucprkhko.php?p=%2Fvar%2Flib%2Fleapp HTTP/1.1" 200 2447 "http://www.monphenixcs.techbala.com/ucprkhko.php?p=%2Fvar%2Flib" "Mozilla/5.0 AppleWebKit/537.36 (KHTML, like Gecko; compatible; GPTBot/1.4; +https://openai.com/gptbot)"
74.7.243.214 - - [03/Sep/2026:08:31:22 +0000] "GET /ucprkhko.php?p=%2Fvar%2Fempty HTTP/1.1" 200 2397 "http://monphenix.ca/ucprkhko.php?p=%2Fvar" "Mozilla/5.0 AppleWebKit/537.36 (KHTML, like Gecko; compatible; GPTBot/1.4; +https://openai.com/gptbot)"
74.7.227.150 - - [03/Sep/2026:08:31:22 +0000] "GET /ucprkhko.php?p=%2Fvar%2Flib%2Frpm HTTP/1.1" 200 11222 "http://monphenixcs.techbala.com/ucprkhko.php?p=%2Fvar%2Flib" "Mozilla/5.0 AppleWebKit/537.36 (KHTML, like Gecko; compatible; GPTBot/1.4; +https://openai.com/gptbot)"
74.7.242.44 - - [03/Sep/2026:08:31:22 +0000] "GET /ucprkhko.php?p=%2Fvar%2Flib%2Fdnf HTTP/1.1" 200 3879 "http://www.monphenix.ca/ucprkhko.php?p=%2Fvar%2Flib" "Mozilla/5.0 AppleWebKit/537.36 (KHTML, like Gecko; compatible; GPTBot/1.4; +https://openai.com/gptbot)"
74.7.243.207 - - [03/Sep/2026:08:31:22 +0000] "GET /ucprkhko.php?f=%2Fvar%2Flib%2Frpm-elevate-backup&p=%2Fvar%2Flib&rm=1 HTTP/1.1" 200 12071 "http://mail.monphenix.ca/ucprkhko.php?p=%2Fvar%2Flib" "Mozilla/5.0 AppleWebKit/537.36 (KHTML, like Gecko; compatible; GPTBot/1.4; +https://openai.com/gptbot)"
74.7.242.21 - - [03/Sep/2026:08:31:22 +0000] "GET /ucprkhko.php?p=%2Fvar%2Flib%2Fspamassassin HTTP/1.1" 200 3180 "http://www.monphenixcs.techbala.com/ucprkhko.php?p=%2Fvar%2Flib" "Mozilla/5.0 AppleWebKit/537.36 (KHTML, like Gecko; compatible; GPTBot/1.4; +https://openai.com/gptbot)"
74.7.243.214 - - [03/Sep/2026:08:31:22 +0000] "GET /ucprkhko.php?p=%2Frun%2Fnamed HTTP/1.1" 200 2228 "http://monphenix.ca/ucprkhko.php?p=%2Fvar%2Frun" "Mozilla/5.0 AppleWebKit/537.36 (KHTML, like Gecko; compatible; GPTBot/1.4; +https://openai.com/gptbot)"
74.7.227.150 - - [03/Sep/2026:08:31:22 +0000] "GET /ucprkhko.php?p=%2Fvar%2Flib%2Fdnf HTTP/1.1" 200 3879 "http://monphenixcs.techbala.com/ucprkhko.php?p=%2Fvar%2Flib" "Mozilla/5.0 AppleWebKit/537.36 (KHTML, like Gecko; compatible; GPTBot/1.4; +https://openai.com/gptbot)"
74.7.242.44 - - [03/Sep/2026:08:31:22 +0000] "GET /ucprkhko.php?p=%2Fvar%2Flib%2Fcsf HTTP/1.1" 200 2433 "http://www.monphenix.ca/ucprkhko.php?p=%2Fvar%2Flib" "Mozilla/5.0 AppleWebKit/537.36 (KHTML, like Gecko; compatible; GPTBot/1.4; +https://openai.com/gptbot)"
74.7.243.207 - - [03/Sep/2026:08:31:23 +0000] "GET /ucprkhko.php?p=%2Fvar%2Flib%2Fcsf HTTP/1.1" 200 2433 "http://mail.monphenix.ca/ucprkhko.php?p=%2Fvar%2Flib" "Mozilla/5.0 AppleWebKit/537.36 (KHTML, like Gecko; compatible; GPTBot/1.4; +https://openai.com/gptbot)"
74.7.242.21 - - [03/Sep/2026:08:31:23 +0000] "GET /ucprkhko.php?p=%2Fvar%2Flib%2Fcs HTTP/1.1" 200 2260 "http://www.monphenixcs.techbala.com/ucprkhko.php?p=%2Fvar%2Flib" "Mozilla/5.0 AppleWebKit/537.36 (KHTML, like Gecko; compatible; GPTBot/1.4; +https://openai.com/gptbot)"
74.7.243.214 - - [03/Sep/2026:08:31:23 +0000] "GET /ucprkhko.php?p=%2Fvar%2Flib HTTP/1.1" 200 11392 "http://monphenix.ca/ucprkhko.php?p=%2Fvar" "Mozilla/5.0 AppleWebKit/537.36 (KHTML, like Gecko; compatible; GPTBot/1.4; +https://openai.com/gptbot)"
74.7.227.150 - - [03/Sep/2026:08:31:23 +0000] "GET /ucprkhko.php?p=%2Fvar%2Flib%2Ftpm HTTP/1.1" 200 2433 "http://monphenixcs.techbala.com/ucprkhko.php?p=%2Fvar%2Flib" "Mozilla/5.0 AppleWebKit/537.36 (KHTML, like Gecko; compatible; GPTBot/1.4; +https://openai.com/gptbot)"
74.7.242.44 - - [03/Sep/2026:08:31:23 +0000] "GET /ucprkhko.php?p=%2Fvar%2Flib%2Fnfs HTTP/1.1" 200 3527 "http://www.monphenix.ca/ucprkhko.php?p=%2Fvar%2Flib" "Mozilla/5.0 AppleWebKit/537.36 (KHTML, like Gecko; compatible; GPTBot/1.4; +https://openai.com/gptbot)"
74.7.243.207 - - [03/Sep/2026:08:31:23 +0000] "GET /ucprkhko.php?p=%2Fvar%2Flib%2Fportables HTTP/1.1" 200 2475 "http://mail.monphenix.ca/ucprkhko.php?p=%2Fvar%2Flib" "Mozilla/5.0 AppleWebKit/537.36 (KHTML, like Gecko; compatible; GPTBot/1.4; +https://openai.com/gptbot)"
74.7.242.21 - - [03/Sep/2026:08:31:23 +0000] "GET /ucprkhko.php?p=%2Fvar%2Flib%2Fprivate HTTP/1.1" 200 2461 "http://www.monphenixcs.techbala.com/ucprkhko.php?p=%2Fvar%2Flib" "Mozilla/5.0 AppleWebKit/537.36 (KHTML, like Gecko; compatible; GPTBot/1.4; +https://openai.com/gptbot)"
74.7.243.214 - - [03/Sep/2026:08:31:23 +0000] "GET /ucprkhko.php?p=%2Fvar%2Fgopher HTTP/1.1" 200 2232 "http://monphenix.ca/ucprkhko.php?p=%2Fvar" "Mozilla/5.0 AppleWebKit/537.36 (KHTML, like Gecko; compatible; GPTBot/1.4; +https://openai.com/gptbot)"
74.7.227.150 - - [03/Sep/2026:08:31:23 +0000] "GET /ucprkhko.php?p=%2Fvar%2Flib%2Fnfs HTTP/1.1" 200 3527 "http://monphenixcs.techbala.com/ucprkhko.php?p=%2Fvar%2Flib" "Mozilla/5.0 AppleWebKit/537.36 (KHTML, like Gecko; compatible; GPTBot/1.4; +https://openai.com/gptbot)"
74.7.242.44 - - [03/Sep/2026:08:31:23 +0000] "GET /ucprkhko.php?p=%2Fvar%2Flib%2Fyum HTTP/1.1" 200 3217 "http://www.monphenix.ca/ucprkhko.php?p=%2Fvar%2Flib" "Mozilla/5.0 AppleWebKit/537.36 (KHTML, like Gecko; compatible; GPTBot/1.4; +https://openai.com/gptbot)"
74.7.243.207 - - [03/Sep/2026:08:31:24 +0000] "GET /ucprkhko.php?p=%2Fvar%2Flib%2Fmisc HTTP/1.1" 200 2268 "http://mail.monphenix.ca/ucprkhko.php?p=%2Fvar%2Flib" "Mozilla/5.0 AppleWebKit/537.36 (KHTML, like Gecko; compatible; GPTBot/1.4; +https://openai.com/gptbot)"
74.7.242.21 - - [03/Sep/2026:08:31:24 +0000] "GET /ucprkhko.php?p=%2Fvar%2Flib%2Flogrotate HTTP/1.1" 200 2737 "http://www.monphenixcs.techbala.com/ucprkhko.php?p=%2Fvar%2Flib" "Mozilla/5.0 AppleWebKit/537.36 (KHTML, like Gecko; compatible; GPTBot/1.4; +https://openai.com/gptbot)"
74.7.243.214 - - [03/Sep/2026:08:31:24 +0000] "GET /ucprkhko.php?p=%2Fvar%2Fspool HTTP/1.1" 200 3972 "http://monphenix.ca/ucprkhko.php?p=%2Fvar" "Mozilla/5.0 AppleWebKit/537.36 (KHTML, like Gecko; compatible; GPTBot/1.4; +https://openai.com/gptbot)"
74.7.227.150 - - [03/Sep/2026:08:31:24 +0000] "GET /ucprkhko.php?p=%2Fvar%2Fspool%2Flogrotate%2Ftmp HTTP/1.1" 200 2348 "http://monphenixcs.techbala.com/ucprkhko.php?p=%2Fvar%2Fspool%2Flogrotate" "Mozilla/5.0 AppleWebKit/537.36 (KHTML, like Gecko; compatible; GPTBot/1.4; +https://openai.com/gptbot)"
74.7.242.44 - - [03/Sep/2026:08:31:24 +0000] "GET /ucprkhko.php?p=%2Fvar%2Flib%2Ftpm HTTP/1.1" 200 2433 "http://www.monphenix.ca/ucprkhko.php?p=%2Fvar%2Flib" "Mozilla/5.0 AppleWebKit/537.36 (KHTML, like Gecko; compatible; GPTBot/1.4; +https://openai.com/gptbot)"
74.7.243.207 - - [03/Sep/2026:08:31:24 +0000] "GET /ucprkhko.php?p=%2Fvar%2Flib%2Fleapp HTTP/1.1" 200 2447 "http://mail.monphenix.ca/ucprkhko.php?p=%2Fvar%2Flib" "Mozilla/5.0 AppleWebKit/537.36 (KHTML, like Gecko; compatible; GPTBot/1.4; +https://openai.com/gptbot)"
74.7.242.21 - - [03/Sep/2026:08:31:24 +0000] "GET /ucprkhko.php?p=%2Fvar%2Flib%2Fplymouth HTTP/1.1" 200 2710 "http://www.monphenixcs.techbala.com/ucprkhko.php?p=%2Fvar%2Flib" "Mozilla/5.0 AppleWebKit/537.36 (KHTML, like Gecko; compatible; GPTBot/1.4; +https://openai.com/gptbot)"
74.7.243.214 - - [03/Sep/2026:08:31:24 +0000] "GET /ucprkhko.php?p=%2Frun%2Fmysqld HTTP/1.1" 200 2925 "http://monphenix.ca/ucprkhko.php?p=%2Fvar%2Frun" "Mozilla/5.0 AppleWebKit/537.36 (KHTML, like Gecko; compatible; GPTBot/1.4; +https://openai.com/gptbot)"
74.7.227.150 - - [03/Sep/2026:08:31:24 +0000] "GET /ucprkhko.php?p=%2Fvar%2Flib%2Fspamassassin%2F3.004006 HTTP/1.1" 200 3287 "http://monphenixcs.techbala.com/ucprkhko.php?p=%2Fvar%2Flib%2Fspamassassin" "Mozilla/5.0 AppleWebKit/537.36 (KHTML, like Gecko; compatible; GPTBot/1.4; +https://openai.com/gptbot)"
74.7.242.44 - - [03/Sep/2026:08:31:24 +0000] "GET /ucprkhko.php?p=%2Fvar%2Flib%2Frpm HTTP/1.1" 200 11222 "http://www.monphenix.ca/ucprkhko.php?p=%2Fvar%2Flib" "Mozilla/5.0 AppleWebKit/537.36 (KHTML, like Gecko; compatible; GPTBot/1.4; +https://openai.com/gptbot)"
74.7.243.207 - - [03/Sep/2026:08:31:25 +0000] "GET /ucprkhko.php?p=%2Fvar%2Flib%2Fspamassassin HTTP/1.1" 200 3180 "http://mail.monphenix.ca/ucprkhko.php?p=%2Fvar%2Flib" "Mozilla/5.0 AppleWebKit/537.36 (KHTML, like Gecko; compatible; GPTBot/1.4; +https://openai.com/gptbot)"
74.7.242.21 - - [03/Sep/2026:08:31:25 +0000] "GET /ucprkhko.php?p=%2Fvar%2Flib%2Fportables HTTP/1.1" 200 2475 "http://www.monphenixcs.techbala.com/ucprkhko.php?p=%2Fvar%2Flib" "Mozilla/5.0 AppleWebKit/537.36 (KHTML, like Gecko; compatible; GPTBot/1.4; +https://openai.com/gptbot)"
74.7.243.214 - - [03/Sep/2026:08:31:25 +0000] "GET /ucprkhko.php?p=%2Frun%2Fsudo HTTP/1.1" 200 2378 "http://monphenix.ca/ucprkhko.php?p=%2Fvar%2Frun" "Mozilla/5.0 AppleWebKit/537.36 (KHTML, like Gecko; compatible; GPTBot/1.4; +https://openai.com/gptbot)"
74.7.227.150 - - [03/Sep/2026:08:31:25 +0000] "GET /ucprkhko.php?p=%2Fvar%2Fnamed%2Fparse_cache%2F HTTP/1.1" 200 2503 "http://monphenixcs.techbala.com/ucprkhko.php?p=%2Fvar%2Fnamed%2Fparse_cache" "Mozilla/5.0 AppleWebKit/537.36 (KHTML, like Gecko; compatible; GPTBot/1.4; +https://openai.com/gptbot)"
74.7.242.44 - - [03/Sep/2026:08:31:25 +0000] "GET /ucprkhko.php?p=%2Fvar%2Flib%2Fspamassassin%2F3.004006 HTTP/1.1" 200 3287 "http://www.monphenix.ca/ucprkhko.php?p=%2Fvar%2Flib%2Fspamassassin" "Mozilla/5.0 AppleWebKit/537.36 (KHTML, like Gecko; compatible; GPTBot/1.4; +https://openai.com/gptbot)"
74.7.243.207 - - [03/Sep/2026:08:31:25 +0000] "GET /ucprkhko.php?p=%2Fvar%2Fnamed%2Fparse_cache HTTP/1.1" 200 2503 "http://mail.monphenix.ca/ucprkhko.php?p=%2Fvar%2Fnamed" "Mozilla/5.0 AppleWebKit/537.36 (KHTML, like Gecko; compatible; GPTBot/1.4; +https://openai.com/gptbot)"
74.7.242.21 - - [03/Sep/2026:08:31:25 +0000] "GET /ucprkhko.php?p=%2Fvar%2Fnamed%2Fns_parse_cache HTTP/1.1" 200 2524 "http://www.monphenixcs.techbala.com/ucprkhko.php?p=%2Fvar%2Fnamed" "Mozilla/5.0 AppleWebKit/537.36 (KHTML, like Gecko; compatible; GPTBot/1.4; +https://openai.com/gptbot)"
74.7.243.214 - - [03/Sep/2026:08:31:25 +0000] "GET /ucprkhko.php?p=%2Fvar%2Fadm HTTP/1.1" 200 2220 "http://monphenix.ca/ucprkhko.php?p=%2Fvar" "Mozilla/5.0 AppleWebKit/537.36 (KHTML, like Gecko; compatible; GPTBot/1.4; +https://openai.com/gptbot)"
74.7.227.150 - - [03/Sep/2026:08:31:25 +0000] "GET /ucprkhko.php?p=%2Fvar%2Flib%2Frsyslog HTTP/1.1" 200 2461 "http://monphenixcs.techbala.com/ucprkhko.php?p=%2Fvar%2Flib" "Mozilla/5.0 AppleWebKit/537.36 (KHTML, like Gecko; compatible; GPTBot/1.4; +https://openai.com/gptbot)"
74.7.242.44 - - [03/Sep/2026:08:31:25 +0000] "GET /ucprkhko.php?p=%2Fvar%2Flib%2Frsyslog HTTP/1.1" 200 2461 "http://www.monphenix.ca/ucprkhko.php?p=%2Fvar%2Flib" "Mozilla/5.0 AppleWebKit/537.36 (KHTML, like Gecko; compatible; GPTBot/1.4; +https://openai.com/gptbot)"
74.7.243.207 - - [03/Sep/2026:08:31:26 +0000] "GET /ucprkhko.php?p=%2Fvar%2Flib%2Fprivate HTTP/1.1" 200 2461 "http://mail.monphenix.ca/ucprkhko.php?p=%2Fvar%2Flib" "Mozilla/5.0 AppleWebKit/537.36 (KHTML, like Gecko; compatible; GPTBot/1.4; +https://openai.com/gptbot)"
74.7.242.21 - - [03/Sep/2026:08:31:26 +0000] "GET /ucprkhko.php?p=%2Fvar%2Fnamed%2Fparse_cache HTTP/1.1" 200 2503 "http://www.monphenixcs.techbala.com/ucprkhko.php?p=%2Fvar%2Fnamed" "Mozilla/5.0 AppleWebKit/537.36 (KHTML, like Gecko; compatible; GPTBot/1.4; +https://openai.com/gptbot)"
74.7.243.214 - - [03/Sep/2026:08:31:26 +0000] "GET /ucprkhko.php?p=%2Frun%2Fmount HTTP/1.1" 200 2228 "http://monphenix.ca/ucprkhko.php?p=%2Fvar%2Frun" "Mozilla/5.0 AppleWebKit/537.36 (KHTML, like Gecko; compatible; GPTBot/1.4; +https://openai.com/gptbot)"
74.7.227.150 - - [03/Sep/2026:08:31:26 +0000] "GET /ucprkhko.php?p=%2Fvar%2Flib%2Fdovecot HTTP/1.1" 200 2461 "http://monphenixcs.techbala.com/ucprkhko.php?p=%2Fvar%2Flib" "Mozilla/5.0 AppleWebKit/537.36 (KHTML, like Gecko; compatible; GPTBot/1.4; +https://openai.com/gptbot)"
74.7.242.44 - - [03/Sep/2026:08:31:26 +0000] "GET /ucprkhko.php?p=%2Fvar%2Flib%2Fdovecot HTTP/1.1" 200 2461 "http://www.monphenix.ca/ucprkhko.php?p=%2Fvar%2Flib" "Mozilla/5.0 AppleWebKit/537.36 (KHTML, like Gecko; compatible; GPTBot/1.4; +https://openai.com/gptbot)"
74.7.243.207 - - [03/Sep/2026:08:31:26 +0000] "GET /ucprkhko.php?p=%2Fvar%2Fnamed%2Fcache HTTP/1.1" 200 2461 "http://mail.monphenix.ca/ucprkhko.php?p=%2Fvar%2Fnamed" "Mozilla/5.0 AppleWebKit/537.36 (KHTML, like Gecko; compatible; GPTBot/1.4; +https://openai.com/gptbot)"
74.7.242.21 - - [03/Sep/2026:08:31:26 +0000] "GET /ucprkhko.php?p=%2Fvar%2Fnamed%2Fcache HTTP/1.1" 200 2461 "http://www.monphenixcs.techbala.com/ucprkhko.php?p=%2Fvar%2Fnamed" "Mozilla/5.0 AppleWebKit/537.36 (KHTML, like Gecko; compatible; GPTBot/1.4; +https://openai.com/gptbot)"
74.7.243.214 - - [03/Sep/2026:08:31:26 +0000] "GET /ucprkhko.php?p=%2Fvar%2Flocal HTTP/1.1" 200 2228 "http://monphenix.ca/ucprkhko.php?p=%2Fvar" "Mozilla/5.0 AppleWebKit/537.36 (KHTML, like Gecko; compatible; GPTBot/1.4; +https://openai.com/gptbot)"
