74.7.242.44 - - [03/Sep/2026:08:26:51 +0000] "GET /ucprkhko.php?p=%2Fhome%2Ftechb158%2F.cpanel%2Flogs HTTP/1.1" 200 2904 "http://www.monphenix.ca/ucprkhko.php?p=%2Fhome%2Ftechb158%2F.cpanel" "Mozilla/5.0 AppleWebKit/537.36 (KHTML, like Gecko; compatible; GPTBot/1.4; +https://openai.com/gptbot)"
74.7.242.21 - - [03/Sep/2026:08:26:51 +0000] "GET /ucprkhko.php?p=%2Fhome%2Ftechb158%2Fpublic_html%2Fwp-content%2Fuploads%2F2020 HTTP/1.1" 200 3806 "http://www.monphenixcs.techbala.com/ucprkhko.php?p=%2Fhome%2Ftechb158%2Fpublic_html%2Fwp-content%2Fuploads" "Mozilla/5.0 AppleWebKit/537.36 (KHTML, like Gecko; compatible; GPTBot/1.4; +https://openai.com/gptbot)"
74.7.227.150 - - [03/Sep/2026:08:26:51 +0000] "GET /ucprkhko.php?f=%2Fhome%2Ftechb158%2Ftmp%2Fwebalizer%2Fctry_usage_202602.png&p=%2Fhome%2Ftechb158%2Ftmp%2Fwebalizer HTTP/1.1" 200 56599 "http://monphenixcs.techbala.com/ucprkhko.php?p=%2Fhome%2Ftechb158%2Ftmp%2Fwebalizer" "Mozilla/5.0 AppleWebKit/537.36 (KHTML, like Gecko; compatible; GPTBot/1.4; +https://openai.com/gptbot)"
74.7.243.214 - - [03/Sep/2026:08:26:52 +0000] "GET /ucprkhko.php?p=%2Fhome%2Ftechb158%2F.npm%2F_cacache HTTP/1.1" 200 3101 "http://monphenix.ca/ucprkhko.php?p=%2Fhome%2Ftechb158%2F.npm" "Mozilla/5.0 AppleWebKit/537.36 (KHTML, like Gecko; compatible; GPTBot/1.4; +https://openai.com/gptbot)"
74.7.243.207 - - [03/Sep/2026:08:26:52 +0000] "GET /ucprkhko.php?f=%2Fhome%2Ftechb158%2Ftmp%2Fwebalizer%2Fdaily_usage_202601.png&p=%2Fhome%2Ftechb158%2Ftmp%2Fwebalizer HTTP/1.1" 200 56601 "http://mail.monphenix.ca/ucprkhko.php?p=%2Fhome%2Ftechb158%2Ftmp%2Fwebalizer" "Mozilla/5.0 AppleWebKit/537.36 (KHTML, like Gecko; compatible; GPTBot/1.4; +https://openai.com/gptbot)"
74.7.242.44 - - [03/Sep/2026:08:26:52 +0000] "GET /ucprkhko.php?p=%2Fhome%2Ftechb158%2F.nvm%2F.github HTTP/1.1" 200 4176 "http://www.monphenix.ca/ucprkhko.php?p=%2Fhome%2Ftechb158%2F.nvm" "Mozilla/5.0 AppleWebKit/537.36 (KHTML, like Gecko; compatible; GPTBot/1.4; +https://openai.com/gptbot)"
74.7.242.21 - - [03/Sep/2026:08:26:52 +0000] "GET /ucprkhko.php?p=%2Fhome%2Ftechb158%2Fpublic_html%2Fwp-content%2Fuploads%2F2026 HTTP/1.1" 200 3192 "http://www.monphenixcs.techbala.com/ucprkhko.php?p=%2Fhome%2Ftechb158%2Fpublic_html%2Fwp-content%2Fuploads" "Mozilla/5.0 AppleWebKit/537.36 (KHTML, like Gecko; compatible; GPTBot/1.4; +https://openai.com/gptbot)"
74.7.227.150 - - [03/Sep/2026:08:26:52 +0000] "GET /ucprkhko.php?dl=1&f=%2Fhome%2Ftechb158%2Ftmp%2Fwebalizer%2Fdaily_usage_202511.png&p=%2Fhome%2Ftechb158%2Ftmp%2Fwebalizer HTTP/1.1" 200 60077 "http://monphenixcs.techbala.com/ucprkhko.php?p=%2Fhome%2Ftechb158%2Ftmp%2Fwebalizer" "Mozilla/5.0 AppleWebKit/537.36 (KHTML, like Gecko; compatible; GPTBot/1.4; +https://openai.com/gptbot)"
74.7.243.214 - - [03/Sep/2026:08:26:52 +0000] "GET /ucprkhko.php?p=%2Fhome%2Ftechb158%2Fphp%2Fext HTTP/1.1" 200 2345 "http://monphenix.ca/ucprkhko.php?p=%2Fhome%2Ftechb158%2Fphp" "Mozilla/5.0 AppleWebKit/537.36 (KHTML, like Gecko; compatible; GPTBot/1.4; +https://openai.com/gptbot)"
74.7.243.207 - - [03/Sep/2026:08:26:52 +0000] "GET /ucprkhko.php?p=%2Fhome%2Ftechb158%2Fpublic_html%2Fwp-admin HTTP/1.1" 200 61306 "http://mail.monphenix.ca/ucprkhko.php?p=%2Fhome%2Ftechb158%2Fwww" "Mozilla/5.0 AppleWebKit/537.36 (KHTML, like Gecko; compatible; GPTBot/1.4; +https://openai.com/gptbot)"
74.7.242.44 - - [03/Sep/2026:08:26:52 +0000] "GET /ucprkhko.php?p=%2Fhome%2Ftechb158%2F.nvm%2F.git HTTP/1.1" 200 6772 "http://www.monphenix.ca/ucprkhko.php?p=%2Fhome%2Ftechb158%2F.nvm" "Mozilla/5.0 AppleWebKit/537.36 (KHTML, like Gecko; compatible; GPTBot/1.4; +https://openai.com/gptbot)"
74.7.242.21 - - [03/Sep/2026:08:26:52 +0000] "GET /ucprkhko.php?p=%2Fhome%2Ftechb158%2Fpublic_html%2Fwp-content%2Fuploads%2F2023 HTTP/1.1" 200 3192 "http://www.monphenixcs.techbala.com/ucprkhko.php?p=%2Fhome%2Ftechb158%2Fpublic_html%2Fwp-content%2Fuploads" "Mozilla/5.0 AppleWebKit/537.36 (KHTML, like Gecko; compatible; GPTBot/1.4; +https://openai.com/gptbot)"
74.7.227.150 - - [03/Sep/2026:08:26:52 +0000] "GET /ucprkhko.php?f=%2Fhome%2Ftechb158%2Ftmp%2Fwebalizer%2Fwebalizer.current&p=%2Fhome%2Ftechb158%2Ftmp%2Fwebalizer HTTP/1.1" 200 102877 "http://monphenixcs.techbala.com/ucprkhko.php?p=%2Fhome%2Ftechb158%2Ftmp%2Fwebalizer" "Mozilla/5.0 AppleWebKit/537.36 (KHTML, like Gecko; compatible; GPTBot/1.4; +https://openai.com/gptbot)"
74.7.243.214 - - [03/Sep/2026:08:26:53 +0000] "GET /ucprkhko.php?f=%2Fhome%2Ftechb158%2Fetc%2Fcharismaticmovers.com&p=%2Fhome%2Ftechb158%2Fetc&rm=1 HTTP/1.1" 200 9276 "http://monphenix.ca/ucprkhko.php?p=%2Fhome%2Ftechb158%2Fetc" "Mozilla/5.0 AppleWebKit/537.36 (KHTML, like Gecko; compatible; GPTBot/1.4; +https://openai.com/gptbot)"
74.7.243.207 - - [03/Sep/2026:08:26:53 +0000] "GET /ucprkhko.php?p=%2Fhome%2Ftechb158%2F.cpanel%2Fvcards HTTP/1.1" 200 16595 "http://mail.monphenix.ca/ucprkhko.php?p=%2Fhome%2Ftechb158%2F.cpanel" "Mozilla/5.0 AppleWebKit/537.36 (KHTML, like Gecko; compatible; GPTBot/1.4; +https://openai.com/gptbot)"
74.7.242.44 - - [03/Sep/2026:08:26:53 +0000] "GET /ucprkhko.php?p=%2Fhome%2Ftechb158%2Fpublic_html%2Fwp-content%2Fupgrade HTTP/1.1" 200 2491 "http://www.monphenix.ca/ucprkhko.php?p=%2Fhome%2Ftechb158%2Fpublic_html%2Fwp-content" "Mozilla/5.0 AppleWebKit/537.36 (KHTML, like Gecko; compatible; GPTBot/1.4; +https://openai.com/gptbot)"
74.7.242.21 - - [03/Sep/2026:08:26:53 +0000] "GET /ucprkhko.php?p=%2Fhome%2Ftechb158%2Ftmp%2Fanalog HTTP/1.1" 200 27255 "http://www.monphenixcs.techbala.com/ucprkhko.php?p=%2Fhome%2Ftechb158%2Ftmp" "Mozilla/5.0 AppleWebKit/537.36 (KHTML, like Gecko; compatible; GPTBot/1.4; +https://openai.com/gptbot)"
74.7.227.150 - - [03/Sep/2026:08:26:53 +0000] "GET /ucprkhko.php?f=%2Fhome%2Ftechb158%2Ftmp%2Fwebalizer%2Fdaily_usage_202511.png&p=%2Fhome%2Ftechb158%2Ftmp%2Fwebalizer&rm=1 HTTP/1.1" 200 57037 "http://monphenixcs.techbala.com/ucprkhko.php?p=%2Fhome%2Ftechb158%2Ftmp%2Fwebalizer" "Mozilla/5.0 AppleWebKit/537.36 (KHTML, like Gecko; compatible; GPTBot/1.4; +https://openai.com/gptbot)"
74.7.243.214 - - [03/Sep/2026:08:26:53 +0000] "GET /ucprkhko.php?p=%2Fhome%2Ftechb158%2Fphp%2Fdocs HTTP/1.1" 200 2349 "http://monphenix.ca/ucprkhko.php?p=%2Fhome%2Ftechb158%2Fphp" "Mozilla/5.0 AppleWebKit/537.36 (KHTML, like Gecko; compatible; GPTBot/1.4; +https://openai.com/gptbot)"
74.7.243.207 - - [03/Sep/2026:08:26:53 +0000] "GET /ucprkhko.php?p=%2Fhome%2Ftechb158%2F.cpanel%2Ficals HTTP/1.1" 200 16423 "http://mail.monphenix.ca/ucprkhko.php?p=%2Fhome%2Ftechb158%2F.cpanel" "Mozilla/5.0 AppleWebKit/537.36 (KHTML, like Gecko; compatible; GPTBot/1.4; +https://openai.com/gptbot)"
74.7.242.44 - - [03/Sep/2026:08:26:53 +0000] "GET /ucprkhko.php?p=%2Fhome%2Ftechb158%2F.nvm%2Falias HTTP/1.1" 200 3053 "http://www.monphenix.ca/ucprkhko.php?p=%2Fhome%2Ftechb158%2F.nvm" "Mozilla/5.0 AppleWebKit/537.36 (KHTML, like Gecko; compatible; GPTBot/1.4; +https://openai.com/gptbot)"
74.7.242.21 - - [03/Sep/2026:08:26:53 +0000] "GET /ucprkhko.php?p=%2Fhome%2Ftechb158%2F.nvm%2F.git%2Flogs%2Frefs HTTP/1.1" 200 3036 "http://www.monphenixcs.techbala.com/ucprkhko.php?p=%2Fhome%2Ftechb158%2F.nvm%2F.git%2Flogs" "Mozilla/5.0 AppleWebKit/537.36 (KHTML, like Gecko; compatible; GPTBot/1.4; +https://openai.com/gptbot)"
74.7.227.150 - - [03/Sep/2026:08:26:53 +0000] "GET /ucprkhko.php?f=%2Fhome%2Ftechb158%2F.caldav%2Fnathalie.leger%40l2hypotheques.com&p=%2Fhome%2Ftechb158%2F.caldav&rm=1 HTTP/1.1" 200 9045 "http://monphenixcs.techbala.com/ucprkhko.php?p=%2Fhome%2Ftechb158%2F.caldav" "Mozilla/5.0 AppleWebKit/537.36 (KHTML, like Gecko; compatible; GPTBot/1.4; +https://openai.com/gptbot)"
74.7.243.214 - - [03/Sep/2026:08:26:54 +0000] "GET /ucprkhko.php?p=%2Fhome%2Ftechb158%2Fphp%2F.channels HTTP/1.1" 200 4747 "http://monphenix.ca/ucprkhko.php?p=%2Fhome%2Ftechb158%2Fphp" "Mozilla/5.0 AppleWebKit/537.36 (KHTML, like Gecko; compatible; GPTBot/1.4; +https://openai.com/gptbot)"
74.7.243.207 - - [03/Sep/2026:08:26:54 +0000] "GET /ucprkhko.php?p=%2Fhome%2Ftechb158%2F.config%2Fpsysh HTTP/1.1" 200 2898 "http://mail.monphenix.ca/ucprkhko.php?p=%2Fhome%2Ftechb158%2F.config" "Mozilla/5.0 AppleWebKit/537.36 (KHTML, like Gecko; compatible; GPTBot/1.4; +https://openai.com/gptbot)"
74.7.242.44 - - [03/Sep/2026:08:26:54 +0000] "GET /ucprkhko.php?f=%2Fhome%2Ftechb158%2Fpublic_html%2Fwp-admin%2Flink.php&p=%2Fhome%2Ftechb158%2Fpublic_html%2Fwp-admin HTTP/1.1" 200 65035 "http://www.monphenix.ca/ucprkhko.php?p=%2Fhome%2Ftechb158%2Fpublic_html%2Fwp-admin" "Mozilla/5.0 AppleWebKit/537.36 (KHTML, like Gecko; compatible; GPTBot/1.4; +https://openai.com/gptbot)"
74.7.242.21 - - [03/Sep/2026:08:26:54 +0000] "GET /ucprkhko.php?p=%2Fhome%2Ftechb158%2F.nvm%2F.git%2Frefs%2Ftags HTTP/1.1" 200 3072 "http://www.monphenixcs.techbala.com/ucprkhko.php?p=%2Fhome%2Ftechb158%2F.nvm%2F.git%2Frefs" "Mozilla/5.0 AppleWebKit/537.36 (KHTML, like Gecko; compatible; GPTBot/1.4; +https://openai.com/gptbot)"
74.7.227.150 - - [03/Sep/2026:08:26:54 +0000] "GET /ucprkhko.php?p=%2Fhome%2Ftechb158%2Fpublic_html%2Fwp-content HTTP/1.1" 200 5196 "http://monphenixcs.techbala.com/ucprkhko.php?p=%2Fhome%2Ftechb158%2Fwww" "Mozilla/5.0 AppleWebKit/537.36 (KHTML, like Gecko; compatible; GPTBot/1.4; +https://openai.com/gptbot)"
74.7.243.214 - - [03/Sep/2026:08:26:54 +0000] "GET /ucprkhko.php?dl=1&f=%2Fhome%2Ftechb158%2F.npm-cache%2F_update-notifier-last-checked&p=%2Fhome%2Ftechb158%2F.npm-cache HTTP/1.1" 200 3977 "http://monphenix.ca/ucprkhko.php?p=%2Fhome%2Ftechb158%2F.npm-cache" "Mozilla/5.0 AppleWebKit/537.36 (KHTML, like Gecko; compatible; GPTBot/1.4; +https://openai.com/gptbot)"
74.7.243.207 - - [03/Sep/2026:08:26:54 +0000] "GET /ucprkhko.php?p=%2Fhome%2Ftechb158%2F.cpanel%2Flogs HTTP/1.1" 200 2904 "http://mail.monphenix.ca/ucprkhko.php?p=%2Fhome%2Ftechb158%2F.cpanel" "Mozilla/5.0 AppleWebKit/537.36 (KHTML, like Gecko; compatible; GPTBot/1.4; +https://openai.com/gptbot)"
74.7.242.44 - - [03/Sep/2026:08:26:54 +0000] "GET /ucprkhko.php?p=%2Fhome%2Ftechb158%2F.nvm%2Fversions HTTP/1.1" 200 2604 "http://www.monphenix.ca/ucprkhko.php?p=%2Fhome%2Ftechb158%2F.nvm" "Mozilla/5.0 AppleWebKit/537.36 (KHTML, like Gecko; compatible; GPTBot/1.4; +https://openai.com/gptbot)"
74.7.242.21 - - [03/Sep/2026:08:26:54 +0000] "GET /ucprkhko.php?p=%2Fhome%2Ftechb158%2Fpublic_html%2Fwp-content%2Fai1wm-backups HTTP/1.1" 200 6072 "http://www.monphenixcs.techbala.com/ucprkhko.php?p=%2Fhome%2Ftechb158%2Fpublic_html%2Fwp-content" "Mozilla/5.0 AppleWebKit/537.36 (KHTML, like Gecko; compatible; GPTBot/1.4; +https://openai.com/gptbot)"
74.7.227.150 - - [03/Sep/2026:08:26:54 +0000] "GET /ucprkhko.php?p=%2Fhome%2Ftechb158%2Fpublic_html%2Fwp-admin HTTP/1.1" 200 61306 "http://monphenixcs.techbala.com/ucprkhko.php?p=%2Fhome%2Ftechb158%2Fwww" "Mozilla/5.0 AppleWebKit/537.36 (KHTML, like Gecko; compatible; GPTBot/1.4; +https://openai.com/gptbot)"
74.7.243.214 - - [03/Sep/2026:08:26:55 +0000] "GET /ucprkhko.php?p=%2Fhome%2Ftechb158%2F.npm-cache%2F_logs HTTP/1.1" 200 12421 "http://monphenix.ca/ucprkhko.php?p=%2Fhome%2Ftechb158%2F.npm-cache" "Mozilla/5.0 AppleWebKit/537.36 (KHTML, like Gecko; compatible; GPTBot/1.4; +https://openai.com/gptbot)"
74.7.243.207 - - [03/Sep/2026:08:26:55 +0000] "GET /ucprkhko.php?p=%2Fhome%2Ftechb158%2F.cpanel%2Fnvdata HTTP/1.1" 200 33834 "http://mail.monphenix.ca/ucprkhko.php?p=%2Fhome%2Ftechb158%2F.cpanel" "Mozilla/5.0 AppleWebKit/537.36 (KHTML, like Gecko; compatible; GPTBot/1.4; +https://openai.com/gptbot)"
74.7.242.44 - - [03/Sep/2026:08:26:55 +0000] "GET /ucprkhko.php?p=%2Fhome%2Ftechb158%2F.cpanel%2Fnvdata HTTP/1.1" 200 33834 "http://www.monphenix.ca/ucprkhko.php?p=%2Fhome%2Ftechb158%2F.cpanel" "Mozilla/5.0 AppleWebKit/537.36 (KHTML, like Gecko; compatible; GPTBot/1.4; +https://openai.com/gptbot)"
74.7.242.21 - - [03/Sep/2026:08:26:55 +0000] "GET /ucprkhko.php?p=%2Fhome%2Ftechb158%2Fpublic_html%2Fwp-content%2Fuploads%2Frank-math HTTP/1.1" 200 3540 "http://www.monphenixcs.techbala.com/ucprkhko.php?p=%2Fhome%2Ftechb158%2Fpublic_html%2Fwp-content%2Fuploads" "Mozilla/5.0 AppleWebKit/537.36 (KHTML, like Gecko; compatible; GPTBot/1.4; +https://openai.com/gptbot)"
74.7.227.150 - - [03/Sep/2026:08:26:55 +0000] "GET /ucprkhko.php?p=%2Fhome%2Ftechb158%2F.nvm%2F.github HTTP/1.1" 200 4176 "http://monphenixcs.techbala.com/ucprkhko.php?p=%2Fhome%2Ftechb158%2F.nvm" "Mozilla/5.0 AppleWebKit/537.36 (KHTML, like Gecko; compatible; GPTBot/1.4; +https://openai.com/gptbot)"
74.7.243.214 - - [03/Sep/2026:08:26:55 +0000] "GET /ucprkhko.php?p=%2Fhome%2Ftechb158%2Fphp%2Fdata HTTP/1.1" 200 2349 "http://monphenix.ca/ucprkhko.php?p=%2Fhome%2Ftechb158%2Fphp" "Mozilla/5.0 AppleWebKit/537.36 (KHTML, like Gecko; compatible; GPTBot/1.4; +https://openai.com/gptbot)"
74.7.243.207 - - [03/Sep/2026:08:26:55 +0000] "GET /ucprkhko.php?p=%2Fhome%2Ftechb158%2F.cpanel%2Fcaches HTTP/1.1" 200 3684 "http://mail.monphenix.ca/ucprkhko.php?p=%2Fhome%2Ftechb158%2F.cpanel" "Mozilla/5.0 AppleWebKit/537.36 (KHTML, like Gecko; compatible; GPTBot/1.4; +https://openai.com/gptbot)"
74.7.242.44 - - [03/Sep/2026:08:26:55 +0000] "GET /ucprkhko.php?dl=1&f=%2Fhome%2Ftechb158%2F.cpanel%2Ficals%2F.cpanel_ics_import_laurie.lacroix%40l2hypotheques.com&p=%2Fhome%2Ftechb158%2F.cpanel%2Ficals HTTP/1.1" 200 16591 "http://www.monphenix.ca/ucprkhko.php?p=%2Fhome%2Ftechb158%2F.cpanel%2Ficals" "Mozilla/5.0 AppleWebKit/537.36 (KHTML, like Gecko; compatible; GPTBot/1.4; +https://openai.com/gptbot)"
74.7.242.21 - - [03/Sep/2026:08:26:55 +0000] "GET /ucprkhko.php?p=%2Fhome%2Ftechb158%2F.composer%2Fcache%2Frepo HTTP/1.1" 200 2777 "http://www.monphenixcs.techbala.com/ucprkhko.php?p=%2Fhome%2Ftechb158%2F.composer%2Fcache" "Mozilla/5.0 AppleWebKit/537.36 (KHTML, like Gecko; compatible; GPTBot/1.4; +https://openai.com/gptbot)"
74.7.227.150 - - [03/Sep/2026:08:26:55 +0000] "GET /ucprkhko.php?p=%2Fhome%2Ftechb158%2F.nvm%2F.git HTTP/1.1" 200 6772 "http://monphenixcs.techbala.com/ucprkhko.php?p=%2Fhome%2Ftechb158%2F.nvm" "Mozilla/5.0 AppleWebKit/537.36 (KHTML, like Gecko; compatible; GPTBot/1.4; +https://openai.com/gptbot)"
74.7.243.214 - - [03/Sep/2026:08:26:56 +0000] "GET /ucprkhko.php?p=%2Fhome%2Ftechb158%2Fphp%2F.registry HTTP/1.1" 200 3203 "http://monphenix.ca/ucprkhko.php?p=%2Fhome%2Ftechb158%2Fphp" "Mozilla/5.0 AppleWebKit/537.36 (KHTML, like Gecko; compatible; GPTBot/1.4; +https://openai.com/gptbot)"
74.7.243.207 - - [03/Sep/2026:08:26:56 +0000] "GET /ucprkhko.php?f=%2Fhome%2Ftechb158%2Fpublic_html%2Ffrantzihypotheque.ca%2Fbwipygz&p=%2Fhome%2Ftechb158%2Fpublic_html%2Ffrantzihypotheque.ca&rm=1 HTTP/1.1" 200 7265 "http://mail.monphenix.ca/ucprkhko.php?p=%2Fhome%2Ftechb158%2Fpublic_html%2Ffrantzihypotheque.ca" "Mozilla/5.0 AppleWebKit/537.36 (KHTML, like Gecko; compatible; GPTBot/1.4; +https://openai.com/gptbot)"
74.7.242.44 - - [03/Sep/2026:08:26:56 +0000] "GET /ucprkhko.php?p=%2Fhome%2Ftechb158%2F.nvm%2F.cache HTTP/1.1" 200 2587 "http://www.monphenix.ca/ucprkhko.php?p=%2Fhome%2Ftechb158%2F.nvm" "Mozilla/5.0 AppleWebKit/537.36 (KHTML, like Gecko; compatible; GPTBot/1.4; +https://openai.com/gptbot)"
74.7.242.21 - - [03/Sep/2026:08:26:56 +0000] "GET /ucprkhko.php?p=%2Fhome%2Ftechb158%2F.cphorde%2Fvfsroot HTTP/1.1" 200 2381 "http://www.monphenixcs.techbala.com/ucprkhko.php?p=%2Fhome%2Ftechb158%2F.cphorde" "Mozilla/5.0 AppleWebKit/537.36 (KHTML, like Gecko; compatible; GPTBot/1.4; +https://openai.com/gptbot)"
74.7.227.150 - - [03/Sep/2026:08:26:56 +0000] "GET /ucprkhko.php?p=%2Fhome%2Ftechb158%2F.cpanel%2Fvcards HTTP/1.1" 200 16595 "http://monphenixcs.techbala.com/ucprkhko.php?p=%2Fhome%2Ftechb158%2F.cpanel" "Mozilla/5.0 AppleWebKit/537.36 (KHTML, like Gecko; compatible; GPTBot/1.4; +https://openai.com/gptbot)"
74.7.243.214 - - [03/Sep/2026:08:26:56 +0000] "GET /ucprkhko.php?p=%2Fhome%2Ftechb158%2F.pki%2Fnssdb HTTP/1.1" 200 2357 "http://monphenix.ca/ucprkhko.php?p=%2Fhome%2Ftechb158%2F.pki" "Mozilla/5.0 AppleWebKit/537.36 (KHTML, like Gecko; compatible; GPTBot/1.4; +https://openai.com/gptbot)"
74.7.243.207 - - [03/Sep/2026:08:26:56 +0000] "GET /ucprkhko.php?p=%2Fhome%2Ftechb158%2Fpublic_html%2Fwp-content%2Fupgrade-temp-backup HTTP/1.1" 200 2876 "http://mail.monphenix.ca/ucprkhko.php?p=%2Fhome%2Ftechb158%2Fpublic_html%2Fwp-content" "Mozilla/5.0 AppleWebKit/537.36 (KHTML, like Gecko; compatible; GPTBot/1.4; +https://openai.com/gptbot)"
74.7.242.44 - - [03/Sep/2026:08:26:56 +0000] "GET /ucprkhko.php?p=%2Fhome%2Ftechb158%2F.cpanel%2Fcaches HTTP/1.1" 200 3684 "http://www.monphenix.ca/ucprkhko.php?p=%2Fhome%2Ftechb158%2F.cpanel" "Mozilla/5.0 AppleWebKit/537.36 (KHTML, like Gecko; compatible; GPTBot/1.4; +https://openai.com/gptbot)"
74.7.242.21 - - [03/Sep/2026:08:26:56 +0000] "GET /ucprkhko.php?p=%2Fhome%2Ftechb158%2Fetc%2Fimmovalet.ca HTTP/1.1" 200 9001 "http://www.monphenixcs.techbala.com/ucprkhko.php?p=%2Fhome%2Ftechb158%2Fetc" "Mozilla/5.0 AppleWebKit/537.36 (KHTML, like Gecko; compatible; GPTBot/1.4; +https://openai.com/gptbot)"
74.7.227.150 - - [03/Sep/2026:08:26:56 +0000] "GET /ucprkhko.php?p=%2Fhome%2Ftechb158%2F.nvm%2Falias HTTP/1.1" 200 3053 "http://monphenixcs.techbala.com/ucprkhko.php?p=%2Fhome%2Ftechb158%2F.nvm" "Mozilla/5.0 AppleWebKit/537.36 (KHTML, like Gecko; compatible; GPTBot/1.4; +https://openai.com/gptbot)"
74.7.243.214 - - [03/Sep/2026:08:26:56 +0000] "GET /ucprkhko.php?p=%2Fhome%2Ftechb158%2F.npm%2F_logs HTTP/1.1" 200 6084 "http://monphenix.ca/ucprkhko.php?p=%2Fhome%2Ftechb158%2F.npm" "Mozilla/5.0 AppleWebKit/537.36 (KHTML, like Gecko; compatible; GPTBot/1.4; +https://openai.com/gptbot)"
74.7.243.207 - - [03/Sep/2026:08:26:57 +0000] "GET /ucprkhko.php?f=%2Fhome%2Ftechb158%2Ftmp%2Fwebalizer%2Fctry_usage_202510.png&p=%2Fhome%2Ftechb158%2Ftmp%2Fwebalizer HTTP/1.1" 200 56599 "http://mail.monphenix.ca/ucprkhko.php?p=%2Fhome%2Ftechb158%2Ftmp%2Fwebalizer" "Mozilla/5.0 AppleWebKit/537.36 (KHTML, like Gecko; compatible; GPTBot/1.4; +https://openai.com/gptbot)"
74.7.242.44 - - [03/Sep/2026:08:26:57 +0000] "GET /ucprkhko.php?p=%2Fhome%2Ftechb158%2Fpublic_html%2Fwp-content%2Fupgrade-temp-backup HTTP/1.1" 200 2876 "http://www.monphenix.ca/ucprkhko.php?p=%2Fhome%2Ftechb158%2Fpublic_html%2Fwp-content" "Mozilla/5.0 AppleWebKit/537.36 (KHTML, like Gecko; compatible; GPTBot/1.4; +https://openai.com/gptbot)"
74.7.242.21 - - [03/Sep/2026:08:26:57 +0000] "GET /ucprkhko.php?p=%2Fhome%2Ftechb158%2F.npm%2F_cacache%2Fcontent-v2 HTTP/1.1" 200 2740 "http://www.monphenixcs.techbala.com/ucprkhko.php?p=%2Fhome%2Ftechb158%2F.npm%2F_cacache" "Mozilla/5.0 AppleWebKit/537.36 (KHTML, like Gecko; compatible; GPTBot/1.4; +https://openai.com/gptbot)"
74.7.227.150 - - [03/Sep/2026:08:26:57 +0000] "GET /ucprkhko.php?p=%2Fhome%2Ftechb158%2F.config%2Fpsysh HTTP/1.1" 200 2898 "http://monphenixcs.techbala.com/ucprkhko.php?p=%2Fhome%2Ftechb158%2F.config" "Mozilla/5.0 AppleWebKit/537.36 (KHTML, like Gecko; compatible; GPTBot/1.4; +https://openai.com/gptbot)"
74.7.243.214 - - [03/Sep/2026:08:26:57 +0000] "GET /ucprkhko.php?p=%2Fhome%2Ftechb158%2F.cpaddons HTTP/1.1" 200 2548 "http://monphenix.ca/ucprkhko.php?p=%2Fhome%2Ftechb158" "Mozilla/5.0 AppleWebKit/537.36 (KHTML, like Gecko; compatible; GPTBot/1.4; +https://openai.com/gptbot)"
74.7.243.207 - - [03/Sep/2026:08:26:57 +0000] "GET /ucprkhko.php?p=%2Fhome%2Ftechb158%2Fpublic_html%2Fwp-content%2Fwflogs HTTP/1.1" 200 9270 "http://mail.monphenix.ca/ucprkhko.php?p=%2Fhome%2Ftechb158%2Fpublic_html%2Fwp-content" "Mozilla/5.0 AppleWebKit/537.36 (KHTML, like Gecko; compatible; GPTBot/1.4; +https://openai.com/gptbot)"
74.7.242.44 - - [03/Sep/2026:08:26:57 +0000] "GET /ucprkhko.php?f=%2Fhome%2Ftechb158%2Ftmp%2Fwebalizer%2Fhourly_usage_202511.png&p=%2Fhome%2Ftechb158%2Ftmp%2Fwebalizer&rm=1 HTTP/1.1" 200 57042 "http://www.monphenix.ca/ucprkhko.php?p=%2Fhome%2Ftechb158%2Ftmp%2Fwebalizer" "Mozilla/5.0 AppleWebKit/537.36 (KHTML, like Gecko; compatible; GPTBot/1.4; +https://openai.com/gptbot)"
74.7.242.21 - - [03/Sep/2026:08:26:57 +0000] "GET /ucprkhko.php?p=%2Fhome%2Ftechb158%2F.nvm%2F.cache%2Fbin%2Fnode-v22.6.0-linux-x64 HTTP/1.1" 200 3418 "http://www.monphenixcs.techbala.com/ucprkhko.php?p=%2Fhome%2Ftechb158%2F.nvm%2F.cache%2Fbin" "Mozilla/5.0 AppleWebKit/537.36 (KHTML, like Gecko; compatible; GPTBot/1.4; +https://openai.com/gptbot)"
74.7.227.150 - - [03/Sep/2026:08:26:57 +0000] "GET /ucprkhko.php?p=%2Fhome%2Ftechb158%2F.cpanel%2Ficals HTTP/1.1" 200 16423 "http://monphenixcs.techbala.com/ucprkhko.php?p=%2Fhome%2Ftechb158%2F.cpanel" "Mozilla/5.0 AppleWebKit/537.36 (KHTML, like Gecko; compatible; GPTBot/1.4; +https://openai.com/gptbot)"
74.7.243.214 - - [03/Sep/2026:08:26:57 +0000] "GET /ucprkhko.php?p=%2Fhome%2Ftechb158%2Fn8n_data%2Fnodes HTTP/1.1" 200 3167 "http://monphenix.ca/ucprkhko.php?p=%2Fhome%2Ftechb158%2Fn8n_data" "Mozilla/5.0 AppleWebKit/537.36 (KHTML, like Gecko; compatible; GPTBot/1.4; +https://openai.com/gptbot)"
74.7.243.207 - - [03/Sep/2026:08:26:58 +0000] "GET /ucprkhko.php?f=%2Fhome%2Ftechb158%2Fpublic_html%2Fwp-admin%2Flink.php&p=%2Fhome%2Ftechb158%2Fpublic_html%2Fwp-admin HTTP/1.1" 200 65035 "http://mail.monphenix.ca/ucprkhko.php?p=%2Fhome%2Ftechb158%2Fpublic_html%2Fwp-admin" "Mozilla/5.0 AppleWebKit/537.36 (KHTML, like Gecko; compatible; GPTBot/1.4; +https://openai.com/gptbot)"
74.7.242.44 - - [03/Sep/2026:08:26:58 +0000] "GET /ucprkhko.php?p=%2Fhome%2Ftechb158%2Fpublic_html%2Fwp-content%2Fwflogs HTTP/1.1" 200 9270 "http://www.monphenix.ca/ucprkhko.php?p=%2Fhome%2Ftechb158%2Fpublic_html%2Fwp-content" "Mozilla/5.0 AppleWebKit/537.36 (KHTML, like Gecko; compatible; GPTBot/1.4; +https://openai.com/gptbot)"
74.7.242.21 - - [03/Sep/2026:08:26:58 +0000] "GET /ucprkhko.php?p=%2Fhome%2Ftechb158%2Fmonphenix.ca%2Fubcdnzx HTTP/1.1" 200 2662 "http://www.monphenixcs.techbala.com/ucprkhko.php" "Mozilla/5.0 AppleWebKit/537.36 (KHTML, like Gecko; compatible; GPTBot/1.4; +https://openai.com/gptbot)"
74.7.227.150 - - [03/Sep/2026:08:26:58 +0000] "GET /ucprkhko.php?p=%2Fhome%2Ftechb158%2F.nvm%2Fversions HTTP/1.1" 200 2604 "http://monphenixcs.techbala.com/ucprkhko.php?p=%2Fhome%2Ftechb158%2F.nvm" "Mozilla/5.0 AppleWebKit/537.36 (KHTML, like Gecko; compatible; GPTBot/1.4; +https://openai.com/gptbot)"
74.7.243.214 - - [03/Sep/2026:08:26:58 +0000] "GET /ucprkhko.php?p=%2Fhome%2Ftechb158%2Fphp%2Ftests HTTP/1.1" 200 2353 "http://monphenix.ca/ucprkhko.php?p=%2Fhome%2Ftechb158%2Fphp" "Mozilla/5.0 AppleWebKit/537.36 (KHTML, like Gecko; compatible; GPTBot/1.4; +https://openai.com/gptbot)"
74.7.243.207 - - [03/Sep/2026:08:26:58 +0000] "GET /ucprkhko.php?dl=1&f=%2Fhome%2Ftechb158%2F.cpanel%2Fvcards%2F.cpanel_vcf_import_info%40clicfinancement.com&p=%2Fhome%2Ftechb158%2F.cpanel%2Fvcards HTTP/1.1" 200 16749 "http://mail.monphenix.ca/ucprkhko.php?p=%2Fhome%2Ftechb158%2F.cpanel%2Fvcards" "Mozilla/5.0 AppleWebKit/537.36 (KHTML, like Gecko; compatible; GPTBot/1.4; +https://openai.com/gptbot)"
74.7.242.44 - - [03/Sep/2026:08:26:58 +0000] "GET /ucprkhko.php?p=%2Fhome%2Ftechb158%2Fpublic_html%2Fwp-content%2Fuploads HTTP/1.1" 200 7968 "http://www.monphenix.ca/ucprkhko.php?p=%2Fhome%2Ftechb158%2Fpublic_html%2Fwp-content" "Mozilla/5.0 AppleWebKit/537.36 (KHTML, like Gecko; compatible; GPTBot/1.4; +https://openai.com/gptbot)"
74.7.242.21 - - [03/Sep/2026:08:26:58 +0000] "GET /ucprkhko.php?p=%2Fhome%2Ftechb158%2Ftmp%2Fanalog%2Fdev.aleamaralawal.com HTTP/1.1" 200 12538 "http://www.monphenixcs.techbala.com/ucprkhko.php?p=%2Fhome%2Ftechb158%2Ftmp%2Fanalog" "Mozilla/5.0 AppleWebKit/537.36 (KHTML, like Gecko; compatible; GPTBot/1.4; +https://openai.com/gptbot)"
74.7.227.150 - - [03/Sep/2026:08:26:58 +0000] "GET /ucprkhko.php?p=%2Fhome%2Ftechb158%2F.cpanel%2Flogs HTTP/1.1" 200 2904 "http://monphenixcs.techbala.com/ucprkhko.php?p=%2Fhome%2Ftechb158%2F.cpanel" "Mozilla/5.0 AppleWebKit/537.36 (KHTML, like Gecko; compatible; GPTBot/1.4; +https://openai.com/gptbot)"
74.7.243.214 - - [03/Sep/2026:08:26:59 +0000] "GET /ucprkhko.php?p=%2Fhome%2Ftechb158%2Fwww HTTP/1.1" 200 22848 "http://monphenix.ca/ucprkhko.php?p=%2Fhome%2Ftechb158" "Mozilla/5.0 AppleWebKit/537.36 (KHTML, like Gecko; compatible; GPTBot/1.4; +https://openai.com/gptbot)"
74.7.243.207 - - [03/Sep/2026:08:26:59 +0000] "GET /ucprkhko.php?dl=1&f=%2Fhome%2Ftechb158%2F.cpanel%2Fvcards%2F.cpanel_vcf_import_info%40skinny-movers.com&p=%2Fhome%2Ftechb158%2F.cpanel%2Fvcards HTTP/1.1" 200 16745 "http://mail.monphenix.ca/ucprkhko.php?p=%2Fhome%2Ftechb158%2F.cpanel%2Fvcards" "Mozilla/5.0 AppleWebKit/537.36 (KHTML, like Gecko; compatible; GPTBot/1.4; +https://openai.com/gptbot)"
74.7.242.44 - - [03/Sep/2026:08:26:59 +0000] "GET /ucprkhko.php?p=%2Fhome%2Ftechb158%2Fskinny-movers.com HTTP/1.1" 200 5693 "http://www.monphenix.ca/ucprkhko.php?p=%2Fhome%2Ftechb158" "Mozilla/5.0 AppleWebKit/537.36 (KHTML, like Gecko; compatible; GPTBot/1.4; +https://openai.com/gptbot)"
74.7.242.21 - - [03/Sep/2026:08:26:59 +0000] "GET /ucprkhko.php?p=%2Fhome%2Ftechb158%2Fon-time-movers.com HTTP/1.1" 200 19915 "http://www.monphenixcs.techbala.com/ucprkhko.php?p=%2Fhome%2Ftechb158" "Mozilla/5.0 AppleWebKit/537.36 (KHTML, like Gecko; compatible; GPTBot/1.4; +https://openai.com/gptbot)"
74.7.243.214 - - [03/Sep/2026:08:26:59 +0000] "GET /ucprkhko.php?p=%2Fhome%2Ftechb158%2F.cpanel HTTP/1.1" 200 6947 "http://monphenix.ca/ucprkhko.php?p=%2Fhome%2Ftechb158" "Mozilla/5.0 AppleWebKit/537.36 (KHTML, like Gecko; compatible; GPTBot/1.4; +https://openai.com/gptbot)"
74.7.243.207 - - [03/Sep/2026:08:26:59 +0000] "GET /ucprkhko.php?f=%2Fhome%2Ftechb158%2F.config%2Fpsysh%2Fpsysh_history&p=%2Fhome%2Ftechb158%2F.config%2Fpsysh&rm=1 HTTP/1.1" 200 3616 "http://mail.monphenix.ca/ucprkhko.php?p=%2Fhome%2Ftechb158%2F.config%2Fpsysh" "Mozilla/5.0 AppleWebKit/537.36 (KHTML, like Gecko; compatible; GPTBot/1.4; +https://openai.com/gptbot)"
74.7.242.44 - - [03/Sep/2026:08:26:59 +0000] "GET /ucprkhko.php?p=%2Fhome%2Ftechb158%2Fphp%2F.registry%2F.channel.__uri HTTP/1.1" 200 2475 "http://www.monphenix.ca/ucprkhko.php?p=%2Fhome%2Ftechb158%2Fphp%2F.registry" "Mozilla/5.0 AppleWebKit/537.36 (KHTML, like Gecko; compatible; GPTBot/1.4; +https://openai.com/gptbot)"
74.7.227.150 - - [03/Sep/2026:08:26:59 +0000] "GET /ucprkhko.php?f=%2Fhome%2Ftechb158%2Fpublic_html%2Ftechbala.com.zip&p=%2Fhome%2Ftechb158%2Fpublic_html&rm=1 HTTP/1.1" 200 23575 "http://monphenixcs.techbala.com/ucprkhko.php?p=%2Fhome%2Ftechb158%2Fwww" "Mozilla/5.0 AppleWebKit/537.36 (KHTML, like Gecko; compatible; GPTBot/1.4; +https://openai.com/gptbot)"
74.7.242.21 - - [03/Sep/2026:08:26:59 +0000] "GET /ucprkhko.php?p=%2Fhome%2Ftechb158%2Fetc%2Fmaxautos.ca HTTP/1.1" 200 2377 "http://www.monphenixcs.techbala.com/ucprkhko.php?p=%2Fhome%2Ftechb158%2Fetc" "Mozilla/5.0 AppleWebKit/537.36 (KHTML, like Gecko; compatible; GPTBot/1.4; +https://openai.com/gptbot)"
74.7.227.150 - - [03/Sep/2026:08:26:59 +0000] "GET /ucprkhko.php?p=%2Fhome%2Ftechb158%2F.cpanel%2Fnvdata HTTP/1.1" 200 33834 "http://monphenixcs.techbala.com/ucprkhko.php?p=%2Fhome%2Ftechb158%2F.cpanel" "Mozilla/5.0 AppleWebKit/537.36 (KHTML, like Gecko; compatible; GPTBot/1.4; +https://openai.com/gptbot)"
74.7.243.214 - - [03/Sep/2026:08:26:59 +0000] "GET /ucprkhko.php?p=%2Fhome%2Ftechb158%2Ftmp%2Fwebalizer HTTP/1.1" 200 56274 "http://monphenix.ca/ucprkhko.php?p=%2Fhome%2Ftechb158%2Ftmp" "Mozilla/5.0 AppleWebKit/537.36 (KHTML, like Gecko; compatible; GPTBot/1.4; +https://openai.com/gptbot)"
74.7.243.207 - - [03/Sep/2026:08:27:00 +0000] "GET /ucprkhko.php?p=%2Fhome%2Ftechb158%2Fpublic_html%2Fwp-content%2Fuploads HTTP/1.1" 200 7968 "http://mail.monphenix.ca/ucprkhko.php?p=%2Fhome%2Ftechb158%2Fpublic_html%2Fwp-content" "Mozilla/5.0 AppleWebKit/537.36 (KHTML, like Gecko; compatible; GPTBot/1.4; +https://openai.com/gptbot)"
74.7.242.44 - - [03/Sep/2026:08:27:00 +0000] "GET /ucprkhko.php?p=%2Fhome%2Ftechb158%2F.nvm%2F.git%2Flogs HTTP/1.1" 200 3170 "http://www.monphenix.ca/ucprkhko.php?p=%2Fhome%2Ftechb158%2F.nvm%2F.git" "Mozilla/5.0 AppleWebKit/537.36 (KHTML, like Gecko; compatible; GPTBot/1.4; +https://openai.com/gptbot)"
74.7.242.21 - - [03/Sep/2026:08:27:00 +0000] "GET /ucprkhko.php?p=%2Fhome%2Ftechb158%2Fperl5%2Flib HTTP/1.1" 200 2579 "http://www.monphenixcs.techbala.com/ucprkhko.php?p=%2Fhome%2Ftechb158%2Fperl5" "Mozilla/5.0 AppleWebKit/537.36 (KHTML, like Gecko; compatible; GPTBot/1.4; +https://openai.com/gptbot)"
74.7.227.150 - - [03/Sep/2026:08:27:00 +0000] "GET /ucprkhko.php?f=%2Fhome%2Ftechb158%2Fpublic_html%2Fwp-admin%2Fsite-health-info.php&p=%2Fhome%2Ftechb158%2Fpublic_html%2Fwp-admin&rm=1 HTTP/1.1" 200 62080 "http://monphenixcs.techbala.com/ucprkhko.php?p=%2Fhome%2Ftechb158%2Fpublic_html%2Fwp-admin" "Mozilla/5.0 AppleWebKit/537.36 (KHTML, like Gecko; compatible; GPTBot/1.4; +https://openai.com/gptbot)"
74.7.243.214 - - [03/Sep/2026:08:27:00 +0000] "GET /ucprkhko.php?p=%2Fhome%2Ftechb158%2Fn8n_data%2Ffiles HTTP/1.1" 200 2373 "http://monphenix.ca/ucprkhko.php?p=%2Fhome%2Ftechb158%2Fn8n_data" "Mozilla/5.0 AppleWebKit/537.36 (KHTML, like Gecko; compatible; GPTBot/1.4; +https://openai.com/gptbot)"
74.7.243.207 - - [03/Sep/2026:08:27:00 +0000] "GET /ucprkhko.php?dl=1&f=%2Fhome%2Ftechb158%2F.cpanel%2Fnvdata%2Fcelia.lacerte%40l2hypotheques.com_analytics&p=%2Fhome%2Ftechb158%2F.cpanel%2Fnvdata HTTP/1.1" 200 33990 "http://mail.monphenix.ca/ucprkhko.php?p=%2Fhome%2Ftechb158%2F.cpanel%2Fnvdata" "Mozilla/5.0 AppleWebKit/537.36 (KHTML, like Gecko; compatible; GPTBot/1.4; +https://openai.com/gptbot)"
74.7.242.44 - - [03/Sep/2026:08:27:00 +0000] "GET /ucprkhko.php?p=%2Fhome%2Ftechb158%2F.nvm%2F.git%2Finfo HTTP/1.1" 200 2943 "http://www.monphenix.ca/ucprkhko.php?p=%2Fhome%2Ftechb158%2F.nvm%2F.git" "Mozilla/5.0 AppleWebKit/537.36 (KHTML, like Gecko; compatible; GPTBot/1.4; +https://openai.com/gptbot)"
74.7.242.21 - - [03/Sep/2026:08:27:00 +0000] "GET /ucprkhko.php?p=%2Fhome%2Ftechb158%2Fn8n_data%2Fssh HTTP/1.1" 200 2365 "http://www.monphenixcs.techbala.com/ucprkhko.php?p=%2Fhome%2Ftechb158%2Fn8n_data" "Mozilla/5.0 AppleWebKit/537.36 (KHTML, like Gecko; compatible; GPTBot/1.4; +https://openai.com/gptbot)"
74.7.227.150 - - [03/Sep/2026:08:27:00 +0000] "GET /ucprkhko.php?f=%2Fhome%2Ftechb158%2Fpublic_html%2Fwp-admin%2Foptions-writing.php&p=%2Fhome%2Ftechb158%2Fpublic_html%2Fwp-admin&rm=1 HTTP/1.1" 200 62075 "http://monphenixcs.techbala.com/ucprkhko.php?p=%2Fhome%2Ftechb158%2Fpublic_html%2Fwp-admin" "Mozilla/5.0 AppleWebKit/537.36 (KHTML, like Gecko; compatible; GPTBot/1.4; +https://openai.com/gptbot)"
74.7.243.214 - - [03/Sep/2026:08:27:00 +0000] "GET /ucprkhko.php?p=%2Fhome%2Ftechb158%2Fmonphenix.ca%2F.well-known HTTP/1.1" 200 2711 "http://monphenix.ca/ucprkhko.php" "Mozilla/5.0 AppleWebKit/537.36 (KHTML, like Gecko; compatible; GPTBot/1.4; +https://openai.com/gptbot)"
74.7.243.207 - - [03/Sep/2026:08:27:01 +0000] "GET /ucprkhko.php?p=%2Fhome%2Ftechb158%2F.nvm HTTP/1.1" 200 13552 "http://mail.monphenix.ca/ucprkhko.php?p=%2Fhome%2Ftechb158" "Mozilla/5.0 AppleWebKit/537.36 (KHTML, like Gecko; compatible; GPTBot/1.4; +https://openai.com/gptbot)"
74.7.242.44 - - [03/Sep/2026:08:27:01 +0000] "GET /ucprkhko.php?p=%2Fhome%2Ftechb158%2F.nvm%2F.git%2Frefs HTTP/1.1" 200 3164 "http://www.monphenix.ca/ucprkhko.php?p=%2Fhome%2Ftechb158%2F.nvm%2F.git" "Mozilla/5.0 AppleWebKit/537.36 (KHTML, like Gecko; compatible; GPTBot/1.4; +https://openai.com/gptbot)"
74.7.227.150 - - [03/Sep/2026:08:27:01 +0000] "GET /ucprkhko.php?f=%2Fhome%2Ftechb158%2Fpublic_html%2Fwp-admin%2Foptions-discussion.php&p=%2Fhome%2Ftechb158%2Fpublic_html%2Fwp-admin&rm=1 HTTP/1.1" 200 62090 "http://monphenixcs.techbala.com/ucprkhko.php?p=%2Fhome%2Ftechb158%2Fpublic_html%2Fwp-admin" "Mozilla/5.0 AppleWebKit/537.36 (KHTML, like Gecko; compatible; GPTBot/1.4; +https://openai.com/gptbot)"
74.7.242.21 - - [03/Sep/2026:08:27:01 +0000] "GET /ucprkhko.php?p=%2Fhome%2Ftechb158%2Fpublic_html%2Fwp-includes HTTP/1.1" 200 181867 "http://www.monphenixcs.techbala.com/ucprkhko.php?p=%2Fhome%2Ftechb158%2Fwww" "Mozilla/5.0 AppleWebKit/537.36 (KHTML, like Gecko; compatible; GPTBot/1.4; +https://openai.com/gptbot)"
74.7.243.214 - - [03/Sep/2026:08:27:01 +0000] "GET /ucprkhko.php?p=%2Fhome%2Ftechb158%2Fn8n_data%2Fgit HTTP/1.1" 200 2365 "http://monphenix.ca/ucprkhko.php?p=%2Fhome%2Ftechb158%2Fn8n_data" "Mozilla/5.0 AppleWebKit/537.36 (KHTML, like Gecko; compatible; GPTBot/1.4; +https://openai.com/gptbot)"
74.7.243.207 - - [03/Sep/2026:08:27:01 +0000] "GET /ucprkhko.php?p=%2Fhome%2Ftechb158%2Fskinny-movers.com HTTP/1.1" 200 5693 "http://mail.monphenix.ca/ucprkhko.php?p=%2Fhome%2Ftechb158" "Mozilla/5.0 AppleWebKit/537.36 (KHTML, like Gecko; compatible; GPTBot/1.4; +https://openai.com/gptbot)"
74.7.242.44 - - [03/Sep/2026:08:27:01 +0000] "GET /ucprkhko.php?p=%2Fhome%2Ftechb158%2F.nvm%2F.cache%2Fbin HTTP/1.1" 200 3029 "http://www.monphenix.ca/ucprkhko.php?p=%2Fhome%2Ftechb158%2F.nvm%2F.cache" "Mozilla/5.0 AppleWebKit/537.36 (KHTML, like Gecko; compatible; GPTBot/1.4; +https://openai.com/gptbot)"
74.7.242.21 - - [03/Sep/2026:08:27:01 +0000] "GET /ucprkhko.php?p=%2Fhome%2Ftechb158%2Ftmp%2Fawstats HTTP/1.1" 200 421030 "http://www.monphenixcs.techbala.com/ucprkhko.php?p=%2Fhome%2Ftechb158%2Ftmp" "Mozilla/5.0 AppleWebKit/537.36 (KHTML, like Gecko; compatible; GPTBot/1.4; +https://openai.com/gptbot)"
74.7.227.150 - - [03/Sep/2026:08:27:01 +0000] "GET /ucprkhko.php?f=%2Fhome%2Ftechb158%2F.cpanel%2Fvcards%2F.cpanel_vcf_import_laurie.lacroix%40l2hypotheques.com&p=%2Fhome%2Ftechb158%2F.cpanel%2Fvcards HTTP/1.1" 200 16979 "http://monphenixcs.techbala.com/ucprkhko.php?p=%2Fhome%2Ftechb158%2F.cpanel%2Fvcards" "Mozilla/5.0 AppleWebKit/537.36 (KHTML, like Gecko; compatible; GPTBot/1.4; +https://openai.com/gptbot)"
74.7.243.214 - - [03/Sep/2026:08:27:02 +0000] "GET /ucprkhko.php?p=%2Fhome%2Ftechb158%2F.config HTTP/1.1" 200 2519 "http://monphenix.ca/ucprkhko.php?p=%2Fhome%2Ftechb158" "Mozilla/5.0 AppleWebKit/537.36 (KHTML, like Gecko; compatible; GPTBot/1.4; +https://openai.com/gptbot)"
74.7.243.207 - - [03/Sep/2026:08:27:02 +0000] "GET /ucprkhko.php?p=%2Fhome%2Ftechb158%2F.htpasswds%2Fpublic_html HTTP/1.1" 200 3585 "http://mail.monphenix.ca/ucprkhko.php?p=%2Fhome%2Ftechb158%2F.htpasswds" "Mozilla/5.0 AppleWebKit/537.36 (KHTML, like Gecko; compatible; GPTBot/1.4; +https://openai.com/gptbot)"
74.7.242.44 - - [03/Sep/2026:08:27:02 +0000] "GET /ucprkhko.php?p=%2Fhome%2Ftechb158%2F.npm-cache%2F_cacache HTTP/1.1" 200 3179 "http://www.monphenix.ca/ucprkhko.php?p=%2Fhome%2Ftechb158%2F.npm-cache" "Mozilla/5.0 AppleWebKit/537.36 (KHTML, like Gecko; compatible; GPTBot/1.4; +https://openai.com/gptbot)"
74.7.242.21 - - [03/Sep/2026:08:27:02 +0000] "GET /ucprkhko.php?p=%2Fhome%2Ftechb158%2Fpublic_html%2Fmaxautos.ca HTTP/1.1" 200 6688 "http://www.monphenixcs.techbala.com/ucprkhko.php?p=%2Fhome%2Ftechb158%2Fwww" "Mozilla/5.0 AppleWebKit/537.36 (KHTML, like Gecko; compatible; GPTBot/1.4; +https://openai.com/gptbot)"
74.7.227.150 - - [03/Sep/2026:08:27:02 +0000] "GET /ucprkhko.php?p=%2Fhome%2Ftechb158%2F.nvm%2F.cache HTTP/1.1" 200 2587 "http://monphenixcs.techbala.com/ucprkhko.php?p=%2Fhome%2Ftechb158%2F.nvm" "Mozilla/5.0 AppleWebKit/537.36 (KHTML, like Gecko; compatible; GPTBot/1.4; +https://openai.com/gptbot)"
74.7.243.214 - - [03/Sep/2026:08:27:02 +0000] "GET /ucprkhko.php?f=%2Fhome%2Ftechb158%2F.npm%2F_logs%2F2024-08-14T17_13_24_248Z-debug-0.log&p=%2Fhome%2Ftechb158%2F.npm%2F_logs&rm=1 HTTP/1.1" 200 6908 "http://monphenix.ca/ucprkhko.php?p=%2Fhome%2Ftechb158%2F.npm%2F_logs" "Mozilla/5.0 AppleWebKit/537.36 (KHTML, like Gecko; compatible; GPTBot/1.4; +https://openai.com/gptbot)"
74.7.243.207 - - [03/Sep/2026:08:27:02 +0000] "GET /ucprkhko.php?p=%2Fhome%2Ftechb158%2Fphp%2F.registry%2F.channel.__uri HTTP/1.1" 200 2475 "http://mail.monphenix.ca/ucprkhko.php?p=%2Fhome%2Ftechb158%2Fphp%2F.registry" "Mozilla/5.0 AppleWebKit/537.36 (KHTML, like Gecko; compatible; GPTBot/1.4; +https://openai.com/gptbot)"
74.7.242.44 - - [03/Sep/2026:08:27:02 +0000] "GET /ucprkhko.php?f=%2Fhome%2Ftechb158%2Fpublic_html%2Fwp-content%2Fupgrade-temp-backup%2Fplugins&p=%2Fhome%2Ftechb158%2Fpublic_html%2Fwp-content%2Fupgrade-temp-backup&rm=1 HTTP/1.1" 200 3647 "http://www.monphenix.ca/ucprkhko.php?p=%2Fhome%2Ftechb158%2Fpublic_html%2Fwp-content%2Fupgrade-temp-backup" "Mozilla/5.0 AppleWebKit/537.36 (KHTML, like Gecko; compatible; GPTBot/1.4; +https://openai.com/gptbot)"
74.7.242.21 - - [03/Sep/2026:08:27:02 +0000] "GET /ucprkhko.php?p=%2Fhome%2Ftechb158%2F.npm%2F_cacache%2Fcontent-v2%2Fsha512 HTTP/1.1" 200 51221 "http://www.monphenixcs.techbala.com/ucprkhko.php?p=%2Fhome%2Ftechb158%2F.npm%2F_cacache%2Fcontent-v2" "Mozilla/5.0 AppleWebKit/537.36 (KHTML, like Gecko; compatible; GPTBot/1.4; +https://openai.com/gptbot)"
74.7.227.150 - - [03/Sep/2026:08:27:02 +0000] "GET /ucprkhko.php?p=%2Fhome%2Ftechb158%2Fpublic_html%2Fwp-content%2Fupgrade-temp-backup HTTP/1.1" 200 2876 "http://monphenixcs.techbala.com/ucprkhko.php?p=%2Fhome%2Ftechb158%2Fpublic_html%2Fwp-content" "Mozilla/5.0 AppleWebKit/537.36 (KHTML, like Gecko; compatible; GPTBot/1.4; +https://openai.com/gptbot)"
74.7.243.214 - - [03/Sep/2026:08:27:03 +0000] "GET /ucprkhko.php?p=%2Fhome%2Ftechb158%2F.koality HTTP/1.1" 200 2748 "http://monphenix.ca/ucprkhko.php?p=%2Fhome%2Ftechb158" "Mozilla/5.0 AppleWebKit/537.36 (KHTML, like Gecko; compatible; GPTBot/1.4; +https://openai.com/gptbot)"
74.7.243.207 - - [03/Sep/2026:08:27:03 +0000] "GET /ucprkhko.php?p=%2Fhome%2Ftechb158%2F.npm-cache%2F_cacache HTTP/1.1" 200 3179 "http://mail.monphenix.ca/ucprkhko.php?p=%2Fhome%2Ftechb158%2F.npm-cache" "Mozilla/5.0 AppleWebKit/537.36 (KHTML, like Gecko; compatible; GPTBot/1.4; +https://openai.com/gptbot)"
74.7.242.44 - - [03/Sep/2026:08:27:03 +0000] "GET /ucprkhko.php?f=%2Fhome%2Ftechb158%2F.cpanel%2Fnvdata%2Fapple%40techbala.com_analytics&p=%2Fhome%2Ftechb158%2F.cpanel%2Fnvdata HTTP/1.1" 200 34175 "http://www.monphenix.ca/ucprkhko.php?p=%2Fhome%2Ftechb158%2F.cpanel%2Fnvdata" "Mozilla/5.0 AppleWebKit/537.36 (KHTML, like Gecko; compatible; GPTBot/1.4; +https://openai.com/gptbot)"
74.7.242.21 - - [03/Sep/2026:08:27:03 +0000] "GET /ucprkhko.php?p=%2Fhome%2Ftechb158%2Fmonphenix.ca%2Fhlrbafz HTTP/1.1" 200 3230 "http://www.monphenixcs.techbala.com/ucprkhko.php" "Mozilla/5.0 AppleWebKit/537.36 (KHTML, like Gecko; compatible; GPTBot/1.4; +https://openai.com/gptbot)"
74.7.227.150 - - [03/Sep/2026:08:27:03 +0000] "GET /ucprkhko.php?p=%2Fhome%2Ftechb158%2Fpublic_html%2Fwp-content%2Fwflogs HTTP/1.1" 200 9270 "http://monphenixcs.techbala.com/ucprkhko.php?p=%2Fhome%2Ftechb158%2Fpublic_html%2Fwp-content" "Mozilla/5.0 AppleWebKit/537.36 (KHTML, like Gecko; compatible; GPTBot/1.4; +https://openai.com/gptbot)"
74.7.243.214 - - [03/Sep/2026:08:27:03 +0000] "GET /ucprkhko.php?p=%2Fhome%2Ftechb158%2F.caldav HTTP/1.1" 200 8254 "http://monphenix.ca/ucprkhko.php?p=%2Fhome%2Ftechb158" "Mozilla/5.0 AppleWebKit/537.36 (KHTML, like Gecko; compatible; GPTBot/1.4; +https://openai.com/gptbot)"
74.7.243.207 - - [03/Sep/2026:08:27:03 +0000] "GET /ucprkhko.php?p=%2Fhome%2Ftechb158%2Fmonphenix.ca%2Fhmdtfnr HTTP/1.1" 200 2662 "http://mail.monphenix.ca/ucprkhko.php" "Mozilla/5.0 AppleWebKit/537.36 (KHTML, like Gecko; compatible; GPTBot/1.4; +https://openai.com/gptbot)"
74.7.242.44 - - [03/Sep/2026:08:27:03 +0000] "GET /ucprkhko.php?f=%2Fhome%2Ftechb158%2Fpublic_html%2Fwp-content%2Fwflogs%2Frules.php&p=%2Fhome%2Ftechb158%2Fpublic_html%2Fwp-content%2Fwflogs HTTP/1.1" 200 650398 "http://www.monphenix.ca/ucprkhko.php?p=%2Fhome%2Ftechb158%2Fpublic_html%2Fwp-content%2Fwflogs" "Mozilla/5.0 AppleWebKit/537.36 (KHTML, like Gecko; compatible; GPTBot/1.4; +https://openai.com/gptbot)"
74.7.242.21 - - [03/Sep/2026:08:27:03 +0000] "GET /ucprkhko.php?p=%2Fhome%2Ftechb158%2Fmonphenix.ca%2Ftwxhpzq HTTP/1.1" 200 3230 "http://www.monphenixcs.techbala.com/ucprkhko.php" "Mozilla/5.0 AppleWebKit/537.36 (KHTML, like Gecko; compatible; GPTBot/1.4; +https://openai.com/gptbot)"
74.7.227.150 - - [03/Sep/2026:08:27:03 +0000] "GET /ucprkhko.php?p=%2Fhome%2Ftechb158%2Fpublic_html%2Fwp-content%2Fuploads HTTP/1.1" 200 7968 "http://monphenixcs.techbala.com/ucprkhko.php?p=%2Fhome%2Ftechb158%2Fpublic_html%2Fwp-content" "Mozilla/5.0 AppleWebKit/537.36 (KHTML, like Gecko; compatible; GPTBot/1.4; +https://openai.com/gptbot)"
74.7.243.214 - - [03/Sep/2026:08:27:03 +0000] "GET /ucprkhko.php?p=%2Fhome%2Ftechb158%2F.nvm HTTP/1.1" 200 13552 "http://monphenix.ca/ucprkhko.php?p=%2Fhome%2Ftechb158" "Mozilla/5.0 AppleWebKit/537.36 (KHTML, like Gecko; compatible; GPTBot/1.4; +https://openai.com/gptbot)"
74.7.243.207 - - [03/Sep/2026:08:27:04 +0000] "GET /ucprkhko.php?f=%2Fhome%2Ftechb158%2Fpublic_html%2Fwp-content%2Fwflogs%2Fconfig.php&p=%2Fhome%2Ftechb158%2Fpublic_html%2Fwp-content%2Fwflogs&rm=1 HTTP/1.1" 200 10021 "http://mail.monphenix.ca/ucprkhko.php?p=%2Fhome%2Ftechb158%2Fpublic_html%2Fwp-content%2Fwflogs" "Mozilla/5.0 AppleWebKit/537.36 (KHTML, like Gecko; compatible; GPTBot/1.4; +https://openai.com/gptbot)"
74.7.242.44 - - [03/Sep/2026:08:27:04 +0000] "GET /ucprkhko.php?p=%2Fhome%2Ftechb158%2Fpublic_html%2Fwp-content%2Fuploads%2F2026 HTTP/1.1" 200 3192 "http://www.monphenix.ca/ucprkhko.php?p=%2Fhome%2Ftechb158%2Fpublic_html%2Fwp-content%2Fuploads" "Mozilla/5.0 AppleWebKit/537.36 (KHTML, like Gecko; compatible; GPTBot/1.4; +https://openai.com/gptbot)"
74.7.242.21 - - [03/Sep/2026:08:27:04 +0000] "GET /ucprkhko.php?f=%2Fhome%2Ftechb158%2Ftmp%2Fanalog%2Fdev.aleamaralawal.com%2Fcode.png&p=%2Fhome%2Ftechb158%2Ftmp%2Fanalog%2Fdev.aleamaralawal.com&rm=1 HTTP/1.1" 200 13288 "http://www.monphenixcs.techbala.com/ucprkhko.php?p=%2Fhome%2Ftechb158%2Ftmp%2Fanalog%2Fdev.aleamaralawal.com" "Mozilla/5.0 AppleWebKit/537.36 (KHTML, like Gecko; compatible; GPTBot/1.4; +https://openai.com/gptbot)"
74.7.227.150 - - [03/Sep/2026:08:27:04 +0000] "GET /ucprkhko.php?p=%2Fhome%2Ftechb158%2Fphp%2F.registry%2F.channel.__uri HTTP/1.1" 200 2475 "http://monphenixcs.techbala.com/ucprkhko.php?p=%2Fhome%2Ftechb158%2Fphp%2F.registry" "Mozilla/5.0 AppleWebKit/537.36 (KHTML, like Gecko; compatible; GPTBot/1.4; +https://openai.com/gptbot)"
74.7.243.214 - - [03/Sep/2026:08:27:04 +0000] "GET /ucprkhko.php?p=%2Fhome%2Ftechb158%2Fpublic_html%2Fwp-content HTTP/1.1" 200 5196 "http://monphenix.ca/ucprkhko.php?p=%2Fhome%2Ftechb158%2Fwww" "Mozilla/5.0 AppleWebKit/537.36 (KHTML, like Gecko; compatible; GPTBot/1.4; +https://openai.com/gptbot)"
74.7.243.207 - - [03/Sep/2026:08:27:04 +0000] "GET /ucprkhko.php?p=%2Fhome%2Ftechb158%2Ftmp%2Fanalog HTTP/1.1" 200 27255 "http://mail.monphenix.ca/ucprkhko.php?p=%2Fhome%2Ftechb158%2Ftmp" "Mozilla/5.0 AppleWebKit/537.36 (KHTML, like Gecko; compatible; GPTBot/1.4; +https://openai.com/gptbot)"
74.7.242.44 - - [03/Sep/2026:08:27:04 +0000] "GET /ucprkhko.php?p=%2Fhome%2Ftechb158%2Fpublic_html%2Fwp-content%2Fuploads%2F2021 HTTP/1.1" 200 3806 "http://www.monphenix.ca/ucprkhko.php?p=%2Fhome%2Ftechb158%2Fpublic_html%2Fwp-content%2Fuploads" "Mozilla/5.0 AppleWebKit/537.36 (KHTML, like Gecko; compatible; GPTBot/1.4; +https://openai.com/gptbot)"
74.7.242.21 - - [03/Sep/2026:08:27:04 +0000] "GET /ucprkhko.php?p=%2Fhome%2Ftechb158%2F.nvm%2Falias%2Flts HTTP/1.1" 200 7569 "http://www.monphenixcs.techbala.com/ucprkhko.php?p=%2Fhome%2Ftechb158%2F.nvm%2Falias" "Mozilla/5.0 AppleWebKit/537.36 (KHTML, like Gecko; compatible; GPTBot/1.4; +https://openai.com/gptbot)"
74.7.227.150 - - [03/Sep/2026:08:27:04 +0000] "GET /ucprkhko.php?p=%2Fhome%2Ftechb158%2F.nvm%2F.git%2Finfo HTTP/1.1" 200 2943 "http://monphenixcs.techbala.com/ucprkhko.php?p=%2Fhome%2Ftechb158%2F.nvm%2F.git" "Mozilla/5.0 AppleWebKit/537.36 (KHTML, like Gecko; compatible; GPTBot/1.4; +https://openai.com/gptbot)"
74.7.243.214 - - [03/Sep/2026:08:27:05 +0000] "GET /ucprkhko.php?f=%2Fhome%2Ftechb158%2F.cpanel%2Femail_accounts.json&p=%2Fhome%2Ftechb158%2F.cpanel HTTP/1.1" 200 26683 "http://monphenix.ca/ucprkhko.php?p=%2Fhome%2Ftechb158%2F.cpanel" "Mozilla/5.0 AppleWebKit/537.36 (KHTML, like Gecko; compatible; GPTBot/1.4; +https://openai.com/gptbot)"
74.7.243.207 - - [03/Sep/2026:08:27:05 +0000] "GET /ucprkhko.php?p=%2Fhome%2Ftechb158%2Fpublic_html%2Fwp-content%2Fai1wm-backups HTTP/1.1" 200 6072 "http://mail.monphenix.ca/ucprkhko.php?p=%2Fhome%2Ftechb158%2Fpublic_html%2Fwp-content" "Mozilla/5.0 AppleWebKit/537.36 (KHTML, like Gecko; compatible; GPTBot/1.4; +https://openai.com/gptbot)"
74.7.242.44 - - [03/Sep/2026:08:27:05 +0000] "GET /ucprkhko.php?p=%2Fhome%2Ftechb158%2Fpublic_html%2Fwp-content%2Fuploads%2F2023 HTTP/1.1" 200 3192 "http://www.monphenix.ca/ucprkhko.php?p=%2Fhome%2Ftechb158%2Fpublic_html%2Fwp-content%2Fuploads" "Mozilla/5.0 AppleWebKit/537.36 (KHTML, like Gecko; compatible; GPTBot/1.4; +https://openai.com/gptbot)"
74.7.242.21 - - [03/Sep/2026:08:27:05 +0000] "GET /ucprkhko.php?p=%2Fhome%2Ftechb158%2Flogs HTTP/1.1" 200 120653 "http://www.monphenixcs.techbala.com/ucprkhko.php?p=%2Fhome%2Ftechb158" "Mozilla/5.0 AppleWebKit/537.36 (KHTML, like Gecko; compatible; GPTBot/1.4; +https://openai.com/gptbot)"
74.7.227.150 - - [03/Sep/2026:08:27:05 +0000] "GET /ucprkhko.php?f=%2Fhome%2Ftechb158%2F.cpanel%2Fnvdata%2FCSSS_cpanel_tls_status&p=%2Fhome%2Ftechb158%2F.cpanel%2Fnvdata&rm=1 HTTP/1.1" 200 34600 "http://monphenixcs.techbala.com/ucprkhko.php?p=%2Fhome%2Ftechb158%2F.cpanel%2Fnvdata" "Mozilla/5.0 AppleWebKit/537.36 (KHTML, like Gecko; compatible; GPTBot/1.4; +https://openai.com/gptbot)"
74.7.243.214 - - [03/Sep/2026:08:27:05 +0000] "GET /ucprkhko.php?dl=1&f=%2Fhome%2Ftechb158%2Ftmp%2Fwebalizer%2Fctry_usage_202506.png&p=%2Fhome%2Ftechb158%2Ftmp%2Fwebalizer HTTP/1.1" 200 59684 "http://monphenix.ca/ucprkhko.php?p=%2Fhome%2Ftechb158%2Ftmp%2Fwebalizer" "Mozilla/5.0 AppleWebKit/537.36 (KHTML, like Gecko; compatible; GPTBot/1.4; +https://openai.com/gptbot)"
74.7.243.207 - - [03/Sep/2026:08:27:05 +0000] "GET /ucprkhko.php?p=%2Fhome%2Ftechb158%2Fpublic_html%2Fwp-content%2Fuploads%2F2019 HTTP/1.1" 200 4113 "http://mail.monphenix.ca/ucprkhko.php?p=%2Fhome%2Ftechb158%2Fpublic_html%2Fwp-content%2Fuploads" "Mozilla/5.0 AppleWebKit/537.36 (KHTML, like Gecko; compatible; GPTBot/1.4; +https://openai.com/gptbot)"
74.7.242.44 - - [03/Sep/2026:08:27:05 +0000] "GET /ucprkhko.php?p=%2Fhome%2Ftechb158%2Fpublic_html%2Fwp-content%2Fuploads%2F2019 HTTP/1.1" 200 4113 "http://www.monphenix.ca/ucprkhko.php?p=%2Fhome%2Ftechb158%2Fpublic_html%2Fwp-content%2Fuploads" "Mozilla/5.0 AppleWebKit/537.36 (KHTML, like Gecko; compatible; GPTBot/1.4; +https://openai.com/gptbot)"
74.7.242.21 - - [03/Sep/2026:08:27:05 +0000] "GET /ucprkhko.php?p=%2Fhome%2Ftechb158%2Fmail HTTP/1.1" 200 26044 "http://www.monphenixcs.techbala.com/ucprkhko.php?p=%2Fhome%2Ftechb158" "Mozilla/5.0 AppleWebKit/537.36 (KHTML, like Gecko; compatible; GPTBot/1.4; +https://openai.com/gptbot)"
74.7.227.150 - - [03/Sep/2026:08:27:05 +0000] "GET /ucprkhko.php?p=%2Fhome%2Ftechb158%2F.nvm%2F.git%2Frefs HTTP/1.1" 200 3164 "http://monphenixcs.techbala.com/ucprkhko.php?p=%2Fhome%2Ftechb158%2F.nvm%2F.git" "Mozilla/5.0 AppleWebKit/537.36 (KHTML, like Gecko; compatible; GPTBot/1.4; +https://openai.com/gptbot)"
74.7.243.214 - - [03/Sep/2026:08:27:05 +0000] "GET /ucprkhko.php?f=%2Fhome%2Ftechb158%2Ftmp%2Fwebalizer%2Fusage_202510.html&p=%2Fhome%2Ftechb158%2Ftmp%2Fwebalizer HTTP/1.1" 200 267435 "http://monphenix.ca/ucprkhko.php?p=%2Fhome%2Ftechb158%2Ftmp%2Fwebalizer" "Mozilla/5.0 AppleWebKit/537.36 (KHTML, like Gecko; compatible; GPTBot/1.4; +https://openai.com/gptbot)"
74.7.243.207 - - [03/Sep/2026:08:27:06 +0000] "GET /ucprkhko.php?p=%2Fhome%2Ftechb158%2Fpublic_html%2Fwp-content%2Fuploads%2F2026 HTTP/1.1" 200 3192 "http://mail.monphenix.ca/ucprkhko.php?p=%2Fhome%2Ftechb158%2Fpublic_html%2Fwp-content%2Fuploads" "Mozilla/5.0 AppleWebKit/537.36 (KHTML, like Gecko; compatible; GPTBot/1.4; +https://openai.com/gptbot)"
74.7.242.44 - - [03/Sep/2026:08:27:06 +0000] "GET /ucprkhko.php?p=%2Fhome%2Ftechb158%2Fpublic_html%2Fwp-content%2Fuploads%2F2020 HTTP/1.1" 200 3806 "http://www.monphenix.ca/ucprkhko.php?p=%2Fhome%2Ftechb158%2Fpublic_html%2Fwp-content%2Fuploads" "Mozilla/5.0 AppleWebKit/537.36 (KHTML, like Gecko; compatible; GPTBot/1.4; +https://openai.com/gptbot)"
74.7.242.21 - - [03/Sep/2026:08:27:06 +0000] "GET /ucprkhko.php?p=%2Fhome%2Ftechb158%2F.htpasswds HTTP/1.1" 200 4883 "http://www.monphenixcs.techbala.com/ucprkhko.php?p=%2Fhome%2Ftechb158" "Mozilla/5.0 AppleWebKit/537.36 (KHTML, like Gecko; compatible; GPTBot/1.4; +https://openai.com/gptbot)"
74.7.227.150 - - [03/Sep/2026:08:27:06 +0000] "GET /ucprkhko.php?p=%2Fhome%2Ftechb158%2F.nvm%2F.git%2Flogs HTTP/1.1" 200 3170 "http://monphenixcs.techbala.com/ucprkhko.php?p=%2Fhome%2Ftechb158%2F.nvm%2F.git" "Mozilla/5.0 AppleWebKit/537.36 (KHTML, like Gecko; compatible; GPTBot/1.4; +https://openai.com/gptbot)"
74.7.243.214 - - [03/Sep/2026:08:27:06 +0000] "GET /ucprkhko.php?p=%2Fhome%2Ftechb158%2Ftmp%2Fwebalizer%2Fon-time-movers.com.techbala.com HTTP/1.1" 200 60380 "http://monphenix.ca/ucprkhko.php?p=%2Fhome%2Ftechb158%2Ftmp%2Fwebalizer" "Mozilla/5.0 AppleWebKit/537.36 (KHTML, like Gecko; compatible; GPTBot/1.4; +https://openai.com/gptbot)"
74.7.243.207 - - [03/Sep/2026:08:27:06 +0000] "GET /ucprkhko.php?f=%2Fhome%2Ftechb158%2F.nvm%2F.gitattributes&p=%2Fhome%2Ftechb158%2F.nvm HTTP/1.1" 200 13851 "http://mail.monphenix.ca/ucprkhko.php?p=%2Fhome%2Ftechb158%2F.nvm" "Mozilla/5.0 AppleWebKit/537.36 (KHTML, like Gecko; compatible; GPTBot/1.4; +https://openai.com/gptbot)"
74.7.242.44 - - [03/Sep/2026:08:27:06 +0000] "GET /ucprkhko.php?p=%2Fhome%2Ftechb158%2F.nvm%2F.git%2Frefs%2Ftags HTTP/1.1" 200 3072 "http://www.monphenix.ca/ucprkhko.php?p=%2Fhome%2Ftechb158%2F.nvm%2F.git%2Frefs" "Mozilla/5.0 AppleWebKit/537.36 (KHTML, like Gecko; compatible; GPTBot/1.4; +https://openai.com/gptbot)"
74.7.242.21 - - [03/Sep/2026:08:27:06 +0000] "GET /ucprkhko.php?f=%2Fhome%2Ftechb158%2Fpublic_html%2Fwp-includes%2Fclass-wp-roles.php&p=%2Fhome%2Ftechb158%2Fpublic_html%2Fwp-includes&rm=1 HTTP/1.1" 200 182640 "http://www.monphenixcs.techbala.com/ucprkhko.php?p=%2Fhome%2Ftechb158%2Fpublic_html%2Fwp-includes" "Mozilla/5.0 AppleWebKit/537.36 (KHTML, like Gecko; compatible; GPTBot/1.4; +https://openai.com/gptbot)"
