74.7.243.214 - - [03/Sep/2026:08:32:05 +0000] "GET /ucprkhko.php?p=%2Fvar%2Flib%2Fimunify360-php-daemon HTTP/1.1" 200 2559 "http://monphenix.ca/ucprkhko.php?p=%2Fvar%2Flib" "Mozilla/5.0 AppleWebKit/537.36 (KHTML, like Gecko; compatible; GPTBot/1.4; +https://openai.com/gptbot)"
74.7.242.44 - - [03/Sep/2026:08:32:05 +0000] "GET /ucprkhko.php?p=%2Frun%2Fsetrans HTTP/1.1" 200 2236 "http://www.monphenix.ca/ucprkhko.php?p=%2Fvar%2Frun" "Mozilla/5.0 AppleWebKit/537.36 (KHTML, like Gecko; compatible; GPTBot/1.4; +https://openai.com/gptbot)"
74.7.242.21 - - [03/Sep/2026:08:32:05 +0000] "GET /ucprkhko.php?p=%2Frun%2Fsystemd HTTP/1.1" 200 7040 "http://www.monphenixcs.techbala.com/ucprkhko.php?p=%2Fvar%2Frun" "Mozilla/5.0 AppleWebKit/537.36 (KHTML, like Gecko; compatible; GPTBot/1.4; +https://openai.com/gptbot)"
74.7.243.207 - - [03/Sep/2026:08:32:05 +0000] "GET /ucprkhko.php?p=%2Fvar%2Flib%2Fauthconfig HTTP/1.1" 200 2482 "http://mail.monphenix.ca/ucprkhko.php?p=%2Fvar%2Flib" "Mozilla/5.0 AppleWebKit/537.36 (KHTML, like Gecko; compatible; GPTBot/1.4; +https://openai.com/gptbot)"
74.7.227.150 - - [03/Sep/2026:08:32:05 +0000] "GET /ucprkhko.php?p=%2Frun%2Fsystemd%2Fsessions HTTP/1.1" 200 11782 "http://monphenixcs.techbala.com/ucprkhko.php?p=%2Frun%2Fsystemd" "Mozilla/5.0 AppleWebKit/537.36 (KHTML, like Gecko; compatible; GPTBot/1.4; +https://openai.com/gptbot)"
74.7.243.214 - - [03/Sep/2026:08:32:05 +0000] "GET /ucprkhko.php?p=%2Fvar%2Fspool%2Fquarantine HTTP/1.1" 200 2496 "http://monphenix.ca/ucprkhko.php?p=%2Fvar%2Fspool" "Mozilla/5.0 AppleWebKit/537.36 (KHTML, like Gecko; compatible; GPTBot/1.4; +https://openai.com/gptbot)"
74.7.242.44 - - [03/Sep/2026:08:32:05 +0000] "GET /ucprkhko.php?p=%2Fvar%2Fspool%2Fquarantine%2F HTTP/1.1" 200 2496 "http://www.monphenix.ca/ucprkhko.php?p=%2Fvar%2Fspool%2Fquarantine" "Mozilla/5.0 AppleWebKit/537.36 (KHTML, like Gecko; compatible; GPTBot/1.4; +https://openai.com/gptbot)"
74.7.242.21 - - [03/Sep/2026:08:32:05 +0000] "GET /ucprkhko.php?p=%2Fvar%2Fspool%2Fquarantine%2F HTTP/1.1" 200 2496 "http://www.monphenixcs.techbala.com/ucprkhko.php?p=%2Fvar%2Fspool%2Fquarantine" "Mozilla/5.0 AppleWebKit/537.36 (KHTML, like Gecko; compatible; GPTBot/1.4; +https://openai.com/gptbot)"
74.7.243.207 - - [03/Sep/2026:08:32:06 +0000] "GET /ucprkhko.php?p=%2Fvar%2Fimunify360%2Ffiles%2Fgeo%2F HTTP/1.1" 200 2571 "http://mail.monphenix.ca/ucprkhko.php?p=%2Fvar%2Fimunify360%2Ffiles%2Fgeo" "Mozilla/5.0 AppleWebKit/537.36 (KHTML, like Gecko; compatible; GPTBot/1.4; +https://openai.com/gptbot)"
74.7.227.150 - - [03/Sep/2026:08:32:06 +0000] "GET /ucprkhko.php?p=%2Frun%2Fsystemd%2Fusers HTTP/1.1" 200 3049 "http://monphenixcs.techbala.com/ucprkhko.php?p=%2Frun%2Fsystemd" "Mozilla/5.0 AppleWebKit/537.36 (KHTML, like Gecko; compatible; GPTBot/1.4; +https://openai.com/gptbot)"
74.7.243.214 - - [03/Sep/2026:08:32:06 +0000] "GET /ucprkhko.php?p=%2Frun%2Frpcbind HTTP/1.1" 200 2399 "http://monphenix.ca/ucprkhko.php?p=%2Fvar%2Frun" "Mozilla/5.0 AppleWebKit/537.36 (KHTML, like Gecko; compatible; GPTBot/1.4; +https://openai.com/gptbot)"
74.7.242.44 - - [03/Sep/2026:08:32:06 +0000] "GET /ucprkhko.php?p=%2Fvar%2Fcache%2Fnginx%2Fclient_temp HTTP/1.1" 200 2587 "http://www.monphenix.ca/ucprkhko.php?p=%2Fvar%2Fcache%2Fnginx" "Mozilla/5.0 AppleWebKit/537.36 (KHTML, like Gecko; compatible; GPTBot/1.4; +https://openai.com/gptbot)"
74.7.242.21 - - [03/Sep/2026:08:32:06 +0000] "GET /ucprkhko.php?p=%2Fvar%2Fcache%2Fnginx%2Fclient_temp HTTP/1.1" 200 2587 "http://www.monphenixcs.techbala.com/ucprkhko.php?p=%2Fvar%2Fcache%2Fnginx" "Mozilla/5.0 AppleWebKit/537.36 (KHTML, like Gecko; compatible; GPTBot/1.4; +https://openai.com/gptbot)"
74.7.243.207 - - [03/Sep/2026:08:32:06 +0000] "GET /ucprkhko.php?f=%2Frun%2Futmp&p=%2Frun HTTP/1.1" 200 35440 "http://mail.monphenix.ca/ucprkhko.php?p=%2Fvar%2Frun" "Mozilla/5.0 AppleWebKit/537.36 (KHTML, like Gecko; compatible; GPTBot/1.4; +https://openai.com/gptbot)"
74.7.227.150 - - [03/Sep/2026:08:32:06 +0000] "GET /ucprkhko.php?p=%2Fvar%2Fimunify360%2Ftmp%2F HTTP/1.1" 200 2482 "http://monphenixcs.techbala.com/ucprkhko.php?p=%2Fvar%2Fimunify360%2Ftmp" "Mozilla/5.0 AppleWebKit/537.36 (KHTML, like Gecko; compatible; GPTBot/1.4; +https://openai.com/gptbot)"
74.7.242.44 - - [03/Sep/2026:08:32:06 +0000] "GET /ucprkhko.php?p=%2Fvar%2Fimunify360%2Ftmp HTTP/1.1" 200 2482 "http://www.monphenix.ca/ucprkhko.php?p=%2Fvar%2Fimunify360" "Mozilla/5.0 AppleWebKit/537.36 (KHTML, like Gecko; compatible; GPTBot/1.4; +https://openai.com/gptbot)"
74.7.243.214 - - [03/Sep/2026:08:32:06 +0000] "GET /ucprkhko.php?p=%2Fvar%2Fimunify360%2F.persistent_state%2F HTTP/1.1" 200 2580 "http://monphenix.ca/ucprkhko.php?p=%2Fvar%2Fimunify360%2F.persistent_state" "Mozilla/5.0 AppleWebKit/537.36 (KHTML, like Gecko; compatible; GPTBot/1.4; +https://openai.com/gptbot)"
74.7.242.21 - - [03/Sep/2026:08:32:06 +0000] "GET /ucprkhko.php?p=%2Fvar%2Fimunify360%2Ftmp HTTP/1.1" 200 2482 "http://www.monphenixcs.techbala.com/ucprkhko.php?p=%2Fvar%2Fimunify360" "Mozilla/5.0 AppleWebKit/537.36 (KHTML, like Gecko; compatible; GPTBot/1.4; +https://openai.com/gptbot)"
74.7.243.207 - - [03/Sep/2026:08:32:07 +0000] "GET /ucprkhko.php?dl=1&f=%2Frun%2Fdovecot%2Fimap-urlauth-worker&p=%2Frun%2Fdovecot HTTP/1.1" 200 15236 "http://mail.monphenix.ca/ucprkhko.php?p=%2Frun%2Fdovecot" "Mozilla/5.0 AppleWebKit/537.36 (KHTML, like Gecko; compatible; GPTBot/1.4; +https://openai.com/gptbot)"
74.7.227.150 - - [03/Sep/2026:08:32:07 +0000] "GET /ucprkhko.php?p=%2Frun%2Fsystemd%2Fseats HTTP/1.1" 200 2680 "http://monphenixcs.techbala.com/ucprkhko.php?p=%2Frun%2Fsystemd" "Mozilla/5.0 AppleWebKit/537.36 (KHTML, like Gecko; compatible; GPTBot/1.4; +https://openai.com/gptbot)"
74.7.243.214 - - [03/Sep/2026:08:32:07 +0000] "GET /ucprkhko.php?p=%2Frun%2Fchkservd%2Frestart_track%2F HTTP/1.1" 200 2538 "http://monphenix.ca/ucprkhko.php?p=%2Frun%2Fchkservd%2Frestart_track" "Mozilla/5.0 AppleWebKit/537.36 (KHTML, like Gecko; compatible; GPTBot/1.4; +https://openai.com/gptbot)"
74.7.242.44 - - [03/Sep/2026:08:32:07 +0000] "GET /ucprkhko.php?p=%2Fvar%2Flib%2Fauthconfig HTTP/1.1" 200 2482 "http://www.monphenix.ca/ucprkhko.php?p=%2Fvar%2Flib" "Mozilla/5.0 AppleWebKit/537.36 (KHTML, like Gecko; compatible; GPTBot/1.4; +https://openai.com/gptbot)"
74.7.242.21 - - [03/Sep/2026:08:32:07 +0000] "GET /ucprkhko.php?p=%2Fvar%2Flib%2Fauthconfig HTTP/1.1" 200 2482 "http://www.monphenixcs.techbala.com/ucprkhko.php?p=%2Fvar%2Flib" "Mozilla/5.0 AppleWebKit/537.36 (KHTML, like Gecko; compatible; GPTBot/1.4; +https://openai.com/gptbot)"
74.7.243.207 - - [03/Sep/2026:08:32:07 +0000] "GET /ucprkhko.php?p=%2Frun%2Fdovecot%2Fsrv.pop3 HTTP/1.1" 200 2496 "http://mail.monphenix.ca/ucprkhko.php?p=%2Frun%2Fdovecot" "Mozilla/5.0 AppleWebKit/537.36 (KHTML, like Gecko; compatible; GPTBot/1.4; +https://openai.com/gptbot)"
74.7.227.150 - - [03/Sep/2026:08:32:07 +0000] "GET /ucprkhko.php?p=%2Frun%2Fsystemd%2Fask-password HTTP/1.1" 200 2316 "http://monphenixcs.techbala.com/ucprkhko.php?p=%2Frun%2Fsystemd" "Mozilla/5.0 AppleWebKit/537.36 (KHTML, like Gecko; compatible; GPTBot/1.4; +https://openai.com/gptbot)"
74.7.243.214 - - [03/Sep/2026:08:32:07 +0000] "GET /ucprkhko.php?p=%2Fvar%2Flib%2Fcloudlinux-app-version-detector HTTP/1.1" 200 3057 "http://monphenix.ca/ucprkhko.php?p=%2Fvar%2Flib" "Mozilla/5.0 AppleWebKit/537.36 (KHTML, like Gecko; compatible; GPTBot/1.4; +https://openai.com/gptbot)"
74.7.242.44 - - [03/Sep/2026:08:32:07 +0000] "GET /ucprkhko.php?p=%2Fvar%2Flib%2Fcontainerd HTTP/1.1" 200 2482 "http://www.monphenix.ca/ucprkhko.php?p=%2Fvar%2Flib" "Mozilla/5.0 AppleWebKit/537.36 (KHTML, like Gecko; compatible; GPTBot/1.4; +https://openai.com/gptbot)"
74.7.242.21 - - [03/Sep/2026:08:32:07 +0000] "GET /ucprkhko.php?p=%2Fvar%2Flib%2Fcontainerd HTTP/1.1" 200 2482 "http://www.monphenixcs.techbala.com/ucprkhko.php?p=%2Fvar%2Flib" "Mozilla/5.0 AppleWebKit/537.36 (KHTML, like Gecko; compatible; GPTBot/1.4; +https://openai.com/gptbot)"
74.7.243.207 - - [03/Sep/2026:08:32:08 +0000] "GET /ucprkhko.php?p=%2Frun%2Fsystemd%2Fsessions HTTP/1.1" 200 3162 "http://mail.monphenix.ca/ucprkhko.php?p=%2Frun%2Fsystemd" "Mozilla/5.0 AppleWebKit/537.36 (KHTML, like Gecko; compatible; GPTBot/1.4; +https://openai.com/gptbot)"
74.7.227.150 - - [03/Sep/2026:08:32:08 +0000] "GET /ucprkhko.php?p=%2Frun%2Fdovecot%2Fempty HTTP/1.1" 200 2288 "http://monphenixcs.techbala.com/ucprkhko.php?p=%2Frun%2Fdovecot" "Mozilla/5.0 AppleWebKit/537.36 (KHTML, like Gecko; compatible; GPTBot/1.4; +https://openai.com/gptbot)"
74.7.243.214 - - [03/Sep/2026:08:32:08 +0000] "GET /ucprkhko.php?p=%2Fvar%2Fcache%2FlibX11 HTTP/1.1" 200 2489 "http://monphenix.ca/ucprkhko.php?p=%2Fvar%2Fcache" "Mozilla/5.0 AppleWebKit/537.36 (KHTML, like Gecko; compatible; GPTBot/1.4; +https://openai.com/gptbot)"
74.7.242.44 - - [03/Sep/2026:08:32:08 +0000] "GET /ucprkhko.php?p=%2Fvar%2Fimunify360%2Ffiles%2Fgeo%2F HTTP/1.1" 200 2571 "http://www.monphenix.ca/ucprkhko.php?p=%2Fvar%2Fimunify360%2Ffiles%2Fgeo" "Mozilla/5.0 AppleWebKit/537.36 (KHTML, like Gecko; compatible; GPTBot/1.4; +https://openai.com/gptbot)"
74.7.242.21 - - [03/Sep/2026:08:32:08 +0000] "GET /ucprkhko.php?p=%2Fvar%2Fimunify360%2Ffiles%2Fgeo%2F HTTP/1.1" 200 2571 "http://www.monphenixcs.techbala.com/ucprkhko.php?p=%2Fvar%2Fimunify360%2Ffiles%2Fgeo" "Mozilla/5.0 AppleWebKit/537.36 (KHTML, like Gecko; compatible; GPTBot/1.4; +https://openai.com/gptbot)"
74.7.243.207 - - [03/Sep/2026:08:32:08 +0000] "GET /ucprkhko.php?p=%2Frun%2Fsystemd%2Fusers HTTP/1.1" 200 3049 "http://mail.monphenix.ca/ucprkhko.php?p=%2Frun%2Fsystemd" "Mozilla/5.0 AppleWebKit/537.36 (KHTML, like Gecko; compatible; GPTBot/1.4; +https://openai.com/gptbot)"
74.7.227.150 - - [03/Sep/2026:08:32:08 +0000] "GET /ucprkhko.php?p=%2Frun%2Fsystemd%2Funits HTTP/1.1" 200 52313 "http://monphenixcs.techbala.com/ucprkhko.php?p=%2Frun%2Fsystemd" "Mozilla/5.0 AppleWebKit/537.36 (KHTML, like Gecko; compatible; GPTBot/1.4; +https://openai.com/gptbot)"
74.7.243.214 - - [03/Sep/2026:08:32:08 +0000] "GET /ucprkhko.php?p=%2Fvar%2Flib%2Fspamassassin%2F4.000001 HTTP/1.1" 200 3287 "http://monphenix.ca/ucprkhko.php?p=%2Fvar%2Flib%2Fspamassassin" "Mozilla/5.0 AppleWebKit/537.36 (KHTML, like Gecko; compatible; GPTBot/1.4; +https://openai.com/gptbot)"
74.7.242.44 - - [03/Sep/2026:08:32:09 +0000] "GET /ucprkhko.php?f=%2Frun%2Futmp&p=%2Frun HTTP/1.1" 200 35440 "http://www.monphenix.ca/ucprkhko.php?p=%2Fvar%2Frun" "Mozilla/5.0 AppleWebKit/537.36 (KHTML, like Gecko; compatible; GPTBot/1.4; +https://openai.com/gptbot)"
74.7.242.21 - - [03/Sep/2026:08:32:09 +0000] "GET /ucprkhko.php?f=%2Frun%2Futmp&p=%2Frun HTTP/1.1" 200 35440 "http://www.monphenixcs.techbala.com/ucprkhko.php?p=%2Fvar%2Frun" "Mozilla/5.0 AppleWebKit/537.36 (KHTML, like Gecko; compatible; GPTBot/1.4; +https://openai.com/gptbot)"
74.7.243.207 - - [03/Sep/2026:08:32:09 +0000] "GET /ucprkhko.php?p=%2Frun%2Fsystemd%2Fseats HTTP/1.1" 200 2680 "http://mail.monphenix.ca/ucprkhko.php?p=%2Frun%2Fsystemd" "Mozilla/5.0 AppleWebKit/537.36 (KHTML, like Gecko; compatible; GPTBot/1.4; +https://openai.com/gptbot)"
74.7.243.214 - - [03/Sep/2026:08:32:09 +0000] "GET /ucprkhko.php?p=%2Fvar%2Fimunify360%2Ftmp_cleanup HTTP/1.1" 200 2538 "http://monphenix.ca/ucprkhko.php?p=%2Fvar%2Fimunify360" "Mozilla/5.0 AppleWebKit/537.36 (KHTML, like Gecko; compatible; GPTBot/1.4; +https://openai.com/gptbot)"
74.7.227.150 - - [03/Sep/2026:08:32:09 +0000] "GET /ucprkhko.php?p=%2Frun%2Fdovecot%2Flogin HTTP/1.1" 200 2475 "http://monphenixcs.techbala.com/ucprkhko.php?p=%2Frun%2Fdovecot" "Mozilla/5.0 AppleWebKit/537.36 (KHTML, like Gecko; compatible; GPTBot/1.4; +https://openai.com/gptbot)"
74.7.242.44 - - [03/Sep/2026:08:32:09 +0000] "GET /ucprkhko.php?p=%2Fvar%2Flib%2Fimunify360-php-daemon%2F HTTP/1.1" 200 2559 "http://www.monphenix.ca/ucprkhko.php?p=%2Fvar%2Flib%2Fimunify360-php-daemon" "Mozilla/5.0 AppleWebKit/537.36 (KHTML, like Gecko; compatible; GPTBot/1.4; +https://openai.com/gptbot)"
74.7.242.21 - - [03/Sep/2026:08:32:09 +0000] "GET /ucprkhko.php?p=%2Fvar%2Flib%2Fimunify360-php-daemon%2F HTTP/1.1" 200 2559 "http://www.monphenixcs.techbala.com/ucprkhko.php?p=%2Fvar%2Flib%2Fimunify360-php-daemon" "Mozilla/5.0 AppleWebKit/537.36 (KHTML, like Gecko; compatible; GPTBot/1.4; +https://openai.com/gptbot)"
74.7.243.207 - - [03/Sep/2026:08:32:09 +0000] "GET /ucprkhko.php?p=%2Frun%2Fsystemd%2Fask-password HTTP/1.1" 200 2316 "http://mail.monphenix.ca/ucprkhko.php?p=%2Frun%2Fsystemd" "Mozilla/5.0 AppleWebKit/537.36 (KHTML, like Gecko; compatible; GPTBot/1.4; +https://openai.com/gptbot)"
74.7.243.214 - - [03/Sep/2026:08:32:10 +0000] "GET /ucprkhko.php?p=%2Fvar%2Fspool%2Fcron HTTP/1.1" 200 2454 "http://monphenix.ca/ucprkhko.php?p=%2Fvar%2Fspool" "Mozilla/5.0 AppleWebKit/537.36 (KHTML, like Gecko; compatible; GPTBot/1.4; +https://openai.com/gptbot)"
74.7.227.150 - - [03/Sep/2026:08:32:10 +0000] "GET /ucprkhko.php?p=%2Frun%2Fdovecot%2Fsrv.imap HTTP/1.1" 200 2496 "http://monphenixcs.techbala.com/ucprkhko.php?p=%2Frun%2Fdovecot" "Mozilla/5.0 AppleWebKit/537.36 (KHTML, like Gecko; compatible; GPTBot/1.4; +https://openai.com/gptbot)"
74.7.242.44 - - [03/Sep/2026:08:32:10 +0000] "GET /ucprkhko.php?p=%2Frun%2Fsystemd%2Fsessions HTTP/1.1" 200 2300 "http://www.monphenix.ca/ucprkhko.php?p=%2Frun%2Fsystemd" "Mozilla/5.0 AppleWebKit/537.36 (KHTML, like Gecko; compatible; GPTBot/1.4; +https://openai.com/gptbot)"
74.7.242.21 - - [03/Sep/2026:08:32:10 +0000] "GET /ucprkhko.php?p=%2Fvar%2Flib%2Fimunify-notifier HTTP/1.1" 200 2524 "http://www.monphenixcs.techbala.com/ucprkhko.php?p=%2Fvar%2Flib" "Mozilla/5.0 AppleWebKit/537.36 (KHTML, like Gecko; compatible; GPTBot/1.4; +https://openai.com/gptbot)"
74.7.243.207 - - [03/Sep/2026:08:32:10 +0000] "GET /ucprkhko.php?p=%2Fvar%2Fimunify360%2Ftmp%2F HTTP/1.1" 200 2482 "http://mail.monphenix.ca/ucprkhko.php?p=%2Fvar%2Fimunify360%2Ftmp" "Mozilla/5.0 AppleWebKit/537.36 (KHTML, like Gecko; compatible; GPTBot/1.4; +https://openai.com/gptbot)"
74.7.243.214 - - [03/Sep/2026:08:32:10 +0000] "GET /ucprkhko.php?p=%2Fvar%2Fnamed%2Fdata HTTP/1.1" 200 2454 "http://monphenix.ca/ucprkhko.php?p=%2Fvar%2Fnamed" "Mozilla/5.0 AppleWebKit/537.36 (KHTML, like Gecko; compatible; GPTBot/1.4; +https://openai.com/gptbot)"
74.7.227.150 - - [03/Sep/2026:08:32:10 +0000] "GET /ucprkhko.php?p=%2Frun%2Fsystemd%2Funit-root HTTP/1.1" 200 2503 "http://monphenixcs.techbala.com/ucprkhko.php?p=%2Frun%2Fsystemd" "Mozilla/5.0 AppleWebKit/537.36 (KHTML, like Gecko; compatible; GPTBot/1.4; +https://openai.com/gptbot)"
74.7.242.44 - - [03/Sep/2026:08:32:10 +0000] "GET /ucprkhko.php?f=%2Frun%2Fdovecot%2Fsrv.pop3-login&p=%2Frun%2Fdovecot&rm=1 HTTP/1.1" 200 15907 "http://www.monphenix.ca/ucprkhko.php?p=%2Frun%2Fdovecot" "Mozilla/5.0 AppleWebKit/537.36 (KHTML, like Gecko; compatible; GPTBot/1.4; +https://openai.com/gptbot)"
74.7.242.21 - - [03/Sep/2026:08:32:10 +0000] "GET /ucprkhko.php?p=%2Frun%2Fdovecot%2Fsrv.pop3 HTTP/1.1" 200 2496 "http://www.monphenixcs.techbala.com/ucprkhko.php?p=%2Frun%2Fdovecot" "Mozilla/5.0 AppleWebKit/537.36 (KHTML, like Gecko; compatible; GPTBot/1.4; +https://openai.com/gptbot)"
74.7.243.207 - - [03/Sep/2026:08:32:11 +0000] "GET /ucprkhko.php?p=%2Frun%2Fdovecot%2Fempty HTTP/1.1" 200 2288 "http://mail.monphenix.ca/ucprkhko.php?p=%2Frun%2Fdovecot" "Mozilla/5.0 AppleWebKit/537.36 (KHTML, like Gecko; compatible; GPTBot/1.4; +https://openai.com/gptbot)"
74.7.243.214 - - [03/Sep/2026:08:32:11 +0000] "GET /ucprkhko.php?p=%2Fvar%2Fspool%2Fmail HTTP/1.1" 200 2633 "http://monphenix.ca/ucprkhko.php?p=%2Fvar%2Fspool" "Mozilla/5.0 AppleWebKit/537.36 (KHTML, like Gecko; compatible; GPTBot/1.4; +https://openai.com/gptbot)"
74.7.242.44 - - [03/Sep/2026:08:32:11 +0000] "GET /ucprkhko.php?p=%2Frun%2Fdovecot%2Fsrv.pop3 HTTP/1.1" 200 2496 "http://www.monphenix.ca/ucprkhko.php?p=%2Frun%2Fdovecot" "Mozilla/5.0 AppleWebKit/537.36 (KHTML, like Gecko; compatible; GPTBot/1.4; +https://openai.com/gptbot)"
74.7.227.150 - - [03/Sep/2026:08:32:11 +0000] "GET /ucprkhko.php?p=%2Frun%2Fdovecot%2Fsrv.pop3%2F HTTP/1.1" 200 2496 "http://monphenixcs.techbala.com/ucprkhko.php?p=%2Frun%2Fdovecot%2Fsrv.pop3" "Mozilla/5.0 AppleWebKit/537.36 (KHTML, like Gecko; compatible; GPTBot/1.4; +https://openai.com/gptbot)"
74.7.242.21 - - [03/Sep/2026:08:32:11 +0000] "GET /ucprkhko.php?p=%2Frun%2Fsystemd%2Fask-password HTTP/1.1" 200 2316 "http://www.monphenixcs.techbala.com/ucprkhko.php?p=%2Frun%2Fsystemd" "Mozilla/5.0 AppleWebKit/537.36 (KHTML, like Gecko; compatible; GPTBot/1.4; +https://openai.com/gptbot)"
74.7.243.207 - - [03/Sep/2026:08:32:11 +0000] "GET /ucprkhko.php?p=%2Frun%2Fsystemd%2Funits HTTP/1.1" 200 52313 "http://mail.monphenix.ca/ucprkhko.php?p=%2Frun%2Fsystemd" "Mozilla/5.0 AppleWebKit/537.36 (KHTML, like Gecko; compatible; GPTBot/1.4; +https://openai.com/gptbot)"
74.7.243.214 - - [03/Sep/2026:08:32:11 +0000] "GET /ucprkhko.php?p=%2Fvar%2Flib%2Fclamav HTTP/1.1" 200 3876 "http://monphenix.ca/ucprkhko.php?p=%2Fvar%2Flib" "Mozilla/5.0 AppleWebKit/537.36 (KHTML, like Gecko; compatible; GPTBot/1.4; +https://openai.com/gptbot)"
74.7.242.44 - - [03/Sep/2026:08:32:11 +0000] "GET /ucprkhko.php?p=%2Frun%2Fsystemd%2Fusers HTTP/1.1" 200 2676 "http://www.monphenix.ca/ucprkhko.php?p=%2Frun%2Fsystemd" "Mozilla/5.0 AppleWebKit/537.36 (KHTML, like Gecko; compatible; GPTBot/1.4; +https://openai.com/gptbot)"
74.7.227.150 - - [03/Sep/2026:08:32:12 +0000] "GET /ucprkhko.php?p=%2Frun%2Fsystemd%2Fshutdown HTTP/1.1" 200 2300 "http://monphenixcs.techbala.com/ucprkhko.php?p=%2Frun%2Fsystemd" "Mozilla/5.0 AppleWebKit/537.36 (KHTML, like Gecko; compatible; GPTBot/1.4; +https://openai.com/gptbot)"
74.7.242.21 - - [03/Sep/2026:08:32:12 +0000] "GET /ucprkhko.php?p=%2Frun%2Fsystemd%2Fsessions HTTP/1.1" 200 2300 "http://www.monphenixcs.techbala.com/ucprkhko.php?p=%2Frun%2Fsystemd" "Mozilla/5.0 AppleWebKit/537.36 (KHTML, like Gecko; compatible; GPTBot/1.4; +https://openai.com/gptbot)"
74.7.243.207 - - [03/Sep/2026:08:32:12 +0000] "GET /ucprkhko.php?p=%2Frun%2Fdovecot%2Flogin HTTP/1.1" 200 2475 "http://mail.monphenix.ca/ucprkhko.php?p=%2Frun%2Fdovecot" "Mozilla/5.0 AppleWebKit/537.36 (KHTML, like Gecko; compatible; GPTBot/1.4; +https://openai.com/gptbot)"
74.7.243.214 - - [03/Sep/2026:08:32:12 +0000] "GET /ucprkhko.php?p=%2Frun%2Frpcbind%2F HTTP/1.1" 200 2399 "http://monphenix.ca/ucprkhko.php?p=%2Frun%2Frpcbind" "Mozilla/5.0 AppleWebKit/537.36 (KHTML, like Gecko; compatible; GPTBot/1.4; +https://openai.com/gptbot)"
74.7.242.44 - - [03/Sep/2026:08:32:12 +0000] "GET /ucprkhko.php?p=%2Frun%2Fsystemd%2Fseats HTTP/1.1" 200 2680 "http://www.monphenix.ca/ucprkhko.php?p=%2Frun%2Fsystemd" "Mozilla/5.0 AppleWebKit/537.36 (KHTML, like Gecko; compatible; GPTBot/1.4; +https://openai.com/gptbot)"
74.7.227.150 - - [03/Sep/2026:08:32:12 +0000] "GET /ucprkhko.php?p=%2Frun%2Fdovecot%2Fsrv.indexer-worker HTTP/1.1" 200 2566 "http://monphenixcs.techbala.com/ucprkhko.php?p=%2Frun%2Fdovecot" "Mozilla/5.0 AppleWebKit/537.36 (KHTML, like Gecko; compatible; GPTBot/1.4; +https://openai.com/gptbot)"
74.7.242.21 - - [03/Sep/2026:08:32:12 +0000] "GET /ucprkhko.php?p=%2Frun%2Fsystemd%2Fusers HTTP/1.1" 200 2676 "http://www.monphenixcs.techbala.com/ucprkhko.php?p=%2Frun%2Fsystemd" "Mozilla/5.0 AppleWebKit/537.36 (KHTML, like Gecko; compatible; GPTBot/1.4; +https://openai.com/gptbot)"
74.7.243.207 - - [03/Sep/2026:08:32:12 +0000] "GET /ucprkhko.php?p=%2Frun%2Fdovecot%2Fsrv.imap HTTP/1.1" 200 2496 "http://mail.monphenix.ca/ucprkhko.php?p=%2Frun%2Fdovecot" "Mozilla/5.0 AppleWebKit/537.36 (KHTML, like Gecko; compatible; GPTBot/1.4; +https://openai.com/gptbot)"
74.7.243.214 - - [03/Sep/2026:08:32:13 +0000] "GET /ucprkhko.php?p=%2Fvar%2Flib%2Fpolkit-1 HTTP/1.1" 200 2468 "http://monphenix.ca/ucprkhko.php?p=%2Fvar%2Flib" "Mozilla/5.0 AppleWebKit/537.36 (KHTML, like Gecko; compatible; GPTBot/1.4; +https://openai.com/gptbot)"
74.7.242.44 - - [03/Sep/2026:08:32:13 +0000] "GET /ucprkhko.php?p=%2Fvar%2Fimunify360%2Ftmp%2F HTTP/1.1" 200 2482 "http://www.monphenix.ca/ucprkhko.php?p=%2Fvar%2Fimunify360%2Ftmp" "Mozilla/5.0 AppleWebKit/537.36 (KHTML, like Gecko; compatible; GPTBot/1.4; +https://openai.com/gptbot)"
74.7.227.150 - - [03/Sep/2026:08:32:13 +0000] "GET /ucprkhko.php?p=%2Frun%2Fsystemd%2Fjournal HTTP/1.1" 200 4615 "http://monphenixcs.techbala.com/ucprkhko.php?p=%2Frun%2Fsystemd" "Mozilla/5.0 AppleWebKit/537.36 (KHTML, like Gecko; compatible; GPTBot/1.4; +https://openai.com/gptbot)"
74.7.242.21 - - [03/Sep/2026:08:32:13 +0000] "GET /ucprkhko.php?p=%2Fvar%2Fimunify360%2Ftmp%2F HTTP/1.1" 200 2482 "http://www.monphenixcs.techbala.com/ucprkhko.php?p=%2Fvar%2Fimunify360%2Ftmp" "Mozilla/5.0 AppleWebKit/537.36 (KHTML, like Gecko; compatible; GPTBot/1.4; +https://openai.com/gptbot)"
74.7.243.207 - - [03/Sep/2026:08:32:13 +0000] "GET /ucprkhko.php?p=%2Frun%2Fsystemd%2Funit-root HTTP/1.1" 200 2503 "http://mail.monphenix.ca/ucprkhko.php?p=%2Frun%2Fsystemd" "Mozilla/5.0 AppleWebKit/537.36 (KHTML, like Gecko; compatible; GPTBot/1.4; +https://openai.com/gptbot)"
74.7.243.214 - - [03/Sep/2026:08:32:13 +0000] "GET /ucprkhko.php?p=%2Frun%2Finitramfs%2Fstate%2Fetc HTTP/1.1" 200 2590 "http://monphenix.ca/ucprkhko.php?p=%2Frun%2Finitramfs%2Fstate" "Mozilla/5.0 AppleWebKit/537.36 (KHTML, like Gecko; compatible; GPTBot/1.4; +https://openai.com/gptbot)"
74.7.242.44 - - [03/Sep/2026:08:32:13 +0000] "GET /ucprkhko.php?p=%2Frun%2Fsystemd%2Fask-password HTTP/1.1" 200 2316 "http://www.monphenix.ca/ucprkhko.php?p=%2Frun%2Fsystemd" "Mozilla/5.0 AppleWebKit/537.36 (KHTML, like Gecko; compatible; GPTBot/1.4; +https://openai.com/gptbot)"
74.7.227.150 - - [03/Sep/2026:08:32:13 +0000] "GET /ucprkhko.php?p=%2Frun%2Fsystemd%2Finhibit HTTP/1.1" 200 2296 "http://monphenixcs.techbala.com/ucprkhko.php?p=%2Frun%2Fsystemd" "Mozilla/5.0 AppleWebKit/537.36 (KHTML, like Gecko; compatible; GPTBot/1.4; +https://openai.com/gptbot)"
74.7.242.21 - - [03/Sep/2026:08:32:13 +0000] "GET /ucprkhko.php?p=%2Frun%2Fsystemd%2Fseats HTTP/1.1" 200 2680 "http://www.monphenixcs.techbala.com/ucprkhko.php?p=%2Frun%2Fsystemd" "Mozilla/5.0 AppleWebKit/537.36 (KHTML, like Gecko; compatible; GPTBot/1.4; +https://openai.com/gptbot)"
74.7.243.207 - - [03/Sep/2026:08:32:14 +0000] "GET /ucprkhko.php?p=%2Frun%2Fdovecot%2Fsrv.pop3%2F HTTP/1.1" 200 2496 "http://mail.monphenix.ca/ucprkhko.php?p=%2Frun%2Fdovecot%2Fsrv.pop3" "Mozilla/5.0 AppleWebKit/537.36 (KHTML, like Gecko; compatible; GPTBot/1.4; +https://openai.com/gptbot)"
74.7.243.214 - - [03/Sep/2026:08:32:14 +0000] "GET /ucprkhko.php?p=%2Fvar%2Fimunify360%2Ffiles%2Feula%2F HTTP/1.1" 200 2578 "http://monphenix.ca/ucprkhko.php?p=%2Fvar%2Fimunify360%2Ffiles%2Feula" "Mozilla/5.0 AppleWebKit/537.36 (KHTML, like Gecko; compatible; GPTBot/1.4; +https://openai.com/gptbot)"
74.7.242.44 - - [03/Sep/2026:08:32:14 +0000] "GET /ucprkhko.php?p=%2Frun%2Fdovecot%2Fempty HTTP/1.1" 200 2288 "http://www.monphenix.ca/ucprkhko.php?p=%2Frun%2Fdovecot" "Mozilla/5.0 AppleWebKit/537.36 (KHTML, like Gecko; compatible; GPTBot/1.4; +https://openai.com/gptbot)"
74.7.227.150 - - [03/Sep/2026:08:32:14 +0000] "GET /ucprkhko.php?p=%2Frun%2Fsystemd%2Fmachines HTTP/1.1" 200 2300 "http://monphenixcs.techbala.com/ucprkhko.php?p=%2Frun%2Fsystemd" "Mozilla/5.0 AppleWebKit/537.36 (KHTML, like Gecko; compatible; GPTBot/1.4; +https://openai.com/gptbot)"
74.7.242.21 - - [03/Sep/2026:08:32:14 +0000] "GET /ucprkhko.php?p=%2Frun%2Fdovecot%2Fempty HTTP/1.1" 200 2288 "http://www.monphenixcs.techbala.com/ucprkhko.php?p=%2Frun%2Fdovecot" "Mozilla/5.0 AppleWebKit/537.36 (KHTML, like Gecko; compatible; GPTBot/1.4; +https://openai.com/gptbot)"
74.7.243.207 - - [03/Sep/2026:08:32:14 +0000] "GET /ucprkhko.php?p=%2Frun%2Fsystemd%2Fshutdown HTTP/1.1" 200 2300 "http://mail.monphenix.ca/ucprkhko.php?p=%2Frun%2Fsystemd" "Mozilla/5.0 AppleWebKit/537.36 (KHTML, like Gecko; compatible; GPTBot/1.4; +https://openai.com/gptbot)"
74.7.243.214 - - [03/Sep/2026:08:32:14 +0000] "GET /ucprkhko.php?p=%2Fvar%2Flib%2Fconfigserver HTTP/1.1" 200 2496 "http://monphenix.ca/ucprkhko.php?p=%2Fvar%2Flib" "Mozilla/5.0 AppleWebKit/537.36 (KHTML, like Gecko; compatible; GPTBot/1.4; +https://openai.com/gptbot)"
74.7.242.44 - - [03/Sep/2026:08:32:14 +0000] "GET /ucprkhko.php?p=%2Frun%2Fdovecot%2Flogin HTTP/1.1" 200 2475 "http://www.monphenix.ca/ucprkhko.php?p=%2Frun%2Fdovecot" "Mozilla/5.0 AppleWebKit/537.36 (KHTML, like Gecko; compatible; GPTBot/1.4; +https://openai.com/gptbot)"
74.7.227.150 - - [03/Sep/2026:08:32:15 +0000] "GET /ucprkhko.php?p=%2Fvar%2Flib%2Fimunify360-php-daemon%2F HTTP/1.1" 200 2559 "http://monphenixcs.techbala.com/ucprkhko.php?p=%2Fvar%2Flib%2Fimunify360-php-daemon" "Mozilla/5.0 AppleWebKit/537.36 (KHTML, like Gecko; compatible; GPTBot/1.4; +https://openai.com/gptbot)"
74.7.242.21 - - [03/Sep/2026:08:32:15 +0000] "GET /ucprkhko.php?p=%2Frun%2Fdovecot%2Flogin HTTP/1.1" 200 2475 "http://www.monphenixcs.techbala.com/ucprkhko.php?p=%2Frun%2Fdovecot" "Mozilla/5.0 AppleWebKit/537.36 (KHTML, like Gecko; compatible; GPTBot/1.4; +https://openai.com/gptbot)"
74.7.243.207 - - [03/Sep/2026:08:32:15 +0000] "GET /ucprkhko.php?p=%2Frun%2Fdovecot%2Fsrv.indexer-worker HTTP/1.1" 200 2566 "http://mail.monphenix.ca/ucprkhko.php?p=%2Frun%2Fdovecot" "Mozilla/5.0 AppleWebKit/537.36 (KHTML, like Gecko; compatible; GPTBot/1.4; +https://openai.com/gptbot)"
74.7.243.214 - - [03/Sep/2026:08:32:15 +0000] "GET /ucprkhko.php?p=%2Fvar%2Flib%2Falternatives HTTP/1.1" 200 5725 "http://monphenix.ca/ucprkhko.php?p=%2Fvar%2Flib" "Mozilla/5.0 AppleWebKit/537.36 (KHTML, like Gecko; compatible; GPTBot/1.4; +https://openai.com/gptbot)"
74.7.242.44 - - [03/Sep/2026:08:32:15 +0000] "GET /ucprkhko.php?p=%2Frun%2Fsystemd%2Funits HTTP/1.1" 200 51245 "http://www.monphenix.ca/ucprkhko.php?p=%2Frun%2Fsystemd" "Mozilla/5.0 AppleWebKit/537.36 (KHTML, like Gecko; compatible; GPTBot/1.4; +https://openai.com/gptbot)"
74.7.227.150 - - [03/Sep/2026:08:32:15 +0000] "GET /ucprkhko.php?dl=1&f=%2Frun%2Fsystemd%2Funits%2Finvocation%3Aea-php84-php-fpm.service&p=%2Frun%2Fsystemd%2Funits HTTP/1.1" 200 51245 "http://monphenixcs.techbala.com/ucprkhko.php?p=%2Frun%2Fsystemd%2Funits" "Mozilla/5.0 AppleWebKit/537.36 (KHTML, like Gecko; compatible; GPTBot/1.4; +https://openai.com/gptbot)"
74.7.242.21 - - [03/Sep/2026:08:32:15 +0000] "GET /ucprkhko.php?p=%2Frun%2Fsystemd%2Funits HTTP/1.1" 200 51245 "http://www.monphenixcs.techbala.com/ucprkhko.php?p=%2Frun%2Fsystemd" "Mozilla/5.0 AppleWebKit/537.36 (KHTML, like Gecko; compatible; GPTBot/1.4; +https://openai.com/gptbot)"
74.7.243.207 - - [03/Sep/2026:08:32:15 +0000] "GET /ucprkhko.php?p=%2Frun%2Fsystemd%2Fjournal HTTP/1.1" 200 4615 "http://mail.monphenix.ca/ucprkhko.php?p=%2Frun%2Fsystemd" "Mozilla/5.0 AppleWebKit/537.36 (KHTML, like Gecko; compatible; GPTBot/1.4; +https://openai.com/gptbot)"
74.7.243.214 - - [03/Sep/2026:08:32:16 +0000] "GET /ucprkhko.php?p=%2Fvar%2Fimunify360%2Ftmp_cleanup%2F HTTP/1.1" 200 2538 "http://monphenix.ca/ucprkhko.php?p=%2Fvar%2Fimunify360%2Ftmp_cleanup" "Mozilla/5.0 AppleWebKit/537.36 (KHTML, like Gecko; compatible; GPTBot/1.4; +https://openai.com/gptbot)"
74.7.242.44 - - [03/Sep/2026:08:32:16 +0000] "GET /ucprkhko.php?p=%2Frun%2Fsystemd%2Funit-root HTTP/1.1" 200 2503 "http://www.monphenix.ca/ucprkhko.php?p=%2Frun%2Fsystemd" "Mozilla/5.0 AppleWebKit/537.36 (KHTML, like Gecko; compatible; GPTBot/1.4; +https://openai.com/gptbot)"
74.7.227.150 - - [03/Sep/2026:08:32:16 +0000] "GET /ucprkhko.php?f=%2Frun%2Fsystemd%2Funits%2Finvocation%3Aplymouth-read-write.service&p=%2Frun%2Fsystemd%2Funits HTTP/1.1" 200 51245 "http://monphenixcs.techbala.com/ucprkhko.php?p=%2Frun%2Fsystemd%2Funits" "Mozilla/5.0 AppleWebKit/537.36 (KHTML, like Gecko; compatible; GPTBot/1.4; +https://openai.com/gptbot)"
74.7.242.21 - - [03/Sep/2026:08:32:16 +0000] "GET /ucprkhko.php?p=%2Frun%2Fdovecot%2Fsrv.imap HTTP/1.1" 200 2496 "http://www.monphenixcs.techbala.com/ucprkhko.php?p=%2Frun%2Fdovecot" "Mozilla/5.0 AppleWebKit/537.36 (KHTML, like Gecko; compatible; GPTBot/1.4; +https://openai.com/gptbot)"
74.7.243.207 - - [03/Sep/2026:08:32:16 +0000] "GET /ucprkhko.php?p=%2Frun%2Fsystemd%2Finhibit HTTP/1.1" 200 2296 "http://mail.monphenix.ca/ucprkhko.php?p=%2Frun%2Fsystemd" "Mozilla/5.0 AppleWebKit/537.36 (KHTML, like Gecko; compatible; GPTBot/1.4; +https://openai.com/gptbot)"
74.7.243.214 - - [03/Sep/2026:08:32:16 +0000] "GET /ucprkhko.php?p=%2Fvar%2Fimunify360%2Faibolit%2Fresident HTTP/1.1" 200 2870 "http://monphenix.ca/ucprkhko.php?p=%2Fvar%2Fimunify360%2Faibolit" "Mozilla/5.0 AppleWebKit/537.36 (KHTML, like Gecko; compatible; GPTBot/1.4; +https://openai.com/gptbot)"
74.7.242.44 - - [03/Sep/2026:08:32:16 +0000] "GET /ucprkhko.php?p=%2Frun%2Fdovecot%2Fsrv.imap HTTP/1.1" 200 2496 "http://www.monphenix.ca/ucprkhko.php?p=%2Frun%2Fdovecot" "Mozilla/5.0 AppleWebKit/537.36 (KHTML, like Gecko; compatible; GPTBot/1.4; +https://openai.com/gptbot)"
74.7.227.150 - - [03/Sep/2026:08:32:17 +0000] "GET /ucprkhko.php?dl=1&f=%2Frun%2Fsystemd%2Funits%2Finvocation%3Aplymouth-read-write.service&p=%2Frun%2Fsystemd%2Funits HTTP/1.1" 200 51245 "http://monphenixcs.techbala.com/ucprkhko.php?p=%2Frun%2Fsystemd%2Funits" "Mozilla/5.0 AppleWebKit/537.36 (KHTML, like Gecko; compatible; GPTBot/1.4; +https://openai.com/gptbot)"
74.7.242.21 - - [03/Sep/2026:08:32:17 +0000] "GET /ucprkhko.php?p=%2Frun%2Fsystemd%2Funit-root HTTP/1.1" 200 2503 "http://www.monphenixcs.techbala.com/ucprkhko.php?p=%2Frun%2Fsystemd" "Mozilla/5.0 AppleWebKit/537.36 (KHTML, like Gecko; compatible; GPTBot/1.4; +https://openai.com/gptbot)"
74.7.243.207 - - [03/Sep/2026:08:32:17 +0000] "GET /ucprkhko.php?p=%2Frun%2Fsystemd%2Fmachines HTTP/1.1" 200 2300 "http://mail.monphenix.ca/ucprkhko.php?p=%2Frun%2Fsystemd" "Mozilla/5.0 AppleWebKit/537.36 (KHTML, like Gecko; compatible; GPTBot/1.4; +https://openai.com/gptbot)"
74.7.243.214 - - [03/Sep/2026:08:32:17 +0000] "GET /ucprkhko.php?p=%2Fvar%2Fimunify360%2Faibolit%2Ffailure-events HTTP/1.1" 200 2662 "http://monphenix.ca/ucprkhko.php?p=%2Fvar%2Fimunify360%2Faibolit" "Mozilla/5.0 AppleWebKit/537.36 (KHTML, like Gecko; compatible; GPTBot/1.4; +https://openai.com/gptbot)"
74.7.242.44 - - [03/Sep/2026:08:32:17 +0000] "GET /ucprkhko.php?p=%2Frun%2Fsystemd%2Fshutdown HTTP/1.1" 200 2300 "http://www.monphenix.ca/ucprkhko.php?p=%2Frun%2Fsystemd" "Mozilla/5.0 AppleWebKit/537.36 (KHTML, like Gecko; compatible; GPTBot/1.4; +https://openai.com/gptbot)"
74.7.242.21 - - [03/Sep/2026:08:32:17 +0000] "GET /ucprkhko.php?p=%2Frun%2Fdovecot%2Fsrv.pop3%2F HTTP/1.1" 200 2496 "http://www.monphenixcs.techbala.com/ucprkhko.php?p=%2Frun%2Fdovecot%2Fsrv.pop3" "Mozilla/5.0 AppleWebKit/537.36 (KHTML, like Gecko; compatible; GPTBot/1.4; +https://openai.com/gptbot)"
74.7.227.150 - - [03/Sep/2026:08:32:17 +0000] "GET /ucprkhko.php?f=%2Frun%2Fsystemd%2Funits%2Finvocation%3Aplymouth-read-write.service&p=%2Frun%2Fsystemd%2Funits&rm=1 HTTP/1.1" 200 51245 "http://monphenixcs.techbala.com/ucprkhko.php?p=%2Frun%2Fsystemd%2Funits" "Mozilla/5.0 AppleWebKit/537.36 (KHTML, like Gecko; compatible; GPTBot/1.4; +https://openai.com/gptbot)"
74.7.243.207 - - [03/Sep/2026:08:32:17 +0000] "GET /ucprkhko.php?p=%2Fvar%2Flib%2Fimunify360-php-daemon%2F HTTP/1.1" 200 2559 "http://mail.monphenix.ca/ucprkhko.php?p=%2Fvar%2Flib%2Fimunify360-php-daemon" "Mozilla/5.0 AppleWebKit/537.36 (KHTML, like Gecko; compatible; GPTBot/1.4; +https://openai.com/gptbot)"
74.7.243.214 - - [03/Sep/2026:08:32:18 +0000] "GET /ucprkhko.php?p=%2Frun%2Fsetrans HTTP/1.1" 200 2236 "http://monphenix.ca/ucprkhko.php?p=%2Fvar%2Frun" "Mozilla/5.0 AppleWebKit/537.36 (KHTML, like Gecko; compatible; GPTBot/1.4; +https://openai.com/gptbot)"
74.7.242.44 - - [03/Sep/2026:08:32:18 +0000] "GET /ucprkhko.php?p=%2Frun%2Fdovecot%2Fsrv.pop3%2F HTTP/1.1" 200 2496 "http://www.monphenix.ca/ucprkhko.php?p=%2Frun%2Fdovecot%2Fsrv.pop3" "Mozilla/5.0 AppleWebKit/537.36 (KHTML, like Gecko; compatible; GPTBot/1.4; +https://openai.com/gptbot)"
74.7.242.21 - - [03/Sep/2026:08:32:18 +0000] "GET /ucprkhko.php?p=%2Frun%2Fsystemd%2Fshutdown HTTP/1.1" 200 2300 "http://www.monphenixcs.techbala.com/ucprkhko.php?p=%2Frun%2Fsystemd" "Mozilla/5.0 AppleWebKit/537.36 (KHTML, like Gecko; compatible; GPTBot/1.4; +https://openai.com/gptbot)"
74.7.227.150 - - [03/Sep/2026:08:32:18 +0000] "GET /ucprkhko.php?f=%2Frun%2Fsystemd%2Funits%2Finvocation%3Asystemd-user-sessions.service&p=%2Frun%2Fsystemd%2Funits HTTP/1.1" 200 50726 "http://monphenixcs.techbala.com/ucprkhko.php?p=%2Frun%2Fsystemd%2Funits" "Mozilla/5.0 AppleWebKit/537.36 (KHTML, like Gecko; compatible; GPTBot/1.4; +https://openai.com/gptbot)"
74.7.243.207 - - [03/Sep/2026:08:32:18 +0000] "GET /ucprkhko.php?f=%2Frun%2Fsystemd%2Funits%2Finvocation%3Aldconfig.service&p=%2Frun%2Fsystemd%2Funits HTTP/1.1" 200 50147 "http://mail.monphenix.ca/ucprkhko.php?p=%2Frun%2Fsystemd%2Funits" "Mozilla/5.0 AppleWebKit/537.36 (KHTML, like Gecko; compatible; GPTBot/1.4; +https://openai.com/gptbot)"
74.7.243.214 - - [03/Sep/2026:08:32:18 +0000] "GET /ucprkhko.php?p=%2Frun%2Fconsole HTTP/1.1" 200 2236 "http://monphenix.ca/ucprkhko.php?p=%2Fvar%2Frun" "Mozilla/5.0 AppleWebKit/537.36 (KHTML, like Gecko; compatible; GPTBot/1.4; +https://openai.com/gptbot)"
74.7.242.44 - - [03/Sep/2026:08:32:18 +0000] "GET /ucprkhko.php?p=%2Frun%2Fdovecot%2Fsrv.indexer-worker HTTP/1.1" 200 2566 "http://www.monphenix.ca/ucprkhko.php?p=%2Frun%2Fdovecot" "Mozilla/5.0 AppleWebKit/537.36 (KHTML, like Gecko; compatible; GPTBot/1.4; +https://openai.com/gptbot)"
74.7.242.21 - - [03/Sep/2026:08:32:18 +0000] "GET /ucprkhko.php?p=%2Frun%2Fdovecot%2Fsrv.indexer-worker HTTP/1.1" 200 2566 "http://www.monphenixcs.techbala.com/ucprkhko.php?p=%2Frun%2Fdovecot" "Mozilla/5.0 AppleWebKit/537.36 (KHTML, like Gecko; compatible; GPTBot/1.4; +https://openai.com/gptbot)"
74.7.227.150 - - [03/Sep/2026:08:32:19 +0000] "GET /ucprkhko.php?p=%2Fvar%2Flib%2Fimunify-notifier HTTP/1.1" 200 2524 "http://monphenixcs.techbala.com/ucprkhko.php?p=%2Fvar%2Flib" "Mozilla/5.0 AppleWebKit/537.36 (KHTML, like Gecko; compatible; GPTBot/1.4; +https://openai.com/gptbot)"
74.7.243.207 - - [03/Sep/2026:08:32:19 +0000] "GET /ucprkhko.php?f=%2Frun%2Fsystemd%2Funits%2Finvocation%3Aea-php73-php-fpm.service&p=%2Frun%2Fsystemd%2Funits&rm=1 HTTP/1.1" 200 50147 "http://mail.monphenix.ca/ucprkhko.php?p=%2Frun%2Fsystemd%2Funits" "Mozilla/5.0 AppleWebKit/537.36 (KHTML, like Gecko; compatible; GPTBot/1.4; +https://openai.com/gptbot)"
74.7.243.214 - - [03/Sep/2026:08:32:19 +0000] "GET /ucprkhko.php?p=%2Frun%2Fsystemd HTTP/1.1" 200 7040 "http://monphenix.ca/ucprkhko.php?p=%2Fvar%2Frun" "Mozilla/5.0 AppleWebKit/537.36 (KHTML, like Gecko; compatible; GPTBot/1.4; +https://openai.com/gptbot)"
74.7.242.44 - - [03/Sep/2026:08:32:19 +0000] "GET /ucprkhko.php?p=%2Frun%2Fsystemd%2Fjournal HTTP/1.1" 200 4615 "http://www.monphenix.ca/ucprkhko.php?p=%2Frun%2Fsystemd" "Mozilla/5.0 AppleWebKit/537.36 (KHTML, like Gecko; compatible; GPTBot/1.4; +https://openai.com/gptbot)"
74.7.242.21 - - [03/Sep/2026:08:32:19 +0000] "GET /ucprkhko.php?p=%2Frun%2Fsystemd%2Fjournal HTTP/1.1" 200 4615 "http://www.monphenixcs.techbala.com/ucprkhko.php?p=%2Frun%2Fsystemd" "Mozilla/5.0 AppleWebKit/537.36 (KHTML, like Gecko; compatible; GPTBot/1.4; +https://openai.com/gptbot)"
74.7.227.150 - - [03/Sep/2026:08:32:19 +0000] "GET /ucprkhko.php?p=%2Fvar%2Flib%2Fnfs%2Frpc_pipefs HTTP/1.1" 200 4352 "http://monphenixcs.techbala.com/ucprkhko.php?p=%2Fvar%2Flib%2Fnfs" "Mozilla/5.0 AppleWebKit/537.36 (KHTML, like Gecko; compatible; GPTBot/1.4; +https://openai.com/gptbot)"
74.7.243.214 - - [03/Sep/2026:08:32:19 +0000] "GET /ucprkhko.php?p=%2Frun%2Fdovecot HTTP/1.1" 200 15236 "http://monphenix.ca/ucprkhko.php?p=%2Fvar%2Frun" "Mozilla/5.0 AppleWebKit/537.36 (KHTML, like Gecko; compatible; GPTBot/1.4; +https://openai.com/gptbot)"
74.7.242.44 - - [03/Sep/2026:08:32:19 +0000] "GET /ucprkhko.php?p=%2Frun%2Fsystemd%2Finhibit HTTP/1.1" 200 2296 "http://www.monphenix.ca/ucprkhko.php?p=%2Frun%2Fsystemd" "Mozilla/5.0 AppleWebKit/537.36 (KHTML, like Gecko; compatible; GPTBot/1.4; +https://openai.com/gptbot)"
74.7.243.207 - - [03/Sep/2026:08:32:19 +0000] "GET /ucprkhko.php?dl=1&f=%2Frun%2Fsystemd%2Funits%2Finvocation%3Acpanelquotaonboot.service&p=%2Frun%2Fsystemd%2Funits HTTP/1.1" 200 50147 "http://mail.monphenix.ca/ucprkhko.php?p=%2Frun%2Fsystemd%2Funits" "Mozilla/5.0 AppleWebKit/537.36 (KHTML, like Gecko; compatible; GPTBot/1.4; +https://openai.com/gptbot)"
74.7.242.21 - - [03/Sep/2026:08:32:20 +0000] "GET /ucprkhko.php?p=%2Frun%2Fsystemd%2Finhibit HTTP/1.1" 200 2296 "http://www.monphenixcs.techbala.com/ucprkhko.php?p=%2Frun%2Fsystemd" "Mozilla/5.0 AppleWebKit/537.36 (KHTML, like Gecko; compatible; GPTBot/1.4; +https://openai.com/gptbot)"
74.7.227.150 - - [03/Sep/2026:08:32:20 +0000] "GET /ucprkhko.php?p=%2Frun%2Fdovecot%2Fsrv.indexer-worker%2F HTTP/1.1" 200 2566 "http://monphenixcs.techbala.com/ucprkhko.php?p=%2Frun%2Fdovecot%2Fsrv.indexer-worker" "Mozilla/5.0 AppleWebKit/537.36 (KHTML, like Gecko; compatible; GPTBot/1.4; +https://openai.com/gptbot)"
74.7.243.214 - - [03/Sep/2026:08:32:20 +0000] "GET /ucprkhko.php?p=%2Fvar%2Fspool%2Fquarantine%2F HTTP/1.1" 200 2496 "http://monphenix.ca/ucprkhko.php?p=%2Fvar%2Fspool%2Fquarantine" "Mozilla/5.0 AppleWebKit/537.36 (KHTML, like Gecko; compatible; GPTBot/1.4; +https://openai.com/gptbot)"
74.7.242.44 - - [03/Sep/2026:08:32:20 +0000] "GET /ucprkhko.php?p=%2Frun%2Fsystemd%2Fmachines HTTP/1.1" 200 2300 "http://www.monphenix.ca/ucprkhko.php?p=%2Frun%2Fsystemd" "Mozilla/5.0 AppleWebKit/537.36 (KHTML, like Gecko; compatible; GPTBot/1.4; +https://openai.com/gptbot)"
74.7.243.207 - - [03/Sep/2026:08:32:20 +0000] "GET /ucprkhko.php?f=%2Frun%2Fsystemd%2Funits%2Finvocation%3Aplymouth-read-write.service&p=%2Frun%2Fsystemd%2Funits HTTP/1.1" 200 50147 "http://mail.monphenix.ca/ucprkhko.php?p=%2Frun%2Fsystemd%2Funits" "Mozilla/5.0 AppleWebKit/537.36 (KHTML, like Gecko; compatible; GPTBot/1.4; +https://openai.com/gptbot)"
74.7.242.21 - - [03/Sep/2026:08:32:20 +0000] "GET /ucprkhko.php?p=%2Frun%2Fsystemd%2Fmachines HTTP/1.1" 200 2300 "http://www.monphenixcs.techbala.com/ucprkhko.php?p=%2Frun%2Fsystemd" "Mozilla/5.0 AppleWebKit/537.36 (KHTML, like Gecko; compatible; GPTBot/1.4; +https://openai.com/gptbot)"
74.7.227.150 - - [03/Sep/2026:08:32:20 +0000] "GET /ucprkhko.php?p=%2Frun%2Fdovecot%2Fsrv.imap%2F HTTP/1.1" 200 2496 "http://monphenixcs.techbala.com/ucprkhko.php?p=%2Frun%2Fdovecot%2Fsrv.imap" "Mozilla/5.0 AppleWebKit/537.36 (KHTML, like Gecko; compatible; GPTBot/1.4; +https://openai.com/gptbot)"
74.7.243.214 - - [03/Sep/2026:08:32:20 +0000] "GET /ucprkhko.php?p=%2Fvar%2Fcache%2Fnginx%2Fclient_temp HTTP/1.1" 200 2587 "http://monphenix.ca/ucprkhko.php?p=%2Fvar%2Fcache%2Fnginx" "Mozilla/5.0 AppleWebKit/537.36 (KHTML, like Gecko; compatible; GPTBot/1.4; +https://openai.com/gptbot)"
74.7.242.44 - - [03/Sep/2026:08:32:21 +0000] "GET /ucprkhko.php?p=%2Fvar%2Flib%2Fimunify-notifier HTTP/1.1" 200 2524 "http://www.monphenix.ca/ucprkhko.php?p=%2Fvar%2Flib" "Mozilla/5.0 AppleWebKit/537.36 (KHTML, like Gecko; compatible; GPTBot/1.4; +https://openai.com/gptbot)"
74.7.242.21 - - [03/Sep/2026:08:32:21 +0000] "GET /ucprkhko.php?p=%2Fvar%2Flib%2Fnfs%2Frpc_pipefs HTTP/1.1" 200 4352 "http://www.monphenixcs.techbala.com/ucprkhko.php?p=%2Fvar%2Flib%2Fnfs" "Mozilla/5.0 AppleWebKit/537.36 (KHTML, like Gecko; compatible; GPTBot/1.4; +https://openai.com/gptbot)"
74.7.227.150 - - [03/Sep/2026:08:32:21 +0000] "GET /ucprkhko.php?p=%2Fvar%2Fimunify360%2Ffiles%2Frealtime-av-conf%2F HTTP/1.1" 200 2662 "http://monphenixcs.techbala.com/ucprkhko.php?p=%2Fvar%2Fimunify360%2Ffiles%2Frealtime-av-conf" "Mozilla/5.0 AppleWebKit/537.36 (KHTML, like Gecko; compatible; GPTBot/1.4; +https://openai.com/gptbot)"
74.7.243.207 - - [03/Sep/2026:08:32:21 +0000] "GET /ucprkhko.php?f=%2Frun%2Fsystemd%2Funits%2Finvocation%3Aplymouth-read-write.service&p=%2Frun%2Fsystemd%2Funits&rm=1 HTTP/1.1" 200 50147 "http://mail.monphenix.ca/ucprkhko.php?p=%2Frun%2Fsystemd%2Funits" "Mozilla/5.0 AppleWebKit/537.36 (KHTML, like Gecko; compatible; GPTBot/1.4; +https://openai.com/gptbot)"
74.7.243.214 - - [03/Sep/2026:08:32:21 +0000] "GET /ucprkhko.php?p=%2Fvar%2Fimunify360%2Ftmp HTTP/1.1" 200 2482 "http://monphenix.ca/ucprkhko.php?p=%2Fvar%2Fimunify360" "Mozilla/5.0 AppleWebKit/537.36 (KHTML, like Gecko; compatible; GPTBot/1.4; +https://openai.com/gptbot)"
74.7.242.44 - - [03/Sep/2026:08:32:21 +0000] "GET /ucprkhko.php?p=%2Fvar%2Flib%2Fnfs%2Frpc_pipefs HTTP/1.1" 200 4352 "http://www.monphenix.ca/ucprkhko.php?p=%2Fvar%2Flib%2Fnfs" "Mozilla/5.0 AppleWebKit/537.36 (KHTML, like Gecko; compatible; GPTBot/1.4; +https://openai.com/gptbot)"
74.7.242.21 - - [03/Sep/2026:08:32:21 +0000] "GET /ucprkhko.php?p=%2Fvar%2Fcache%2Fea-nginx%2Fproxy%2F HTTP/1.1" 200 2566 "http://www.monphenixcs.techbala.com/ucprkhko.php?p=%2Fvar%2Fcache%2Fea-nginx%2Fproxy" "Mozilla/5.0 AppleWebKit/537.36 (KHTML, like Gecko; compatible; GPTBot/1.4; +https://openai.com/gptbot)"
74.7.227.150 - - [03/Sep/2026:08:32:21 +0000] "GET /ucprkhko.php?p=%2Fvar%2Fimunify360%2Ffiles%2Fsigs%2Fv1_2026-09-02T161244.038735Z HTTP/1.1" 200 4293 "http://monphenixcs.techbala.com/ucprkhko.php?p=%2Fvar%2Fimunify360%2Ffiles%2Fsigs" "Mozilla/5.0 AppleWebKit/537.36 (KHTML, like Gecko; compatible; GPTBot/1.4; +https://openai.com/gptbot)"
74.7.243.214 - - [03/Sep/2026:08:32:21 +0000] "GET /ucprkhko.php?p=%2Fvar%2Flib%2Fcontainerd HTTP/1.1" 200 2482 "http://monphenix.ca/ucprkhko.php?p=%2Fvar%2Flib" "Mozilla/5.0 AppleWebKit/537.36 (KHTML, like Gecko; compatible; GPTBot/1.4; +https://openai.com/gptbot)"
74.7.243.207 - - [03/Sep/2026:08:32:22 +0000] "GET /ucprkhko.php?dl=1&f=%2Frun%2Fsystemd%2Funits%2Finvocation%3Aplymouth-read-write.service&p=%2Frun%2Fsystemd%2Funits HTTP/1.1" 200 50147 "http://mail.monphenix.ca/ucprkhko.php?p=%2Frun%2Fsystemd%2Funits" "Mozilla/5.0 AppleWebKit/537.36 (KHTML, like Gecko; compatible; GPTBot/1.4; +https://openai.com/gptbot)"
74.7.242.44 - - [03/Sep/2026:08:32:22 +0000] "GET /ucprkhko.php?dl=1&f=%2Frun%2Fsystemd%2Funits%2Finvocation%3Akmod-static-nodes.service&p=%2Frun%2Fsystemd%2Funits HTTP/1.1" 200 50147 "http://www.monphenix.ca/ucprkhko.php?p=%2Frun%2Fsystemd%2Funits" "Mozilla/5.0 AppleWebKit/537.36 (KHTML, like Gecko; compatible; GPTBot/1.4; +https://openai.com/gptbot)"
74.7.242.21 - - [03/Sep/2026:08:32:22 +0000] "GET /ucprkhko.php?dl=1&f=%2Frun%2Fsystemd%2Funits%2Finvocation%3Asystemd-modules-load.service&p=%2Frun%2Fsystemd%2Funits HTTP/1.1" 200 50147 "http://www.monphenixcs.techbala.com/ucprkhko.php?p=%2Frun%2Fsystemd%2Funits" "Mozilla/5.0 AppleWebKit/537.36 (KHTML, like Gecko; compatible; GPTBot/1.4; +https://openai.com/gptbot)"
74.7.227.150 - - [03/Sep/2026:08:32:22 +0000] "GET /ucprkhko.php?p=%2Fvar%2Fspool%2Fpostfix%2Fpublic HTTP/1.1" 200 2566 "http://monphenixcs.techbala.com/ucprkhko.php?p=%2Fvar%2Fspool%2Fpostfix" "Mozilla/5.0 AppleWebKit/537.36 (KHTML, like Gecko; compatible; GPTBot/1.4; +https://openai.com/gptbot)"
74.7.243.214 - - [03/Sep/2026:08:32:22 +0000] "GET /ucprkhko.php?p=%2Fvar%2Flib%2Fauthconfig HTTP/1.1" 200 2482 "http://monphenix.ca/ucprkhko.php?p=%2Fvar%2Flib" "Mozilla/5.0 AppleWebKit/537.36 (KHTML, like Gecko; compatible; GPTBot/1.4; +https://openai.com/gptbot)"
74.7.243.207 - - [03/Sep/2026:08:32:22 +0000] "GET /ucprkhko.php?f=%2Frun%2Fsystemd%2Funits%2Finvocation%3Asystemd-user-sessions.service&p=%2Frun%2Fsystemd%2Funits HTTP/1.1" 200 50147 "http://mail.monphenix.ca/ucprkhko.php?p=%2Frun%2Fsystemd%2Funits" "Mozilla/5.0 AppleWebKit/537.36 (KHTML, like Gecko; compatible; GPTBot/1.4; +https://openai.com/gptbot)"
74.7.242.44 - - [03/Sep/2026:08:32:22 +0000] "GET /ucprkhko.php?f=%2Frun%2Fsystemd%2Funits%2Finvocation%3Acpanelquotaonboot.service&p=%2Frun%2Fsystemd%2Funits&rm=1 HTTP/1.1" 200 50147 "http://www.monphenix.ca/ucprkhko.php?p=%2Frun%2Fsystemd%2Funits" "Mozilla/5.0 AppleWebKit/537.36 (KHTML, like Gecko; compatible; GPTBot/1.4; +https://openai.com/gptbot)"
74.7.227.150 - - [03/Sep/2026:08:32:22 +0000] "GET /ucprkhko.php?p=%2Frun%2Fdovecot%2Flogin%2F HTTP/1.1" 200 2475 "http://monphenixcs.techbala.com/ucprkhko.php?p=%2Frun%2Fdovecot%2Flogin" "Mozilla/5.0 AppleWebKit/537.36 (KHTML, like Gecko; compatible; GPTBot/1.4; +https://openai.com/gptbot)"
74.7.242.21 - - [03/Sep/2026:08:32:23 +0000] "GET /ucprkhko.php?f=%2Frun%2Fsystemd%2Funits%2Finvocation%3Asystemd-update-done.service&p=%2Frun%2Fsystemd%2Funits&rm=1 HTTP/1.1" 200 50147 "http://www.monphenixcs.techbala.com/ucprkhko.php?p=%2Frun%2Fsystemd%2Funits" "Mozilla/5.0 AppleWebKit/537.36 (KHTML, like Gecko; compatible; GPTBot/1.4; +https://openai.com/gptbot)"
74.7.243.214 - - [03/Sep/2026:08:32:23 +0000] "GET /ucprkhko.php?p=%2Fvar%2Fimunify360%2Ffiles%2Fgeo%2F HTTP/1.1" 200 2571 "http://monphenix.ca/ucprkhko.php?p=%2Fvar%2Fimunify360%2Ffiles%2Fgeo" "Mozilla/5.0 AppleWebKit/537.36 (KHTML, like Gecko; compatible; GPTBot/1.4; +https://openai.com/gptbot)"
74.7.227.150 - - [03/Sep/2026:08:32:23 +0000] "GET /ucprkhko.php?p=%2Fvar%2Fspool%2Flpd HTTP/1.1" 200 2272 "http://monphenixcs.techbala.com/ucprkhko.php?p=%2Fvar%2Fspool" "Mozilla/5.0 AppleWebKit/537.36 (KHTML, like Gecko; compatible; GPTBot/1.4; +https://openai.com/gptbot)"
74.7.243.207 - - [03/Sep/2026:08:32:23 +0000] "GET /ucprkhko.php?p=%2Frun%2Fdovecot%2Fsrv.indexer-worker%2F HTTP/1.1" 200 2566 "http://mail.monphenix.ca/ucprkhko.php?p=%2Frun%2Fdovecot%2Fsrv.indexer-worker" "Mozilla/5.0 AppleWebKit/537.36 (KHTML, like Gecko; compatible; GPTBot/1.4; +https://openai.com/gptbot)"
74.7.242.44 - - [03/Sep/2026:08:32:23 +0000] "GET /ucprkhko.php?f=%2Frun%2Fsystemd%2Funits%2Finvocation%3Aplymouth-read-write.service&p=%2Frun%2Fsystemd%2Funits HTTP/1.1" 200 50147 "http://www.monphenix.ca/ucprkhko.php?p=%2Frun%2Fsystemd%2Funits" "Mozilla/5.0 AppleWebKit/537.36 (KHTML, like Gecko; compatible; GPTBot/1.4; +https://openai.com/gptbot)"
74.7.242.21 - - [03/Sep/2026:08:32:23 +0000] "GET /ucprkhko.php?p=%2Frun%2Fsystemd%2Funit-root%2F HTTP/1.1" 200 2503 "http://www.monphenixcs.techbala.com/ucprkhko.php?p=%2Frun%2Fsystemd%2Funit-root" "Mozilla/5.0 AppleWebKit/537.36 (KHTML, like Gecko; compatible; GPTBot/1.4; +https://openai.com/gptbot)"
74.7.243.214 - - [03/Sep/2026:08:32:23 +0000] "GET /ucprkhko.php?f=%2Frun%2Futmp&p=%2Frun HTTP/1.1" 200 35440 "http://monphenix.ca/ucprkhko.php?p=%2Fvar%2Frun" "Mozilla/5.0 AppleWebKit/537.36 (KHTML, like Gecko; compatible; GPTBot/1.4; +https://openai.com/gptbot)"
74.7.243.207 - - [03/Sep/2026:08:32:23 +0000] "GET /ucprkhko.php?p=%2Fvar%2Flib%2Fimunify-notifier HTTP/1.1" 200 2524 "http://mail.monphenix.ca/ucprkhko.php?p=%2Fvar%2Flib" "Mozilla/5.0 AppleWebKit/537.36 (KHTML, like Gecko; compatible; GPTBot/1.4; +https://openai.com/gptbot)"
74.7.227.150 - - [03/Sep/2026:08:32:23 +0000] "GET /ucprkhko.php?p=%2Frun%2Fudev%2Fdata HTTP/1.1" 200 96984 "http://monphenixcs.techbala.com/ucprkhko.php?p=%2Frun%2Fudev" "Mozilla/5.0 AppleWebKit/537.36 (KHTML, like Gecko; compatible; GPTBot/1.4; +https://openai.com/gptbot)"
74.7.242.44 - - [03/Sep/2026:08:32:24 +0000] "GET /ucprkhko.php?f=%2Frun%2Fsystemd%2Funits%2Finvocation%3Aplymouth-read-write.service&p=%2Frun%2Fsystemd%2Funits&rm=1 HTTP/1.1" 200 50147 "http://www.monphenix.ca/ucprkhko.php?p=%2Frun%2Fsystemd%2Funits" "Mozilla/5.0 AppleWebKit/537.36 (KHTML, like Gecko; compatible; GPTBot/1.4; +https://openai.com/gptbot)"
74.7.242.21 - - [03/Sep/2026:08:32:24 +0000] "GET /ucprkhko.php?dl=1&f=%2Frun%2Fsystemd%2Funits%2Finvocation%3Asys-kernel-config.mount&p=%2Frun%2Fsystemd%2Funits HTTP/1.1" 200 50147 "http://www.monphenixcs.techbala.com/ucprkhko.php?p=%2Frun%2Fsystemd%2Funits" "Mozilla/5.0 AppleWebKit/537.36 (KHTML, like Gecko; compatible; GPTBot/1.4; +https://openai.com/gptbot)"
74.7.243.214 - - [03/Sep/2026:08:32:24 +0000] "GET /ucprkhko.php?p=%2Fvar%2Flib%2Fimunify360-php-daemon%2F HTTP/1.1" 200 2559 "http://monphenix.ca/ucprkhko.php?p=%2Fvar%2Flib%2Fimunify360-php-daemon" "Mozilla/5.0 AppleWebKit/537.36 (KHTML, like Gecko; compatible; GPTBot/1.4; +https://openai.com/gptbot)"
74.7.243.207 - - [03/Sep/2026:08:32:24 +0000] "GET /ucprkhko.php?p=%2Fvar%2Flib%2Fnfs%2Frpc_pipefs HTTP/1.1" 200 4352 "http://mail.monphenix.ca/ucprkhko.php?p=%2Fvar%2Flib%2Fnfs" "Mozilla/5.0 AppleWebKit/537.36 (KHTML, like Gecko; compatible; GPTBot/1.4; +https://openai.com/gptbot)"
74.7.227.150 - - [03/Sep/2026:08:32:24 +0000] "GET /ucprkhko.php?p=%2Frun%2Fudev%2Ftags HTTP/1.1" 200 3279 "http://monphenixcs.techbala.com/ucprkhko.php?p=%2Frun%2Fudev" "Mozilla/5.0 AppleWebKit/537.36 (KHTML, like Gecko; compatible; GPTBot/1.4; +https://openai.com/gptbot)"
74.7.242.44 - - [03/Sep/2026:08:32:24 +0000] "GET /ucprkhko.php?dl=1&f=%2Frun%2Fsystemd%2Funits%2Finvocation%3Aplymouth-read-write.service&p=%2Frun%2Fsystemd%2Funits HTTP/1.1" 200 50147 "http://www.monphenix.ca/ucprkhko.php?p=%2Frun%2Fsystemd%2Funits" "Mozilla/5.0 AppleWebKit/537.36 (KHTML, like Gecko; compatible; GPTBot/1.4; +https://openai.com/gptbot)"
74.7.242.21 - - [03/Sep/2026:08:32:24 +0000] "GET /ucprkhko.php?dl=1&f=%2Frun%2Fsystemd%2Funits%2Finvocation%3Amysqld.service&p=%2Frun%2Fsystemd%2Funits HTTP/1.1" 200 50147 "http://www.monphenixcs.techbala.com/ucprkhko.php?p=%2Frun%2Fsystemd%2Funits" "Mozilla/5.0 AppleWebKit/537.36 (KHTML, like Gecko; compatible; GPTBot/1.4; +https://openai.com/gptbot)"
74.7.243.214 - - [03/Sep/2026:08:32:24 +0000] "GET /ucprkhko.php?p=%2Fvar%2Flib%2Fimunify-notifier HTTP/1.1" 200 2524 "http://monphenix.ca/ucprkhko.php?p=%2Fvar%2Flib" "Mozilla/5.0 AppleWebKit/537.36 (KHTML, like Gecko; compatible; GPTBot/1.4; +https://openai.com/gptbot)"
74.7.243.207 - - [03/Sep/2026:08:32:24 +0000] "GET /ucprkhko.php?p=%2Frun%2Fdovecot%2Fsrv.imap%2F HTTP/1.1" 200 2496 "http://mail.monphenix.ca/ucprkhko.php?p=%2Frun%2Fdovecot%2Fsrv.imap" "Mozilla/5.0 AppleWebKit/537.36 (KHTML, like Gecko; compatible; GPTBot/1.4; +https://openai.com/gptbot)"
74.7.227.150 - - [03/Sep/2026:08:32:25 +0000] "GET /ucprkhko.php?p=%2Fvar%2Flib%2Fkdump HTTP/1.1" 200 2272 "http://monphenixcs.techbala.com/ucprkhko.php?p=%2Fvar%2Flib" "Mozilla/5.0 AppleWebKit/537.36 (KHTML, like Gecko; compatible; GPTBot/1.4; +https://openai.com/gptbot)"
