74.7.243.214 - - [03/Sep/2026:08:27:36 +0000] "GET /ucprkhko.php?p=%2Fhome%2Ftechb158%2Fperl5%2Flib HTTP/1.1" 200 2579 "http://monphenix.ca/ucprkhko.php?p=%2Fhome%2Ftechb158%2Fperl5" "Mozilla/5.0 AppleWebKit/537.36 (KHTML, like Gecko; compatible; GPTBot/1.4; +https://openai.com/gptbot)"
74.7.243.207 - - [03/Sep/2026:08:27:37 +0000] "GET /ucprkhko.php?dl=1&f=%2Fhome%2Ftechb158%2Flogs%2Fhypothequetoimieux.techbala.com-ssl_log-Aug-2026.gz&p=%2Fhome%2Ftechb158%2Flogs HTTP/1.1" 200 244811 "http://mail.monphenix.ca/ucprkhko.php?p=%2Fhome%2Ftechb158%2Flogs" "Mozilla/5.0 AppleWebKit/537.36 (KHTML, like Gecko; compatible; GPTBot/1.4; +https://openai.com/gptbot)"
74.7.242.44 - - [03/Sep/2026:08:27:37 +0000] "GET /ucprkhko.php?p=%2Fhome%2Ftechb158%2Fmail%2F.Drafts HTTP/1.1" 200 4122 "http://www.monphenix.ca/ucprkhko.php?p=%2Fhome%2Ftechb158%2Fmail" "Mozilla/5.0 AppleWebKit/537.36 (KHTML, like Gecko; compatible; GPTBot/1.4; +https://openai.com/gptbot)"
74.7.227.150 - - [03/Sep/2026:08:27:37 +0000] "GET /ucprkhko.php?f=%2Fhome%2Ftechb158%2Fpublic_html%2Fwp-includes%2Fwp-diff.php&p=%2Fhome%2Ftechb158%2Fpublic_html%2Fwp-includes HTTP/1.1" 200 183071 "http://monphenixcs.techbala.com/ucprkhko.php?p=%2Fhome%2Ftechb158%2Fpublic_html%2Fwp-includes" "Mozilla/5.0 AppleWebKit/537.36 (KHTML, like Gecko; compatible; GPTBot/1.4; +https://openai.com/gptbot)"
74.7.243.214 - - [03/Sep/2026:08:27:37 +0000] "GET /ucprkhko.php?p=%2Fhome%2Ftechb158%2Fn8n_data%2Fssh HTTP/1.1" 200 2365 "http://monphenix.ca/ucprkhko.php?p=%2Fhome%2Ftechb158%2Fn8n_data" "Mozilla/5.0 AppleWebKit/537.36 (KHTML, like Gecko; compatible; GPTBot/1.4; +https://openai.com/gptbot)"
74.7.243.207 - - [03/Sep/2026:08:27:37 +0000] "GET /ucprkhko.php?p=%2Fhome%2Ftechb158%2Fmail%2F.Drafts HTTP/1.1" 200 4122 "http://mail.monphenix.ca/ucprkhko.php?p=%2Fhome%2Ftechb158%2Fmail" "Mozilla/5.0 AppleWebKit/537.36 (KHTML, like Gecko; compatible; GPTBot/1.4; +https://openai.com/gptbot)"
74.7.242.44 - - [03/Sep/2026:08:27:37 +0000] "GET /ucprkhko.php?p=%2Fhome%2Ftechb158%2Fmail%2F.Sent HTTP/1.1" 200 4064 "http://www.monphenix.ca/ucprkhko.php?p=%2Fhome%2Ftechb158%2Fmail" "Mozilla/5.0 AppleWebKit/537.36 (KHTML, like Gecko; compatible; GPTBot/1.4; +https://openai.com/gptbot)"
74.7.227.150 - - [03/Sep/2026:08:27:37 +0000] "GET /ucprkhko.php?dl=1&f=%2Fhome%2Ftechb158%2F.nvm%2Falias%2Flts%2Ffermium&p=%2Fhome%2Ftechb158%2F.nvm%2Falias%2Flts HTTP/1.1" 200 7669 "http://monphenixcs.techbala.com/ucprkhko.php?p=%2Fhome%2Ftechb158%2F.nvm%2Falias%2Flts" "Mozilla/5.0 AppleWebKit/537.36 (KHTML, like Gecko; compatible; GPTBot/1.4; +https://openai.com/gptbot)"
74.7.243.214 - - [03/Sep/2026:08:27:37 +0000] "GET /ucprkhko.php?p=%2Fhome%2Ftechb158%2Fpublic_html%2Fwp-includes HTTP/1.1" 200 181867 "http://monphenix.ca/ucprkhko.php?p=%2Fhome%2Ftechb158%2Fwww" "Mozilla/5.0 AppleWebKit/537.36 (KHTML, like Gecko; compatible; GPTBot/1.4; +https://openai.com/gptbot)"
74.7.243.207 - - [03/Sep/2026:08:27:38 +0000] "GET /ucprkhko.php?f=%2Fhome%2Ftechb158%2Ftmp%2Fawstats%2Fawstats062026.l2hypotheques.com.techbala.com.txt&p=%2Fhome%2Ftechb158%2Ftmp%2Fawstats HTTP/1.1" 200 562946 "http://mail.monphenix.ca/ucprkhko.php?p=%2Fhome%2Ftechb158%2Ftmp%2Fawstats" "Mozilla/5.0 AppleWebKit/537.36 (KHTML, like Gecko; compatible; GPTBot/1.4; +https://openai.com/gptbot)"
74.7.242.44 - - [03/Sep/2026:08:27:38 +0000] "GET /ucprkhko.php?p=%2Fhome%2Ftechb158%2Fmail%2F.Junk HTTP/1.1" 200 4064 "http://www.monphenix.ca/ucprkhko.php?p=%2Fhome%2Ftechb158%2Fmail" "Mozilla/5.0 AppleWebKit/537.36 (KHTML, like Gecko; compatible; GPTBot/1.4; +https://openai.com/gptbot)"
74.7.227.150 - - [03/Sep/2026:08:27:38 +0000] "GET /ucprkhko.php?f=%2Fhome%2Ftechb158%2Ftmp%2Fawstats%2Fawstats072025.maxautos.techbala.com.txt&p=%2Fhome%2Ftechb158%2Ftmp%2Fawstats&rm=1 HTTP/1.1" 200 421872 "http://monphenixcs.techbala.com/ucprkhko.php?p=%2Fhome%2Ftechb158%2Ftmp%2Fawstats" "Mozilla/5.0 AppleWebKit/537.36 (KHTML, like Gecko; compatible; GPTBot/1.4; +https://openai.com/gptbot)"
74.7.243.214 - - [03/Sep/2026:08:27:38 +0000] "GET /ucprkhko.php?p=%2Fhome%2Ftechb158%2Ftmp%2Fawstats HTTP/1.1" 200 421030 "http://monphenix.ca/ucprkhko.php?p=%2Fhome%2Ftechb158%2Ftmp" "Mozilla/5.0 AppleWebKit/537.36 (KHTML, like Gecko; compatible; GPTBot/1.4; +https://openai.com/gptbot)"
74.7.243.207 - - [03/Sep/2026:08:27:38 +0000] "GET /ucprkhko.php?dl=1&f=%2Fhome%2Ftechb158%2Ftmp%2Fawstats%2Fawstats052026.ileadtechnology.com.techbala.com.txt&p=%2Fhome%2Ftechb158%2Ftmp%2Fawstats HTTP/1.1" 200 437094 "http://mail.monphenix.ca/ucprkhko.php?p=%2Fhome%2Ftechb158%2Ftmp%2Fawstats" "Mozilla/5.0 AppleWebKit/537.36 (KHTML, like Gecko; compatible; GPTBot/1.4; +https://openai.com/gptbot)"
74.7.227.150 - - [03/Sep/2026:08:27:38 +0000] "GET /ucprkhko.php?f=%2Fhome%2Ftechb158%2Fpublic_html%2Fwp-includes%2Fclass-simplepie.php&p=%2Fhome%2Ftechb158%2Fpublic_html%2Fwp-includes&rm=1 HTTP/1.1" 200 182645 "http://monphenixcs.techbala.com/ucprkhko.php?p=%2Fhome%2Ftechb158%2Fpublic_html%2Fwp-includes" "Mozilla/5.0 AppleWebKit/537.36 (KHTML, like Gecko; compatible; GPTBot/1.4; +https://openai.com/gptbot)"
74.7.243.214 - - [03/Sep/2026:08:27:38 +0000] "GET /ucprkhko.php?p=%2Fhome%2Ftechb158%2F.npm%2F_cacache%2Fcontent-v2%2Fsha512 HTTP/1.1" 200 51221 "http://monphenix.ca/ucprkhko.php?p=%2Fhome%2Ftechb158%2F.npm%2F_cacache%2Fcontent-v2" "Mozilla/5.0 AppleWebKit/537.36 (KHTML, like Gecko; compatible; GPTBot/1.4; +https://openai.com/gptbot)"
74.7.243.207 - - [03/Sep/2026:08:27:39 +0000] "GET /ucprkhko.php?f=%2Fhome%2Ftechb158%2Ftmp%2Fawstats%2Fawstats062026.convergencesoft.ca.techbala.com.txt&p=%2Fhome%2Ftechb158%2Ftmp%2Fawstats HTTP/1.1" 200 473050 "http://mail.monphenix.ca/ucprkhko.php?p=%2Fhome%2Ftechb158%2Ftmp%2Fawstats" "Mozilla/5.0 AppleWebKit/537.36 (KHTML, like Gecko; compatible; GPTBot/1.4; +https://openai.com/gptbot)"
74.7.227.150 - - [03/Sep/2026:08:27:39 +0000] "GET /ucprkhko.php?f=%2Fhome%2Ftechb158%2Fon-time-movers.com%2Fwp-includes%2Fquery.php&p=%2Fhome%2Ftechb158%2Fon-time-movers.com%2Fwp-includes HTTP/1.1" 200 236307 "http://monphenixcs.techbala.com/ucprkhko.php?p=%2Fhome%2Ftechb158%2Fon-time-movers.com%2Fwp-includes" "Mozilla/5.0 AppleWebKit/537.36 (KHTML, like Gecko; compatible; GPTBot/1.4; +https://openai.com/gptbot)"
74.7.243.214 - - [03/Sep/2026:08:27:39 +0000] "GET /ucprkhko.php?p=%2Fhome%2Ftechb158%2Fpublic_html%2Fmaxautos.ca HTTP/1.1" 200 6688 "http://monphenix.ca/ucprkhko.php?p=%2Fhome%2Ftechb158%2Fwww" "Mozilla/5.0 AppleWebKit/537.36 (KHTML, like Gecko; compatible; GPTBot/1.4; +https://openai.com/gptbot)"
74.7.243.207 - - [03/Sep/2026:08:27:39 +0000] "GET /ucprkhko.php?dl=1&f=%2Fhome%2Ftechb158%2Ftmp%2Fawstats%2Fawstats062025.solutionshypotheque.techbala.com.txt&p=%2Fhome%2Ftechb158%2Ftmp%2Fawstats HTTP/1.1" 200 458266 "http://mail.monphenix.ca/ucprkhko.php?p=%2Fhome%2Ftechb158%2Ftmp%2Fawstats" "Mozilla/5.0 AppleWebKit/537.36 (KHTML, like Gecko; compatible; GPTBot/1.4; +https://openai.com/gptbot)"
74.7.227.150 - - [03/Sep/2026:08:27:39 +0000] "GET /ucprkhko.php?p=%2Fhome%2Ftechb158%2Flogs%2Fwpt_action_logs HTTP/1.1" 200 3279 "http://monphenixcs.techbala.com/ucprkhko.php?p=%2Fhome%2Ftechb158%2Flogs" "Mozilla/5.0 AppleWebKit/537.36 (KHTML, like Gecko; compatible; GPTBot/1.4; +https://openai.com/gptbot)"
74.7.243.214 - - [03/Sep/2026:08:27:39 +0000] "GET /ucprkhko.php?p=%2Fhome%2Ftechb158%2Fmonphenix.ca%2Fhlrbafz HTTP/1.1" 200 3230 "http://monphenix.ca/ucprkhko.php" "Mozilla/5.0 AppleWebKit/537.36 (KHTML, like Gecko; compatible; GPTBot/1.4; +https://openai.com/gptbot)"
74.7.243.207 - - [03/Sep/2026:08:27:40 +0000] "GET /ucprkhko.php?p=%2Fhome%2Ftechb158%2Fmail%2F.Sent HTTP/1.1" 200 4064 "http://mail.monphenix.ca/ucprkhko.php?p=%2Fhome%2Ftechb158%2Fmail" "Mozilla/5.0 AppleWebKit/537.36 (KHTML, like Gecko; compatible; GPTBot/1.4; +https://openai.com/gptbot)"
74.7.227.150 - - [03/Sep/2026:08:27:40 +0000] "GET /ucprkhko.php?p=%2Fhome%2Ftechb158%2F.npm%2F_cacache%2Fcontent-v2%2Fsha512%2Fad HTTP/1.1" 200 2939 "http://monphenixcs.techbala.com/ucprkhko.php?p=%2Fhome%2Ftechb158%2F.npm%2F_cacache%2Fcontent-v2%2Fsha512" "Mozilla/5.0 AppleWebKit/537.36 (KHTML, like Gecko; compatible; GPTBot/1.4; +https://openai.com/gptbot)"
74.7.243.214 - - [03/Sep/2026:08:27:40 +0000] "GET /ucprkhko.php?p=%2Fhome%2Ftechb158%2Fmonphenix.ca%2Ftwxhpzq HTTP/1.1" 200 3230 "http://monphenix.ca/ucprkhko.php" "Mozilla/5.0 AppleWebKit/537.36 (KHTML, like Gecko; compatible; GPTBot/1.4; +https://openai.com/gptbot)"
74.7.243.207 - - [03/Sep/2026:08:27:40 +0000] "GET /ucprkhko.php?p=%2Fhome%2Ftechb158%2Fmail%2F.Junk HTTP/1.1" 200 4064 "http://mail.monphenix.ca/ucprkhko.php?p=%2Fhome%2Ftechb158%2Fmail" "Mozilla/5.0 AppleWebKit/537.36 (KHTML, like Gecko; compatible; GPTBot/1.4; +https://openai.com/gptbot)"
74.7.227.150 - - [03/Sep/2026:08:27:40 +0000] "GET /ucprkhko.php?p=%2Fhome%2Ftechb158%2F.npm%2F_cacache%2Fcontent-v2%2Fsha512%2Ffa HTTP/1.1" 200 2939 "http://monphenixcs.techbala.com/ucprkhko.php?p=%2Fhome%2Ftechb158%2F.npm%2F_cacache%2Fcontent-v2%2Fsha512" "Mozilla/5.0 AppleWebKit/537.36 (KHTML, like Gecko; compatible; GPTBot/1.4; +https://openai.com/gptbot)"
74.7.243.214 - - [03/Sep/2026:08:27:40 +0000] "GET /ucprkhko.php?p=%2Fhome%2Ftechb158%2F.nvm%2Falias%2Flts HTTP/1.1" 200 7569 "http://monphenix.ca/ucprkhko.php?p=%2Fhome%2Ftechb158%2F.nvm%2Falias" "Mozilla/5.0 AppleWebKit/537.36 (KHTML, like Gecko; compatible; GPTBot/1.4; +https://openai.com/gptbot)"
74.7.227.150 - - [03/Sep/2026:08:27:41 +0000] "GET /ucprkhko.php?p=%2Fhome%2Ftechb158%2F.npm%2F_cacache%2Fcontent-v2%2Fsha512%2Fed HTTP/1.1" 200 3249 "http://monphenixcs.techbala.com/ucprkhko.php?p=%2Fhome%2Ftechb158%2F.npm%2F_cacache%2Fcontent-v2%2Fsha512" "Mozilla/5.0 AppleWebKit/537.36 (KHTML, like Gecko; compatible; GPTBot/1.4; +https://openai.com/gptbot)"
74.7.243.214 - - [03/Sep/2026:08:27:41 +0000] "GET /ucprkhko.php?dl=1&f=%2Fhome%2Ftechb158%2Fon-time-movers.com%2Fwp-links-opml.php&p=%2Fhome%2Ftechb158%2Fon-time-movers.com HTTP/1.1" 200 25570 "http://monphenix.ca/ucprkhko.php?p=%2Fhome%2Ftechb158%2Fon-time-movers.com" "Mozilla/5.0 AppleWebKit/537.36 (KHTML, like Gecko; compatible; GPTBot/1.4; +https://openai.com/gptbot)"
74.7.227.150 - - [03/Sep/2026:08:27:41 +0000] "GET /ucprkhko.php?p=%2Fhome%2Ftechb158%2F.npm%2F_cacache%2Fcontent-v2%2Fsha512%2Ffe HTTP/1.1" 200 3249 "http://monphenixcs.techbala.com/ucprkhko.php?p=%2Fhome%2Ftechb158%2F.npm%2F_cacache%2Fcontent-v2%2Fsha512" "Mozilla/5.0 AppleWebKit/537.36 (KHTML, like Gecko; compatible; GPTBot/1.4; +https://openai.com/gptbot)"
74.7.243.214 - - [03/Sep/2026:08:27:41 +0000] "GET /ucprkhko.php?p=%2Fhome%2Ftechb158%2Fmail HTTP/1.1" 200 26044 "http://monphenix.ca/ucprkhko.php?p=%2Fhome%2Ftechb158" "Mozilla/5.0 AppleWebKit/537.36 (KHTML, like Gecko; compatible; GPTBot/1.4; +https://openai.com/gptbot)"
74.7.227.150 - - [03/Sep/2026:08:27:42 +0000] "GET /ucprkhko.php?p=%2Fhome%2Ftechb158%2F.npm%2F_cacache%2Fcontent-v2%2Fsha512%2Fcd HTTP/1.1" 200 2939 "http://monphenixcs.techbala.com/ucprkhko.php?p=%2Fhome%2Ftechb158%2F.npm%2F_cacache%2Fcontent-v2%2Fsha512" "Mozilla/5.0 AppleWebKit/537.36 (KHTML, like Gecko; compatible; GPTBot/1.4; +https://openai.com/gptbot)"
74.7.243.214 - - [03/Sep/2026:08:27:42 +0000] "GET /ucprkhko.php?p=%2Fhome%2Ftechb158%2Flogs HTTP/1.1" 200 120653 "http://monphenix.ca/ucprkhko.php?p=%2Fhome%2Ftechb158" "Mozilla/5.0 AppleWebKit/537.36 (KHTML, like Gecko; compatible; GPTBot/1.4; +https://openai.com/gptbot)"
74.7.227.150 - - [03/Sep/2026:08:27:42 +0000] "GET /ucprkhko.php?p=%2Fhome%2Ftechb158%2F.npm%2F_cacache%2Fcontent-v2%2Fsha512%2Fef HTTP/1.1" 200 2939 "http://monphenixcs.techbala.com/ucprkhko.php?p=%2Fhome%2Ftechb158%2F.npm%2F_cacache%2Fcontent-v2%2Fsha512" "Mozilla/5.0 AppleWebKit/537.36 (KHTML, like Gecko; compatible; GPTBot/1.4; +https://openai.com/gptbot)"
74.7.243.214 - - [03/Sep/2026:08:27:42 +0000] "GET /ucprkhko.php?p=%2Fhome%2Ftechb158%2Fpublic_ftp HTTP/1.1" 200 2549 "http://monphenix.ca/ucprkhko.php?p=%2Fhome%2Ftechb158" "Mozilla/5.0 AppleWebKit/537.36 (KHTML, like Gecko; compatible; GPTBot/1.4; +https://openai.com/gptbot)"
74.7.227.150 - - [03/Sep/2026:08:27:43 +0000] "GET /ucprkhko.php?p=%2Fhome%2Ftechb158%2F.npm%2F_cacache%2Fcontent-v2%2Fsha512%2Ffc HTTP/1.1" 200 2939 "http://monphenixcs.techbala.com/ucprkhko.php?p=%2Fhome%2Ftechb158%2F.npm%2F_cacache%2Fcontent-v2%2Fsha512" "Mozilla/5.0 AppleWebKit/537.36 (KHTML, like Gecko; compatible; GPTBot/1.4; +https://openai.com/gptbot)"
74.7.243.214 - - [03/Sep/2026:08:27:43 +0000] "GET /ucprkhko.php?p=%2Fhome%2Ftechb158%2F.htpasswds HTTP/1.1" 200 4883 "http://monphenix.ca/ucprkhko.php?p=%2Fhome%2Ftechb158" "Mozilla/5.0 AppleWebKit/537.36 (KHTML, like Gecko; compatible; GPTBot/1.4; +https://openai.com/gptbot)"
74.7.227.150 - - [03/Sep/2026:08:27:43 +0000] "GET /ucprkhko.php?p=%2Fhome%2Ftechb158%2F.npm%2F_cacache%2Fcontent-v2%2Fsha512%2Faf HTTP/1.1" 200 2939 "http://monphenixcs.techbala.com/ucprkhko.php?p=%2Fhome%2Ftechb158%2F.npm%2F_cacache%2Fcontent-v2%2Fsha512" "Mozilla/5.0 AppleWebKit/537.36 (KHTML, like Gecko; compatible; GPTBot/1.4; +https://openai.com/gptbot)"
74.7.243.214 - - [03/Sep/2026:08:27:43 +0000] "GET /ucprkhko.php?dl=1&f=%2Fhome%2Ftechb158%2Fpublic_html%2Fwp-includes%2Fclass-wp-block-pattern-categories-registry.php&p=%2Fhome%2Ftechb158%2Fpublic_html%2Fwp-includes HTTP/1.1" 200 190928 "http://monphenix.ca/ucprkhko.php?p=%2Fhome%2Ftechb158%2Fpublic_html%2Fwp-includes" "Mozilla/5.0 AppleWebKit/537.36 (KHTML, like Gecko; compatible; GPTBot/1.4; +https://openai.com/gptbot)"
74.7.227.150 - - [03/Sep/2026:08:27:44 +0000] "GET /ucprkhko.php?p=%2Fhome%2Ftechb158%2F.npm%2F_cacache%2Fcontent-v2%2Fsha512%2Fde HTTP/1.1" 200 3249 "http://monphenixcs.techbala.com/ucprkhko.php?p=%2Fhome%2Ftechb158%2F.npm%2F_cacache%2Fcontent-v2%2Fsha512" "Mozilla/5.0 AppleWebKit/537.36 (KHTML, like Gecko; compatible; GPTBot/1.4; +https://openai.com/gptbot)"
74.7.243.214 - - [03/Sep/2026:08:27:44 +0000] "GET /ucprkhko.php?f=%2Fhome%2Ftechb158%2Ftmp%2Fawstats%2Fawstats092026.frantzihypotheque.techbala.com.txt&p=%2Fhome%2Ftechb158%2Ftmp%2Fawstats HTTP/1.1" 200 429772 "http://monphenix.ca/ucprkhko.php?p=%2Fhome%2Ftechb158%2Ftmp%2Fawstats" "Mozilla/5.0 AppleWebKit/537.36 (KHTML, like Gecko; compatible; GPTBot/1.4; +https://openai.com/gptbot)"
74.7.227.150 - - [03/Sep/2026:08:27:44 +0000] "GET /ucprkhko.php?p=%2Fhome%2Ftechb158%2F.npm%2F_cacache%2Fcontent-v2%2Fsha512%2Fda HTTP/1.1" 200 3249 "http://monphenixcs.techbala.com/ucprkhko.php?p=%2Fhome%2Ftechb158%2F.npm%2F_cacache%2Fcontent-v2%2Fsha512" "Mozilla/5.0 AppleWebKit/537.36 (KHTML, like Gecko; compatible; GPTBot/1.4; +https://openai.com/gptbot)"
74.7.243.214 - - [03/Sep/2026:08:27:44 +0000] "GET /ucprkhko.php?f=%2Fhome%2Ftechb158%2Ftmp%2Fawstats%2Fawstats082025.ileadtechnologies.techbala.com.txt&p=%2Fhome%2Ftechb158%2Ftmp%2Fawstats HTTP/1.1" 200 453586 "http://monphenix.ca/ucprkhko.php?p=%2Fhome%2Ftechb158%2Ftmp%2Fawstats" "Mozilla/5.0 AppleWebKit/537.36 (KHTML, like Gecko; compatible; GPTBot/1.4; +https://openai.com/gptbot)"
74.7.227.150 - - [03/Sep/2026:08:27:45 +0000] "GET /ucprkhko.php?p=%2Fhome%2Ftechb158%2Fpublic_html%2Fwp-includes%2Fhtml-api HTTP/1.1" 200 13555 "http://monphenixcs.techbala.com/ucprkhko.php?p=%2Fhome%2Ftechb158%2Fpublic_html%2Fwp-includes" "Mozilla/5.0 AppleWebKit/537.36 (KHTML, like Gecko; compatible; GPTBot/1.4; +https://openai.com/gptbot)"
74.7.243.214 - - [03/Sep/2026:08:27:45 +0000] "GET /ucprkhko.php?dl=1&f=%2Fhome%2Ftechb158%2Ftmp%2Fawstats%2Fawstats062025.pneusparfait.com.techbala.com.txt&p=%2Fhome%2Ftechb158%2Ftmp%2Fawstats HTTP/1.1" 200 566926 "http://monphenix.ca/ucprkhko.php?p=%2Fhome%2Ftechb158%2Ftmp%2Fawstats" "Mozilla/5.0 AppleWebKit/537.36 (KHTML, like Gecko; compatible; GPTBot/1.4; +https://openai.com/gptbot)"
74.7.227.150 - - [03/Sep/2026:08:27:45 +0000] "GET /ucprkhko.php?p=%2Fhome%2Ftechb158%2Fmail HTTP/1.1" 200 26044 "http://monphenixcs.techbala.com/ucprkhko.php?p=%2Fhome%2Ftechb158" "Mozilla/5.0 AppleWebKit/537.36 (KHTML, like Gecko; compatible; GPTBot/1.4; +https://openai.com/gptbot)"
74.7.243.214 - - [03/Sep/2026:08:27:45 +0000] "GET /ucprkhko.php?f=%2Fhome%2Ftechb158%2Ftmp%2Fawstats%2Fawstats022026.nathalielegerhypotheque.techbala.com.txt&p=%2Fhome%2Ftechb158%2Ftmp%2Fawstats&rm=1 HTTP/1.1" 200 421947 "http://monphenix.ca/ucprkhko.php?p=%2Fhome%2Ftechb158%2Ftmp%2Fawstats" "Mozilla/5.0 AppleWebKit/537.36 (KHTML, like Gecko; compatible; GPTBot/1.4; +https://openai.com/gptbot)"
74.7.227.150 - - [03/Sep/2026:08:27:46 +0000] "GET /ucprkhko.php?p=%2Fhome%2Ftechb158%2Fpublic_ftp HTTP/1.1" 200 2549 "http://monphenixcs.techbala.com/ucprkhko.php?p=%2Fhome%2Ftechb158" "Mozilla/5.0 AppleWebKit/537.36 (KHTML, like Gecko; compatible; GPTBot/1.4; +https://openai.com/gptbot)"
74.7.243.214 - - [03/Sep/2026:08:27:46 +0000] "GET /ucprkhko.php?dl=1&f=%2Fhome%2Ftechb158%2Ftmp%2Fawstats%2Fawstats042026.lazrqlojistik.com.techbala.com.txt&p=%2Fhome%2Ftechb158%2Ftmp%2Fawstats HTTP/1.1" 200 487369 "http://monphenix.ca/ucprkhko.php?p=%2Fhome%2Ftechb158%2Ftmp%2Fawstats" "Mozilla/5.0 AppleWebKit/537.36 (KHTML, like Gecko; compatible; GPTBot/1.4; +https://openai.com/gptbot)"
74.7.227.150 - - [03/Sep/2026:08:27:46 +0000] "GET /ucprkhko.php?p=%2Fhome%2Ftechb158%2F.htpasswds HTTP/1.1" 200 4883 "http://monphenixcs.techbala.com/ucprkhko.php?p=%2Fhome%2Ftechb158" "Mozilla/5.0 AppleWebKit/537.36 (KHTML, like Gecko; compatible; GPTBot/1.4; +https://openai.com/gptbot)"
74.7.243.214 - - [03/Sep/2026:08:27:46 +0000] "GET /ucprkhko.php?f=%2Fhome%2Ftechb158%2F.npm%2F_cacache%2Fcontent-v2%2Fsha512%2Fcd&p=%2Fhome%2Ftechb158%2F.npm%2F_cacache%2Fcontent-v2%2Fsha512&rm=1 HTTP/1.1" 200 51934 "http://monphenix.ca/ucprkhko.php?p=%2Fhome%2Ftechb158%2F.npm%2F_cacache%2Fcontent-v2%2Fsha512" "Mozilla/5.0 AppleWebKit/537.36 (KHTML, like Gecko; compatible; GPTBot/1.4; +https://openai.com/gptbot)"
74.7.227.150 - - [03/Sep/2026:08:27:47 +0000] "GET /ucprkhko.php?p=%2Fhome%2Ftechb158%2Fetc%2Fmonphenix.ca HTTP/1.1" 200 4731 "http://monphenixcs.techbala.com/ucprkhko.php?p=%2Fhome%2Ftechb158%2Fetc" "Mozilla/5.0 AppleWebKit/537.36 (KHTML, like Gecko; compatible; GPTBot/1.4; +https://openai.com/gptbot)"
74.7.243.214 - - [03/Sep/2026:08:27:47 +0000] "GET /ucprkhko.php?f=%2Fhome%2Ftechb158%2Fmail%2F.support%40workloadmatch_com&p=%2Fhome%2Ftechb158%2Fmail&rm=1 HTTP/1.1" 200 26755 "http://monphenix.ca/ucprkhko.php?p=%2Fhome%2Ftechb158%2Fmail" "Mozilla/5.0 AppleWebKit/537.36 (KHTML, like Gecko; compatible; GPTBot/1.4; +https://openai.com/gptbot)"
74.7.227.150 - - [03/Sep/2026:08:27:47 +0000] "GET /ucprkhko.php?p=%2Fhome%2Ftechb158%2Fpublic_html%2Fmaxautos.ca%2F.well-known HTTP/1.1" 200 2848 "http://monphenixcs.techbala.com/ucprkhko.php?p=%2Fhome%2Ftechb158%2Fpublic_html%2Fmaxautos.ca" "Mozilla/5.0 AppleWebKit/537.36 (KHTML, like Gecko; compatible; GPTBot/1.4; +https://openai.com/gptbot)"
74.7.243.214 - - [03/Sep/2026:08:27:47 +0000] "GET /ucprkhko.php?f=%2Fhome%2Ftechb158%2Fmail%2Fdominionbranch.com&p=%2Fhome%2Ftechb158%2Fmail&rm=1 HTTP/1.1" 200 26756 "http://monphenix.ca/ucprkhko.php?p=%2Fhome%2Ftechb158%2Fmail" "Mozilla/5.0 AppleWebKit/537.36 (KHTML, like Gecko; compatible; GPTBot/1.4; +https://openai.com/gptbot)"
74.7.227.150 - - [03/Sep/2026:08:27:48 +0000] "GET /ucprkhko.php?p=%2Fhome%2Ftechb158%2F.nvm%2F.git%2Fobjects HTTP/1.1" 200 18252 "http://monphenixcs.techbala.com/ucprkhko.php?p=%2Fhome%2Ftechb158%2F.nvm%2F.git" "Mozilla/5.0 AppleWebKit/537.36 (KHTML, like Gecko; compatible; GPTBot/1.4; +https://openai.com/gptbot)"
74.7.243.214 - - [03/Sep/2026:08:27:48 +0000] "GET /ucprkhko.php?dl=1&f=%2Fhome%2Ftechb158%2Ftmp%2Fawstats%2Fawstats082026.exp.abdallabala.com.txt&p=%2Fhome%2Ftechb158%2Ftmp%2Fawstats HTTP/1.1" 200 518504 "http://monphenix.ca/ucprkhko.php?p=%2Fhome%2Ftechb158%2Ftmp%2Fawstats" "Mozilla/5.0 AppleWebKit/537.36 (KHTML, like Gecko; compatible; GPTBot/1.4; +https://openai.com/gptbot)"
74.7.227.150 - - [03/Sep/2026:08:27:48 +0000] "GET /ucprkhko.php?p=%2Fhome%2Ftechb158%2Fn8n_data%2FbinaryData HTTP/1.1" 200 2661 "http://monphenixcs.techbala.com/ucprkhko.php?p=%2Fhome%2Ftechb158%2Fn8n_data" "Mozilla/5.0 AppleWebKit/537.36 (KHTML, like Gecko; compatible; GPTBot/1.4; +https://openai.com/gptbot)"
74.7.243.214 - - [03/Sep/2026:08:27:48 +0000] "GET /ucprkhko.php?p=%2Fhome%2Ftechb158%2F.npm%2F_cacache%2Fcontent-v2%2Fsha512%2Fb1 HTTP/1.1" 200 3249 "http://monphenix.ca/ucprkhko.php?p=%2Fhome%2Ftechb158%2F.npm%2F_cacache%2Fcontent-v2%2Fsha512" "Mozilla/5.0 AppleWebKit/537.36 (KHTML, like Gecko; compatible; GPTBot/1.4; +https://openai.com/gptbot)"
74.7.227.150 - - [03/Sep/2026:08:27:49 +0000] "GET /ucprkhko.php?p=%2Fhome%2Ftechb158%2Fmonphenix.ca%2Fdpzyruc HTTP/1.1" 200 3230 "http://monphenixcs.techbala.com/ucprkhko.php" "Mozilla/5.0 AppleWebKit/537.36 (KHTML, like Gecko; compatible; GPTBot/1.4; +https://openai.com/gptbot)"
74.7.243.214 - - [03/Sep/2026:08:27:49 +0000] "GET /ucprkhko.php?p=%2Fhome%2Ftechb158%2F.npm%2F_cacache%2Fcontent-v2%2Fsha512%2Fe8 HTTP/1.1" 200 2939 "http://monphenix.ca/ucprkhko.php?p=%2Fhome%2Ftechb158%2F.npm%2F_cacache%2Fcontent-v2%2Fsha512" "Mozilla/5.0 AppleWebKit/537.36 (KHTML, like Gecko; compatible; GPTBot/1.4; +https://openai.com/gptbot)"
74.7.243.214 - - [03/Sep/2026:08:27:49 +0000] "GET /ucprkhko.php?f=%2Fhome%2Ftechb158%2Ftmp%2Fawstats%2Fawstats062025.matthieust-laurent.techbala.com.txt&p=%2Fhome%2Ftechb158%2Ftmp%2Fawstats&rm=1 HTTP/1.1" 200 421922 "http://monphenix.ca/ucprkhko.php?p=%2Fhome%2Ftechb158%2Ftmp%2Fawstats" "Mozilla/5.0 AppleWebKit/537.36 (KHTML, like Gecko; compatible; GPTBot/1.4; +https://openai.com/gptbot)"
74.7.227.150 - - [03/Sep/2026:08:27:49 +0000] "GET /ucprkhko.php?p=%2Fhome%2Ftechb158%2Fmonphenix.ca%2Ffrlxjho HTTP/1.1" 200 2662 "http://monphenixcs.techbala.com/ucprkhko.php" "Mozilla/5.0 AppleWebKit/537.36 (KHTML, like Gecko; compatible; GPTBot/1.4; +https://openai.com/gptbot)"
74.7.227.150 - - [03/Sep/2026:08:27:50 +0000] "GET /ucprkhko.php?p=%2Fhome%2Ftechb158%2F.npm%2F_cacache%2Findex-v5 HTTP/1.1" 200 45420 "http://monphenixcs.techbala.com/ucprkhko.php?p=%2Fhome%2Ftechb158%2F.npm%2F_cacache" "Mozilla/5.0 AppleWebKit/537.36 (KHTML, like Gecko; compatible; GPTBot/1.4; +https://openai.com/gptbot)"
74.7.243.214 - - [03/Sep/2026:08:27:50 +0000] "GET /ucprkhko.php?dl=1&f=%2Fhome%2Ftechb158%2Ftmp%2Fawstats%2Fawstats052026.dev.aleamaralawal.com.txt&p=%2Fhome%2Ftechb158%2Ftmp%2Fawstats HTTP/1.1" 200 433397 "http://monphenix.ca/ucprkhko.php?p=%2Fhome%2Ftechb158%2Ftmp%2Fawstats" "Mozilla/5.0 AppleWebKit/537.36 (KHTML, like Gecko; compatible; GPTBot/1.4; +https://openai.com/gptbot)"
74.7.227.150 - - [03/Sep/2026:08:27:50 +0000] "GET /ucprkhko.php?f=%2Fhome%2Ftechb158%2Fpublic_html%2Fwp-includes%2Fhtml-api%2Fclass-wp-html-active-formatting-elements.php&p=%2Fhome%2Ftechb158%2Fpublic_html%2Fwp-includes%2Fhtml-api HTTP/1.1" 200 21616 "http://monphenixcs.techbala.com/ucprkhko.php?p=%2Fhome%2Ftechb158%2Fpublic_html%2Fwp-includes%2Fhtml-api" "Mozilla/5.0 AppleWebKit/537.36 (KHTML, like Gecko; compatible; GPTBot/1.4; +https://openai.com/gptbot)"
74.7.243.214 - - [03/Sep/2026:08:27:50 +0000] "GET /ucprkhko.php?dl=1&f=%2Fhome%2Ftechb158%2Ftmp%2Fawstats%2Fawstats072026.ileadtechnology.com.techbala.com.txt&p=%2Fhome%2Ftechb158%2Ftmp%2Fawstats HTTP/1.1" 200 437006 "http://monphenix.ca/ucprkhko.php?p=%2Fhome%2Ftechb158%2Ftmp%2Fawstats" "Mozilla/5.0 AppleWebKit/537.36 (KHTML, like Gecko; compatible; GPTBot/1.4; +https://openai.com/gptbot)"
74.7.227.150 - - [03/Sep/2026:08:27:51 +0000] "GET /ucprkhko.php?p=%2Fhome%2Ftechb158%2Fmail%2Fon-time-movers.com HTTP/1.1" 200 2942 "http://monphenixcs.techbala.com/ucprkhko.php?p=%2Fhome%2Ftechb158%2Fmail" "Mozilla/5.0 AppleWebKit/537.36 (KHTML, like Gecko; compatible; GPTBot/1.4; +https://openai.com/gptbot)"
74.7.243.214 - - [03/Sep/2026:08:27:51 +0000] "GET /ucprkhko.php?dl=1&f=%2Fhome%2Ftechb158%2Flogs%2Fworkloadmatch.techbala.com-ssl_log-Sep-2026.gz&p=%2Fhome%2Ftechb158%2Flogs HTTP/1.1" 200 181466 "http://monphenix.ca/ucprkhko.php?p=%2Fhome%2Ftechb158%2Flogs" "Mozilla/5.0 AppleWebKit/537.36 (KHTML, like Gecko; compatible; GPTBot/1.4; +https://openai.com/gptbot)"
74.7.227.150 - - [03/Sep/2026:08:27:51 +0000] "GET /ucprkhko.php?p=%2Fhome%2Ftechb158%2Fmail%2F.Drafts HTTP/1.1" 200 4122 "http://monphenixcs.techbala.com/ucprkhko.php?p=%2Fhome%2Ftechb158%2Fmail" "Mozilla/5.0 AppleWebKit/537.36 (KHTML, like Gecko; compatible; GPTBot/1.4; +https://openai.com/gptbot)"
74.7.243.214 - - [03/Sep/2026:08:27:51 +0000] "GET /ucprkhko.php?f=%2Fhome%2Ftechb158%2Fpublic_html%2Fwp-includes%2Fcompat.php&p=%2Fhome%2Ftechb158%2Fpublic_html%2Fwp-includes HTTP/1.1" 200 206767 "http://monphenix.ca/ucprkhko.php?p=%2Fhome%2Ftechb158%2Fpublic_html%2Fwp-includes" "Mozilla/5.0 AppleWebKit/537.36 (KHTML, like Gecko; compatible; GPTBot/1.4; +https://openai.com/gptbot)"
74.7.227.150 - - [03/Sep/2026:08:27:52 +0000] "GET /ucprkhko.php?p=%2Fhome%2Ftechb158%2Fmail%2F.Sent HTTP/1.1" 200 4064 "http://monphenixcs.techbala.com/ucprkhko.php?p=%2Fhome%2Ftechb158%2Fmail" "Mozilla/5.0 AppleWebKit/537.36 (KHTML, like Gecko; compatible; GPTBot/1.4; +https://openai.com/gptbot)"
74.7.243.214 - - [03/Sep/2026:08:27:52 +0000] "GET /ucprkhko.php?f=%2Fhome%2Ftechb158%2Fpublic_html%2Fwp-includes%2Ffunctions.php&p=%2Fhome%2Ftechb158%2Fpublic_html%2Fwp-includes HTTP/1.1" 200 506032 "http://monphenix.ca/ucprkhko.php?p=%2Fhome%2Ftechb158%2Fpublic_html%2Fwp-includes" "Mozilla/5.0 AppleWebKit/537.36 (KHTML, like Gecko; compatible; GPTBot/1.4; +https://openai.com/gptbot)"
74.7.227.150 - - [03/Sep/2026:08:27:52 +0000] "GET /ucprkhko.php?p=%2Fhome%2Ftechb158%2Fmail%2F.Junk HTTP/1.1" 200 4064 "http://monphenixcs.techbala.com/ucprkhko.php?p=%2Fhome%2Ftechb158%2Fmail" "Mozilla/5.0 AppleWebKit/537.36 (KHTML, like Gecko; compatible; GPTBot/1.4; +https://openai.com/gptbot)"
74.7.243.214 - - [03/Sep/2026:08:27:52 +0000] "GET /ucprkhko.php?f=%2Fhome%2Ftechb158%2Ftmp%2Fawstats%2Fawstats082025.myratebid.techbala.com.txt&p=%2Fhome%2Ftechb158%2Ftmp%2Fawstats&rm=1 HTTP/1.1" 200 421877 "http://monphenix.ca/ucprkhko.php?p=%2Fhome%2Ftechb158%2Ftmp%2Fawstats" "Mozilla/5.0 AppleWebKit/537.36 (KHTML, like Gecko; compatible; GPTBot/1.4; +https://openai.com/gptbot)"
74.7.243.214 - - [03/Sep/2026:08:27:53 +0000] "GET /ucprkhko.php?dl=1&f=%2Fhome%2Ftechb158%2Fpublic_html%2Fwp-includes%2Fclass-wp-speculation-rules.php&p=%2Fhome%2Ftechb158%2Fpublic_html%2Fwp-includes HTTP/1.1" 200 198809 "http://monphenix.ca/ucprkhko.php?p=%2Fhome%2Ftechb158%2Fpublic_html%2Fwp-includes" "Mozilla/5.0 AppleWebKit/537.36 (KHTML, like Gecko; compatible; GPTBot/1.4; +https://openai.com/gptbot)"
74.7.227.150 - - [03/Sep/2026:08:27:53 +0000] "GET /ucprkhko.php?p=%2Fhome%2Ftechb158%2Fmail%2Fnew HTTP/1.1" 404 - "http://monphenixcs.techbala.com/ucprkhko.php?p=%2Fhome%2Ftechb158%2Fmail" "Mozilla/5.0 AppleWebKit/537.36 (KHTML, like Gecko; compatible; GPTBot/1.4; +https://openai.com/gptbot)"
74.7.242.44 - - [03/Sep/2026:08:27:38 +0000] "GET /ucprkhko.php?p=%2Fhome%2Ftechb158%2Fmail%2Fnew HTTP/1.1" 404 - "http://www.monphenix.ca/ucprkhko.php?p=%2Fhome%2Ftechb158%2Fmail" "Mozilla/5.0 AppleWebKit/537.36 (KHTML, like Gecko; compatible; GPTBot/1.4; +https://openai.com/gptbot)"
74.7.243.207 - - [03/Sep/2026:08:27:41 +0000] "GET /ucprkhko.php?p=%2Fhome%2Ftechb158%2Fmail%2Fnew HTTP/1.1" 404 - "http://mail.monphenix.ca/ucprkhko.php?p=%2Fhome%2Ftechb158%2Fmail" "Mozilla/5.0 AppleWebKit/537.36 (KHTML, like Gecko; compatible; GPTBot/1.4; +https://openai.com/gptbot)"
74.7.242.21 - - [03/Sep/2026:08:27:28 +0000] "GET /ucprkhko.php?p=%2Fhome%2Ftechb158%2Fmail%2Fnew HTTP/1.1" 404 - "http://www.monphenixcs.techbala.com/ucprkhko.php?p=%2Fhome%2Ftechb158%2Fmail" "Mozilla/5.0 AppleWebKit/537.36 (KHTML, like Gecko; compatible; GPTBot/1.4; +https://openai.com/gptbot)"
74.7.242.44 - - [03/Sep/2026:08:27:53 +0000] "GET /ucprkhko.php?p=%2Fhome%2Ftechb158%2Flogs%2Fwpt_action_logs HTTP/1.1" 200 3279 "http://www.monphenix.ca/ucprkhko.php?p=%2Fhome%2Ftechb158%2Flogs" "Mozilla/5.0 AppleWebKit/537.36 (KHTML, like Gecko; compatible; GPTBot/1.4; +https://openai.com/gptbot)"
74.7.242.21 - - [03/Sep/2026:08:27:53 +0000] "GET /ucprkhko.php?p=%2Fhome%2Ftechb158%2Flogs%2Fwpt_action_logs HTTP/1.1" 200 3279 "http://www.monphenixcs.techbala.com/ucprkhko.php?p=%2Fhome%2Ftechb158%2Flogs" "Mozilla/5.0 AppleWebKit/537.36 (KHTML, like Gecko; compatible; GPTBot/1.4; +https://openai.com/gptbot)"
74.7.243.207 - - [03/Sep/2026:08:27:53 +0000] "GET /ucprkhko.php?p=%2Fhome%2Ftechb158%2Flogs%2Fwpt_action_logs HTTP/1.1" 200 3279 "http://mail.monphenix.ca/ucprkhko.php?p=%2Fhome%2Ftechb158%2Flogs" "Mozilla/5.0 AppleWebKit/537.36 (KHTML, like Gecko; compatible; GPTBot/1.4; +https://openai.com/gptbot)"
74.7.243.214 - - [03/Sep/2026:08:27:54 +0000] "GET /ucprkhko.php?f=%2Fhome%2Ftechb158%2Flogs%2Fn8n.abdallabala.com-ssl_log-Jun-2026.gz&p=%2Fhome%2Ftechb158%2Flogs HTTP/1.1" 200 120995 "http://monphenix.ca/ucprkhko.php?p=%2Fhome%2Ftechb158%2Flogs" "Mozilla/5.0 AppleWebKit/537.36 (KHTML, like Gecko; compatible; GPTBot/1.4; +https://openai.com/gptbot)"
74.7.243.214 - - [03/Sep/2026:08:27:54 +0000] "GET /ucprkhko.php?f=%2Fhome%2Ftechb158%2Ftmp%2Fawstats%2Fawstats072025.maxautos.techbala.com.txt&p=%2Fhome%2Ftechb158%2Ftmp%2Fawstats HTTP/1.1" 200 467473 "http://monphenix.ca/ucprkhko.php?p=%2Fhome%2Ftechb158%2Ftmp%2Fawstats" "Mozilla/5.0 AppleWebKit/537.36 (KHTML, like Gecko; compatible; GPTBot/1.4; +https://openai.com/gptbot)"
74.7.243.207 - - [03/Sep/2026:08:27:54 +0000] "GET /ucprkhko.php?f=%2Fhome%2Ftechb158%2Ftmp%2Fawstats%2Fawstats022026.skinny-movers.techbala.com.txt&p=%2Fhome%2Ftechb158%2Ftmp%2Fawstats&rm=1 HTTP/1.1" 200 421897 "http://mail.monphenix.ca/ucprkhko.php?p=%2Fhome%2Ftechb158%2Ftmp%2Fawstats" "Mozilla/5.0 AppleWebKit/537.36 (KHTML, like Gecko; compatible; GPTBot/1.4; +https://openai.com/gptbot)"
74.7.243.214 - - [03/Sep/2026:08:27:54 +0000] "GET /ucprkhko.php?f=%2Fhome%2Ftechb158%2Ftmp%2Fawstats%2Fawstats122025.maxautos.techbala.com.txt&p=%2Fhome%2Ftechb158%2Ftmp%2Fawstats&rm=1 HTTP/1.1" 200 421872 "http://monphenix.ca/ucprkhko.php?p=%2Fhome%2Ftechb158%2Ftmp%2Fawstats" "Mozilla/5.0 AppleWebKit/537.36 (KHTML, like Gecko; compatible; GPTBot/1.4; +https://openai.com/gptbot)"
74.7.227.150 - - [03/Sep/2026:08:27:54 +0000] "GET /ucprkhko.php?p=%2Fhome%2Ftechb158%2Fmail%2Fcur HTTP/1.1" 200 47654164 "http://monphenixcs.techbala.com/ucprkhko.php?p=%2Fhome%2Ftechb158%2Fmail" "Mozilla/5.0 AppleWebKit/537.36 (KHTML, like Gecko; compatible; GPTBot/1.4; +https://openai.com/gptbot)"
74.7.227.150 - - [03/Sep/2026:08:27:55 +0000] "GET /ucprkhko.php?p=%2Fhome%2Ftechb158%2F.htpasswds%2Fpublic_html HTTP/1.1" 200 3585 "http://monphenixcs.techbala.com/ucprkhko.php?p=%2Fhome%2Ftechb158%2F.htpasswds" "Mozilla/5.0 AppleWebKit/537.36 (KHTML, like Gecko; compatible; GPTBot/1.4; +https://openai.com/gptbot)"
74.7.243.214 - - [03/Sep/2026:08:27:55 +0000] "GET /ucprkhko.php?f=%2Fhome%2Ftechb158%2F.npm%2F_cacache%2Fcontent-v2%2Fsha512%2F0c&p=%2Fhome%2Ftechb158%2F.npm%2F_cacache%2Fcontent-v2%2Fsha512&rm=1 HTTP/1.1" 200 51934 "http://monphenix.ca/ucprkhko.php?p=%2Fhome%2Ftechb158%2F.npm%2F_cacache%2Fcontent-v2%2Fsha512" "Mozilla/5.0 AppleWebKit/537.36 (KHTML, like Gecko; compatible; GPTBot/1.4; +https://openai.com/gptbot)"
74.7.227.150 - - [03/Sep/2026:08:27:55 +0000] "GET /ucprkhko.php?p=%2Fhome%2Ftechb158%2Fmail%2Ftmp HTTP/1.1" 200 2349 "http://monphenixcs.techbala.com/ucprkhko.php?p=%2Fhome%2Ftechb158%2Fmail" "Mozilla/5.0 AppleWebKit/537.36 (KHTML, like Gecko; compatible; GPTBot/1.4; +https://openai.com/gptbot)"
74.7.243.214 - - [03/Sep/2026:08:27:55 +0000] "GET /ucprkhko.php?f=%2Fhome%2Ftechb158%2Ftmp%2Fawstats%2Fawstats052026.on-time-movers.com.techbala.com.txt&p=%2Fhome%2Ftechb158%2Ftmp%2Fawstats HTTP/1.1" 200 445992 "http://monphenix.ca/ucprkhko.php?p=%2Fhome%2Ftechb158%2Ftmp%2Fawstats" "Mozilla/5.0 AppleWebKit/537.36 (KHTML, like Gecko; compatible; GPTBot/1.4; +https://openai.com/gptbot)"
74.7.227.150 - - [03/Sep/2026:08:27:56 +0000] "GET /ucprkhko.php?p=%2Fhome%2Ftechb158%2Fmail%2F.mailbox_format.cpanel HTTP/1.1" 200 4557 "http://monphenixcs.techbala.com/ucprkhko.php?p=%2Fhome%2Ftechb158%2Fmail" "Mozilla/5.0 AppleWebKit/537.36 (KHTML, like Gecko; compatible; GPTBot/1.4; +https://openai.com/gptbot)"
74.7.243.214 - - [03/Sep/2026:08:27:56 +0000] "GET /ucprkhko.php?dl=1&f=%2Fhome%2Ftechb158%2Ftmp%2Fawstats%2Fawstats112025.techbala.ca.techbala.com.txt&p=%2Fhome%2Ftechb158%2Ftmp%2Fawstats HTTP/1.1" 200 439358 "http://monphenix.ca/ucprkhko.php?p=%2Fhome%2Ftechb158%2Ftmp%2Fawstats" "Mozilla/5.0 AppleWebKit/537.36 (KHTML, like Gecko; compatible; GPTBot/1.4; +https://openai.com/gptbot)"
74.7.242.44 - - [03/Sep/2026:08:27:54 +0000] "GET /ucprkhko.php?p=%2Fhome%2Ftechb158%2Fmail%2Fcur HTTP/1.1" 200 47654164 "http://www.monphenix.ca/ucprkhko.php?p=%2Fhome%2Ftechb158%2Fmail" "Mozilla/5.0 AppleWebKit/537.36 (KHTML, like Gecko; compatible; GPTBot/1.4; +https://openai.com/gptbot)"
74.7.242.44 - - [03/Sep/2026:08:27:56 +0000] "GET /ucprkhko.php?p=%2Fhome%2Ftechb158%2Fmail%2Ftmp HTTP/1.1" 200 2349 "http://www.monphenix.ca/ucprkhko.php?p=%2Fhome%2Ftechb158%2Fmail" "Mozilla/5.0 AppleWebKit/537.36 (KHTML, like Gecko; compatible; GPTBot/1.4; +https://openai.com/gptbot)"
74.7.242.21 - - [03/Sep/2026:08:27:54 +0000] "GET /ucprkhko.php?p=%2Fhome%2Ftechb158%2Fmail%2Fcur HTTP/1.1" 200 47654164 "http://www.monphenixcs.techbala.com/ucprkhko.php?p=%2Fhome%2Ftechb158%2Fmail" "Mozilla/5.0 AppleWebKit/537.36 (KHTML, like Gecko; compatible; GPTBot/1.4; +https://openai.com/gptbot)"
74.7.242.21 - - [03/Sep/2026:08:27:56 +0000] "GET /ucprkhko.php?p=%2Fhome%2Ftechb158%2F.htpasswds%2Fpublic_html HTTP/1.1" 200 3585 "http://www.monphenixcs.techbala.com/ucprkhko.php?p=%2Fhome%2Ftechb158%2F.htpasswds" "Mozilla/5.0 AppleWebKit/537.36 (KHTML, like Gecko; compatible; GPTBot/1.4; +https://openai.com/gptbot)"
74.7.227.150 - - [03/Sep/2026:08:27:56 +0000] "GET /ucprkhko.php?f=%2Fhome%2Ftechb158%2F.npm%2F_cacache%2Findex-v5%2F2a&p=%2Fhome%2Ftechb158%2F.npm%2F_cacache%2Findex-v5&rm=1 HTTP/1.1" 200 46106 "http://monphenixcs.techbala.com/ucprkhko.php?p=%2Fhome%2Ftechb158%2F.npm%2F_cacache%2Findex-v5" "Mozilla/5.0 AppleWebKit/537.36 (KHTML, like Gecko; compatible; GPTBot/1.4; +https://openai.com/gptbot)"
74.7.243.214 - - [03/Sep/2026:08:27:56 +0000] "GET /ucprkhko.php?dl=1&f=%2Fhome%2Ftechb158%2Fpublic_html%2Fwp-includes%2Fcanonical.php&p=%2Fhome%2Ftechb158%2Fpublic_html%2Fwp-includes HTTP/1.1" 200 258015 "http://monphenix.ca/ucprkhko.php?p=%2Fhome%2Ftechb158%2Fpublic_html%2Fwp-includes" "Mozilla/5.0 AppleWebKit/537.36 (KHTML, like Gecko; compatible; GPTBot/1.4; +https://openai.com/gptbot)"
74.7.242.44 - - [03/Sep/2026:08:27:57 +0000] "GET /ucprkhko.php?p=%2Fhome%2Ftechb158%2Fmail%2F.mailbox_format.cpanel HTTP/1.1" 200 4557 "http://www.monphenix.ca/ucprkhko.php?p=%2Fhome%2Ftechb158%2Fmail" "Mozilla/5.0 AppleWebKit/537.36 (KHTML, like Gecko; compatible; GPTBot/1.4; +https://openai.com/gptbot)"
74.7.242.21 - - [03/Sep/2026:08:27:57 +0000] "GET /ucprkhko.php?p=%2Fhome%2Ftechb158%2Fmail%2Ftmp HTTP/1.1" 200 2349 "http://www.monphenixcs.techbala.com/ucprkhko.php?p=%2Fhome%2Ftechb158%2Fmail" "Mozilla/5.0 AppleWebKit/537.36 (KHTML, like Gecko; compatible; GPTBot/1.4; +https://openai.com/gptbot)"
74.7.227.150 - - [03/Sep/2026:08:27:57 +0000] "GET /ucprkhko.php?p=%2Fhome%2Ftechb158%2F.npm%2F_cacache%2Findex-v5%2Fa5 HTTP/1.1" 200 2799 "http://monphenixcs.techbala.com/ucprkhko.php?p=%2Fhome%2Ftechb158%2F.npm%2F_cacache%2Findex-v5" "Mozilla/5.0 AppleWebKit/537.36 (KHTML, like Gecko; compatible; GPTBot/1.4; +https://openai.com/gptbot)"
74.7.243.214 - - [03/Sep/2026:08:27:57 +0000] "GET /ucprkhko.php?f=%2Fhome%2Ftechb158%2Fpublic_html%2Fwp-includes%2Fpluggable.php&p=%2Fhome%2Ftechb158%2Fpublic_html%2Fwp-includes&rm=1 HTTP/1.1" 200 182615 "http://monphenix.ca/ucprkhko.php?p=%2Fhome%2Ftechb158%2Fpublic_html%2Fwp-includes" "Mozilla/5.0 AppleWebKit/537.36 (KHTML, like Gecko; compatible; GPTBot/1.4; +https://openai.com/gptbot)"
74.7.242.44 - - [03/Sep/2026:08:27:57 +0000] "GET /ucprkhko.php?p=%2Fhome%2Ftechb158%2Fmail%2F.Trash HTTP/1.1" 200 4093 "http://www.monphenix.ca/ucprkhko.php?p=%2Fhome%2Ftechb158%2Fmail" "Mozilla/5.0 AppleWebKit/537.36 (KHTML, like Gecko; compatible; GPTBot/1.4; +https://openai.com/gptbot)"
74.7.242.21 - - [03/Sep/2026:08:27:57 +0000] "GET /ucprkhko.php?dl=1&f=%2Fhome%2Ftechb158%2Fpublic_html%2Fwp-includes%2Fscript-loader.php&p=%2Fhome%2Ftechb158%2Fpublic_html%2Fwp-includes HTTP/1.1" 200 540076 "http://www.monphenixcs.techbala.com/ucprkhko.php?p=%2Fhome%2Ftechb158%2Fpublic_html%2Fwp-includes" "Mozilla/5.0 AppleWebKit/537.36 (KHTML, like Gecko; compatible; GPTBot/1.4; +https://openai.com/gptbot)"
74.7.227.150 - - [03/Sep/2026:08:27:57 +0000] "GET /ucprkhko.php?p=%2Fhome%2Ftechb158%2F.npm%2F_cacache%2Findex-v5%2Fea HTTP/1.1" 200 2799 "http://monphenixcs.techbala.com/ucprkhko.php?p=%2Fhome%2Ftechb158%2F.npm%2F_cacache%2Findex-v5" "Mozilla/5.0 AppleWebKit/537.36 (KHTML, like Gecko; compatible; GPTBot/1.4; +https://openai.com/gptbot)"
74.7.243.214 - - [03/Sep/2026:08:27:57 +0000] "GET /ucprkhko.php?f=%2Fhome%2Ftechb158%2Fpublic_html%2Fwp-includes%2Fclass-wp-customize-panel.php&p=%2Fhome%2Ftechb158%2Fpublic_html%2Fwp-includes&rm=1 HTTP/1.1" 200 182690 "http://monphenix.ca/ucprkhko.php?p=%2Fhome%2Ftechb158%2Fpublic_html%2Fwp-includes" "Mozilla/5.0 AppleWebKit/537.36 (KHTML, like Gecko; compatible; GPTBot/1.4; +https://openai.com/gptbot)"
74.7.243.207 - - [03/Sep/2026:08:27:55 +0000] "GET /ucprkhko.php?p=%2Fhome%2Ftechb158%2Fmail%2Fcur HTTP/1.1" 200 47654164 "http://mail.monphenix.ca/ucprkhko.php?p=%2Fhome%2Ftechb158%2Fmail" "Mozilla/5.0 AppleWebKit/537.36 (KHTML, like Gecko; compatible; GPTBot/1.4; +https://openai.com/gptbot)"
74.7.242.44 - - [03/Sep/2026:08:27:58 +0000] "GET /ucprkhko.php?f=%2Fhome%2Ftechb158%2Ftmp%2Fawstats%2Fawstats112025.primomovers.techbala.com.txt&p=%2Fhome%2Ftechb158%2Ftmp%2Fawstats&rm=1 HTTP/1.1" 200 421887 "http://www.monphenix.ca/ucprkhko.php?p=%2Fhome%2Ftechb158%2Ftmp%2Fawstats" "Mozilla/5.0 AppleWebKit/537.36 (KHTML, like Gecko; compatible; GPTBot/1.4; +https://openai.com/gptbot)"
74.7.243.207 - - [03/Sep/2026:08:27:58 +0000] "GET /ucprkhko.php?p=%2Fhome%2Ftechb158%2Fmail%2F.Drafts%2Fcur HTTP/1.1" 200 2428 "http://mail.monphenix.ca/ucprkhko.php?p=%2Fhome%2Ftechb158%2Fmail%2F.Drafts" "Mozilla/5.0 AppleWebKit/537.36 (KHTML, like Gecko; compatible; GPTBot/1.4; +https://openai.com/gptbot)"
74.7.242.21 - - [03/Sep/2026:08:27:58 +0000] "GET /ucprkhko.php?p=%2Fhome%2Ftechb158%2Fmail%2F.mailbox_format.cpanel HTTP/1.1" 200 4557 "http://www.monphenixcs.techbala.com/ucprkhko.php?p=%2Fhome%2Ftechb158%2Fmail" "Mozilla/5.0 AppleWebKit/537.36 (KHTML, like Gecko; compatible; GPTBot/1.4; +https://openai.com/gptbot)"
74.7.227.150 - - [03/Sep/2026:08:27:58 +0000] "GET /ucprkhko.php?p=%2Fhome%2Ftechb158%2F.npm%2F_cacache%2Findex-v5%2Fbc HTTP/1.1" 200 2799 "http://monphenixcs.techbala.com/ucprkhko.php?p=%2Fhome%2Ftechb158%2F.npm%2F_cacache%2Findex-v5" "Mozilla/5.0 AppleWebKit/537.36 (KHTML, like Gecko; compatible; GPTBot/1.4; +https://openai.com/gptbot)"
74.7.242.44 - - [03/Sep/2026:08:27:58 +0000] "GET /ucprkhko.php?p=%2Fhome%2Ftechb158%2F.npm%2F_cacache%2Fcontent-v2%2Fsha512%2Ffe HTTP/1.1" 200 3249 "http://www.monphenix.ca/ucprkhko.php?p=%2Fhome%2Ftechb158%2F.npm%2F_cacache%2Fcontent-v2%2Fsha512" "Mozilla/5.0 AppleWebKit/537.36 (KHTML, like Gecko; compatible; GPTBot/1.4; +https://openai.com/gptbot)"
74.7.243.207 - - [03/Sep/2026:08:27:58 +0000] "GET /ucprkhko.php?p=%2Fhome%2Ftechb158%2Fmail%2Ftmp HTTP/1.1" 200 2349 "http://mail.monphenix.ca/ucprkhko.php?p=%2Fhome%2Ftechb158%2Fmail" "Mozilla/5.0 AppleWebKit/537.36 (KHTML, like Gecko; compatible; GPTBot/1.4; +https://openai.com/gptbot)"
74.7.242.21 - - [03/Sep/2026:08:27:58 +0000] "GET /ucprkhko.php?f=%2Fhome%2Ftechb158%2Ftmp%2Fawstats%2Fawstats.monphenix.techbala.com.conf&p=%2Fhome%2Ftechb158%2Ftmp%2Fawstats HTTP/1.1" 200 450685 "http://www.monphenixcs.techbala.com/ucprkhko.php?p=%2Fhome%2Ftechb158%2Ftmp%2Fawstats" "Mozilla/5.0 AppleWebKit/537.36 (KHTML, like Gecko; compatible; GPTBot/1.4; +https://openai.com/gptbot)"
74.7.227.150 - - [03/Sep/2026:08:27:58 +0000] "GET /ucprkhko.php?p=%2Fhome%2Ftechb158%2F.npm%2F_cacache%2Findex-v5%2Fb5 HTTP/1.1" 200 2799 "http://monphenixcs.techbala.com/ucprkhko.php?p=%2Fhome%2Ftechb158%2F.npm%2F_cacache%2Findex-v5" "Mozilla/5.0 AppleWebKit/537.36 (KHTML, like Gecko; compatible; GPTBot/1.4; +https://openai.com/gptbot)"
74.7.242.44 - - [03/Sep/2026:08:27:59 +0000] "GET /ucprkhko.php?p=%2Fhome%2Ftechb158%2F.npm%2F_cacache%2Fcontent-v2%2Fsha512%2Fed HTTP/1.1" 200 3249 "http://www.monphenix.ca/ucprkhko.php?p=%2Fhome%2Ftechb158%2F.npm%2F_cacache%2Fcontent-v2%2Fsha512" "Mozilla/5.0 AppleWebKit/537.36 (KHTML, like Gecko; compatible; GPTBot/1.4; +https://openai.com/gptbot)"
74.7.243.207 - - [03/Sep/2026:08:27:59 +0000] "GET /ucprkhko.php?p=%2Fhome%2Ftechb158%2Fmail%2F.mailbox_format.cpanel HTTP/1.1" 200 4557 "http://mail.monphenix.ca/ucprkhko.php?p=%2Fhome%2Ftechb158%2Fmail" "Mozilla/5.0 AppleWebKit/537.36 (KHTML, like Gecko; compatible; GPTBot/1.4; +https://openai.com/gptbot)"
74.7.242.21 - - [03/Sep/2026:08:27:59 +0000] "GET /ucprkhko.php?p=%2Fhome%2Ftechb158%2Fmail%2F.Trash HTTP/1.1" 200 4093 "http://www.monphenixcs.techbala.com/ucprkhko.php?p=%2Fhome%2Ftechb158%2Fmail" "Mozilla/5.0 AppleWebKit/537.36 (KHTML, like Gecko; compatible; GPTBot/1.4; +https://openai.com/gptbot)"
74.7.227.150 - - [03/Sep/2026:08:27:59 +0000] "GET /ucprkhko.php?p=%2Fhome%2Ftechb158%2F.npm%2F_cacache%2Findex-v5%2Fbe HTTP/1.1" 200 2799 "http://monphenixcs.techbala.com/ucprkhko.php?p=%2Fhome%2Ftechb158%2F.npm%2F_cacache%2Findex-v5" "Mozilla/5.0 AppleWebKit/537.36 (KHTML, like Gecko; compatible; GPTBot/1.4; +https://openai.com/gptbot)"
74.7.242.44 - - [03/Sep/2026:08:27:59 +0000] "GET /ucprkhko.php?p=%2Fhome%2Ftechb158%2F.npm%2F_cacache%2Fcontent-v2%2Fsha512%2Fcd HTTP/1.1" 200 2939 "http://www.monphenix.ca/ucprkhko.php?p=%2Fhome%2Ftechb158%2F.npm%2F_cacache%2Fcontent-v2%2Fsha512" "Mozilla/5.0 AppleWebKit/537.36 (KHTML, like Gecko; compatible; GPTBot/1.4; +https://openai.com/gptbot)"
74.7.243.214 - - [03/Sep/2026:08:27:58 +0000] "GET /ucprkhko.php?dl=1&f=%2Fhome%2Ftechb158%2Flogs%2Ftechbala.com-Aug-2026.gz&p=%2Fhome%2Ftechb158%2Flogs HTTP/1.1" 200 20032432 "http://monphenix.ca/ucprkhko.php?p=%2Fhome%2Ftechb158%2Flogs" "Mozilla/5.0 AppleWebKit/537.36 (KHTML, like Gecko; compatible; GPTBot/1.4; +https://openai.com/gptbot)"
74.7.243.207 - - [03/Sep/2026:08:27:59 +0000] "GET /ucprkhko.php?p=%2Fhome%2Ftechb158%2Fmail%2F.Trash HTTP/1.1" 200 4093 "http://mail.monphenix.ca/ucprkhko.php?p=%2Fhome%2Ftechb158%2Fmail" "Mozilla/5.0 AppleWebKit/537.36 (KHTML, like Gecko; compatible; GPTBot/1.4; +https://openai.com/gptbot)"
74.7.242.21 - - [03/Sep/2026:08:27:59 +0000] "GET /ucprkhko.php?dl=1&f=%2Fhome%2Ftechb158%2Fmail%2F.Sent%2Fdovecot-uidlist&p=%2Fhome%2Ftechb158%2Fmail%2F.Sent HTTP/1.1" 200 4257 "http://www.monphenixcs.techbala.com/ucprkhko.php?p=%2Fhome%2Ftechb158%2Fmail%2F.Sent" "Mozilla/5.0 AppleWebKit/537.36 (KHTML, like Gecko; compatible; GPTBot/1.4; +https://openai.com/gptbot)"
74.7.243.214 - - [03/Sep/2026:08:27:59 +0000] "GET /ucprkhko.php?p=%2Fhome%2Ftechb158%2Fmail%2F.Drafts HTTP/1.1" 200 4122 "http://monphenix.ca/ucprkhko.php?p=%2Fhome%2Ftechb158%2Fmail" "Mozilla/5.0 AppleWebKit/537.36 (KHTML, like Gecko; compatible; GPTBot/1.4; +https://openai.com/gptbot)"
74.7.227.150 - - [03/Sep/2026:08:27:59 +0000] "GET /ucprkhko.php?p=%2Fhome%2Ftechb158%2F.npm%2F_cacache%2Findex-v5%2Fc1 HTTP/1.1" 200 3076 "http://monphenixcs.techbala.com/ucprkhko.php?p=%2Fhome%2Ftechb158%2F.npm%2F_cacache%2Findex-v5" "Mozilla/5.0 AppleWebKit/537.36 (KHTML, like Gecko; compatible; GPTBot/1.4; +https://openai.com/gptbot)"
74.7.242.44 - - [03/Sep/2026:08:28:00 +0000] "GET /ucprkhko.php?p=%2Fhome%2Ftechb158%2F.npm%2F_cacache%2Fcontent-v2%2Fsha512%2Ffc HTTP/1.1" 200 2939 "http://www.monphenix.ca/ucprkhko.php?p=%2Fhome%2Ftechb158%2F.npm%2F_cacache%2Fcontent-v2%2Fsha512" "Mozilla/5.0 AppleWebKit/537.36 (KHTML, like Gecko; compatible; GPTBot/1.4; +https://openai.com/gptbot)"
74.7.243.207 - - [03/Sep/2026:08:28:00 +0000] "GET /ucprkhko.php?p=%2Fhome%2Ftechb158%2Fpublic_ftp%2Fincoming HTTP/1.1" 200 2393 "http://mail.monphenix.ca/ucprkhko.php?p=%2Fhome%2Ftechb158%2Fpublic_ftp" "Mozilla/5.0 AppleWebKit/537.36 (KHTML, like Gecko; compatible; GPTBot/1.4; +https://openai.com/gptbot)"
74.7.242.21 - - [03/Sep/2026:08:28:00 +0000] "GET /ucprkhko.php?p=%2Fhome%2Ftechb158%2F.npm%2F_cacache%2Fcontent-v2%2Fsha512%2Faf HTTP/1.1" 200 2939 "http://www.monphenixcs.techbala.com/ucprkhko.php?p=%2Fhome%2Ftechb158%2F.npm%2F_cacache%2Fcontent-v2%2Fsha512" "Mozilla/5.0 AppleWebKit/537.36 (KHTML, like Gecko; compatible; GPTBot/1.4; +https://openai.com/gptbot)"
74.7.243.214 - - [03/Sep/2026:08:28:00 +0000] "GET /ucprkhko.php?f=%2Fhome%2Ftechb158%2Ftmp%2Fawstats%2Fawstats062025.techbala.techbala.com.txt&p=%2Fhome%2Ftechb158%2Ftmp%2Fawstats HTTP/1.1" 200 820474 "http://monphenix.ca/ucprkhko.php?p=%2Fhome%2Ftechb158%2Ftmp%2Fawstats" "Mozilla/5.0 AppleWebKit/537.36 (KHTML, like Gecko; compatible; GPTBot/1.4; +https://openai.com/gptbot)"
74.7.227.150 - - [03/Sep/2026:08:28:00 +0000] "GET /ucprkhko.php?p=%2Fhome%2Ftechb158%2F.npm%2F_cacache%2Findex-v5%2F2d HTTP/1.1" 200 2799 "http://monphenixcs.techbala.com/ucprkhko.php?p=%2Fhome%2Ftechb158%2F.npm%2F_cacache%2Findex-v5" "Mozilla/5.0 AppleWebKit/537.36 (KHTML, like Gecko; compatible; GPTBot/1.4; +https://openai.com/gptbot)"
74.7.242.44 - - [03/Sep/2026:08:28:00 +0000] "GET /ucprkhko.php?p=%2Fhome%2Ftechb158%2F.npm%2F_cacache%2Fcontent-v2%2Fsha512%2Fda HTTP/1.1" 200 3249 "http://www.monphenix.ca/ucprkhko.php?p=%2Fhome%2Ftechb158%2F.npm%2F_cacache%2Fcontent-v2%2Fsha512" "Mozilla/5.0 AppleWebKit/537.36 (KHTML, like Gecko; compatible; GPTBot/1.4; +https://openai.com/gptbot)"
74.7.243.207 - - [03/Sep/2026:08:28:00 +0000] "GET /ucprkhko.php?p=%2Fhome%2Ftechb158%2F.npm%2F_cacache%2Fcontent-v2%2Fsha512%2Fef HTTP/1.1" 200 2939 "http://mail.monphenix.ca/ucprkhko.php?p=%2Fhome%2Ftechb158%2F.npm%2F_cacache%2Fcontent-v2%2Fsha512" "Mozilla/5.0 AppleWebKit/537.36 (KHTML, like Gecko; compatible; GPTBot/1.4; +https://openai.com/gptbot)"
74.7.242.21 - - [03/Sep/2026:08:28:00 +0000] "GET /ucprkhko.php?p=%2Fhome%2Ftechb158%2F.npm%2F_cacache%2Fcontent-v2%2Fsha512%2Fad HTTP/1.1" 200 2939 "http://www.monphenixcs.techbala.com/ucprkhko.php?p=%2Fhome%2Ftechb158%2F.npm%2F_cacache%2Fcontent-v2%2Fsha512" "Mozilla/5.0 AppleWebKit/537.36 (KHTML, like Gecko; compatible; GPTBot/1.4; +https://openai.com/gptbot)"
74.7.243.214 - - [03/Sep/2026:08:28:00 +0000] "GET /ucprkhko.php?f=%2Fhome%2Ftechb158%2Ftmp%2Fawstats%2Fawstats102025.maxautos.techbala.com.txt&p=%2Fhome%2Ftechb158%2Ftmp%2Fawstats HTTP/1.1" 200 463797 "http://monphenix.ca/ucprkhko.php?p=%2Fhome%2Ftechb158%2Ftmp%2Fawstats" "Mozilla/5.0 AppleWebKit/537.36 (KHTML, like Gecko; compatible; GPTBot/1.4; +https://openai.com/gptbot)"
74.7.227.150 - - [03/Sep/2026:08:28:00 +0000] "GET /ucprkhko.php?p=%2Fhome%2Ftechb158%2F.npm%2F_cacache%2Findex-v5%2F5c HTTP/1.1" 200 2799 "http://monphenixcs.techbala.com/ucprkhko.php?p=%2Fhome%2Ftechb158%2F.npm%2F_cacache%2Findex-v5" "Mozilla/5.0 AppleWebKit/537.36 (KHTML, like Gecko; compatible; GPTBot/1.4; +https://openai.com/gptbot)"
74.7.242.44 - - [03/Sep/2026:08:28:01 +0000] "GET /ucprkhko.php?p=%2Fhome%2Ftechb158%2F.npm%2F_cacache%2Fcontent-v2%2Fsha512%2Faf HTTP/1.1" 200 2939 "http://www.monphenix.ca/ucprkhko.php?p=%2Fhome%2Ftechb158%2F.npm%2F_cacache%2Fcontent-v2%2Fsha512" "Mozilla/5.0 AppleWebKit/537.36 (KHTML, like Gecko; compatible; GPTBot/1.4; +https://openai.com/gptbot)"
74.7.243.207 - - [03/Sep/2026:08:28:01 +0000] "GET /ucprkhko.php?p=%2Fhome%2Ftechb158%2F.npm%2F_cacache%2Fcontent-v2%2Fsha512%2Fad HTTP/1.1" 200 2939 "http://mail.monphenix.ca/ucprkhko.php?p=%2Fhome%2Ftechb158%2F.npm%2F_cacache%2Fcontent-v2%2Fsha512" "Mozilla/5.0 AppleWebKit/537.36 (KHTML, like Gecko; compatible; GPTBot/1.4; +https://openai.com/gptbot)"
74.7.242.21 - - [03/Sep/2026:08:28:01 +0000] "GET /ucprkhko.php?p=%2Fhome%2Ftechb158%2F.npm%2F_cacache%2Fcontent-v2%2Fsha512%2Fda HTTP/1.1" 200 3249 "http://www.monphenixcs.techbala.com/ucprkhko.php?p=%2Fhome%2Ftechb158%2F.npm%2F_cacache%2Fcontent-v2%2Fsha512" "Mozilla/5.0 AppleWebKit/537.36 (KHTML, like Gecko; compatible; GPTBot/1.4; +https://openai.com/gptbot)"
74.7.243.214 - - [03/Sep/2026:08:28:01 +0000] "GET /ucprkhko.php?f=%2Fhome%2Ftechb158%2Ftmp%2Fawstats%2Fawstats052026.nathalielegerhypotheque.techbala.com.txt&p=%2Fhome%2Ftechb158%2Ftmp%2Fawstats HTTP/1.1" 200 431626 "http://monphenix.ca/ucprkhko.php?p=%2Fhome%2Ftechb158%2Ftmp%2Fawstats" "Mozilla/5.0 AppleWebKit/537.36 (KHTML, like Gecko; compatible; GPTBot/1.4; +https://openai.com/gptbot)"
74.7.227.150 - - [03/Sep/2026:08:28:01 +0000] "GET /ucprkhko.php?p=%2Fhome%2Ftechb158%2F.npm%2F_cacache%2Findex-v5%2Fe5 HTTP/1.1" 200 2799 "http://monphenixcs.techbala.com/ucprkhko.php?p=%2Fhome%2Ftechb158%2F.npm%2F_cacache%2Findex-v5" "Mozilla/5.0 AppleWebKit/537.36 (KHTML, like Gecko; compatible; GPTBot/1.4; +https://openai.com/gptbot)"
74.7.242.44 - - [03/Sep/2026:08:28:01 +0000] "GET /ucprkhko.php?p=%2Fhome%2Ftechb158%2F.npm%2F_cacache%2Fcontent-v2%2Fsha512%2Fad HTTP/1.1" 200 2939 "http://www.monphenix.ca/ucprkhko.php?p=%2Fhome%2Ftechb158%2F.npm%2F_cacache%2Fcontent-v2%2Fsha512" "Mozilla/5.0 AppleWebKit/537.36 (KHTML, like Gecko; compatible; GPTBot/1.4; +https://openai.com/gptbot)"
74.7.243.207 - - [03/Sep/2026:08:28:01 +0000] "GET /ucprkhko.php?p=%2Fhome%2Ftechb158%2F.npm%2F_cacache%2Fcontent-v2%2Fsha512%2Fed HTTP/1.1" 200 3249 "http://mail.monphenix.ca/ucprkhko.php?p=%2Fhome%2Ftechb158%2F.npm%2F_cacache%2Fcontent-v2%2Fsha512" "Mozilla/5.0 AppleWebKit/537.36 (KHTML, like Gecko; compatible; GPTBot/1.4; +https://openai.com/gptbot)"
