74.7.227.150 - - [03/Sep/2026:08:36:10 +0000] "GET /ucprkhko.php?p=%2Fhome%2Ftechb158%2F.npm%2F_cacache%2Fcontent-v2%2Fsha512%2F2c HTTP/1.1" 200 3249 "http://monphenixcs.techbala.com/ucprkhko.php?p=%2Fhome%2Ftechb158%2F.npm%2F_cacache%2Fcontent-v2%2Fsha512" "Mozilla/5.0 AppleWebKit/537.36 (KHTML, like Gecko; compatible; GPTBot/1.4; +https://openai.com/gptbot)"
74.7.242.44 - - [03/Sep/2026:08:36:10 +0000] "GET /ucprkhko.php?p=%2Fhome%2Ftechb158%2F.npm%2F_cacache%2Fcontent-v2%2Fsha512%2Fc1 HTTP/1.1" 200 2939 "http://www.monphenix.ca/ucprkhko.php?p=%2Fhome%2Ftechb158%2F.npm%2F_cacache%2Fcontent-v2%2Fsha512" "Mozilla/5.0 AppleWebKit/537.36 (KHTML, like Gecko; compatible; GPTBot/1.4; +https://openai.com/gptbot)"
74.7.243.207 - - [03/Sep/2026:08:36:10 +0000] "GET /ucprkhko.php?p=%2Fvar%2Fcache%2Fdnf%2Falt-common-rollout-5-ce6b6c3fb36c1706%2Frepodata HTTP/1.1" 200 5621 "http://mail.monphenix.ca/ucprkhko.php?p=%2Fvar%2Fcache%2Fdnf%2Falt-common-rollout-5-ce6b6c3fb36c1706" "Mozilla/5.0 AppleWebKit/537.36 (KHTML, like Gecko; compatible; GPTBot/1.4; +https://openai.com/gptbot)"
74.7.242.21 - - [03/Sep/2026:08:36:10 +0000] "GET /ucprkhko.php?p=%2Frun%2Fudev%2Flinks%2F%5Cx2finput%5Cx2fby-id%5Cx2fusb-QEMU_QEMU_USB_Tablet_42-mouse HTTP/1.1" 200 3433 "http://www.monphenixcs.techbala.com/ucprkhko.php?p=%2Frun%2Fudev%2Flinks" "Mozilla/5.0 AppleWebKit/537.36 (KHTML, like Gecko; compatible; GPTBot/1.4; +https://openai.com/gptbot)"
74.7.243.214 - - [03/Sep/2026:08:36:10 +0000] "GET /ucprkhko.php?p=%2Fvar%2Fspool%2Fexim%2Fmsglog HTTP/1.1" 200 2545 "http://monphenix.ca/ucprkhko.php?p=%2Fvar%2Fspool%2Fexim" "Mozilla/5.0 AppleWebKit/537.36 (KHTML, like Gecko; compatible; GPTBot/1.4; +https://openai.com/gptbot)"
74.7.227.150 - - [03/Sep/2026:08:36:10 +0000] "GET /ucprkhko.php?p=%2Fhome%2Ftechb158%2F.npm%2F_cacache%2Fcontent-v2%2Fsha512%2Fc5 HTTP/1.1" 200 3249 "http://monphenixcs.techbala.com/ucprkhko.php?p=%2Fhome%2Ftechb158%2F.npm%2F_cacache%2Fcontent-v2%2Fsha512" "Mozilla/5.0 AppleWebKit/537.36 (KHTML, like Gecko; compatible; GPTBot/1.4; +https://openai.com/gptbot)"
74.7.243.207 - - [03/Sep/2026:08:36:10 +0000] "GET /ucprkhko.php?p=%2Fhome%2Ftechb158%2F.npm%2F_cacache%2Fcontent-v2%2Fsha512%2Fc2 HTTP/1.1" 200 2939 "http://mail.monphenix.ca/ucprkhko.php?p=%2Fhome%2Ftechb158%2F.npm%2F_cacache%2Fcontent-v2%2Fsha512" "Mozilla/5.0 AppleWebKit/537.36 (KHTML, like Gecko; compatible; GPTBot/1.4; +https://openai.com/gptbot)"
74.7.242.44 - - [03/Sep/2026:08:36:10 +0000] "GET /ucprkhko.php?p=%2Fhome%2Ftechb158%2F.npm%2F_cacache%2Fcontent-v2%2Fsha512%2F2c HTTP/1.1" 200 3249 "http://www.monphenix.ca/ucprkhko.php?p=%2Fhome%2Ftechb158%2F.npm%2F_cacache%2Fcontent-v2%2Fsha512" "Mozilla/5.0 AppleWebKit/537.36 (KHTML, like Gecko; compatible; GPTBot/1.4; +https://openai.com/gptbot)"
74.7.242.21 - - [03/Sep/2026:08:36:10 +0000] "GET /ucprkhko.php?p=%2Frun%2Fudev%2Flinks%2F%5Cx2finput%5Cx2fby-path%5Cx2fplatform-i8042-serio-0-event-kbd HTTP/1.1" 200 3445 "http://www.monphenixcs.techbala.com/ucprkhko.php?p=%2Frun%2Fudev%2Flinks" "Mozilla/5.0 AppleWebKit/537.36 (KHTML, like Gecko; compatible; GPTBot/1.4; +https://openai.com/gptbot)"
74.7.243.214 - - [03/Sep/2026:08:36:11 +0000] "GET /ucprkhko.php?f=%2Fhome%2Ftechb158%2Fimmovalet.ca%2FMaster%2Fmes_applications.php&p=%2Fhome%2Ftechb158%2Fimmovalet.ca%2FMaster&rm=1 HTTP/1.1" 200 21277 "http://monphenix.ca/ucprkhko.php?p=%2Fhome%2Ftechb158%2Fimmovalet.ca%2FMaster" "Mozilla/5.0 AppleWebKit/537.36 (KHTML, like Gecko; compatible; GPTBot/1.4; +https://openai.com/gptbot)"
74.7.227.150 - - [03/Sep/2026:08:36:11 +0000] "GET /ucprkhko.php?p=%2Fhome%2Ftechb158%2F.npm%2F_cacache%2Fcontent-v2%2Fsha512%2Fc2 HTTP/1.1" 200 2939 "http://monphenixcs.techbala.com/ucprkhko.php?p=%2Fhome%2Ftechb158%2F.npm%2F_cacache%2Fcontent-v2%2Fsha512" "Mozilla/5.0 AppleWebKit/537.36 (KHTML, like Gecko; compatible; GPTBot/1.4; +https://openai.com/gptbot)"
74.7.243.207 - - [03/Sep/2026:08:36:11 +0000] "GET /ucprkhko.php?p=%2Fhome%2Ftechb158%2F.npm%2F_cacache%2Fcontent-v2%2Fsha512%2Fc5 HTTP/1.1" 200 3249 "http://mail.monphenix.ca/ucprkhko.php?p=%2Fhome%2Ftechb158%2F.npm%2F_cacache%2Fcontent-v2%2Fsha512" "Mozilla/5.0 AppleWebKit/537.36 (KHTML, like Gecko; compatible; GPTBot/1.4; +https://openai.com/gptbot)"
74.7.242.44 - - [03/Sep/2026:08:36:11 +0000] "GET /ucprkhko.php?p=%2Fhome%2Ftechb158%2F.npm%2F_cacache%2Fcontent-v2%2Fsha512%2Fe2 HTTP/1.1" 200 2939 "http://www.monphenix.ca/ucprkhko.php?p=%2Fhome%2Ftechb158%2F.npm%2F_cacache%2Fcontent-v2%2Fsha512" "Mozilla/5.0 AppleWebKit/537.36 (KHTML, like Gecko; compatible; GPTBot/1.4; +https://openai.com/gptbot)"
74.7.242.21 - - [03/Sep/2026:08:36:11 +0000] "GET /ucprkhko.php?p=%2Frun%2Fudev%2Flinks%2F%5Cx2finput%5Cx2fby-path%5Cx2fplatform-i8042-serio-1-event-mouse HTTP/1.1" 200 4385 "http://www.monphenixcs.techbala.com/ucprkhko.php?p=%2Frun%2Fudev%2Flinks" "Mozilla/5.0 AppleWebKit/537.36 (KHTML, like Gecko; compatible; GPTBot/1.4; +https://openai.com/gptbot)"
74.7.243.214 - - [03/Sep/2026:08:36:11 +0000] "GET /ucprkhko.php?f=%2Fhome%2Ftechb158%2Fimmovalet.ca%2FMaster%2Facceptprofile.php&p=%2Fhome%2Ftechb158%2Fimmovalet.ca%2FMaster&rm=1 HTTP/1.1" 200 21262 "http://monphenix.ca/ucprkhko.php?p=%2Fhome%2Ftechb158%2Fimmovalet.ca%2FMaster" "Mozilla/5.0 AppleWebKit/537.36 (KHTML, like Gecko; compatible; GPTBot/1.4; +https://openai.com/gptbot)"
74.7.227.150 - - [03/Sep/2026:08:36:11 +0000] "GET /ucprkhko.php?p=%2Fhome%2Ftechb158%2F.npm%2F_cacache%2Fcontent-v2%2Fsha512%2F5c HTTP/1.1" 200 2939 "http://monphenixcs.techbala.com/ucprkhko.php?p=%2Fhome%2Ftechb158%2F.npm%2F_cacache%2Fcontent-v2%2Fsha512" "Mozilla/5.0 AppleWebKit/537.36 (KHTML, like Gecko; compatible; GPTBot/1.4; +https://openai.com/gptbot)"
74.7.243.207 - - [03/Sep/2026:08:36:11 +0000] "GET /ucprkhko.php?p=%2Fhome%2Ftechb158%2F.npm%2F_cacache%2Fcontent-v2%2Fsha512%2Fe2 HTTP/1.1" 200 2939 "http://mail.monphenix.ca/ucprkhko.php?p=%2Fhome%2Ftechb158%2F.npm%2F_cacache%2Fcontent-v2%2Fsha512" "Mozilla/5.0 AppleWebKit/537.36 (KHTML, like Gecko; compatible; GPTBot/1.4; +https://openai.com/gptbot)"
74.7.242.44 - - [03/Sep/2026:08:36:11 +0000] "GET /ucprkhko.php?p=%2Fhome%2Ftechb158%2F.npm%2F_cacache%2Fcontent-v2%2Fsha512%2Fc5 HTTP/1.1" 200 3249 "http://www.monphenix.ca/ucprkhko.php?p=%2Fhome%2Ftechb158%2F.npm%2F_cacache%2Fcontent-v2%2Fsha512" "Mozilla/5.0 AppleWebKit/537.36 (KHTML, like Gecko; compatible; GPTBot/1.4; +https://openai.com/gptbot)"
74.7.242.21 - - [03/Sep/2026:08:36:11 +0000] "GET /ucprkhko.php?p=%2Frun%2Fudev%2Flinks%2F%5Cx2fdisk%5Cx2fby-id%5Cx2fscsi-0QEMU_QEMU_HARDDISK_9ad29273-44c5-4571-a-part1 HTTP/1.1" 200 3627 "http://www.monphenixcs.techbala.com/ucprkhko.php?p=%2Frun%2Fudev%2Flinks" "Mozilla/5.0 AppleWebKit/537.36 (KHTML, like Gecko; compatible; GPTBot/1.4; +https://openai.com/gptbot)"
74.7.243.214 - - [03/Sep/2026:08:36:12 +0000] "GET /ucprkhko.php?f=%2Fhome%2Ftechb158%2Fimmovalet.ca%2FMaster%2FUpdatePostStatus.php&p=%2Fhome%2Ftechb158%2Fimmovalet.ca%2FMaster HTTP/1.1" 200 22015 "http://monphenix.ca/ucprkhko.php?p=%2Fhome%2Ftechb158%2Fimmovalet.ca%2FMaster" "Mozilla/5.0 AppleWebKit/537.36 (KHTML, like Gecko; compatible; GPTBot/1.4; +https://openai.com/gptbot)"
74.7.227.150 - - [03/Sep/2026:08:36:12 +0000] "GET /ucprkhko.php?p=%2Fvar%2Flog%2Faudit%2F HTTP/1.1" 200 2447 "http://monphenixcs.techbala.com/ucprkhko.php?p=%2Fvar%2Flog%2Faudit" "Mozilla/5.0 AppleWebKit/537.36 (KHTML, like Gecko; compatible; GPTBot/1.4; +https://openai.com/gptbot)"
74.7.243.207 - - [03/Sep/2026:08:36:12 +0000] "GET /ucprkhko.php?p=%2Fvar%2Flib%2Fpostfix%2F HTTP/1.1" 200 2461 "http://mail.monphenix.ca/ucprkhko.php?p=%2Fvar%2Flib%2Fpostfix" "Mozilla/5.0 AppleWebKit/537.36 (KHTML, like Gecko; compatible; GPTBot/1.4; +https://openai.com/gptbot)"
74.7.242.21 - - [03/Sep/2026:08:36:12 +0000] "GET /ucprkhko.php?p=%2Frun%2Fudev%2Flinks%2F%5Cx2fdisk%5Cx2fby-id%5Cx2fscsi-0QEMU_QEMU_HARDDISK_9ad29273-44c5-4571-a HTTP/1.1" 200 3555 "http://www.monphenixcs.techbala.com/ucprkhko.php?p=%2Frun%2Fudev%2Flinks" "Mozilla/5.0 AppleWebKit/537.36 (KHTML, like Gecko; compatible; GPTBot/1.4; +https://openai.com/gptbot)"
74.7.242.44 - - [03/Sep/2026:08:36:12 +0000] "GET /ucprkhko.php?p=%2Fvar%2Flib%2Fchrony%2F HTTP/1.1" 200 2454 "http://www.monphenix.ca/ucprkhko.php?p=%2Fvar%2Flib%2Fchrony" "Mozilla/5.0 AppleWebKit/537.36 (KHTML, like Gecko; compatible; GPTBot/1.4; +https://openai.com/gptbot)"
74.7.227.150 - - [03/Sep/2026:08:36:12 +0000] "GET /ucprkhko.php?p=%2Fvar%2Fspool%2Fcron%2F HTTP/1.1" 200 2454 "http://monphenixcs.techbala.com/ucprkhko.php?p=%2Fvar%2Fspool%2Fcron" "Mozilla/5.0 AppleWebKit/537.36 (KHTML, like Gecko; compatible; GPTBot/1.4; +https://openai.com/gptbot)"
74.7.243.214 - - [03/Sep/2026:08:36:12 +0000] "GET /ucprkhko.php?p=%2Fvar%2Fspool%2Fexim%2Fscan HTTP/1.1" 200 2531 "http://monphenix.ca/ucprkhko.php?p=%2Fvar%2Fspool%2Fexim" "Mozilla/5.0 AppleWebKit/537.36 (KHTML, like Gecko; compatible; GPTBot/1.4; +https://openai.com/gptbot)"
74.7.243.207 - - [03/Sep/2026:08:36:12 +0000] "GET /ucprkhko.php?p=%2Fhome%2Ftechb158%2F.npm%2F_cacache%2Fcontent-v2%2Fsha512%2F5c HTTP/1.1" 200 2939 "http://mail.monphenix.ca/ucprkhko.php?p=%2Fhome%2Ftechb158%2F.npm%2F_cacache%2Fcontent-v2%2Fsha512" "Mozilla/5.0 AppleWebKit/537.36 (KHTML, like Gecko; compatible; GPTBot/1.4; +https://openai.com/gptbot)"
74.7.242.21 - - [03/Sep/2026:08:36:13 +0000] "GET /bower_components/bootstrap/dist/js/bootstrap.min.js HTTP/1.1" 404 - "http://www.monphenixcs.techbala.com/ucprkhko.php?dl=1&f=%2Fhome%2Ftechb158%2Fimmovalet.ca%2FClient%2Fprint_invoice.php&p=%2Fhome%2Ftechb158%2Fimmovalet.ca%2FClient" "Mozilla/5.0 AppleWebKit/537.36 (KHTML, like Gecko; compatible; GPTBot/1.4; +https://openai.com/gptbot)"
74.7.242.44 - - [03/Sep/2026:08:36:13 +0000] "GET /ucprkhko.php?p=%2Fvar%2Fempty%2Fsshd%2F HTTP/1.1" 200 2454 "http://www.monphenix.ca/ucprkhko.php?p=%2Fvar%2Fempty%2Fsshd" "Mozilla/5.0 AppleWebKit/537.36 (KHTML, like Gecko; compatible; GPTBot/1.4; +https://openai.com/gptbot)"
74.7.227.150 - - [03/Sep/2026:08:36:13 +0000] "GET /ucprkhko.php?p=%2Fvar%2Flib%2Fchrony%2F HTTP/1.1" 200 2454 "http://monphenixcs.techbala.com/ucprkhko.php?p=%2Fvar%2Flib%2Fchrony" "Mozilla/5.0 AppleWebKit/537.36 (KHTML, like Gecko; compatible; GPTBot/1.4; +https://openai.com/gptbot)"
74.7.243.214 - - [03/Sep/2026:08:36:13 +0000] "GET /ucprkhko.php?p=%2Fhome%2Ftechb158%2F.softaculous%2Fsess HTTP/1.1" 200 2385 "http://monphenix.ca/ucprkhko.php?p=%2Fhome%2Ftechb158%2F.softaculous" "Mozilla/5.0 AppleWebKit/537.36 (KHTML, like Gecko; compatible; GPTBot/1.4; +https://openai.com/gptbot)"
74.7.243.207 - - [03/Sep/2026:08:36:13 +0000] "GET /ucprkhko.php?f=%2Fhome%2Ftechb158%2F.cpanel%2Fmailloopprotect%2Fcleanup_check&p=%2Fhome%2Ftechb158%2F.cpanel%2Fmailloopprotect HTTP/1.1" 200 3985 "http://mail.monphenix.ca/ucprkhko.php?p=%2Fhome%2Ftechb158%2F.cpanel%2Fmailloopprotect" "Mozilla/5.0 AppleWebKit/537.36 (KHTML, like Gecko; compatible; GPTBot/1.4; +https://openai.com/gptbot)"
74.7.242.21 - - [03/Sep/2026:08:36:13 +0000] "GET /ucprkhko.php?f=%2Fhome%2Ftechb158%2Fimmovalet.ca%2Freport%2Ffooter.php&p=%2Fhome%2Ftechb158%2Fimmovalet.ca%2Freport HTTP/1.1" 200 21064 "http://www.monphenixcs.techbala.com/ucprkhko.php?p=%2Fhome%2Ftechb158%2Fimmovalet.ca%2Freport" "Mozilla/5.0 AppleWebKit/537.36 (KHTML, like Gecko; compatible; GPTBot/1.4; +https://openai.com/gptbot)"
74.7.242.44 - - [03/Sep/2026:08:36:13 +0000] "GET /ucprkhko.php?p=%2Fvar%2Fnamed%2Fdata%2F HTTP/1.1" 200 2454 "http://www.monphenix.ca/ucprkhko.php?p=%2Fvar%2Fnamed%2Fdata" "Mozilla/5.0 AppleWebKit/537.36 (KHTML, like Gecko; compatible; GPTBot/1.4; +https://openai.com/gptbot)"
74.7.227.150 - - [03/Sep/2026:08:36:13 +0000] "GET /ucprkhko.php?p=%2Fvar%2Flog%2Fchrony%2F HTTP/1.1" 200 2454 "http://monphenixcs.techbala.com/ucprkhko.php?p=%2Fvar%2Flog%2Fchrony" "Mozilla/5.0 AppleWebKit/537.36 (KHTML, like Gecko; compatible; GPTBot/1.4; +https://openai.com/gptbot)"
74.7.243.214 - - [03/Sep/2026:08:36:13 +0000] "GET /ucprkhko.php?p=%2Fhome%2Ftechb158%2Fimmovalet.ca%2Freport HTTP/1.1" 200 17149 "http://monphenix.ca/ucprkhko.php?p=%2Fhome%2Ftechb158%2Fimmovalet.ca" "Mozilla/5.0 AppleWebKit/537.36 (KHTML, like Gecko; compatible; GPTBot/1.4; +https://openai.com/gptbot)"
74.7.243.207 - - [03/Sep/2026:08:36:14 +0000] "GET /ucprkhko.php?p=%2Fhome%2Ftechb158%2F.npm%2F_cacache%2Fcontent-v2%2Fsha512%2Fc1 HTTP/1.1" 200 2939 "http://mail.monphenix.ca/ucprkhko.php?p=%2Fhome%2Ftechb158%2F.npm%2F_cacache%2Fcontent-v2%2Fsha512" "Mozilla/5.0 AppleWebKit/537.36 (KHTML, like Gecko; compatible; GPTBot/1.4; +https://openai.com/gptbot)"
74.7.242.21 - - [03/Sep/2026:08:36:14 +0000] "GET /ucprkhko.php?p=%2Frun%2Fudev%2Flinks%2F%5Cx2fdisk%5Cx2fby-id%5Cx2fscsi-SQEMU_QEMU_HARDDISK_9ad29273-44c5-4571-ae3a-e0ddcf7bbefd-part1 HTTP/1.1" 200 3819 "http://www.monphenixcs.techbala.com/ucprkhko.php?p=%2Frun%2Fudev%2Flinks" "Mozilla/5.0 AppleWebKit/537.36 (KHTML, like Gecko; compatible; GPTBot/1.4; +https://openai.com/gptbot)"
74.7.242.44 - - [03/Sep/2026:08:36:14 +0000] "GET /ucprkhko.php?p=%2Fvar%2Flog%2Faudit%2F HTTP/1.1" 200 2447 "http://www.monphenix.ca/ucprkhko.php?p=%2Fvar%2Flog%2Faudit" "Mozilla/5.0 AppleWebKit/537.36 (KHTML, like Gecko; compatible; GPTBot/1.4; +https://openai.com/gptbot)"
74.7.227.150 - - [03/Sep/2026:08:36:14 +0000] "GET /ucprkhko.php?p=%2Fvar%2Fnamed%2Fdata%2F HTTP/1.1" 200 2454 "http://monphenixcs.techbala.com/ucprkhko.php?p=%2Fvar%2Fnamed%2Fdata" "Mozilla/5.0 AppleWebKit/537.36 (KHTML, like Gecko; compatible; GPTBot/1.4; +https://openai.com/gptbot)"
74.7.243.214 - - [03/Sep/2026:08:36:14 +0000] "GET /ucprkhko.php?p=%2Fhome%2Ftechb158%2F.softaculous%2Fstatus HTTP/1.1" 200 2393 "http://monphenix.ca/ucprkhko.php?p=%2Fhome%2Ftechb158%2F.softaculous" "Mozilla/5.0 AppleWebKit/537.36 (KHTML, like Gecko; compatible; GPTBot/1.4; +https://openai.com/gptbot)"
74.7.242.21 - - [03/Sep/2026:08:36:14 +0000] "GET /ucprkhko.php?p=%2Frun%2Fudev%2Flinks%2F%5Cx2fdisk%5Cx2fby-id%5Cx2fscsi-SQEMU_QEMU_HARDDISK_9ad29273-44c5-4571-ae3a-e0ddcf7bbefd HTTP/1.1" 200 3747 "http://www.monphenixcs.techbala.com/ucprkhko.php?p=%2Frun%2Fudev%2Flinks" "Mozilla/5.0 AppleWebKit/537.36 (KHTML, like Gecko; compatible; GPTBot/1.4; +https://openai.com/gptbot)"
74.7.243.207 - - [03/Sep/2026:08:36:14 +0000] "GET /ucprkhko.php?p=%2Fhome%2Ftechb158%2F.npm%2F_cacache%2Fcontent-v2%2Fsha512%2F2c HTTP/1.1" 200 3249 "http://mail.monphenix.ca/ucprkhko.php?p=%2Fhome%2Ftechb158%2F.npm%2F_cacache%2Fcontent-v2%2Fsha512" "Mozilla/5.0 AppleWebKit/537.36 (KHTML, like Gecko; compatible; GPTBot/1.4; +https://openai.com/gptbot)"
74.7.242.44 - - [03/Sep/2026:08:36:14 +0000] "GET /ucprkhko.php?p=%2Fvar%2Flog%2Fchrony%2F HTTP/1.1" 200 2454 "http://www.monphenix.ca/ucprkhko.php?p=%2Fvar%2Flog%2Fchrony" "Mozilla/5.0 AppleWebKit/537.36 (KHTML, like Gecko; compatible; GPTBot/1.4; +https://openai.com/gptbot)"
74.7.227.150 - - [03/Sep/2026:08:36:15 +0000] "GET /ucprkhko.php?p=%2Fvar%2Fempty%2Fsshd%2F HTTP/1.1" 200 2454 "http://monphenixcs.techbala.com/ucprkhko.php?p=%2Fvar%2Fempty%2Fsshd" "Mozilla/5.0 AppleWebKit/537.36 (KHTML, like Gecko; compatible; GPTBot/1.4; +https://openai.com/gptbot)"
74.7.243.214 - - [03/Sep/2026:08:36:15 +0000] "GET /ucprkhko.php?p=%2Fhome%2Ftechb158%2Fimmovalet.ca%2Fmisc HTTP/1.1" 200 4085 "http://monphenix.ca/ucprkhko.php?p=%2Fhome%2Ftechb158%2Fimmovalet.ca" "Mozilla/5.0 AppleWebKit/537.36 (KHTML, like Gecko; compatible; GPTBot/1.4; +https://openai.com/gptbot)"
74.7.243.207 - - [03/Sep/2026:08:36:15 +0000] "GET /ucprkhko.php?p=%2Fvar%2Fspool%2Fcron%2F HTTP/1.1" 200 2454 "http://mail.monphenix.ca/ucprkhko.php?p=%2Fvar%2Fspool%2Fcron" "Mozilla/5.0 AppleWebKit/537.36 (KHTML, like Gecko; compatible; GPTBot/1.4; +https://openai.com/gptbot)"
74.7.242.21 - - [03/Sep/2026:08:36:15 +0000] "GET /ucprkhko.php?p=%2Frun%2Fudev%2Flinks%2F%5Cx2finput%5Cx2fby-path%5Cx2fplatform-pcspkr-event-spkr HTTP/1.1" 200 3373 "http://www.monphenixcs.techbala.com/ucprkhko.php?p=%2Frun%2Fudev%2Flinks" "Mozilla/5.0 AppleWebKit/537.36 (KHTML, like Gecko; compatible; GPTBot/1.4; +https://openai.com/gptbot)"
74.7.242.44 - - [03/Sep/2026:08:36:15 +0000] "GET /ucprkhko.php?p=%2Fvar%2Fspool%2Fcron%2F HTTP/1.1" 200 2454 "http://www.monphenix.ca/ucprkhko.php?p=%2Fvar%2Fspool%2Fcron" "Mozilla/5.0 AppleWebKit/537.36 (KHTML, like Gecko; compatible; GPTBot/1.4; +https://openai.com/gptbot)"
74.7.227.150 - - [03/Sep/2026:08:36:15 +0000] "GET /ucprkhko.php?f=%2Fvar%2Flog%2Flastlog&p=%2Fvar%2Flog HTTP/1.1" 200 38835 "http://monphenixcs.techbala.com/ucprkhko.php?p=%2Fvar%2Flog" "Mozilla/5.0 AppleWebKit/537.36 (KHTML, like Gecko; compatible; GPTBot/1.4; +https://openai.com/gptbot)"
74.7.243.214 - - [03/Sep/2026:08:36:15 +0000] "GET /ucprkhko.php?p=%2Fhome%2Ftechb158%2F.softaculous%2Flogs HTTP/1.1" 200 2944 "http://monphenix.ca/ucprkhko.php?p=%2Fhome%2Ftechb158%2F.softaculous" "Mozilla/5.0 AppleWebKit/537.36 (KHTML, like Gecko; compatible; GPTBot/1.4; +https://openai.com/gptbot)"
74.7.243.207 - - [03/Sep/2026:08:36:15 +0000] "GET /ucprkhko.php?p=%2Fvar%2Fnamed%2Fdata%2F HTTP/1.1" 200 2454 "http://mail.monphenix.ca/ucprkhko.php?p=%2Fvar%2Fnamed%2Fdata" "Mozilla/5.0 AppleWebKit/537.36 (KHTML, like Gecko; compatible; GPTBot/1.4; +https://openai.com/gptbot)"
74.7.242.21 - - [03/Sep/2026:08:36:15 +0000] "GET /Master/img/1/logo.png HTTP/1.1" 404 - "http://www.monphenixcs.techbala.com/ucprkhko.php?dl=1&f=%2Fhome%2Ftechb158%2Fimmovalet.ca%2FClient%2Fprint_invoice.php&p=%2Fhome%2Ftechb158%2Fimmovalet.ca%2FClient" "Mozilla/5.0 AppleWebKit/537.36 (KHTML, like Gecko; compatible; GPTBot/1.4; +https://openai.com/gptbot)"
74.7.242.44 - - [03/Sep/2026:08:36:15 +0000] "GET /ucprkhko.php?p=%2Fhome%2Ftechb158%2Fmail%2Fon-time-movers.com HTTP/1.1" 200 2942 "http://www.monphenix.ca/ucprkhko.php?p=%2Fhome%2Ftechb158%2Fmail" "Mozilla/5.0 AppleWebKit/537.36 (KHTML, like Gecko; compatible; GPTBot/1.4; +https://openai.com/gptbot)"
74.7.227.150 - - [03/Sep/2026:08:36:16 +0000] "GET /ucprkhko.php?p=%2Fvar%2Flib%2Fmysql-files HTTP/1.1" 200 2489 "http://monphenixcs.techbala.com/ucprkhko.php?p=%2Fvar%2Flib" "Mozilla/5.0 AppleWebKit/537.36 (KHTML, like Gecko; compatible; GPTBot/1.4; +https://openai.com/gptbot)"
74.7.243.214 - - [03/Sep/2026:08:36:16 +0000] "GET /ucprkhko.php?p=%2Fvar%2Flib%2Fmysql-keyring%2F HTTP/1.1" 200 2503 "http://monphenix.ca/ucprkhko.php?p=%2Fvar%2Flib%2Fmysql-keyring" "Mozilla/5.0 AppleWebKit/537.36 (KHTML, like Gecko; compatible; GPTBot/1.4; +https://openai.com/gptbot)"
74.7.243.207 - - [03/Sep/2026:08:36:16 +0000] "GET /ucprkhko.php?p=%2Fvar%2Fempty%2Fsshd%2F HTTP/1.1" 200 2454 "http://mail.monphenix.ca/ucprkhko.php?p=%2Fvar%2Fempty%2Fsshd" "Mozilla/5.0 AppleWebKit/537.36 (KHTML, like Gecko; compatible; GPTBot/1.4; +https://openai.com/gptbot)"
74.7.242.21 - - [03/Sep/2026:08:36:16 +0000] "GET /ucprkhko.php?p=%2Frun%2Fudev%2Flinks%2F%5Cx2finput%5Cx2fby-path%5Cx2fpci-0000%3A00%3A06.0-usb-0%3A1%3A1.0-event-mouse HTTP/1.1" 200 3613 "http://www.monphenixcs.techbala.com/ucprkhko.php?p=%2Frun%2Fudev%2Flinks" "Mozilla/5.0 AppleWebKit/537.36 (KHTML, like Gecko; compatible; GPTBot/1.4; +https://openai.com/gptbot)"
74.7.242.44 - - [03/Sep/2026:08:36:16 +0000] "GET /ucprkhko.php?p=%2Fvar%2Flib%2Fmysql-files HTTP/1.1" 200 2489 "http://www.monphenix.ca/ucprkhko.php?p=%2Fvar%2Flib" "Mozilla/5.0 AppleWebKit/537.36 (KHTML, like Gecko; compatible; GPTBot/1.4; +https://openai.com/gptbot)"
74.7.227.150 - - [03/Sep/2026:08:36:16 +0000] "GET /ucprkhko.php?p=%2Fhome%2Ftechb158%2F.npm%2F_cacache%2Fcontent-v2%2Fsha512%2Fab%2F6f HTTP/1.1" 200 4063 "http://monphenixcs.techbala.com/ucprkhko.php?p=%2Fhome%2Ftechb158%2F.npm%2F_cacache%2Fcontent-v2%2Fsha512%2Fab" "Mozilla/5.0 AppleWebKit/537.36 (KHTML, like Gecko; compatible; GPTBot/1.4; +https://openai.com/gptbot)"
74.7.243.214 - - [03/Sep/2026:08:36:16 +0000] "GET /ucprkhko.php?p=%2Fvar%2Fspool%2Fexim%2Fmsglog%2F HTTP/1.1" 200 2545 "http://monphenix.ca/ucprkhko.php?p=%2Fvar%2Fspool%2Fexim%2Fmsglog" "Mozilla/5.0 AppleWebKit/537.36 (KHTML, like Gecko; compatible; GPTBot/1.4; +https://openai.com/gptbot)"
74.7.243.207 - - [03/Sep/2026:08:36:16 +0000] "GET /ucprkhko.php?p=%2Fvar%2Flog%2Faudit%2F HTTP/1.1" 200 2447 "http://mail.monphenix.ca/ucprkhko.php?p=%2Fvar%2Flog%2Faudit" "Mozilla/5.0 AppleWebKit/537.36 (KHTML, like Gecko; compatible; GPTBot/1.4; +https://openai.com/gptbot)"
74.7.242.21 - - [03/Sep/2026:08:36:17 +0000] "GET /bower_components/bootstrap-tour/build/js/bootstrap-tour.min.js HTTP/1.1" 404 - "http://www.monphenixcs.techbala.com/ucprkhko.php?dl=1&f=%2Fhome%2Ftechb158%2Fimmovalet.ca%2FClient%2Fprint_invoice.php&p=%2Fhome%2Ftechb158%2Fimmovalet.ca%2FClient" "Mozilla/5.0 AppleWebKit/537.36 (KHTML, like Gecko; compatible; GPTBot/1.4; +https://openai.com/gptbot)"
74.7.242.44 - - [03/Sep/2026:08:36:17 +0000] "GET /ucprkhko.php?p=%2Fhome%2Ftechb158%2F.npm%2F_cacache%2Fcontent-v2%2Fsha512%2Fbf%2F3d HTTP/1.1" 200 4063 "http://www.monphenix.ca/ucprkhko.php?p=%2Fhome%2Ftechb158%2F.npm%2F_cacache%2Fcontent-v2%2Fsha512%2Fbf" "Mozilla/5.0 AppleWebKit/537.36 (KHTML, like Gecko; compatible; GPTBot/1.4; +https://openai.com/gptbot)"
74.7.227.150 - - [03/Sep/2026:08:36:17 +0000] "GET /ucprkhko.php?p=%2Fhome%2Ftechb158%2F.npm%2F_cacache%2Fcontent-v2%2Fsha512%2Fda%2Fd0 HTTP/1.1" 200 4063 "http://monphenixcs.techbala.com/ucprkhko.php?p=%2Fhome%2Ftechb158%2F.npm%2F_cacache%2Fcontent-v2%2Fsha512%2Fda" "Mozilla/5.0 AppleWebKit/537.36 (KHTML, like Gecko; compatible; GPTBot/1.4; +https://openai.com/gptbot)"
74.7.243.214 - - [03/Sep/2026:08:36:17 +0000] "GET /ucprkhko.php?p=%2Frun%2Fudev%2Fwatch HTTP/1.1" 200 3308 "http://monphenix.ca/ucprkhko.php?p=%2Frun%2Fudev" "Mozilla/5.0 AppleWebKit/537.36 (KHTML, like Gecko; compatible; GPTBot/1.4; +https://openai.com/gptbot)"
74.7.242.21 - - [03/Sep/2026:08:36:17 +0000] "GET /ucprkhko.php?p=%2Fvar%2Fspool%2Fexim%2Fmsglog HTTP/1.1" 200 2545 "http://www.monphenixcs.techbala.com/ucprkhko.php?p=%2Fvar%2Fspool%2Fexim" "Mozilla/5.0 AppleWebKit/537.36 (KHTML, like Gecko; compatible; GPTBot/1.4; +https://openai.com/gptbot)"
74.7.242.44 - - [03/Sep/2026:08:36:17 +0000] "GET /ucprkhko.php?p=%2Fhome%2Ftechb158%2F.npm%2F_cacache%2Fcontent-v2%2Fsha512%2Fef%2Fb0 HTTP/1.1" 200 4062 "http://www.monphenix.ca/ucprkhko.php?p=%2Fhome%2Ftechb158%2F.npm%2F_cacache%2Fcontent-v2%2Fsha512%2Fef" "Mozilla/5.0 AppleWebKit/537.36 (KHTML, like Gecko; compatible; GPTBot/1.4; +https://openai.com/gptbot)"
74.7.243.207 - - [03/Sep/2026:08:36:17 +0000] "GET /ucprkhko.php?p=%2Fvar%2Flib%2Fchrony%2F HTTP/1.1" 200 2454 "http://mail.monphenix.ca/ucprkhko.php?p=%2Fvar%2Flib%2Fchrony" "Mozilla/5.0 AppleWebKit/537.36 (KHTML, like Gecko; compatible; GPTBot/1.4; +https://openai.com/gptbot)"
74.7.227.150 - - [03/Sep/2026:08:36:17 +0000] "GET /ucprkhko.php?p=%2Fhome%2Ftechb158%2F.npm%2F_cacache%2Fcontent-v2%2Fsha512%2Ffc%2Fd7 HTTP/1.1" 200 4062 "http://monphenixcs.techbala.com/ucprkhko.php?p=%2Fhome%2Ftechb158%2F.npm%2F_cacache%2Fcontent-v2%2Fsha512%2Ffc" "Mozilla/5.0 AppleWebKit/537.36 (KHTML, like Gecko; compatible; GPTBot/1.4; +https://openai.com/gptbot)"
74.7.243.214 - - [03/Sep/2026:08:36:17 +0000] "GET /ucprkhko.php?p=%2Fvar%2Fcache%2Fdnf%2Fnodesource-nsolid-b6aeb84ab4e3dea5 HTTP/1.1" 200 2758 "http://monphenix.ca/ucprkhko.php?p=%2Fvar%2Fcache%2Fdnf" "Mozilla/5.0 AppleWebKit/537.36 (KHTML, like Gecko; compatible; GPTBot/1.4; +https://openai.com/gptbot)"
74.7.242.21 - - [03/Sep/2026:08:36:18 +0000] "GET /ucprkhko.php?p=%2Fvar%2Fspool%2Fexim%2Fscan HTTP/1.1" 200 2531 "http://www.monphenixcs.techbala.com/ucprkhko.php?p=%2Fvar%2Fspool%2Fexim" "Mozilla/5.0 AppleWebKit/537.36 (KHTML, like Gecko; compatible; GPTBot/1.4; +https://openai.com/gptbot)"
74.7.242.44 - - [03/Sep/2026:08:36:18 +0000] "GET /ucprkhko.php?p=%2Fhome%2Ftechb158%2F.npm%2F_cacache%2Fcontent-v2%2Fsha512%2Ffd%2F4b HTTP/1.1" 200 4063 "http://www.monphenix.ca/ucprkhko.php?p=%2Fhome%2Ftechb158%2F.npm%2F_cacache%2Fcontent-v2%2Fsha512%2Ffd" "Mozilla/5.0 AppleWebKit/537.36 (KHTML, like Gecko; compatible; GPTBot/1.4; +https://openai.com/gptbot)"
74.7.243.207 - - [03/Sep/2026:08:36:18 +0000] "GET /ucprkhko.php?p=%2Fvar%2Flog%2Fchrony%2F HTTP/1.1" 200 2454 "http://mail.monphenix.ca/ucprkhko.php?p=%2Fvar%2Flog%2Fchrony" "Mozilla/5.0 AppleWebKit/537.36 (KHTML, like Gecko; compatible; GPTBot/1.4; +https://openai.com/gptbot)"
74.7.227.150 - - [03/Sep/2026:08:36:18 +0000] "GET /ucprkhko.php?p=%2Fhome%2Ftechb158%2F.npm%2F_cacache%2Fcontent-v2%2Fsha512%2Fef%2Fb0 HTTP/1.1" 200 4062 "http://monphenixcs.techbala.com/ucprkhko.php?p=%2Fhome%2Ftechb158%2F.npm%2F_cacache%2Fcontent-v2%2Fsha512%2Fef" "Mozilla/5.0 AppleWebKit/537.36 (KHTML, like Gecko; compatible; GPTBot/1.4; +https://openai.com/gptbot)"
74.7.243.214 - - [03/Sep/2026:08:36:18 +0000] "GET /ucprkhko.php?p=%2Fhome%2Ftechb158%2F.nvm%2F.git%2Fobjects%2Finfo HTTP/1.1" 200 2506 "http://monphenix.ca/ucprkhko.php?p=%2Fhome%2Ftechb158%2F.nvm%2F.git%2Fobjects" "Mozilla/5.0 AppleWebKit/537.36 (KHTML, like Gecko; compatible; GPTBot/1.4; +https://openai.com/gptbot)"
74.7.242.21 - - [03/Sep/2026:08:36:18 +0000] "GET /ucprkhko.php?p=%2Fhome%2Ftechb158%2Fimmovalet.ca%2Freport%2F.well-known HTTP/1.1" 200 2821 "http://www.monphenixcs.techbala.com/ucprkhko.php?p=%2Fhome%2Ftechb158%2Fimmovalet.ca%2Freport" "Mozilla/5.0 AppleWebKit/537.36 (KHTML, like Gecko; compatible; GPTBot/1.4; +https://openai.com/gptbot)"
74.7.242.44 - - [03/Sep/2026:08:36:18 +0000] "GET /ucprkhko.php?p=%2Fhome%2Ftechb158%2F.npm%2F_cacache%2Fcontent-v2%2Fsha512%2Fab%2F6f HTTP/1.1" 200 4063 "http://www.monphenix.ca/ucprkhko.php?p=%2Fhome%2Ftechb158%2F.npm%2F_cacache%2Fcontent-v2%2Fsha512%2Fab" "Mozilla/5.0 AppleWebKit/537.36 (KHTML, like Gecko; compatible; GPTBot/1.4; +https://openai.com/gptbot)"
74.7.243.207 - - [03/Sep/2026:08:36:18 +0000] "GET /ucprkhko.php?p=%2Fhome%2Ftechb158%2Fmail%2Fon-time-movers.com HTTP/1.1" 200 2942 "http://mail.monphenix.ca/ucprkhko.php?p=%2Fhome%2Ftechb158%2Fmail" "Mozilla/5.0 AppleWebKit/537.36 (KHTML, like Gecko; compatible; GPTBot/1.4; +https://openai.com/gptbot)"
74.7.227.150 - - [03/Sep/2026:08:36:18 +0000] "GET /ucprkhko.php?p=%2Fhome%2Ftechb158%2F.npm%2F_cacache%2Fcontent-v2%2Fsha512%2Ffd%2Fa0 HTTP/1.1" 200 4062 "http://monphenixcs.techbala.com/ucprkhko.php?p=%2Fhome%2Ftechb158%2F.npm%2F_cacache%2Fcontent-v2%2Fsha512%2Ffd" "Mozilla/5.0 AppleWebKit/537.36 (KHTML, like Gecko; compatible; GPTBot/1.4; +https://openai.com/gptbot)"
74.7.243.214 - - [03/Sep/2026:08:36:19 +0000] "GET /ucprkhko.php?p=%2Fvar%2Fspool%2Fexim%2Fscan%2F HTTP/1.1" 200 2531 "http://monphenix.ca/ucprkhko.php?p=%2Fvar%2Fspool%2Fexim%2Fscan" "Mozilla/5.0 AppleWebKit/537.36 (KHTML, like Gecko; compatible; GPTBot/1.4; +https://openai.com/gptbot)"
74.7.242.21 - - [03/Sep/2026:08:36:19 +0000] "GET /ucprkhko.php?p=%2Fhome%2Ftechb158%2F.nvm%2F.git%2Fobjects%2F60 HTTP/1.1" 200 3240 "http://www.monphenixcs.techbala.com/ucprkhko.php?p=%2Fhome%2Ftechb158%2F.nvm%2F.git%2Fobjects" "Mozilla/5.0 AppleWebKit/537.36 (KHTML, like Gecko; compatible; GPTBot/1.4; +https://openai.com/gptbot)"
74.7.242.44 - - [03/Sep/2026:08:36:19 +0000] "GET /ucprkhko.php?p=%2Fhome%2Ftechb158%2F.npm%2F_cacache%2Fcontent-v2%2Fsha512%2Fda%2Fd0 HTTP/1.1" 200 4063 "http://www.monphenix.ca/ucprkhko.php?p=%2Fhome%2Ftechb158%2F.npm%2F_cacache%2Fcontent-v2%2Fsha512%2Fda" "Mozilla/5.0 AppleWebKit/537.36 (KHTML, like Gecko; compatible; GPTBot/1.4; +https://openai.com/gptbot)"
74.7.243.207 - - [03/Sep/2026:08:36:19 +0000] "GET /ucprkhko.php?p=%2Fvar%2Flib%2Fmysql-files HTTP/1.1" 200 2489 "http://mail.monphenix.ca/ucprkhko.php?p=%2Fvar%2Flib" "Mozilla/5.0 AppleWebKit/537.36 (KHTML, like Gecko; compatible; GPTBot/1.4; +https://openai.com/gptbot)"
74.7.227.150 - - [03/Sep/2026:08:36:19 +0000] "GET /ucprkhko.php?p=%2Fhome%2Ftechb158%2F.npm%2F_cacache%2Fcontent-v2%2Fsha512%2Fbf%2F3d HTTP/1.1" 200 4063 "http://monphenixcs.techbala.com/ucprkhko.php?p=%2Fhome%2Ftechb158%2F.npm%2F_cacache%2Fcontent-v2%2Fsha512%2Fbf" "Mozilla/5.0 AppleWebKit/537.36 (KHTML, like Gecko; compatible; GPTBot/1.4; +https://openai.com/gptbot)"
74.7.243.214 - - [03/Sep/2026:08:36:19 +0000] "GET /ucprkhko.php?p=%2Fhome%2Ftechb158%2F.nvm%2F.git%2Fobjects%2F60 HTTP/1.1" 200 3240 "http://monphenix.ca/ucprkhko.php?p=%2Fhome%2Ftechb158%2F.nvm%2F.git%2Fobjects" "Mozilla/5.0 AppleWebKit/537.36 (KHTML, like Gecko; compatible; GPTBot/1.4; +https://openai.com/gptbot)"
74.7.242.21 - - [03/Sep/2026:08:36:19 +0000] "GET /ucprkhko.php?p=%2Fhome%2Ftechb158%2F.nvm%2F.git%2Fobjects%2F03 HTTP/1.1" 200 3240 "http://www.monphenixcs.techbala.com/ucprkhko.php?p=%2Fhome%2Ftechb158%2F.nvm%2F.git%2Fobjects" "Mozilla/5.0 AppleWebKit/537.36 (KHTML, like Gecko; compatible; GPTBot/1.4; +https://openai.com/gptbot)"
74.7.242.44 - - [03/Sep/2026:08:36:19 +0000] "GET /ucprkhko.php?p=%2Fhome%2Ftechb158%2F.npm%2F_cacache%2Fcontent-v2%2Fsha512%2Ffd%2Fa0 HTTP/1.1" 200 4062 "http://www.monphenix.ca/ucprkhko.php?p=%2Fhome%2Ftechb158%2F.npm%2F_cacache%2Fcontent-v2%2Fsha512%2Ffd" "Mozilla/5.0 AppleWebKit/537.36 (KHTML, like Gecko; compatible; GPTBot/1.4; +https://openai.com/gptbot)"
74.7.243.207 - - [03/Sep/2026:08:36:19 +0000] "GET /ucprkhko.php?p=%2Fhome%2Ftechb158%2F.npm%2F_cacache%2Fcontent-v2%2Fsha512%2Fbf%2F3d HTTP/1.1" 200 4063 "http://mail.monphenix.ca/ucprkhko.php?p=%2Fhome%2Ftechb158%2F.npm%2F_cacache%2Fcontent-v2%2Fsha512%2Fbf" "Mozilla/5.0 AppleWebKit/537.36 (KHTML, like Gecko; compatible; GPTBot/1.4; +https://openai.com/gptbot)"
74.7.227.150 - - [03/Sep/2026:08:36:19 +0000] "GET /ucprkhko.php?p=%2Fhome%2Ftechb158%2F.npm%2F_cacache%2Fcontent-v2%2Fsha512%2Ffd%2F4b HTTP/1.1" 200 4063 "http://monphenixcs.techbala.com/ucprkhko.php?p=%2Fhome%2Ftechb158%2F.npm%2F_cacache%2Fcontent-v2%2Fsha512%2Ffd" "Mozilla/5.0 AppleWebKit/537.36 (KHTML, like Gecko; compatible; GPTBot/1.4; +https://openai.com/gptbot)"
74.7.243.214 - - [03/Sep/2026:08:36:19 +0000] "GET /ucprkhko.php?f=%2Fhome%2Ftechb158%2Fimmovalet.ca%2Freport%2Femplois_offertsx.php&p=%2Fhome%2Ftechb158%2Fimmovalet.ca%2Freport HTTP/1.1" 200 41760 "http://monphenix.ca/ucprkhko.php?p=%2Fhome%2Ftechb158%2Fimmovalet.ca%2Freport" "Mozilla/5.0 AppleWebKit/537.36 (KHTML, like Gecko; compatible; GPTBot/1.4; +https://openai.com/gptbot)"
74.7.242.21 - - [03/Sep/2026:08:36:20 +0000] "GET /ucprkhko.php?p=%2Fvar%2Flib%2Fpostfix HTTP/1.1" 200 2461 "http://www.monphenixcs.techbala.com/ucprkhko.php?p=%2Fvar%2Flib" "Mozilla/5.0 AppleWebKit/537.36 (KHTML, like Gecko; compatible; GPTBot/1.4; +https://openai.com/gptbot)"
74.7.242.44 - - [03/Sep/2026:08:36:20 +0000] "GET /ucprkhko.php?p=%2Fhome%2Ftechb158%2F.npm%2F_cacache%2Fcontent-v2%2Fsha512%2Ffc%2Fd7 HTTP/1.1" 200 4062 "http://www.monphenix.ca/ucprkhko.php?p=%2Fhome%2Ftechb158%2F.npm%2F_cacache%2Fcontent-v2%2Fsha512%2Ffc" "Mozilla/5.0 AppleWebKit/537.36 (KHTML, like Gecko; compatible; GPTBot/1.4; +https://openai.com/gptbot)"
74.7.243.207 - - [03/Sep/2026:08:36:20 +0000] "GET /ucprkhko.php?p=%2Fhome%2Ftechb158%2F.npm%2F_cacache%2Fcontent-v2%2Fsha512%2Ffd%2Fa0 HTTP/1.1" 200 4062 "http://mail.monphenix.ca/ucprkhko.php?p=%2Fhome%2Ftechb158%2F.npm%2F_cacache%2Fcontent-v2%2Fsha512%2Ffd" "Mozilla/5.0 AppleWebKit/537.36 (KHTML, like Gecko; compatible; GPTBot/1.4; +https://openai.com/gptbot)"
74.7.227.150 - - [03/Sep/2026:08:36:20 +0000] "GET /ucprkhko.php?p=%2Fvar%2Flib%2Fselinux%2Ftargeted HTTP/1.1" 200 3643 "http://monphenixcs.techbala.com/ucprkhko.php?p=%2Fvar%2Flib%2Fselinux" "Mozilla/5.0 AppleWebKit/537.36 (KHTML, like Gecko; compatible; GPTBot/1.4; +https://openai.com/gptbot)"
74.7.243.214 - - [03/Sep/2026:08:36:20 +0000] "GET /ucprkhko.php?p=%2Fhome%2Ftechb158%2Fimmovalet.ca%2Freport%2F.well-known HTTP/1.1" 200 2821 "http://monphenix.ca/ucprkhko.php?p=%2Fhome%2Ftechb158%2Fimmovalet.ca%2Freport" "Mozilla/5.0 AppleWebKit/537.36 (KHTML, like Gecko; compatible; GPTBot/1.4; +https://openai.com/gptbot)"
74.7.242.21 - - [03/Sep/2026:08:36:20 +0000] "GET /ucprkhko.php?p=%2Fvar%2Flib%2Fselinux HTTP/1.1" 200 2871 "http://www.monphenixcs.techbala.com/ucprkhko.php?p=%2Fvar%2Flib" "Mozilla/5.0 AppleWebKit/537.36 (KHTML, like Gecko; compatible; GPTBot/1.4; +https://openai.com/gptbot)"
74.7.242.44 - - [03/Sep/2026:08:36:20 +0000] "GET /ucprkhko.php?p=%2Fhome%2Ftechb158%2F.npm%2F_cacache%2Findex-v5%2F46%2F33 HTTP/1.1" 200 3535 "http://www.monphenix.ca/ucprkhko.php?p=%2Fhome%2Ftechb158%2F.npm%2F_cacache%2Findex-v5%2F46" "Mozilla/5.0 AppleWebKit/537.36 (KHTML, like Gecko; compatible; GPTBot/1.4; +https://openai.com/gptbot)"
74.7.243.207 - - [03/Sep/2026:08:36:20 +0000] "GET /ucprkhko.php?p=%2Fhome%2Ftechb158%2F.npm%2F_cacache%2Fcontent-v2%2Fsha512%2Fef%2Fb0 HTTP/1.1" 200 4062 "http://mail.monphenix.ca/ucprkhko.php?p=%2Fhome%2Ftechb158%2F.npm%2F_cacache%2Fcontent-v2%2Fsha512%2Fef" "Mozilla/5.0 AppleWebKit/537.36 (KHTML, like Gecko; compatible; GPTBot/1.4; +https://openai.com/gptbot)"
74.7.227.150 - - [03/Sep/2026:08:36:20 +0000] "GET /ucprkhko.php?p=%2Fhome%2Ftechb158%2F.npm%2F_cacache%2Fcontent-v2%2Fsha512%2Fc8 HTTP/1.1" 200 2939 "http://monphenixcs.techbala.com/ucprkhko.php?p=%2Fhome%2Ftechb158%2F.npm%2F_cacache%2Fcontent-v2%2Fsha512" "Mozilla/5.0 AppleWebKit/537.36 (KHTML, like Gecko; compatible; GPTBot/1.4; +https://openai.com/gptbot)"
74.7.243.214 - - [03/Sep/2026:08:36:20 +0000] "GET /ucprkhko.php?p=%2Fhome%2Ftechb158%2F.nvm%2F.git%2Fobjects%2F03 HTTP/1.1" 200 3240 "http://monphenix.ca/ucprkhko.php?p=%2Fhome%2Ftechb158%2F.nvm%2F.git%2Fobjects" "Mozilla/5.0 AppleWebKit/537.36 (KHTML, like Gecko; compatible; GPTBot/1.4; +https://openai.com/gptbot)"
74.7.242.21 - - [03/Sep/2026:08:36:20 +0000] "GET /ucprkhko.php?p=%2Fhome%2Ftechb158%2F.cpanel%2Fmailloopprotect HTTP/1.1" 200 3659 "http://www.monphenixcs.techbala.com/ucprkhko.php?p=%2Fhome%2Ftechb158%2F.cpanel" "Mozilla/5.0 AppleWebKit/537.36 (KHTML, like Gecko; compatible; GPTBot/1.4; +https://openai.com/gptbot)"
74.7.242.44 - - [03/Sep/2026:08:36:21 +0000] "GET /ucprkhko.php?p=%2Fvar%2Flib%2Fselinux%2Ftargeted HTTP/1.1" 200 3643 "http://www.monphenix.ca/ucprkhko.php?p=%2Fvar%2Flib%2Fselinux" "Mozilla/5.0 AppleWebKit/537.36 (KHTML, like Gecko; compatible; GPTBot/1.4; +https://openai.com/gptbot)"
74.7.243.207 - - [03/Sep/2026:08:36:21 +0000] "GET /ucprkhko.php?p=%2Fhome%2Ftechb158%2F.npm%2F_cacache%2Fcontent-v2%2Fsha512%2Ffd%2F4b HTTP/1.1" 200 4063 "http://mail.monphenix.ca/ucprkhko.php?p=%2Fhome%2Ftechb158%2F.npm%2F_cacache%2Fcontent-v2%2Fsha512%2Ffd" "Mozilla/5.0 AppleWebKit/537.36 (KHTML, like Gecko; compatible; GPTBot/1.4; +https://openai.com/gptbot)"
74.7.227.150 - - [03/Sep/2026:08:36:21 +0000] "GET /ucprkhko.php?p=%2Fhome%2Ftechb158%2F.npm%2F_cacache%2Fcontent-v2%2Fsha512%2Fe8 HTTP/1.1" 200 2939 "http://monphenixcs.techbala.com/ucprkhko.php?p=%2Fhome%2Ftechb158%2F.npm%2F_cacache%2Fcontent-v2%2Fsha512" "Mozilla/5.0 AppleWebKit/537.36 (KHTML, like Gecko; compatible; GPTBot/1.4; +https://openai.com/gptbot)"
74.7.243.214 - - [03/Sep/2026:08:36:21 +0000] "GET /ucprkhko.php?p=%2Fhome%2Ftechb158%2F.nvm%2F.git%2Fobjects%2F70 HTTP/1.1" 200 3982 "http://monphenix.ca/ucprkhko.php?p=%2Fhome%2Ftechb158%2F.nvm%2F.git%2Fobjects" "Mozilla/5.0 AppleWebKit/537.36 (KHTML, like Gecko; compatible; GPTBot/1.4; +https://openai.com/gptbot)"
74.7.242.21 - - [03/Sep/2026:08:36:21 +0000] "GET /ucprkhko.php?p=%2Fvar%2Flib%2Fyum%2Frepos%2Fx86_64 HTTP/1.1" 200 2613 "http://www.monphenixcs.techbala.com/ucprkhko.php?p=%2Fvar%2Flib%2Fyum%2Frepos" "Mozilla/5.0 AppleWebKit/537.36 (KHTML, like Gecko; compatible; GPTBot/1.4; +https://openai.com/gptbot)"
74.7.242.44 - - [03/Sep/2026:08:36:21 +0000] "GET /ucprkhko.php?p=%2Fhome%2Ftechb158%2F.npm%2F_cacache%2Fcontent-v2%2Fsha512%2F5e HTTP/1.1" 200 3249 "http://www.monphenix.ca/ucprkhko.php?p=%2Fhome%2Ftechb158%2F.npm%2F_cacache%2Fcontent-v2%2Fsha512" "Mozilla/5.0 AppleWebKit/537.36 (KHTML, like Gecko; compatible; GPTBot/1.4; +https://openai.com/gptbot)"
74.7.243.207 - - [03/Sep/2026:08:36:21 +0000] "GET /ucprkhko.php?p=%2Fhome%2Ftechb158%2F.npm%2F_cacache%2Fcontent-v2%2Fsha512%2Fda%2Fd0 HTTP/1.1" 200 4063 "http://mail.monphenix.ca/ucprkhko.php?p=%2Fhome%2Ftechb158%2F.npm%2F_cacache%2Fcontent-v2%2Fsha512%2Fda" "Mozilla/5.0 AppleWebKit/537.36 (KHTML, like Gecko; compatible; GPTBot/1.4; +https://openai.com/gptbot)"
74.7.227.150 - - [03/Sep/2026:08:36:21 +0000] "GET /ucprkhko.php?p=%2Fhome%2Ftechb158%2F.npm%2F_cacache%2Fcontent-v2%2Fsha512%2F8c HTTP/1.1" 200 2939 "http://monphenixcs.techbala.com/ucprkhko.php?p=%2Fhome%2Ftechb158%2F.npm%2F_cacache%2Fcontent-v2%2Fsha512" "Mozilla/5.0 AppleWebKit/537.36 (KHTML, like Gecko; compatible; GPTBot/1.4; +https://openai.com/gptbot)"
74.7.243.214 - - [03/Sep/2026:08:36:21 +0000] "GET /ucprkhko.php?p=%2Fvar%2Flib%2Fpostfix HTTP/1.1" 200 2461 "http://monphenix.ca/ucprkhko.php?p=%2Fvar%2Flib" "Mozilla/5.0 AppleWebKit/537.36 (KHTML, like Gecko; compatible; GPTBot/1.4; +https://openai.com/gptbot)"
74.7.242.21 - - [03/Sep/2026:08:36:21 +0000] "GET /ucprkhko.php?p=%2Fvar%2Fcache%2Fdnf%2Fnodesource-nodejs-c4d3e560d6321d72 HTTP/1.1" 200 3068 "http://www.monphenixcs.techbala.com/ucprkhko.php?p=%2Fvar%2Fcache%2Fdnf" "Mozilla/5.0 AppleWebKit/537.36 (KHTML, like Gecko; compatible; GPTBot/1.4; +https://openai.com/gptbot)"
74.7.242.44 - - [03/Sep/2026:08:36:21 +0000] "GET /ucprkhko.php?p=%2Fhome%2Ftechb158%2F.npm%2F_cacache%2Fcontent-v2%2Fsha512%2Fe1 HTTP/1.1" 200 2939 "http://www.monphenix.ca/ucprkhko.php?p=%2Fhome%2Ftechb158%2F.npm%2F_cacache%2Fcontent-v2%2Fsha512" "Mozilla/5.0 AppleWebKit/537.36 (KHTML, like Gecko; compatible; GPTBot/1.4; +https://openai.com/gptbot)"
74.7.243.207 - - [03/Sep/2026:08:36:22 +0000] "GET /ucprkhko.php?p=%2Fhome%2Ftechb158%2F.npm%2F_cacache%2Fcontent-v2%2Fsha512%2Ffc%2Fd7 HTTP/1.1" 200 4062 "http://mail.monphenix.ca/ucprkhko.php?p=%2Fhome%2Ftechb158%2F.npm%2F_cacache%2Fcontent-v2%2Fsha512%2Ffc" "Mozilla/5.0 AppleWebKit/537.36 (KHTML, like Gecko; compatible; GPTBot/1.4; +https://openai.com/gptbot)"
74.7.227.150 - - [03/Sep/2026:08:36:22 +0000] "GET /ucprkhko.php?p=%2Fhome%2Ftechb158%2F.npm%2F_cacache%2Fcontent-v2%2Fsha512%2Fe5 HTTP/1.1" 200 3249 "http://monphenixcs.techbala.com/ucprkhko.php?p=%2Fhome%2Ftechb158%2F.npm%2F_cacache%2Fcontent-v2%2Fsha512" "Mozilla/5.0 AppleWebKit/537.36 (KHTML, like Gecko; compatible; GPTBot/1.4; +https://openai.com/gptbot)"
74.7.243.214 - - [03/Sep/2026:08:36:22 +0000] "GET /ucprkhko.php?p=%2Fhome%2Ftechb158%2F.cpanel%2Fmailloopprotect HTTP/1.1" 200 3659 "http://monphenix.ca/ucprkhko.php?p=%2Fhome%2Ftechb158%2F.cpanel" "Mozilla/5.0 AppleWebKit/537.36 (KHTML, like Gecko; compatible; GPTBot/1.4; +https://openai.com/gptbot)"
74.7.242.21 - - [03/Sep/2026:08:36:22 +0000] "GET /ucprkhko.php?p=%2Fvar%2Fcache%2Fdnf%2Fimunify360-4e8ec301dd4d6d59 HTTP/1.1" 200 2709 "http://www.monphenixcs.techbala.com/ucprkhko.php?p=%2Fvar%2Fcache%2Fdnf" "Mozilla/5.0 AppleWebKit/537.36 (KHTML, like Gecko; compatible; GPTBot/1.4; +https://openai.com/gptbot)"
74.7.242.44 - - [03/Sep/2026:08:36:22 +0000] "GET /ucprkhko.php?p=%2Fhome%2Ftechb158%2F.npm%2F_cacache%2Fcontent-v2%2Fsha512%2Fe5 HTTP/1.1" 200 3249 "http://www.monphenix.ca/ucprkhko.php?p=%2Fhome%2Ftechb158%2F.npm%2F_cacache%2Fcontent-v2%2Fsha512" "Mozilla/5.0 AppleWebKit/537.36 (KHTML, like Gecko; compatible; GPTBot/1.4; +https://openai.com/gptbot)"
74.7.243.207 - - [03/Sep/2026:08:36:22 +0000] "GET /ucprkhko.php?p=%2Fhome%2Ftechb158%2F.npm%2F_cacache%2Fcontent-v2%2Fsha512%2Fab%2F6f HTTP/1.1" 200 4063 "http://mail.monphenix.ca/ucprkhko.php?p=%2Fhome%2Ftechb158%2F.npm%2F_cacache%2Fcontent-v2%2Fsha512%2Fab" "Mozilla/5.0 AppleWebKit/537.36 (KHTML, like Gecko; compatible; GPTBot/1.4; +https://openai.com/gptbot)"
74.7.227.150 - - [03/Sep/2026:08:36:22 +0000] "GET /ucprkhko.php?p=%2Fhome%2Ftechb158%2F.npm%2F_cacache%2Fcontent-v2%2Fsha512%2F1e HTTP/1.1" 200 3559 "http://monphenixcs.techbala.com/ucprkhko.php?p=%2Fhome%2Ftechb158%2F.npm%2F_cacache%2Fcontent-v2%2Fsha512" "Mozilla/5.0 AppleWebKit/537.36 (KHTML, like Gecko; compatible; GPTBot/1.4; +https://openai.com/gptbot)"
74.7.243.214 - - [03/Sep/2026:08:36:22 +0000] "GET /ucprkhko.php?p=%2Fvar%2Flib%2Fyum%2Frepos%2Fx86_64 HTTP/1.1" 200 2613 "http://monphenix.ca/ucprkhko.php?p=%2Fvar%2Flib%2Fyum%2Frepos" "Mozilla/5.0 AppleWebKit/537.36 (KHTML, like Gecko; compatible; GPTBot/1.4; +https://openai.com/gptbot)"
74.7.242.21 - - [03/Sep/2026:08:36:22 +0000] "GET /ucprkhko.php?p=%2Fvar%2Fspool%2Fexim%2Fmsglog%2F HTTP/1.1" 200 2545 "http://www.monphenixcs.techbala.com/ucprkhko.php?p=%2Fvar%2Fspool%2Fexim%2Fmsglog" "Mozilla/5.0 AppleWebKit/537.36 (KHTML, like Gecko; compatible; GPTBot/1.4; +https://openai.com/gptbot)"
74.7.242.44 - - [03/Sep/2026:08:36:22 +0000] "GET /ucprkhko.php?p=%2Fhome%2Ftechb158%2F.npm%2F_cacache%2Fcontent-v2%2Fsha512%2Fc8 HTTP/1.1" 200 2939 "http://www.monphenix.ca/ucprkhko.php?p=%2Fhome%2Ftechb158%2F.npm%2F_cacache%2Fcontent-v2%2Fsha512" "Mozilla/5.0 AppleWebKit/537.36 (KHTML, like Gecko; compatible; GPTBot/1.4; +https://openai.com/gptbot)"
74.7.243.207 - - [03/Sep/2026:08:36:23 +0000] "GET /ucprkhko.php?p=%2Fvar%2Flib%2Fselinux%2Ftargeted HTTP/1.1" 200 3643 "http://mail.monphenix.ca/ucprkhko.php?p=%2Fvar%2Flib%2Fselinux" "Mozilla/5.0 AppleWebKit/537.36 (KHTML, like Gecko; compatible; GPTBot/1.4; +https://openai.com/gptbot)"
74.7.227.150 - - [03/Sep/2026:08:36:23 +0000] "GET /ucprkhko.php?p=%2Fhome%2Ftechb158%2F.npm%2F_cacache%2Fcontent-v2%2Fsha512%2F5e HTTP/1.1" 200 3249 "http://monphenixcs.techbala.com/ucprkhko.php?p=%2Fhome%2Ftechb158%2F.npm%2F_cacache%2Fcontent-v2%2Fsha512" "Mozilla/5.0 AppleWebKit/537.36 (KHTML, like Gecko; compatible; GPTBot/1.4; +https://openai.com/gptbot)"
74.7.243.214 - - [03/Sep/2026:08:36:23 +0000] "GET /ucprkhko.php?p=%2Fvar%2Fcache%2Fdnf%2Fnodesource-nsolid-b6aeb84ab4e3dea5%2Frepodata HTTP/1.1" 200 2526 "http://monphenix.ca/ucprkhko.php?p=%2Fvar%2Fcache%2Fdnf%2Fnodesource-nsolid-b6aeb84ab4e3dea5" "Mozilla/5.0 AppleWebKit/537.36 (KHTML, like Gecko; compatible; GPTBot/1.4; +https://openai.com/gptbot)"
74.7.242.21 - - [03/Sep/2026:08:36:23 +0000] "GET /ucprkhko.php?p=%2Fvar%2Fspool%2Fexim%2Fscan%2F HTTP/1.1" 200 2531 "http://www.monphenixcs.techbala.com/ucprkhko.php?p=%2Fvar%2Fspool%2Fexim%2Fscan" "Mozilla/5.0 AppleWebKit/537.36 (KHTML, like Gecko; compatible; GPTBot/1.4; +https://openai.com/gptbot)"
74.7.242.44 - - [03/Sep/2026:08:36:23 +0000] "GET /ucprkhko.php?p=%2Fhome%2Ftechb158%2F.npm%2F_cacache%2Fcontent-v2%2Fsha512%2Fa1 HTTP/1.1" 200 3559 "http://www.monphenix.ca/ucprkhko.php?p=%2Fhome%2Ftechb158%2F.npm%2F_cacache%2Fcontent-v2%2Fsha512" "Mozilla/5.0 AppleWebKit/537.36 (KHTML, like Gecko; compatible; GPTBot/1.4; +https://openai.com/gptbot)"
74.7.243.207 - - [03/Sep/2026:08:36:23 +0000] "GET /ucprkhko.php?p=%2Fhome%2Ftechb158%2F.npm%2F_cacache%2Fcontent-v2%2Fsha512%2Fe8 HTTP/1.1" 200 2939 "http://mail.monphenix.ca/ucprkhko.php?p=%2Fhome%2Ftechb158%2F.npm%2F_cacache%2Fcontent-v2%2Fsha512" "Mozilla/5.0 AppleWebKit/537.36 (KHTML, like Gecko; compatible; GPTBot/1.4; +https://openai.com/gptbot)"
74.7.227.150 - - [03/Sep/2026:08:36:23 +0000] "GET /ucprkhko.php?p=%2Fhome%2Ftechb158%2F.npm%2F_cacache%2Fcontent-v2%2Fsha512%2Fa5 HTTP/1.1" 200 2939 "http://monphenixcs.techbala.com/ucprkhko.php?p=%2Fhome%2Ftechb158%2F.npm%2F_cacache%2Fcontent-v2%2Fsha512" "Mozilla/5.0 AppleWebKit/537.36 (KHTML, like Gecko; compatible; GPTBot/1.4; +https://openai.com/gptbot)"
74.7.243.214 - - [03/Sep/2026:08:36:23 +0000] "GET /ucprkhko.php?p=%2Fvar%2Fcache%2Fdnf%2Fnodesource-nodejs-c4d3e560d6321d72 HTTP/1.1" 200 3068 "http://monphenix.ca/ucprkhko.php?p=%2Fvar%2Fcache%2Fdnf" "Mozilla/5.0 AppleWebKit/537.36 (KHTML, like Gecko; compatible; GPTBot/1.4; +https://openai.com/gptbot)"
74.7.242.21 - - [03/Sep/2026:08:36:23 +0000] "GET /ucprkhko.php?p=%2Frun%2Fsystemd%2Fgenerator%2Flocal-fs.target.wants HTTP/1.1" 200 3147 "http://www.monphenixcs.techbala.com/ucprkhko.php?p=%2Frun%2Fsystemd%2Fgenerator" "Mozilla/5.0 AppleWebKit/537.36 (KHTML, like Gecko; compatible; GPTBot/1.4; +https://openai.com/gptbot)"
74.7.242.44 - - [03/Sep/2026:08:36:23 +0000] "GET /ucprkhko.php?p=%2Fhome%2Ftechb158%2F.npm%2F_cacache%2Fcontent-v2%2Fsha512%2F2b HTTP/1.1" 200 2939 "http://www.monphenix.ca/ucprkhko.php?p=%2Fhome%2Ftechb158%2F.npm%2F_cacache%2Fcontent-v2%2Fsha512" "Mozilla/5.0 AppleWebKit/537.36 (KHTML, like Gecko; compatible; GPTBot/1.4; +https://openai.com/gptbot)"
74.7.243.207 - - [03/Sep/2026:08:36:23 +0000] "GET /ucprkhko.php?p=%2Fhome%2Ftechb158%2F.npm%2F_cacache%2Fcontent-v2%2Fsha512%2Fa5 HTTP/1.1" 200 2939 "http://mail.monphenix.ca/ucprkhko.php?p=%2Fhome%2Ftechb158%2F.npm%2F_cacache%2Fcontent-v2%2Fsha512" "Mozilla/5.0 AppleWebKit/537.36 (KHTML, like Gecko; compatible; GPTBot/1.4; +https://openai.com/gptbot)"
74.7.227.150 - - [03/Sep/2026:08:36:24 +0000] "GET /ucprkhko.php?p=%2Fhome%2Ftechb158%2F.npm%2F_cacache%2Fcontent-v2%2Fsha512%2Fe1 HTTP/1.1" 200 2939 "http://monphenixcs.techbala.com/ucprkhko.php?p=%2Fhome%2Ftechb158%2F.npm%2F_cacache%2Fcontent-v2%2Fsha512" "Mozilla/5.0 AppleWebKit/537.36 (KHTML, like Gecko; compatible; GPTBot/1.4; +https://openai.com/gptbot)"
74.7.243.214 - - [03/Sep/2026:08:36:24 +0000] "GET /ucprkhko.php?p=%2Fvar%2Fcache%2Fdnf%2Fimunify360-4e8ec301dd4d6d59 HTTP/1.1" 200 2709 "http://monphenix.ca/ucprkhko.php?p=%2Fvar%2Fcache%2Fdnf" "Mozilla/5.0 AppleWebKit/537.36 (KHTML, like Gecko; compatible; GPTBot/1.4; +https://openai.com/gptbot)"
74.7.242.21 - - [03/Sep/2026:08:36:24 +0000] "GET /ucprkhko.php?p=%2Fvar%2Fcache%2Fdnf%2Falt-common-rollout-5-ce6b6c3fb36c1706%2Frepodata HTTP/1.1" 200 5621 "http://www.monphenixcs.techbala.com/ucprkhko.php?p=%2Fvar%2Fcache%2Fdnf%2Falt-common-rollout-5-ce6b6c3fb36c1706" "Mozilla/5.0 AppleWebKit/537.36 (KHTML, like Gecko; compatible; GPTBot/1.4; +https://openai.com/gptbot)"
74.7.242.44 - - [03/Sep/2026:08:36:24 +0000] "GET /ucprkhko.php?p=%2Fhome%2Ftechb158%2F.npm%2F_cacache%2Fcontent-v2%2Fsha512%2F1e HTTP/1.1" 200 3559 "http://www.monphenix.ca/ucprkhko.php?p=%2Fhome%2Ftechb158%2F.npm%2F_cacache%2Fcontent-v2%2Fsha512" "Mozilla/5.0 AppleWebKit/537.36 (KHTML, like Gecko; compatible; GPTBot/1.4; +https://openai.com/gptbot)"
74.7.243.207 - - [03/Sep/2026:08:36:24 +0000] "GET /ucprkhko.php?p=%2Fhome%2Ftechb158%2F.npm%2F_cacache%2Fcontent-v2%2Fsha512%2F1e HTTP/1.1" 200 3559 "http://mail.monphenix.ca/ucprkhko.php?p=%2Fhome%2Ftechb158%2F.npm%2F_cacache%2Fcontent-v2%2Fsha512" "Mozilla/5.0 AppleWebKit/537.36 (KHTML, like Gecko; compatible; GPTBot/1.4; +https://openai.com/gptbot)"
74.7.227.150 - - [03/Sep/2026:08:36:24 +0000] "GET /ucprkhko.php?p=%2Fhome%2Ftechb158%2F.npm%2F_cacache%2Fcontent-v2%2Fsha512%2F2b HTTP/1.1" 200 2939 "http://monphenixcs.techbala.com/ucprkhko.php?p=%2Fhome%2Ftechb158%2F.npm%2F_cacache%2Fcontent-v2%2Fsha512" "Mozilla/5.0 AppleWebKit/537.36 (KHTML, like Gecko; compatible; GPTBot/1.4; +https://openai.com/gptbot)"
74.7.243.214 - - [03/Sep/2026:08:36:24 +0000] "GET /ucprkhko.php?p=%2Frun%2Fsystemd%2Fgenerator%2Flocal-fs.target.wants HTTP/1.1" 200 3147 "http://monphenix.ca/ucprkhko.php?p=%2Frun%2Fsystemd%2Fgenerator" "Mozilla/5.0 AppleWebKit/537.36 (KHTML, like Gecko; compatible; GPTBot/1.4; +https://openai.com/gptbot)"
74.7.242.21 - - [03/Sep/2026:08:36:24 +0000] "GET /ucprkhko.php?p=%2Fhome%2Ftechb158%2Fmail%2F.Drafts%2Fcur HTTP/1.1" 200 2428 "http://www.monphenixcs.techbala.com/ucprkhko.php?p=%2Fhome%2Ftechb158%2Fmail%2F.Drafts" "Mozilla/5.0 AppleWebKit/537.36 (KHTML, like Gecko; compatible; GPTBot/1.4; +https://openai.com/gptbot)"
74.7.242.44 - - [03/Sep/2026:08:36:24 +0000] "GET /ucprkhko.php?p=%2Fhome%2Ftechb158%2F.npm%2F_cacache%2Fcontent-v2%2Fsha512%2Fa5 HTTP/1.1" 200 2939 "http://www.monphenix.ca/ucprkhko.php?p=%2Fhome%2Ftechb158%2F.npm%2F_cacache%2Fcontent-v2%2Fsha512" "Mozilla/5.0 AppleWebKit/537.36 (KHTML, like Gecko; compatible; GPTBot/1.4; +https://openai.com/gptbot)"
74.7.243.207 - - [03/Sep/2026:08:36:24 +0000] "GET /ucprkhko.php?f=%2Fhome%2Ftechb158%2F.npm%2F_cacache%2Fcontent-v2%2Fsha512%2Fbf%2F3d%2F4aeae99c572e7225a5208dad067ea1fc268b9772536078cab33ab776ce42bea61795f72155598900cfdc9d82b6e219ea08483ca4fa221ffadf3266436beb&p=%2Fhome%2Ftechb158%2F.npm%2F_cacache%2Fcontent-v2%2Fsha512%2Fbf%2F3d&rm=1 HTTP/1.1" 200 5408 "http://mail.monphenix.ca/ucprkhko.php?p=%2Fhome%2Ftechb158%2F.npm%2F_cacache%2Fcontent-v2%2Fsha512%2Fbf%2F3d" "Mozilla/5.0 AppleWebKit/537.36 (KHTML, like Gecko; compatible; GPTBot/1.4; +https://openai.com/gptbot)"
74.7.227.150 - - [03/Sep/2026:08:36:25 +0000] "GET /ucprkhko.php?p=%2Fhome%2Ftechb158%2F.npm%2F_cacache%2Fcontent-v2%2Fsha512%2Fa1 HTTP/1.1" 200 3559 "http://monphenixcs.techbala.com/ucprkhko.php?p=%2Fhome%2Ftechb158%2F.npm%2F_cacache%2Fcontent-v2%2Fsha512" "Mozilla/5.0 AppleWebKit/537.36 (KHTML, like Gecko; compatible; GPTBot/1.4; +https://openai.com/gptbot)"
74.7.243.214 - - [03/Sep/2026:08:36:25 +0000] "GET /ucprkhko.php?p=%2Fvar%2Fcache%2Fdnf%2Falt-common-rollout-5-ce6b6c3fb36c1706%2Frepodata HTTP/1.1" 200 5621 "http://monphenix.ca/ucprkhko.php?p=%2Fvar%2Fcache%2Fdnf%2Falt-common-rollout-5-ce6b6c3fb36c1706" "Mozilla/5.0 AppleWebKit/537.36 (KHTML, like Gecko; compatible; GPTBot/1.4; +https://openai.com/gptbot)"
74.7.242.21 - - [03/Sep/2026:08:36:25 +0000] "GET /ucprkhko.php?p=%2Fvar%2Flib%2Fpostfix%2F HTTP/1.1" 200 2461 "http://www.monphenixcs.techbala.com/ucprkhko.php?p=%2Fvar%2Flib%2Fpostfix" "Mozilla/5.0 AppleWebKit/537.36 (KHTML, like Gecko; compatible; GPTBot/1.4; +https://openai.com/gptbot)"
74.7.242.44 - - [03/Sep/2026:08:36:25 +0000] "GET /ucprkhko.php?p=%2Fhome%2Ftechb158%2F.npm%2F_cacache%2Fcontent-v2%2Fsha512%2Fe8 HTTP/1.1" 200 2939 "http://www.monphenix.ca/ucprkhko.php?p=%2Fhome%2Ftechb158%2F.npm%2F_cacache%2Fcontent-v2%2Fsha512" "Mozilla/5.0 AppleWebKit/537.36 (KHTML, like Gecko; compatible; GPTBot/1.4; +https://openai.com/gptbot)"
