74.7.243.214 - - [03/Sep/2026:08:26:15 +0000] "GET /zi1srgj/?C=N;O=A HTTP/1.1" 200 815 "http://monphenix.ca/zi1srgj/?C=N;O=D" "Mozilla/5.0 AppleWebKit/537.36 (KHTML, like Gecko; compatible; GPTBot/1.4; +https://openai.com/gptbot)"
74.7.243.207 - - [03/Sep/2026:08:26:16 +0000] "GET /hmdtfnr/?C=D;O=D HTTP/1.1" 200 815 "http://mail.monphenix.ca/hmdtfnr/?C=D;O=A" "Mozilla/5.0 AppleWebKit/537.36 (KHTML, like Gecko; compatible; GPTBot/1.4; +https://openai.com/gptbot)"
74.7.242.44 - - [03/Sep/2026:08:26:16 +0000] "GET /hmdtfnr/?C=D;O=A HTTP/1.1" 200 815 "http://www.monphenix.ca/hmdtfnr/" "Mozilla/5.0 AppleWebKit/537.36 (KHTML, like Gecko; compatible; GPTBot/1.4; +https://openai.com/gptbot)"
74.7.227.150 - - [03/Sep/2026:08:26:16 +0000] "GET /pxbuzen/?C=N;O=A HTTP/1.1" 200 815 "http://monphenixcs.techbala.com/pxbuzen/?C=D;O=A" "Mozilla/5.0 AppleWebKit/537.36 (KHTML, like Gecko; compatible; GPTBot/1.4; +https://openai.com/gptbot)"
74.7.242.21 - - [03/Sep/2026:08:26:16 +0000] "GET /ucprkhko.php?p=%2Fhome%2Ftechb158%2F.npm HTTP/1.1" 200 3231 "http://www.monphenixcs.techbala.com/ucprkhko.php?p=%2Fhome%2Ftechb158" "Mozilla/5.0 AppleWebKit/537.36 (KHTML, like Gecko; compatible; GPTBot/1.4; +https://openai.com/gptbot)"
74.7.243.214 - - [03/Sep/2026:08:26:16 +0000] "GET /fhu1dnc/?C=N;O=A HTTP/1.1" 200 815 "http://monphenix.ca/fhu1dnc/?C=S;O=A" "Mozilla/5.0 AppleWebKit/537.36 (KHTML, like Gecko; compatible; GPTBot/1.4; +https://openai.com/gptbot)"
74.7.243.207 - - [03/Sep/2026:08:26:16 +0000] "GET /hmdtfnr/?C=S;O=A HTTP/1.1" 200 815 "http://mail.monphenix.ca/hmdtfnr/" "Mozilla/5.0 AppleWebKit/537.36 (KHTML, like Gecko; compatible; GPTBot/1.4; +https://openai.com/gptbot)"
74.7.242.44 - - [03/Sep/2026:08:26:16 +0000] "GET /pxbuzen/?C=M;O=D HTTP/1.1" 200 815 "http://www.monphenix.ca/pxbuzen/?C=M;O=A" "Mozilla/5.0 AppleWebKit/537.36 (KHTML, like Gecko; compatible; GPTBot/1.4; +https://openai.com/gptbot)"
74.7.227.150 - - [03/Sep/2026:08:26:16 +0000] "GET /frlxjho/?C=N;O=A HTTP/1.1" 200 815 "http://monphenixcs.techbala.com/frlxjho/?C=S;O=A" "Mozilla/5.0 AppleWebKit/537.36 (KHTML, like Gecko; compatible; GPTBot/1.4; +https://openai.com/gptbot)"
74.7.242.21 - - [03/Sep/2026:08:26:16 +0000] "GET /ucprkhko.php?p=%2Fhome%2Ftechb158%2F.pki HTTP/1.1" 200 2498 "http://www.monphenixcs.techbala.com/ucprkhko.php?p=%2Fhome%2Ftechb158" "Mozilla/5.0 AppleWebKit/537.36 (KHTML, like Gecko; compatible; GPTBot/1.4; +https://openai.com/gptbot)"
74.7.243.214 - - [03/Sep/2026:08:26:16 +0000] "GET /bjadk1x/?C=S;O=D HTTP/1.1" 200 815 "http://monphenix.ca/bjadk1x/?C=S;O=A" "Mozilla/5.0 AppleWebKit/537.36 (KHTML, like Gecko; compatible; GPTBot/1.4; +https://openai.com/gptbot)"
74.7.243.207 - - [03/Sep/2026:08:26:17 +0000] "GET /ubcdnzx/?C=M;O=D HTTP/1.1" 200 815 "http://mail.monphenix.ca/ubcdnzx/?C=M;O=A" "Mozilla/5.0 AppleWebKit/537.36 (KHTML, like Gecko; compatible; GPTBot/1.4; +https://openai.com/gptbot)"
74.7.242.44 - - [03/Sep/2026:08:26:17 +0000] "GET /mtcwyno/?C=M;O=D HTTP/1.1" 200 815 "http://www.monphenix.ca/mtcwyno/?C=M;O=A" "Mozilla/5.0 AppleWebKit/537.36 (KHTML, like Gecko; compatible; GPTBot/1.4; +https://openai.com/gptbot)"
74.7.227.150 - - [03/Sep/2026:08:26:17 +0000] "GET /mtcwyno/?C=N;O=A HTTP/1.1" 200 815 "http://monphenixcs.techbala.com/mtcwyno/?C=M;O=A" "Mozilla/5.0 AppleWebKit/537.36 (KHTML, like Gecko; compatible; GPTBot/1.4; +https://openai.com/gptbot)"
74.7.242.21 - - [03/Sep/2026:08:26:17 +0000] "GET /ucprkhko.php?p=%2Fhome%2Ftechb158%2Fetc HTTP/1.1" 200 8552 "http://www.monphenixcs.techbala.com/ucprkhko.php?p=%2Fhome%2Ftechb158" "Mozilla/5.0 AppleWebKit/537.36 (KHTML, like Gecko; compatible; GPTBot/1.4; +https://openai.com/gptbot)"
74.7.243.214 - - [03/Sep/2026:08:26:17 +0000] "GET /fhu1dnc/?C=D;O=D HTTP/1.1" 200 815 "http://monphenix.ca/fhu1dnc/?C=D;O=A" "Mozilla/5.0 AppleWebKit/537.36 (KHTML, like Gecko; compatible; GPTBot/1.4; +https://openai.com/gptbot)"
74.7.243.207 - - [03/Sep/2026:08:26:17 +0000] "GET /pxbuzen/?C=N;O=A HTTP/1.1" 200 815 "http://mail.monphenix.ca/pxbuzen/?C=N;O=D" "Mozilla/5.0 AppleWebKit/537.36 (KHTML, like Gecko; compatible; GPTBot/1.4; +https://openai.com/gptbot)"
74.7.242.44 - - [03/Sep/2026:08:26:17 +0000] "GET /pxbuzen/?C=N;O=D HTTP/1.1" 200 815 "http://www.monphenix.ca/pxbuzen/" "Mozilla/5.0 AppleWebKit/537.36 (KHTML, like Gecko; compatible; GPTBot/1.4; +https://openai.com/gptbot)"
74.7.227.150 - - [03/Sep/2026:08:26:17 +0000] "GET /ubcdnzx/?C=N;O=A HTTP/1.1" 200 815 "http://monphenixcs.techbala.com/ubcdnzx/?C=N;O=D" "Mozilla/5.0 AppleWebKit/537.36 (KHTML, like Gecko; compatible; GPTBot/1.4; +https://openai.com/gptbot)"
74.7.242.21 - - [03/Sep/2026:08:26:17 +0000] "GET /ucprkhko.php?p=%2Fhome%2Ftechb158%2Fphp HTTP/1.1" 200 4723 "http://www.monphenixcs.techbala.com/ucprkhko.php?p=%2Fhome%2Ftechb158" "Mozilla/5.0 AppleWebKit/537.36 (KHTML, like Gecko; compatible; GPTBot/1.4; +https://openai.com/gptbot)"
74.7.243.214 - - [03/Sep/2026:08:26:17 +0000] "GET /fhu1dnc/?C=M;O=D HTTP/1.1" 200 815 "http://monphenix.ca/fhu1dnc/?C=M;O=A" "Mozilla/5.0 AppleWebKit/537.36 (KHTML, like Gecko; compatible; GPTBot/1.4; +https://openai.com/gptbot)"
74.7.243.207 - - [03/Sep/2026:08:26:18 +0000] "GET /pxbuzen/?C=D;O=D HTTP/1.1" 200 815 "http://mail.monphenix.ca/pxbuzen/?C=D;O=A" "Mozilla/5.0 AppleWebKit/537.36 (KHTML, like Gecko; compatible; GPTBot/1.4; +https://openai.com/gptbot)"
74.7.242.44 - - [03/Sep/2026:08:26:18 +0000] "GET /frlxjho/?C=M;O=A HTTP/1.1" 200 815 "http://www.monphenix.ca/frlxjho/" "Mozilla/5.0 AppleWebKit/537.36 (KHTML, like Gecko; compatible; GPTBot/1.4; +https://openai.com/gptbot)"
74.7.227.150 - - [03/Sep/2026:08:26:18 +0000] "GET /pxbuzen/?C=M;O=D HTTP/1.1" 200 815 "http://monphenixcs.techbala.com/pxbuzen/?C=M;O=A" "Mozilla/5.0 AppleWebKit/537.36 (KHTML, like Gecko; compatible; GPTBot/1.4; +https://openai.com/gptbot)"
74.7.242.21 - - [03/Sep/2026:08:26:18 +0000] "GET /ucprkhko.php?p=%2Fhome%2Ftechb158%2F.analytic HTTP/1.1" 200 2614 "http://www.monphenixcs.techbala.com/ucprkhko.php?p=%2Fhome%2Ftechb158" "Mozilla/5.0 AppleWebKit/537.36 (KHTML, like Gecko; compatible; GPTBot/1.4; +https://openai.com/gptbot)"
74.7.243.214 - - [03/Sep/2026:08:26:18 +0000] "GET /bjadk1x/?C=M;O=D HTTP/1.1" 200 815 "http://monphenix.ca/bjadk1x/?C=M;O=A" "Mozilla/5.0 AppleWebKit/537.36 (KHTML, like Gecko; compatible; GPTBot/1.4; +https://openai.com/gptbot)"
74.7.243.207 - - [03/Sep/2026:08:26:18 +0000] "GET /frlxjho/?C=M;O=D HTTP/1.1" 200 815 "http://mail.monphenix.ca/frlxjho/?C=M;O=A" "Mozilla/5.0 AppleWebKit/537.36 (KHTML, like Gecko; compatible; GPTBot/1.4; +https://openai.com/gptbot)"
74.7.242.44 - - [03/Sep/2026:08:26:18 +0000] "GET /ubcdnzx/?C=N;O=D HTTP/1.1" 200 815 "http://www.monphenix.ca/ubcdnzx/" "Mozilla/5.0 AppleWebKit/537.36 (KHTML, like Gecko; compatible; GPTBot/1.4; +https://openai.com/gptbot)"
74.7.227.150 - - [03/Sep/2026:08:26:18 +0000] "GET /hmdtfnr/?C=S;O=D HTTP/1.1" 200 815 "http://monphenixcs.techbala.com/hmdtfnr/?C=S;O=A" "Mozilla/5.0 AppleWebKit/537.36 (KHTML, like Gecko; compatible; GPTBot/1.4; +https://openai.com/gptbot)"
74.7.242.21 - - [03/Sep/2026:08:26:18 +0000] "GET /ucprkhko.php?p=%2Fhome%2Ftechb158%2F.npm-cache HTTP/1.1" 200 3859 "http://www.monphenixcs.techbala.com/ucprkhko.php?p=%2Fhome%2Ftechb158" "Mozilla/5.0 AppleWebKit/537.36 (KHTML, like Gecko; compatible; GPTBot/1.4; +https://openai.com/gptbot)"
74.7.243.214 - - [03/Sep/2026:08:26:18 +0000] "GET /bjadk1x/?C=D;O=D HTTP/1.1" 200 815 "http://monphenix.ca/bjadk1x/?C=D;O=A" "Mozilla/5.0 AppleWebKit/537.36 (KHTML, like Gecko; compatible; GPTBot/1.4; +https://openai.com/gptbot)"
74.7.243.207 - - [03/Sep/2026:08:26:19 +0000] "GET /mtcwyno/?C=D;O=D HTTP/1.1" 200 815 "http://mail.monphenix.ca/mtcwyno/?C=D;O=A" "Mozilla/5.0 AppleWebKit/537.36 (KHTML, like Gecko; compatible; GPTBot/1.4; +https://openai.com/gptbot)"
74.7.242.44 - - [03/Sep/2026:08:26:19 +0000] "GET /hmdtfnr/?C=S;O=A HTTP/1.1" 200 815 "http://www.monphenix.ca/hmdtfnr/" "Mozilla/5.0 AppleWebKit/537.36 (KHTML, like Gecko; compatible; GPTBot/1.4; +https://openai.com/gptbot)"
74.7.227.150 - - [03/Sep/2026:08:26:19 +0000] "GET /ubcdnzx/?C=D;O=A HTTP/1.1" 200 815 "http://monphenixcs.techbala.com/ubcdnzx/" "Mozilla/5.0 AppleWebKit/537.36 (KHTML, like Gecko; compatible; GPTBot/1.4; +https://openai.com/gptbot)"
74.7.242.21 - - [03/Sep/2026:08:26:19 +0000] "GET /ucprkhko.php?p=%2Fhome%2Ftechb158%2F.cpaddons HTTP/1.1" 200 2548 "http://www.monphenixcs.techbala.com/ucprkhko.php?p=%2Fhome%2Ftechb158" "Mozilla/5.0 AppleWebKit/537.36 (KHTML, like Gecko; compatible; GPTBot/1.4; +https://openai.com/gptbot)"
74.7.243.214 - - [03/Sep/2026:08:26:19 +0000] "GET /zi1srgj/?C=M;O=D HTTP/1.1" 200 815 "http://monphenix.ca/zi1srgj/?C=M;O=A" "Mozilla/5.0 AppleWebKit/537.36 (KHTML, like Gecko; compatible; GPTBot/1.4; +https://openai.com/gptbot)"
74.7.243.207 - - [03/Sep/2026:08:26:19 +0000] "GET /frlxjho/?C=D;O=A HTTP/1.1" 200 815 "http://mail.monphenix.ca/frlxjho/" "Mozilla/5.0 AppleWebKit/537.36 (KHTML, like Gecko; compatible; GPTBot/1.4; +https://openai.com/gptbot)"
74.7.242.44 - - [03/Sep/2026:08:26:19 +0000] "GET /hmdtfnr/?C=N;O=A HTTP/1.1" 200 815 "http://www.monphenix.ca/hmdtfnr/?C=M;O=A" "Mozilla/5.0 AppleWebKit/537.36 (KHTML, like Gecko; compatible; GPTBot/1.4; +https://openai.com/gptbot)"
74.7.227.150 - - [03/Sep/2026:08:26:19 +0000] "GET /mtcwyno/?C=D;O=D HTTP/1.1" 200 815 "http://monphenixcs.techbala.com/mtcwyno/?C=D;O=A" "Mozilla/5.0 AppleWebKit/537.36 (KHTML, like Gecko; compatible; GPTBot/1.4; +https://openai.com/gptbot)"
74.7.242.21 - - [03/Sep/2026:08:26:19 +0000] "GET /ucprkhko.php?p=%2Fhome%2Ftechb158%2F.composer%2Fcache HTTP/1.1" 200 3386 "http://www.monphenixcs.techbala.com/ucprkhko.php?p=%2Fhome%2Ftechb158%2F.composer" "Mozilla/5.0 AppleWebKit/537.36 (KHTML, like Gecko; compatible; GPTBot/1.4; +https://openai.com/gptbot)"
74.7.243.214 - - [03/Sep/2026:08:26:20 +0000] "GET /fhu1dnc/?C=S;O=D HTTP/1.1" 200 815 "http://monphenix.ca/fhu1dnc/?C=S;O=A" "Mozilla/5.0 AppleWebKit/537.36 (KHTML, like Gecko; compatible; GPTBot/1.4; +https://openai.com/gptbot)"
74.7.243.207 - - [03/Sep/2026:08:26:20 +0000] "GET /pxbuzen/?C=M;O=A HTTP/1.1" 200 815 "http://mail.monphenix.ca/pxbuzen/" "Mozilla/5.0 AppleWebKit/537.36 (KHTML, like Gecko; compatible; GPTBot/1.4; +https://openai.com/gptbot)"
74.7.242.44 - - [03/Sep/2026:08:26:20 +0000] "GET /hmdtfnr/?C=M;O=D HTTP/1.1" 200 815 "http://www.monphenix.ca/hmdtfnr/?C=M;O=A" "Mozilla/5.0 AppleWebKit/537.36 (KHTML, like Gecko; compatible; GPTBot/1.4; +https://openai.com/gptbot)"
74.7.227.150 - - [03/Sep/2026:08:26:20 +0000] "GET /mtcwyno/?C=N;O=D HTTP/1.1" 200 815 "http://monphenixcs.techbala.com/mtcwyno/" "Mozilla/5.0 AppleWebKit/537.36 (KHTML, like Gecko; compatible; GPTBot/1.4; +https://openai.com/gptbot)"
74.7.242.21 - - [03/Sep/2026:08:26:20 +0000] "GET /ucprkhko.php?p=%2Fhome%2Ftechb158%2F.cphorde%2Fmeta HTTP/1.1" 200 3460 "http://www.monphenixcs.techbala.com/ucprkhko.php?p=%2Fhome%2Ftechb158%2F.cphorde" "Mozilla/5.0 AppleWebKit/537.36 (KHTML, like Gecko; compatible; GPTBot/1.4; +https://openai.com/gptbot)"
74.7.243.214 - - [03/Sep/2026:08:26:20 +0000] "GET /zi1srgj/?C=S;O=D HTTP/1.1" 200 815 "http://monphenix.ca/zi1srgj/?C=S;O=A" "Mozilla/5.0 AppleWebKit/537.36 (KHTML, like Gecko; compatible; GPTBot/1.4; +https://openai.com/gptbot)"
74.7.243.207 - - [03/Sep/2026:08:26:20 +0000] "GET /frlxjho/?C=N;O=D HTTP/1.1" 200 815 "http://mail.monphenix.ca/frlxjho/" "Mozilla/5.0 AppleWebKit/537.36 (KHTML, like Gecko; compatible; GPTBot/1.4; +https://openai.com/gptbot)"
74.7.242.44 - - [03/Sep/2026:08:26:20 +0000] "GET /frlxjho/?C=D;O=D HTTP/1.1" 200 815 "http://www.monphenix.ca/frlxjho/?C=D;O=A" "Mozilla/5.0 AppleWebKit/537.36 (KHTML, like Gecko; compatible; GPTBot/1.4; +https://openai.com/gptbot)"
74.7.227.150 - - [03/Sep/2026:08:26:20 +0000] "GET /ubcdnzx/?C=M;O=D HTTP/1.1" 200 815 "http://monphenixcs.techbala.com/ubcdnzx/?C=M;O=A" "Mozilla/5.0 AppleWebKit/537.36 (KHTML, like Gecko; compatible; GPTBot/1.4; +https://openai.com/gptbot)"
74.7.242.21 - - [03/Sep/2026:08:26:20 +0000] "GET /ucprkhko.php?f=%2Fhome%2Ftechb158%2Ftmp%2Fsess_e4381c30970c774c50c300c865fdf18f&p=%2Fhome%2Ftechb158%2Ftmp HTTP/1.1" 200 18340 "http://www.monphenixcs.techbala.com/ucprkhko.php?p=%2Fhome%2Ftechb158%2Ftmp" "Mozilla/5.0 AppleWebKit/537.36 (KHTML, like Gecko; compatible; GPTBot/1.4; +https://openai.com/gptbot)"
74.7.243.214 - - [03/Sep/2026:08:26:20 +0000] "GET /zi1srgj/?C=D;O=D HTTP/1.1" 200 815 "http://monphenix.ca/zi1srgj/?C=D;O=A" "Mozilla/5.0 AppleWebKit/537.36 (KHTML, like Gecko; compatible; GPTBot/1.4; +https://openai.com/gptbot)"
74.7.243.207 - - [03/Sep/2026:08:26:21 +0000] "GET /hmdtfnr/?C=M;O=A HTTP/1.1" 200 815 "http://mail.monphenix.ca/hmdtfnr/" "Mozilla/5.0 AppleWebKit/537.36 (KHTML, like Gecko; compatible; GPTBot/1.4; +https://openai.com/gptbot)"
74.7.242.44 - - [03/Sep/2026:08:26:21 +0000] "GET /frlxjho/?C=N;O=D HTTP/1.1" 200 815 "http://www.monphenix.ca/frlxjho/" "Mozilla/5.0 AppleWebKit/537.36 (KHTML, like Gecko; compatible; GPTBot/1.4; +https://openai.com/gptbot)"
74.7.227.150 - - [03/Sep/2026:08:26:21 +0000] "GET /hmdtfnr/?C=N;O=A HTTP/1.1" 200 815 "http://monphenixcs.techbala.com/hmdtfnr/?C=D;O=A" "Mozilla/5.0 AppleWebKit/537.36 (KHTML, like Gecko; compatible; GPTBot/1.4; +https://openai.com/gptbot)"
74.7.242.21 - - [03/Sep/2026:08:26:21 +0000] "GET /ucprkhko.php?p=%2Fhome%2Ftechb158%2Ftmp%2Fpear HTTP/1.1" 200 3052 "http://www.monphenixcs.techbala.com/ucprkhko.php?p=%2Fhome%2Ftechb158%2Ftmp" "Mozilla/5.0 AppleWebKit/537.36 (KHTML, like Gecko; compatible; GPTBot/1.4; +https://openai.com/gptbot)"
74.7.243.214 - - [03/Sep/2026:08:26:21 +0000] "GET /frlxjho/?C=N;O=D HTTP/1.1" 200 815 "http://monphenix.ca/frlxjho/" "Mozilla/5.0 AppleWebKit/537.36 (KHTML, like Gecko; compatible; GPTBot/1.4; +https://openai.com/gptbot)"
74.7.243.207 - - [03/Sep/2026:08:26:21 +0000] "GET /hmdtfnr/?C=N;O=A HTTP/1.1" 200 815 "http://mail.monphenix.ca/hmdtfnr/?C=D;O=A" "Mozilla/5.0 AppleWebKit/537.36 (KHTML, like Gecko; compatible; GPTBot/1.4; +https://openai.com/gptbot)"
74.7.242.44 - - [03/Sep/2026:08:26:21 +0000] "GET /hmdtfnr/?C=D;O=D HTTP/1.1" 200 815 "http://www.monphenix.ca/hmdtfnr/?C=D;O=A" "Mozilla/5.0 AppleWebKit/537.36 (KHTML, like Gecko; compatible; GPTBot/1.4; +https://openai.com/gptbot)"
74.7.227.150 - - [03/Sep/2026:08:26:21 +0000] "GET /pxbuzen/?C=S;O=A HTTP/1.1" 200 815 "http://monphenixcs.techbala.com/pxbuzen/" "Mozilla/5.0 AppleWebKit/537.36 (KHTML, like Gecko; compatible; GPTBot/1.4; +https://openai.com/gptbot)"
74.7.242.21 - - [03/Sep/2026:08:26:21 +0000] "GET /ucprkhko.php?f=%2Fhome%2Ftechb158%2F.npm%2F_logs&p=%2Fhome%2Ftechb158%2F.npm&rm=1 HTTP/1.1" 200 3878 "http://www.monphenixcs.techbala.com/ucprkhko.php?p=%2Fhome%2Ftechb158%2F.npm" "Mozilla/5.0 AppleWebKit/537.36 (KHTML, like Gecko; compatible; GPTBot/1.4; +https://openai.com/gptbot)"
74.7.243.214 - - [03/Sep/2026:08:26:21 +0000] "GET /pxbuzen/?C=N;O=D HTTP/1.1" 200 815 "http://monphenix.ca/pxbuzen/" "Mozilla/5.0 AppleWebKit/537.36 (KHTML, like Gecko; compatible; GPTBot/1.4; +https://openai.com/gptbot)"
74.7.243.207 - - [03/Sep/2026:08:26:22 +0000] "GET /hmdtfnr/?C=S;O=D HTTP/1.1" 200 815 "http://mail.monphenix.ca/hmdtfnr/?C=S;O=A" "Mozilla/5.0 AppleWebKit/537.36 (KHTML, like Gecko; compatible; GPTBot/1.4; +https://openai.com/gptbot)"
74.7.242.44 - - [03/Sep/2026:08:26:22 +0000] "GET /mtcwyno/?C=N;O=A HTTP/1.1" 200 815 "http://www.monphenix.ca/mtcwyno/?C=M;O=A" "Mozilla/5.0 AppleWebKit/537.36 (KHTML, like Gecko; compatible; GPTBot/1.4; +https://openai.com/gptbot)"
74.7.227.150 - - [03/Sep/2026:08:26:22 +0000] "GET /hmdtfnr/?C=N;O=D HTTP/1.1" 200 815 "http://monphenixcs.techbala.com/hmdtfnr/" "Mozilla/5.0 AppleWebKit/537.36 (KHTML, like Gecko; compatible; GPTBot/1.4; +https://openai.com/gptbot)"
74.7.242.21 - - [03/Sep/2026:08:26:22 +0000] "GET /ucprkhko.php?p=%2Fhome%2Ftechb158%2F.npm%2F_cacache HTTP/1.1" 200 3101 "http://www.monphenixcs.techbala.com/ucprkhko.php?p=%2Fhome%2Ftechb158%2F.npm" "Mozilla/5.0 AppleWebKit/537.36 (KHTML, like Gecko; compatible; GPTBot/1.4; +https://openai.com/gptbot)"
74.7.243.214 - - [03/Sep/2026:08:26:22 +0000] "GET /ubcdnzx/?C=N;O=D HTTP/1.1" 200 815 "http://monphenix.ca/ubcdnzx/" "Mozilla/5.0 AppleWebKit/537.36 (KHTML, like Gecko; compatible; GPTBot/1.4; +https://openai.com/gptbot)"
74.7.243.207 - - [03/Sep/2026:08:26:22 +0000] "GET /mtcwyno/?C=M;O=D HTTP/1.1" 200 815 "http://mail.monphenix.ca/mtcwyno/?C=M;O=A" "Mozilla/5.0 AppleWebKit/537.36 (KHTML, like Gecko; compatible; GPTBot/1.4; +https://openai.com/gptbot)"
74.7.242.44 - - [03/Sep/2026:08:26:22 +0000] "GET /ubcdnzx/?C=N;O=A HTTP/1.1" 200 815 "http://www.monphenix.ca/ubcdnzx/?C=D;O=A" "Mozilla/5.0 AppleWebKit/537.36 (KHTML, like Gecko; compatible; GPTBot/1.4; +https://openai.com/gptbot)"
74.7.227.150 - - [03/Sep/2026:08:26:22 +0000] "GET /mtcwyno/?C=S;O=A HTTP/1.1" 200 815 "http://monphenixcs.techbala.com/mtcwyno/" "Mozilla/5.0 AppleWebKit/537.36 (KHTML, like Gecko; compatible; GPTBot/1.4; +https://openai.com/gptbot)"
74.7.242.21 - - [03/Sep/2026:08:26:22 +0000] "GET /ucprkhko.php?p=%2Fhome%2Ftechb158%2Fetc%2Fhypothequetoimieux.com HTTP/1.1" 200 5121 "http://www.monphenixcs.techbala.com/ucprkhko.php?p=%2Fhome%2Ftechb158%2Fetc" "Mozilla/5.0 AppleWebKit/537.36 (KHTML, like Gecko; compatible; GPTBot/1.4; +https://openai.com/gptbot)"
74.7.243.214 - - [03/Sep/2026:08:26:23 +0000] "GET /ubcdnzx/?C=M;O=A HTTP/1.1" 200 815 "http://monphenix.ca/ubcdnzx/" "Mozilla/5.0 AppleWebKit/537.36 (KHTML, like Gecko; compatible; GPTBot/1.4; +https://openai.com/gptbot)"
74.7.243.207 - - [03/Sep/2026:08:26:23 +0000] "GET /mtcwyno/?C=S;O=D HTTP/1.1" 200 815 "http://mail.monphenix.ca/mtcwyno/?C=S;O=A" "Mozilla/5.0 AppleWebKit/537.36 (KHTML, like Gecko; compatible; GPTBot/1.4; +https://openai.com/gptbot)"
74.7.242.44 - - [03/Sep/2026:08:26:23 +0000] "GET /frlxjho/?C=S;O=A HTTP/1.1" 200 815 "http://www.monphenix.ca/frlxjho/" "Mozilla/5.0 AppleWebKit/537.36 (KHTML, like Gecko; compatible; GPTBot/1.4; +https://openai.com/gptbot)"
74.7.227.150 - - [03/Sep/2026:08:26:23 +0000] "GET /hmdtfnr/?C=M;O=D HTTP/1.1" 200 815 "http://monphenixcs.techbala.com/hmdtfnr/?C=M;O=A" "Mozilla/5.0 AppleWebKit/537.36 (KHTML, like Gecko; compatible; GPTBot/1.4; +https://openai.com/gptbot)"
74.7.242.21 - - [03/Sep/2026:08:26:23 +0000] "GET /ucprkhko.php?p=%2Fhome%2Ftechb158%2Fphp%2Fdocs HTTP/1.1" 200 2349 "http://www.monphenixcs.techbala.com/ucprkhko.php?p=%2Fhome%2Ftechb158%2Fphp" "Mozilla/5.0 AppleWebKit/537.36 (KHTML, like Gecko; compatible; GPTBot/1.4; +https://openai.com/gptbot)"
74.7.243.214 - - [03/Sep/2026:08:26:23 +0000] "GET /hmdtfnr/?C=D;O=A HTTP/1.1" 200 815 "http://monphenix.ca/hmdtfnr/" "Mozilla/5.0 AppleWebKit/537.36 (KHTML, like Gecko; compatible; GPTBot/1.4; +https://openai.com/gptbot)"
74.7.243.207 - - [03/Sep/2026:08:26:23 +0000] "GET /pxbuzen/?C=S;O=A HTTP/1.1" 200 815 "http://mail.monphenix.ca/pxbuzen/" "Mozilla/5.0 AppleWebKit/537.36 (KHTML, like Gecko; compatible; GPTBot/1.4; +https://openai.com/gptbot)"
74.7.242.44 - - [03/Sep/2026:08:26:23 +0000] "GET /frlxjho/?C=M;O=D HTTP/1.1" 200 815 "http://www.monphenix.ca/frlxjho/?C=M;O=A" "Mozilla/5.0 AppleWebKit/537.36 (KHTML, like Gecko; compatible; GPTBot/1.4; +https://openai.com/gptbot)"
74.7.227.150 - - [03/Sep/2026:08:26:23 +0000] "GET /ubcdnzx/?C=S;O=A HTTP/1.1" 200 815 "http://monphenixcs.techbala.com/ubcdnzx/" "Mozilla/5.0 AppleWebKit/537.36 (KHTML, like Gecko; compatible; GPTBot/1.4; +https://openai.com/gptbot)"
74.7.242.21 - - [03/Sep/2026:08:26:23 +0000] "GET /ucprkhko.php?p=%2Fhome%2Ftechb158%2Fphp%2Fext HTTP/1.1" 200 2345 "http://www.monphenixcs.techbala.com/ucprkhko.php?p=%2Fhome%2Ftechb158%2Fphp" "Mozilla/5.0 AppleWebKit/537.36 (KHTML, like Gecko; compatible; GPTBot/1.4; +https://openai.com/gptbot)"
74.7.243.214 - - [03/Sep/2026:08:26:24 +0000] "GET /hmdtfnr/?C=M;O=A HTTP/1.1" 200 815 "http://monphenix.ca/hmdtfnr/" "Mozilla/5.0 AppleWebKit/537.36 (KHTML, like Gecko; compatible; GPTBot/1.4; +https://openai.com/gptbot)"
74.7.243.207 - - [03/Sep/2026:08:26:24 +0000] "GET /ucprkhko.php?p=%2Fhome%2Ftechb158%2F.pm2 HTTP/1.1" 200 2293 "http://mail.monphenix.ca/ucprkhko.php?p=%2Fhome%2Ftechb158" "Mozilla/5.0 AppleWebKit/537.36 (KHTML, like Gecko; compatible; GPTBot/1.4; +https://openai.com/gptbot)"
74.7.242.44 - - [03/Sep/2026:08:26:24 +0000] "GET /pxbuzen/?C=S;O=A HTTP/1.1" 200 815 "http://www.monphenix.ca/pxbuzen/" "Mozilla/5.0 AppleWebKit/537.36 (KHTML, like Gecko; compatible; GPTBot/1.4; +https://openai.com/gptbot)"
74.7.227.150 - - [03/Sep/2026:08:26:24 +0000] "GET /frlxjho/?C=M;O=D HTTP/1.1" 200 815 "http://monphenixcs.techbala.com/frlxjho/?C=M;O=A" "Mozilla/5.0 AppleWebKit/537.36 (KHTML, like Gecko; compatible; GPTBot/1.4; +https://openai.com/gptbot)"
74.7.242.21 - - [03/Sep/2026:08:26:24 +0000] "GET /ucprkhko.php?p=%2Fhome%2Ftechb158%2F.npm-cache%2F_logs HTTP/1.1" 200 12421 "http://www.monphenixcs.techbala.com/ucprkhko.php?p=%2Fhome%2Ftechb158%2F.npm-cache" "Mozilla/5.0 AppleWebKit/537.36 (KHTML, like Gecko; compatible; GPTBot/1.4; +https://openai.com/gptbot)"
74.7.243.214 - - [03/Sep/2026:08:26:24 +0000] "GET /mtcwyno/?C=D;O=A HTTP/1.1" 200 815 "http://monphenix.ca/mtcwyno/" "Mozilla/5.0 AppleWebKit/537.36 (KHTML, like Gecko; compatible; GPTBot/1.4; +https://openai.com/gptbot)"
74.7.243.207 - - [03/Sep/2026:08:26:24 +0000] "GET /ucprkhko.php?p=%2Fhome HTTP/1.1" 200 2322 "http://mail.monphenix.ca/ucprkhko.php" "Mozilla/5.0 AppleWebKit/537.36 (KHTML, like Gecko; compatible; GPTBot/1.4; +https://openai.com/gptbot)"
74.7.242.44 - - [03/Sep/2026:08:26:24 +0000] "GET /hmdtfnr/?C=S;O=D HTTP/1.1" 200 815 "http://www.monphenix.ca/hmdtfnr/?C=S;O=A" "Mozilla/5.0 AppleWebKit/537.36 (KHTML, like Gecko; compatible; GPTBot/1.4; +https://openai.com/gptbot)"
74.7.227.150 - - [03/Sep/2026:08:26:24 +0000] "GET /ubcdnzx/?C=D;O=D HTTP/1.1" 200 815 "http://monphenixcs.techbala.com/ubcdnzx/?C=D;O=A" "Mozilla/5.0 AppleWebKit/537.36 (KHTML, like Gecko; compatible; GPTBot/1.4; +https://openai.com/gptbot)"
74.7.242.21 - - [03/Sep/2026:08:26:24 +0000] "GET /ucprkhko.php?p=%2Fhome%2Ftechb158%2Fphp%2F.channels HTTP/1.1" 200 4747 "http://www.monphenixcs.techbala.com/ucprkhko.php?p=%2Fhome%2Ftechb158%2Fphp" "Mozilla/5.0 AppleWebKit/537.36 (KHTML, like Gecko; compatible; GPTBot/1.4; +https://openai.com/gptbot)"
74.7.243.214 - - [03/Sep/2026:08:26:24 +0000] "GET /frlxjho/?C=S;O=A HTTP/1.1" 200 815 "http://monphenix.ca/frlxjho/" "Mozilla/5.0 AppleWebKit/537.36 (KHTML, like Gecko; compatible; GPTBot/1.4; +https://openai.com/gptbot)"
74.7.243.207 - - [03/Sep/2026:08:26:25 +0000] "GET /frlxjho/?C=D;O=D HTTP/1.1" 200 815 "http://mail.monphenix.ca/frlxjho/?C=D;O=A" "Mozilla/5.0 AppleWebKit/537.36 (KHTML, like Gecko; compatible; GPTBot/1.4; +https://openai.com/gptbot)"
74.7.242.44 - - [03/Sep/2026:08:26:25 +0000] "GET /ucprkhko.php?p=%2Fhome%2Ftechb158%2F.pm2 HTTP/1.1" 200 2293 "http://www.monphenix.ca/ucprkhko.php?p=%2Fhome%2Ftechb158" "Mozilla/5.0 AppleWebKit/537.36 (KHTML, like Gecko; compatible; GPTBot/1.4; +https://openai.com/gptbot)"
74.7.227.150 - - [03/Sep/2026:08:26:25 +0000] "GET /frlxjho/?C=S;O=D HTTP/1.1" 200 815 "http://monphenixcs.techbala.com/frlxjho/?C=S;O=A" "Mozilla/5.0 AppleWebKit/537.36 (KHTML, like Gecko; compatible; GPTBot/1.4; +https://openai.com/gptbot)"
74.7.242.21 - - [03/Sep/2026:08:26:25 +0000] "GET /ucprkhko.php?p=%2Fhome%2Ftechb158%2Fphp%2Fdata HTTP/1.1" 200 2349 "http://www.monphenixcs.techbala.com/ucprkhko.php?p=%2Fhome%2Ftechb158%2Fphp" "Mozilla/5.0 AppleWebKit/537.36 (KHTML, like Gecko; compatible; GPTBot/1.4; +https://openai.com/gptbot)"
74.7.243.214 - - [03/Sep/2026:08:26:25 +0000] "GET /pxbuzen/?C=S;O=A HTTP/1.1" 200 815 "http://monphenix.ca/pxbuzen/" "Mozilla/5.0 AppleWebKit/537.36 (KHTML, like Gecko; compatible; GPTBot/1.4; +https://openai.com/gptbot)"
74.7.243.207 - - [03/Sep/2026:08:26:25 +0000] "GET /pxbuzen/?C=M;O=D HTTP/1.1" 200 815 "http://mail.monphenix.ca/pxbuzen/?C=M;O=A" "Mozilla/5.0 AppleWebKit/537.36 (KHTML, like Gecko; compatible; GPTBot/1.4; +https://openai.com/gptbot)"
74.7.242.44 - - [03/Sep/2026:08:26:25 +0000] "GET /ucprkhko.php?p=%2Fhome%2Ftechb158%2Fperl5 HTTP/1.1" 200 2701 "http://www.monphenix.ca/ucprkhko.php?p=%2Fhome%2Ftechb158" "Mozilla/5.0 AppleWebKit/537.36 (KHTML, like Gecko; compatible; GPTBot/1.4; +https://openai.com/gptbot)"
74.7.227.150 - - [03/Sep/2026:08:26:25 +0000] "GET /mtcwyno/?C=M;O=D HTTP/1.1" 200 815 "http://monphenixcs.techbala.com/mtcwyno/?C=M;O=A" "Mozilla/5.0 AppleWebKit/537.36 (KHTML, like Gecko; compatible; GPTBot/1.4; +https://openai.com/gptbot)"
74.7.242.21 - - [03/Sep/2026:08:26:25 +0000] "GET /ucprkhko.php?p=%2Fhome%2Ftechb158%2Fphp%2F.registry HTTP/1.1" 200 3203 "http://www.monphenixcs.techbala.com/ucprkhko.php?p=%2Fhome%2Ftechb158%2Fphp" "Mozilla/5.0 AppleWebKit/537.36 (KHTML, like Gecko; compatible; GPTBot/1.4; +https://openai.com/gptbot)"
74.7.243.214 - - [03/Sep/2026:08:26:25 +0000] "GET /mtcwyno/?C=S;O=A HTTP/1.1" 200 815 "http://monphenix.ca/mtcwyno/" "Mozilla/5.0 AppleWebKit/537.36 (KHTML, like Gecko; compatible; GPTBot/1.4; +https://openai.com/gptbot)"
74.7.243.207 - - [03/Sep/2026:08:26:26 +0000] "GET /ucprkhko.php?p=%2Fhome%2Ftechb158%2Fperl5 HTTP/1.1" 200 2701 "http://mail.monphenix.ca/ucprkhko.php?p=%2Fhome%2Ftechb158" "Mozilla/5.0 AppleWebKit/537.36 (KHTML, like Gecko; compatible; GPTBot/1.4; +https://openai.com/gptbot)"
74.7.242.44 - - [03/Sep/2026:08:26:26 +0000] "GET /ucprkhko.php?p=%2Fhome%2Ftechb158%2Fn8n_data HTTP/1.1" 200 9249 "http://www.monphenix.ca/ucprkhko.php?p=%2Fhome%2Ftechb158" "Mozilla/5.0 AppleWebKit/537.36 (KHTML, like Gecko; compatible; GPTBot/1.4; +https://openai.com/gptbot)"
74.7.227.150 - - [03/Sep/2026:08:26:26 +0000] "GET /frlxjho/?C=D;O=A HTTP/1.1" 200 815 "http://monphenixcs.techbala.com/frlxjho/" "Mozilla/5.0 AppleWebKit/537.36 (KHTML, like Gecko; compatible; GPTBot/1.4; +https://openai.com/gptbot)"
74.7.242.21 - - [03/Sep/2026:08:26:26 +0000] "GET /ucprkhko.php?f=%2Fhome%2Ftechb158%2Ftmp%2Fsess_f8d2afe9f3f81729c98ed4015b8fd8ec&p=%2Fhome%2Ftechb158%2Ftmp HTTP/1.1" 200 18339 "http://www.monphenixcs.techbala.com/ucprkhko.php?p=%2Fhome%2Ftechb158%2Ftmp" "Mozilla/5.0 AppleWebKit/537.36 (KHTML, like Gecko; compatible; GPTBot/1.4; +https://openai.com/gptbot)"
74.7.243.214 - - [03/Sep/2026:08:26:26 +0000] "GET /hmdtfnr/?C=S;O=A HTTP/1.1" 200 815 "http://monphenix.ca/hmdtfnr/" "Mozilla/5.0 AppleWebKit/537.36 (KHTML, like Gecko; compatible; GPTBot/1.4; +https://openai.com/gptbot)"
74.7.243.207 - - [03/Sep/2026:08:26:26 +0000] "GET /hmdtfnr/?C=M;O=D HTTP/1.1" 200 815 "http://mail.monphenix.ca/hmdtfnr/?C=M;O=A" "Mozilla/5.0 AppleWebKit/537.36 (KHTML, like Gecko; compatible; GPTBot/1.4; +https://openai.com/gptbot)"
74.7.242.44 - - [03/Sep/2026:08:26:26 +0000] "GET /ucprkhko.php?p=%2Fhome%2Ftechb158%2Fcache HTTP/1.1" 200 2297 "http://www.monphenix.ca/ucprkhko.php?p=%2Fhome%2Ftechb158" "Mozilla/5.0 AppleWebKit/537.36 (KHTML, like Gecko; compatible; GPTBot/1.4; +https://openai.com/gptbot)"
74.7.227.150 - - [03/Sep/2026:08:26:26 +0000] "GET /hmdtfnr/?C=D;O=D HTTP/1.1" 200 815 "http://monphenixcs.techbala.com/hmdtfnr/?C=D;O=A" "Mozilla/5.0 AppleWebKit/537.36 (KHTML, like Gecko; compatible; GPTBot/1.4; +https://openai.com/gptbot)"
74.7.242.21 - - [03/Sep/2026:08:26:26 +0000] "GET /ucprkhko.php?p=%2Fhome%2Ftechb158%2F.pki%2Fnssdb HTTP/1.1" 200 2357 "http://www.monphenixcs.techbala.com/ucprkhko.php?p=%2Fhome%2Ftechb158%2F.pki" "Mozilla/5.0 AppleWebKit/537.36 (KHTML, like Gecko; compatible; GPTBot/1.4; +https://openai.com/gptbot)"
74.7.243.214 - - [03/Sep/2026:08:26:27 +0000] "GET /frlxjho/?C=N;O=A HTTP/1.1" 200 815 "http://monphenix.ca/frlxjho/?C=N;O=D" "Mozilla/5.0 AppleWebKit/537.36 (KHTML, like Gecko; compatible; GPTBot/1.4; +https://openai.com/gptbot)"
74.7.243.207 - - [03/Sep/2026:08:26:27 +0000] "GET /ucprkhko.php?p=%2Fhome%2Ftechb158%2Fn8n_data HTTP/1.1" 200 9249 "http://mail.monphenix.ca/ucprkhko.php?p=%2Fhome%2Ftechb158" "Mozilla/5.0 AppleWebKit/537.36 (KHTML, like Gecko; compatible; GPTBot/1.4; +https://openai.com/gptbot)"
74.7.242.44 - - [03/Sep/2026:08:26:27 +0000] "GET /ucprkhko.php?p=%2Fhome%2Ftechb158%2F.composer HTTP/1.1" 200 4540 "http://www.monphenix.ca/ucprkhko.php?p=%2Fhome%2Ftechb158" "Mozilla/5.0 AppleWebKit/537.36 (KHTML, like Gecko; compatible; GPTBot/1.4; +https://openai.com/gptbot)"
74.7.227.150 - - [03/Sep/2026:08:26:27 +0000] "GET /pxbuzen/?C=S;O=D HTTP/1.1" 200 815 "http://monphenixcs.techbala.com/pxbuzen/?C=S;O=A" "Mozilla/5.0 AppleWebKit/537.36 (KHTML, like Gecko; compatible; GPTBot/1.4; +https://openai.com/gptbot)"
74.7.242.21 - - [03/Sep/2026:08:26:27 +0000] "GET /ucprkhko.php?p=%2Fhome%2Ftechb158%2F.npm%2F_logs HTTP/1.1" 200 6084 "http://www.monphenixcs.techbala.com/ucprkhko.php?p=%2Fhome%2Ftechb158%2F.npm" "Mozilla/5.0 AppleWebKit/537.36 (KHTML, like Gecko; compatible; GPTBot/1.4; +https://openai.com/gptbot)"
74.7.243.214 - - [03/Sep/2026:08:26:27 +0000] "GET /pxbuzen/?C=N;O=A HTTP/1.1" 200 815 "http://monphenix.ca/pxbuzen/?C=N;O=D" "Mozilla/5.0 AppleWebKit/537.36 (KHTML, like Gecko; compatible; GPTBot/1.4; +https://openai.com/gptbot)"
74.7.243.207 - - [03/Sep/2026:08:26:27 +0000] "GET /ucprkhko.php?p=%2Fhome%2Ftechb158%2Fcache HTTP/1.1" 200 2297 "http://mail.monphenix.ca/ucprkhko.php?p=%2Fhome%2Ftechb158" "Mozilla/5.0 AppleWebKit/537.36 (KHTML, like Gecko; compatible; GPTBot/1.4; +https://openai.com/gptbot)"
74.7.242.44 - - [03/Sep/2026:08:26:27 +0000] "GET /ucprkhko.php?p=%2Fhome%2Ftechb158%2F.cphorde HTTP/1.1" 200 3669 "http://www.monphenix.ca/ucprkhko.php?p=%2Fhome%2Ftechb158" "Mozilla/5.0 AppleWebKit/537.36 (KHTML, like Gecko; compatible; GPTBot/1.4; +https://openai.com/gptbot)"
74.7.227.150 - - [03/Sep/2026:08:26:27 +0000] "GET /ucprkhko.php?p=%2Fhome%2Ftechb158%2F.pm2 HTTP/1.1" 200 2293 "http://monphenixcs.techbala.com/ucprkhko.php?p=%2Fhome%2Ftechb158" "Mozilla/5.0 AppleWebKit/537.36 (KHTML, like Gecko; compatible; GPTBot/1.4; +https://openai.com/gptbot)"
74.7.242.21 - - [03/Sep/2026:08:26:27 +0000] "GET /ucprkhko.php?p=%2Fhome%2Ftechb158%2Fn8n_data%2Fnodes HTTP/1.1" 200 3167 "http://www.monphenixcs.techbala.com/ucprkhko.php?p=%2Fhome%2Ftechb158%2Fn8n_data" "Mozilla/5.0 AppleWebKit/537.36 (KHTML, like Gecko; compatible; GPTBot/1.4; +https://openai.com/gptbot)"
74.7.243.214 - - [03/Sep/2026:08:26:27 +0000] "GET /ubcdnzx/?C=N;O=A HTTP/1.1" 200 815 "http://monphenix.ca/ubcdnzx/?C=N;O=D" "Mozilla/5.0 AppleWebKit/537.36 (KHTML, like Gecko; compatible; GPTBot/1.4; +https://openai.com/gptbot)"
74.7.243.207 - - [03/Sep/2026:08:26:28 +0000] "GET /ucprkhko.php?p=%2Fhome%2Ftechb158%2F.composer HTTP/1.1" 200 4540 "http://mail.monphenix.ca/ucprkhko.php?p=%2Fhome%2Ftechb158" "Mozilla/5.0 AppleWebKit/537.36 (KHTML, like Gecko; compatible; GPTBot/1.4; +https://openai.com/gptbot)"
74.7.242.44 - - [03/Sep/2026:08:26:28 +0000] "GET /ucprkhko.php?p=%2Fhome%2Ftechb158%2Ftmp HTTP/1.1" 200 18002 "http://www.monphenix.ca/ucprkhko.php?p=%2Fhome%2Ftechb158" "Mozilla/5.0 AppleWebKit/537.36 (KHTML, like Gecko; compatible; GPTBot/1.4; +https://openai.com/gptbot)"
74.7.227.150 - - [03/Sep/2026:08:26:28 +0000] "GET /mtcwyno/?C=S;O=D HTTP/1.1" 200 815 "http://monphenixcs.techbala.com/mtcwyno/?C=S;O=A" "Mozilla/5.0 AppleWebKit/537.36 (KHTML, like Gecko; compatible; GPTBot/1.4; +https://openai.com/gptbot)"
74.7.242.21 - - [03/Sep/2026:08:26:28 +0000] "GET /ucprkhko.php?p=%2Fhome%2Ftechb158%2Fphp%2Ftests HTTP/1.1" 200 2353 "http://www.monphenixcs.techbala.com/ucprkhko.php?p=%2Fhome%2Ftechb158%2Fphp" "Mozilla/5.0 AppleWebKit/537.36 (KHTML, like Gecko; compatible; GPTBot/1.4; +https://openai.com/gptbot)"
74.7.243.214 - - [03/Sep/2026:08:26:28 +0000] "GET /ubcdnzx/?C=M;O=D HTTP/1.1" 200 815 "http://monphenix.ca/ubcdnzx/?C=M;O=A" "Mozilla/5.0 AppleWebKit/537.36 (KHTML, like Gecko; compatible; GPTBot/1.4; +https://openai.com/gptbot)"
74.7.243.207 - - [03/Sep/2026:08:26:28 +0000] "GET /ucprkhko.php?p=%2Fhome%2Ftechb158%2F.cphorde HTTP/1.1" 200 3669 "http://mail.monphenix.ca/ucprkhko.php?p=%2Fhome%2Ftechb158" "Mozilla/5.0 AppleWebKit/537.36 (KHTML, like Gecko; compatible; GPTBot/1.4; +https://openai.com/gptbot)"
74.7.242.44 - - [03/Sep/2026:08:26:28 +0000] "GET /frlxjho/?C=S;O=D HTTP/1.1" 200 815 "http://www.monphenix.ca/frlxjho/?C=S;O=A" "Mozilla/5.0 AppleWebKit/537.36 (KHTML, like Gecko; compatible; GPTBot/1.4; +https://openai.com/gptbot)"
74.7.227.150 - - [03/Sep/2026:08:26:28 +0000] "GET /ucprkhko.php?p=%2Fhome HTTP/1.1" 200 2322 "http://monphenixcs.techbala.com/ucprkhko.php" "Mozilla/5.0 AppleWebKit/537.36 (KHTML, like Gecko; compatible; GPTBot/1.4; +https://openai.com/gptbot)"
74.7.242.21 - - [03/Sep/2026:08:26:28 +0000] "GET /ucprkhko.php?p=%2Fhome%2Ftechb158%2Fwww HTTP/1.1" 200 22848 "http://www.monphenixcs.techbala.com/ucprkhko.php?p=%2Fhome%2Ftechb158" "Mozilla/5.0 AppleWebKit/537.36 (KHTML, like Gecko; compatible; GPTBot/1.4; +https://openai.com/gptbot)"
74.7.243.214 - - [03/Sep/2026:08:26:28 +0000] "GET /frlxjho/?C=M;O=A HTTP/1.1" 200 815 "http://monphenix.ca/frlxjho/" "Mozilla/5.0 AppleWebKit/537.36 (KHTML, like Gecko; compatible; GPTBot/1.4; +https://openai.com/gptbot)"
74.7.243.207 - - [03/Sep/2026:08:26:29 +0000] "GET /pxbuzen/?C=S;O=D HTTP/1.1" 200 815 "http://mail.monphenix.ca/pxbuzen/?C=S;O=A" "Mozilla/5.0 AppleWebKit/537.36 (KHTML, like Gecko; compatible; GPTBot/1.4; +https://openai.com/gptbot)"
74.7.242.44 - - [03/Sep/2026:08:26:29 +0000] "GET /ucprkhko.php?p=%2Fhome%2Ftechb158%2F.ssh HTTP/1.1" 200 3173 "http://www.monphenix.ca/ucprkhko.php?p=%2Fhome%2Ftechb158" "Mozilla/5.0 AppleWebKit/537.36 (KHTML, like Gecko; compatible; GPTBot/1.4; +https://openai.com/gptbot)"
74.7.227.150 - - [03/Sep/2026:08:26:29 +0000] "GET /ubcdnzx/?C=S;O=D HTTP/1.1" 200 815 "http://monphenixcs.techbala.com/ubcdnzx/?C=S;O=A" "Mozilla/5.0 AppleWebKit/537.36 (KHTML, like Gecko; compatible; GPTBot/1.4; +https://openai.com/gptbot)"
74.7.242.21 - - [03/Sep/2026:08:26:29 +0000] "GET /ucprkhko.php?p=%2Fhome%2Ftechb158%2F.cpanel HTTP/1.1" 200 6947 "http://www.monphenixcs.techbala.com/ucprkhko.php?p=%2Fhome%2Ftechb158" "Mozilla/5.0 AppleWebKit/537.36 (KHTML, like Gecko; compatible; GPTBot/1.4; +https://openai.com/gptbot)"
74.7.243.214 - - [03/Sep/2026:08:26:29 +0000] "GET /mtcwyno/?C=N;O=D HTTP/1.1" 200 815 "http://monphenix.ca/mtcwyno/" "Mozilla/5.0 AppleWebKit/537.36 (KHTML, like Gecko; compatible; GPTBot/1.4; +https://openai.com/gptbot)"
74.7.243.207 - - [03/Sep/2026:08:26:29 +0000] "GET /ucprkhko.php?p=%2Fhome%2Ftechb158%2Ftmp HTTP/1.1" 200 18002 "http://mail.monphenix.ca/ucprkhko.php?p=%2Fhome%2Ftechb158" "Mozilla/5.0 AppleWebKit/537.36 (KHTML, like Gecko; compatible; GPTBot/1.4; +https://openai.com/gptbot)"
74.7.242.44 - - [03/Sep/2026:08:26:29 +0000] "GET /pxbuzen/?C=S;O=D HTTP/1.1" 200 815 "http://www.monphenix.ca/pxbuzen/?C=S;O=A" "Mozilla/5.0 AppleWebKit/537.36 (KHTML, like Gecko; compatible; GPTBot/1.4; +https://openai.com/gptbot)"
74.7.227.150 - - [03/Sep/2026:08:26:29 +0000] "GET /ucprkhko.php?p=%2Fhome%2Ftechb158%2Fperl5 HTTP/1.1" 200 2701 "http://monphenixcs.techbala.com/ucprkhko.php?p=%2Fhome%2Ftechb158" "Mozilla/5.0 AppleWebKit/537.36 (KHTML, like Gecko; compatible; GPTBot/1.4; +https://openai.com/gptbot)"
74.7.242.21 - - [03/Sep/2026:08:26:29 +0000] "GET /ucprkhko.php?p=%2Fhome%2Ftechb158%2Ftmp%2Fwebalizer HTTP/1.1" 200 56274 "http://www.monphenixcs.techbala.com/ucprkhko.php?p=%2Fhome%2Ftechb158%2Ftmp" "Mozilla/5.0 AppleWebKit/537.36 (KHTML, like Gecko; compatible; GPTBot/1.4; +https://openai.com/gptbot)"
74.7.243.214 - - [03/Sep/2026:08:26:30 +0000] "GET /mtcwyno/?C=D;O=D HTTP/1.1" 200 815 "http://monphenix.ca/mtcwyno/?C=D;O=A" "Mozilla/5.0 AppleWebKit/537.36 (KHTML, like Gecko; compatible; GPTBot/1.4; +https://openai.com/gptbot)"
74.7.243.207 - - [03/Sep/2026:08:26:30 +0000] "GET /ucprkhko.php?p=%2Fhome%2Ftechb158%2F.npm HTTP/1.1" 200 3231 "http://mail.monphenix.ca/ucprkhko.php?p=%2Fhome%2Ftechb158" "Mozilla/5.0 AppleWebKit/537.36 (KHTML, like Gecko; compatible; GPTBot/1.4; +https://openai.com/gptbot)"
74.7.242.44 - - [03/Sep/2026:08:26:30 +0000] "GET /ucprkhko.php?p=%2Fhome%2Ftechb158%2F.npm HTTP/1.1" 200 3231 "http://www.monphenix.ca/ucprkhko.php?p=%2Fhome%2Ftechb158" "Mozilla/5.0 AppleWebKit/537.36 (KHTML, like Gecko; compatible; GPTBot/1.4; +https://openai.com/gptbot)"
74.7.227.150 - - [03/Sep/2026:08:26:30 +0000] "GET /ucprkhko.php?p=%2Fhome%2Ftechb158%2Fn8n_data HTTP/1.1" 200 9249 "http://monphenixcs.techbala.com/ucprkhko.php?p=%2Fhome%2Ftechb158" "Mozilla/5.0 AppleWebKit/537.36 (KHTML, like Gecko; compatible; GPTBot/1.4; +https://openai.com/gptbot)"
74.7.242.21 - - [03/Sep/2026:08:26:30 +0000] "GET /ucprkhko.php?p=%2Fhome%2Ftechb158%2Fn8n_data%2Ffiles HTTP/1.1" 200 2373 "http://www.monphenixcs.techbala.com/ucprkhko.php?p=%2Fhome%2Ftechb158%2Fn8n_data" "Mozilla/5.0 AppleWebKit/537.36 (KHTML, like Gecko; compatible; GPTBot/1.4; +https://openai.com/gptbot)"
74.7.243.214 - - [03/Sep/2026:08:26:30 +0000] "GET /frlxjho/?C=S;O=D HTTP/1.1" 200 815 "http://monphenix.ca/frlxjho/?C=S;O=A" "Mozilla/5.0 AppleWebKit/537.36 (KHTML, like Gecko; compatible; GPTBot/1.4; +https://openai.com/gptbot)"
74.7.243.207 - - [03/Sep/2026:08:26:30 +0000] "GET /ucprkhko.php?p=%2Fhome%2Ftechb158%2F.ssh HTTP/1.1" 200 3173 "http://mail.monphenix.ca/ucprkhko.php?p=%2Fhome%2Ftechb158" "Mozilla/5.0 AppleWebKit/537.36 (KHTML, like Gecko; compatible; GPTBot/1.4; +https://openai.com/gptbot)"
74.7.242.44 - - [03/Sep/2026:08:26:30 +0000] "GET /ucprkhko.php?p=%2Fhome%2Ftechb158%2F.pki HTTP/1.1" 200 2498 "http://www.monphenix.ca/ucprkhko.php?p=%2Fhome%2Ftechb158" "Mozilla/5.0 AppleWebKit/537.36 (KHTML, like Gecko; compatible; GPTBot/1.4; +https://openai.com/gptbot)"
74.7.227.150 - - [03/Sep/2026:08:26:30 +0000] "GET /ucprkhko.php?p=%2Fhome%2Ftechb158%2Fcache HTTP/1.1" 200 2297 "http://monphenixcs.techbala.com/ucprkhko.php?p=%2Fhome%2Ftechb158" "Mozilla/5.0 AppleWebKit/537.36 (KHTML, like Gecko; compatible; GPTBot/1.4; +https://openai.com/gptbot)"
74.7.242.21 - - [03/Sep/2026:08:26:30 +0000] "GET /ucprkhko.php?p=%2Fhome%2Ftechb158%2Fmonphenix.ca%2F.well-known HTTP/1.1" 200 2711 "http://www.monphenixcs.techbala.com/ucprkhko.php" "Mozilla/5.0 AppleWebKit/537.36 (KHTML, like Gecko; compatible; GPTBot/1.4; +https://openai.com/gptbot)"
74.7.243.207 - - [03/Sep/2026:08:26:31 +0000] "GET /ucprkhko.php?p=%2Fhome%2Ftechb158%2F.pki HTTP/1.1" 200 2498 "http://mail.monphenix.ca/ucprkhko.php?p=%2Fhome%2Ftechb158" "Mozilla/5.0 AppleWebKit/537.36 (KHTML, like Gecko; compatible; GPTBot/1.4; +https://openai.com/gptbot)"
74.7.243.214 - - [03/Sep/2026:08:26:31 +0000] "GET /pxbuzen/?C=S;O=D HTTP/1.1" 200 815 "http://monphenix.ca/pxbuzen/?C=S;O=A" "Mozilla/5.0 AppleWebKit/537.36 (KHTML, like Gecko; compatible; GPTBot/1.4; +https://openai.com/gptbot)"
74.7.242.44 - - [03/Sep/2026:08:26:31 +0000] "GET /ucprkhko.php?p=%2Fhome%2Ftechb158%2Fphp HTTP/1.1" 200 4723 "http://www.monphenix.ca/ucprkhko.php?p=%2Fhome%2Ftechb158" "Mozilla/5.0 AppleWebKit/537.36 (KHTML, like Gecko; compatible; GPTBot/1.4; +https://openai.com/gptbot)"
74.7.227.150 - - [03/Sep/2026:08:26:31 +0000] "GET /ucprkhko.php?p=%2Fhome%2Ftechb158%2F.composer HTTP/1.1" 200 4540 "http://monphenixcs.techbala.com/ucprkhko.php?p=%2Fhome%2Ftechb158" "Mozilla/5.0 AppleWebKit/537.36 (KHTML, like Gecko; compatible; GPTBot/1.4; +https://openai.com/gptbot)"
74.7.242.21 - - [03/Sep/2026:08:26:31 +0000] "GET /ucprkhko.php?p=%2Fhome%2Ftechb158%2Fn8n_data%2Fgit HTTP/1.1" 200 2365 "http://www.monphenixcs.techbala.com/ucprkhko.php?p=%2Fhome%2Ftechb158%2Fn8n_data" "Mozilla/5.0 AppleWebKit/537.36 (KHTML, like Gecko; compatible; GPTBot/1.4; +https://openai.com/gptbot)"
74.7.243.214 - - [03/Sep/2026:08:26:31 +0000] "GET /mtcwyno/?C=S;O=D HTTP/1.1" 200 815 "http://monphenix.ca/mtcwyno/?C=S;O=A" "Mozilla/5.0 AppleWebKit/537.36 (KHTML, like Gecko; compatible; GPTBot/1.4; +https://openai.com/gptbot)"
74.7.243.207 - - [03/Sep/2026:08:26:31 +0000] "GET /ucprkhko.php?p=%2Fhome%2Ftechb158%2Fetc HTTP/1.1" 200 8552 "http://mail.monphenix.ca/ucprkhko.php?p=%2Fhome%2Ftechb158" "Mozilla/5.0 AppleWebKit/537.36 (KHTML, like Gecko; compatible; GPTBot/1.4; +https://openai.com/gptbot)"
74.7.242.44 - - [03/Sep/2026:08:26:31 +0000] "GET /ucprkhko.php?p=%2Fhome%2Ftechb158%2Fn8n_data%2Fgit HTTP/1.1" 200 2365 "http://www.monphenix.ca/ucprkhko.php?p=%2Fhome%2Ftechb158%2Fn8n_data" "Mozilla/5.0 AppleWebKit/537.36 (KHTML, like Gecko; compatible; GPTBot/1.4; +https://openai.com/gptbot)"
74.7.227.150 - - [03/Sep/2026:08:26:31 +0000] "GET /frlxjho/?C=D;O=D HTTP/1.1" 200 815 "http://monphenixcs.techbala.com/frlxjho/?C=D;O=A" "Mozilla/5.0 AppleWebKit/537.36 (KHTML, like Gecko; compatible; GPTBot/1.4; +https://openai.com/gptbot)"
74.7.242.21 - - [03/Sep/2026:08:26:31 +0000] "GET /ucprkhko.php?p=%2Fhome%2Ftechb158%2F.koality HTTP/1.1" 200 2748 "http://www.monphenixcs.techbala.com/ucprkhko.php?p=%2Fhome%2Ftechb158" "Mozilla/5.0 AppleWebKit/537.36 (KHTML, like Gecko; compatible; GPTBot/1.4; +https://openai.com/gptbot)"
74.7.243.214 - - [03/Sep/2026:08:26:32 +0000] "GET /hmdtfnr/?C=S;O=D HTTP/1.1" 200 815 "http://monphenix.ca/hmdtfnr/?C=S;O=A" "Mozilla/5.0 AppleWebKit/537.36 (KHTML, like Gecko; compatible; GPTBot/1.4; +https://openai.com/gptbot)"
74.7.243.207 - - [03/Sep/2026:08:26:32 +0000] "GET /ucprkhko.php?p=%2Fhome%2Ftechb158%2Fphp HTTP/1.1" 200 4723 "http://mail.monphenix.ca/ucprkhko.php?p=%2Fhome%2Ftechb158" "Mozilla/5.0 AppleWebKit/537.36 (KHTML, like Gecko; compatible; GPTBot/1.4; +https://openai.com/gptbot)"
74.7.242.44 - - [03/Sep/2026:08:26:32 +0000] "GET /ucprkhko.php?p=%2Fhome%2Ftechb158%2Fetc HTTP/1.1" 200 8552 "http://www.monphenix.ca/ucprkhko.php?p=%2Fhome%2Ftechb158" "Mozilla/5.0 AppleWebKit/537.36 (KHTML, like Gecko; compatible; GPTBot/1.4; +https://openai.com/gptbot)"
74.7.227.150 - - [03/Sep/2026:08:26:32 +0000] "GET /ucprkhko.php?p=%2Fhome%2Ftechb158%2F.cphorde HTTP/1.1" 200 3669 "http://monphenixcs.techbala.com/ucprkhko.php?p=%2Fhome%2Ftechb158" "Mozilla/5.0 AppleWebKit/537.36 (KHTML, like Gecko; compatible; GPTBot/1.4; +https://openai.com/gptbot)"
74.7.242.21 - - [03/Sep/2026:08:26:32 +0000] "GET /ucprkhko.php?p=%2Fhome%2Ftechb158%2F.caldav HTTP/1.1" 200 8254 "http://www.monphenixcs.techbala.com/ucprkhko.php?p=%2Fhome%2Ftechb158" "Mozilla/5.0 AppleWebKit/537.36 (KHTML, like Gecko; compatible; GPTBot/1.4; +https://openai.com/gptbot)"
74.7.243.214 - - [03/Sep/2026:08:26:32 +0000] "GET /frlxjho/?C=D;O=A HTTP/1.1" 200 815 "http://monphenix.ca/frlxjho/" "Mozilla/5.0 AppleWebKit/537.36 (KHTML, like Gecko; compatible; GPTBot/1.4; +https://openai.com/gptbot)"
74.7.243.207 - - [03/Sep/2026:08:26:32 +0000] "GET /ucprkhko.php?p=%2Fhome%2Ftechb158%2Fn8n_data%2Ffiles HTTP/1.1" 200 2373 "http://mail.monphenix.ca/ucprkhko.php?p=%2Fhome%2Ftechb158%2Fn8n_data" "Mozilla/5.0 AppleWebKit/537.36 (KHTML, like Gecko; compatible; GPTBot/1.4; +https://openai.com/gptbot)"
74.7.242.44 - - [03/Sep/2026:08:26:32 +0000] "GET /ucprkhko.php?p=%2Fhome%2Ftechb158%2F.composer%2Fcache HTTP/1.1" 200 3386 "http://www.monphenix.ca/ucprkhko.php?p=%2Fhome%2Ftechb158%2F.composer" "Mozilla/5.0 AppleWebKit/537.36 (KHTML, like Gecko; compatible; GPTBot/1.4; +https://openai.com/gptbot)"
74.7.227.150 - - [03/Sep/2026:08:26:32 +0000] "GET /ucprkhko.php?p=%2Fhome%2Ftechb158%2Ftmp HTTP/1.1" 200 18002 "http://monphenixcs.techbala.com/ucprkhko.php?p=%2Fhome%2Ftechb158" "Mozilla/5.0 AppleWebKit/537.36 (KHTML, like Gecko; compatible; GPTBot/1.4; +https://openai.com/gptbot)"
74.7.242.21 - - [03/Sep/2026:08:26:32 +0000] "GET /ucprkhko.php?p=%2Fhome%2Ftechb158%2F.config HTTP/1.1" 200 2519 "http://www.monphenixcs.techbala.com/ucprkhko.php?p=%2Fhome%2Ftechb158" "Mozilla/5.0 AppleWebKit/537.36 (KHTML, like Gecko; compatible; GPTBot/1.4; +https://openai.com/gptbot)"
74.7.243.214 - - [03/Sep/2026:08:26:33 +0000] "GET /ubcdnzx/?C=S;O=A HTTP/1.1" 200 815 "http://monphenix.ca/ubcdnzx/" "Mozilla/5.0 AppleWebKit/537.36 (KHTML, like Gecko; compatible; GPTBot/1.4; +https://openai.com/gptbot)"
74.7.243.207 - - [03/Sep/2026:08:26:33 +0000] "GET /ucprkhko.php?p=%2Fhome%2Ftechb158%2F.analytic HTTP/1.1" 200 2614 "http://mail.monphenix.ca/ucprkhko.php?p=%2Fhome%2Ftechb158" "Mozilla/5.0 AppleWebKit/537.36 (KHTML, like Gecko; compatible; GPTBot/1.4; +https://openai.com/gptbot)"
74.7.242.44 - - [03/Sep/2026:08:26:33 +0000] "GET /ucprkhko.php?f=%2Fhome%2Ftechb158%2F.cphorde%2Fhorde.log&p=%2Fhome%2Ftechb158%2F.cphorde&rm=1 HTTP/1.1" 200 4352 "http://www.monphenix.ca/ucprkhko.php?p=%2Fhome%2Ftechb158%2F.cphorde" "Mozilla/5.0 AppleWebKit/537.36 (KHTML, like Gecko; compatible; GPTBot/1.4; +https://openai.com/gptbot)"
74.7.227.150 - - [03/Sep/2026:08:26:33 +0000] "GET /ucprkhko.php?p=%2Fhome%2Ftechb158%2F.pki HTTP/1.1" 200 2498 "http://monphenixcs.techbala.com/ucprkhko.php?p=%2Fhome%2Ftechb158" "Mozilla/5.0 AppleWebKit/537.36 (KHTML, like Gecko; compatible; GPTBot/1.4; +https://openai.com/gptbot)"
74.7.242.21 - - [03/Sep/2026:08:26:33 +0000] "GET /ucprkhko.php?p=%2Fhome%2Ftechb158%2F.nvm HTTP/1.1" 200 13552 "http://www.monphenixcs.techbala.com/ucprkhko.php?p=%2Fhome%2Ftechb158" "Mozilla/5.0 AppleWebKit/537.36 (KHTML, like Gecko; compatible; GPTBot/1.4; +https://openai.com/gptbot)"
74.7.243.214 - - [03/Sep/2026:08:26:33 +0000] "GET /mtcwyno/?C=N;O=A HTTP/1.1" 200 815 "http://monphenix.ca/mtcwyno/?C=D;O=A" "Mozilla/5.0 AppleWebKit/537.36 (KHTML, like Gecko; compatible; GPTBot/1.4; +https://openai.com/gptbot)"
74.7.243.207 - - [03/Sep/2026:08:26:33 +0000] "GET /ucprkhko.php?p=%2Fhome%2Ftechb158%2F.composer%2Fcache HTTP/1.1" 200 3386 "http://mail.monphenix.ca/ucprkhko.php?p=%2Fhome%2Ftechb158%2F.composer" "Mozilla/5.0 AppleWebKit/537.36 (KHTML, like Gecko; compatible; GPTBot/1.4; +https://openai.com/gptbot)"
74.7.242.44 - - [03/Sep/2026:08:26:33 +0000] "GET /ucprkhko.php?f=%2Fhome%2Ftechb158%2Ftmp%2FCpanel_Form_file.upload.9c8b092b&p=%2Fhome%2Ftechb158%2Ftmp HTTP/1.1" 200 18332 "http://www.monphenix.ca/ucprkhko.php?p=%2Fhome%2Ftechb158%2Ftmp" "Mozilla/5.0 AppleWebKit/537.36 (KHTML, like Gecko; compatible; GPTBot/1.4; +https://openai.com/gptbot)"
74.7.227.150 - - [03/Sep/2026:08:26:33 +0000] "GET /ucprkhko.php?p=%2Fhome%2Ftechb158%2F.npm HTTP/1.1" 200 3231 "http://monphenixcs.techbala.com/ucprkhko.php?p=%2Fhome%2Ftechb158" "Mozilla/5.0 AppleWebKit/537.36 (KHTML, like Gecko; compatible; GPTBot/1.4; +https://openai.com/gptbot)"
74.7.242.21 - - [03/Sep/2026:08:26:33 +0000] "GET /ucprkhko.php?p=%2Fhome%2Ftechb158%2Fskinny-movers.com HTTP/1.1" 200 5693 "http://www.monphenixcs.techbala.com/ucprkhko.php?p=%2Fhome%2Ftechb158" "Mozilla/5.0 AppleWebKit/537.36 (KHTML, like Gecko; compatible; GPTBot/1.4; +https://openai.com/gptbot)"
74.7.243.214 - - [03/Sep/2026:08:26:33 +0000] "GET /pxbuzen/?C=D;O=A HTTP/1.1" 200 815 "http://monphenix.ca/pxbuzen/" "Mozilla/5.0 AppleWebKit/537.36 (KHTML, like Gecko; compatible; GPTBot/1.4; +https://openai.com/gptbot)"
74.7.243.207 - - [03/Sep/2026:08:26:34 +0000] "GET /ucprkhko.php?p=%2Fhome%2Ftechb158%2F.cphorde%2Fmeta HTTP/1.1" 200 3460 "http://mail.monphenix.ca/ucprkhko.php?p=%2Fhome%2Ftechb158%2F.cphorde" "Mozilla/5.0 AppleWebKit/537.36 (KHTML, like Gecko; compatible; GPTBot/1.4; +https://openai.com/gptbot)"
74.7.242.44 - - [03/Sep/2026:08:26:34 +0000] "GET /ucprkhko.php?p=%2Fhome%2Ftechb158%2F.cphorde%2Fmeta HTTP/1.1" 200 3460 "http://www.monphenix.ca/ucprkhko.php?p=%2Fhome%2Ftechb158%2F.cphorde" "Mozilla/5.0 AppleWebKit/537.36 (KHTML, like Gecko; compatible; GPTBot/1.4; +https://openai.com/gptbot)"
74.7.227.150 - - [03/Sep/2026:08:26:34 +0000] "GET /ucprkhko.php?p=%2Fhome%2Ftechb158%2F.ssh HTTP/1.1" 200 3173 "http://monphenixcs.techbala.com/ucprkhko.php?p=%2Fhome%2Ftechb158" "Mozilla/5.0 AppleWebKit/537.36 (KHTML, like Gecko; compatible; GPTBot/1.4; +https://openai.com/gptbot)"
74.7.242.21 - - [03/Sep/2026:08:26:34 +0000] "GET /ucprkhko.php?f=%2Fhome%2Ftechb158%2Fpublic_html%2Fxmlrpc.php&p=%2Fhome%2Ftechb158%2Fpublic_html HTTP/1.1" 200 27020 "http://www.monphenixcs.techbala.com/ucprkhko.php?p=%2Fhome%2Ftechb158%2Fwww" "Mozilla/5.0 AppleWebKit/537.36 (KHTML, like Gecko; compatible; GPTBot/1.4; +https://openai.com/gptbot)"
74.7.243.214 - - [03/Sep/2026:08:26:34 +0000] "GET /frlxjho/?C=M;O=D HTTP/1.1" 200 815 "http://monphenix.ca/frlxjho/?C=M;O=A" "Mozilla/5.0 AppleWebKit/537.36 (KHTML, like Gecko; compatible; GPTBot/1.4; +https://openai.com/gptbot)"
74.7.243.207 - - [03/Sep/2026:08:26:34 +0000] "GET /ucprkhko.php?p=%2Fhome%2Ftechb158%2F.npm-cache HTTP/1.1" 200 3859 "http://mail.monphenix.ca/ucprkhko.php?p=%2Fhome%2Ftechb158" "Mozilla/5.0 AppleWebKit/537.36 (KHTML, like Gecko; compatible; GPTBot/1.4; +https://openai.com/gptbot)"
74.7.242.44 - - [03/Sep/2026:08:26:34 +0000] "GET /ucprkhko.php?p=%2Fhome%2Ftechb158%2Ftmp%2Fpear HTTP/1.1" 200 3052 "http://www.monphenix.ca/ucprkhko.php?p=%2Fhome%2Ftechb158%2Ftmp" "Mozilla/5.0 AppleWebKit/537.36 (KHTML, like Gecko; compatible; GPTBot/1.4; +https://openai.com/gptbot)"
74.7.227.150 - - [03/Sep/2026:08:26:34 +0000] "GET /ucprkhko.php?p=%2Fhome%2Ftechb158%2Fphp HTTP/1.1" 200 4723 "http://monphenixcs.techbala.com/ucprkhko.php?p=%2Fhome%2Ftechb158" "Mozilla/5.0 AppleWebKit/537.36 (KHTML, like Gecko; compatible; GPTBot/1.4; +https://openai.com/gptbot)"
74.7.242.21 - - [03/Sep/2026:08:26:34 +0000] "GET /ucprkhko.php?p=%2Fhome%2Ftechb158%2Fpublic_html%2Fwp-content HTTP/1.1" 200 5196 "http://www.monphenixcs.techbala.com/ucprkhko.php?p=%2Fhome%2Ftechb158%2Fwww" "Mozilla/5.0 AppleWebKit/537.36 (KHTML, like Gecko; compatible; GPTBot/1.4; +https://openai.com/gptbot)"
74.7.243.214 - - [03/Sep/2026:08:26:35 +0000] "GET /ubcdnzx/?C=D;O=A HTTP/1.1" 200 815 "http://monphenix.ca/ubcdnzx/" "Mozilla/5.0 AppleWebKit/537.36 (KHTML, like Gecko; compatible; GPTBot/1.4; +https://openai.com/gptbot)"
