74.7.227.150 - - [03/Sep/2026:08:31:26 +0000] "GET /ucprkhko.php?p=%2Fvar%2Fnginx%2Fconf.d HTTP/1.1" 200 2519 "http://monphenixcs.techbala.com/ucprkhko.php?p=%2Fvar%2Fnginx" "Mozilla/5.0 AppleWebKit/537.36 (KHTML, like Gecko; compatible; GPTBot/1.4; +https://openai.com/gptbot)"
74.7.242.44 - - [03/Sep/2026:08:31:27 +0000] "GET /ucprkhko.php?p=%2Fvar%2Flib%2Funbound HTTP/1.1" 200 3106 "http://www.monphenix.ca/ucprkhko.php?p=%2Fvar%2Flib" "Mozilla/5.0 AppleWebKit/537.36 (KHTML, like Gecko; compatible; GPTBot/1.4; +https://openai.com/gptbot)"
74.7.243.207 - - [03/Sep/2026:08:31:27 +0000] "GET /ucprkhko.php?p=%2Fvar%2Flib%2Fcs HTTP/1.1" 200 2260 "http://mail.monphenix.ca/ucprkhko.php?p=%2Fvar%2Flib" "Mozilla/5.0 AppleWebKit/537.36 (KHTML, like Gecko; compatible; GPTBot/1.4; +https://openai.com/gptbot)"
74.7.242.21 - - [03/Sep/2026:08:31:27 +0000] "GET /ucprkhko.php?p=%2Fvar%2Fnamed%2Fslaves HTTP/1.1" 200 2468 "http://www.monphenixcs.techbala.com/ucprkhko.php?p=%2Fvar%2Fnamed" "Mozilla/5.0 AppleWebKit/537.36 (KHTML, like Gecko; compatible; GPTBot/1.4; +https://openai.com/gptbot)"
74.7.243.214 - - [03/Sep/2026:08:31:27 +0000] "GET /ucprkhko.php?p=%2Frun%2Fdocker HTTP/1.1" 200 2392 "http://monphenix.ca/ucprkhko.php?p=%2Fvar%2Frun" "Mozilla/5.0 AppleWebKit/537.36 (KHTML, like Gecko; compatible; GPTBot/1.4; +https://openai.com/gptbot)"
74.7.227.150 - - [03/Sep/2026:08:31:27 +0000] "GET /ucprkhko.php?p=%2Fvar%2Flib%2Fcsf%2F HTTP/1.1" 200 2433 "http://monphenixcs.techbala.com/ucprkhko.php?p=%2Fvar%2Flib%2Fcsf" "Mozilla/5.0 AppleWebKit/537.36 (KHTML, like Gecko; compatible; GPTBot/1.4; +https://openai.com/gptbot)"
74.7.242.44 - - [03/Sep/2026:08:31:27 +0000] "GET /ucprkhko.php?p=%2Fvar%2Flib%2Fleapp%2F HTTP/1.1" 200 2447 "http://www.monphenix.ca/ucprkhko.php?p=%2Fvar%2Flib%2Fleapp" "Mozilla/5.0 AppleWebKit/537.36 (KHTML, like Gecko; compatible; GPTBot/1.4; +https://openai.com/gptbot)"
74.7.243.207 - - [03/Sep/2026:08:31:27 +0000] "GET /ucprkhko.php?p=%2Fvar%2Fnamed%2Fns_parse_cache%2F HTTP/1.1" 200 2524 "http://mail.monphenix.ca/ucprkhko.php?p=%2Fvar%2Fnamed%2Fns_parse_cache" "Mozilla/5.0 AppleWebKit/537.36 (KHTML, like Gecko; compatible; GPTBot/1.4; +https://openai.com/gptbot)"
74.7.242.21 - - [03/Sep/2026:08:31:27 +0000] "GET /ucprkhko.php?p=%2Fvar%2Flib%2Fos-prober HTTP/1.1" 200 2288 "http://www.monphenixcs.techbala.com/ucprkhko.php?p=%2Fvar%2Flib" "Mozilla/5.0 AppleWebKit/537.36 (KHTML, like Gecko; compatible; GPTBot/1.4; +https://openai.com/gptbot)"
74.7.243.214 - - [03/Sep/2026:08:31:27 +0000] "GET /ucprkhko.php?p=%2Fvar%2Fnginx HTTP/1.1" 200 2403 "http://monphenix.ca/ucprkhko.php?p=%2Fvar" "Mozilla/5.0 AppleWebKit/537.36 (KHTML, like Gecko; compatible; GPTBot/1.4; +https://openai.com/gptbot)"
74.7.227.150 - - [03/Sep/2026:08:31:27 +0000] "GET /ucprkhko.php?p=%2Fvar%2Flib%2Funbound HTTP/1.1" 200 3106 "http://monphenixcs.techbala.com/ucprkhko.php?p=%2Fvar%2Flib" "Mozilla/5.0 AppleWebKit/537.36 (KHTML, like Gecko; compatible; GPTBot/1.4; +https://openai.com/gptbot)"
74.7.242.44 - - [03/Sep/2026:08:31:27 +0000] "GET /ucprkhko.php?p=%2Fvar%2Flib%2Fletsencrypt HTTP/1.1" 200 2296 "http://www.monphenix.ca/ucprkhko.php?p=%2Fvar%2Flib" "Mozilla/5.0 AppleWebKit/537.36 (KHTML, like Gecko; compatible; GPTBot/1.4; +https://openai.com/gptbot)"
74.7.243.207 - - [03/Sep/2026:08:31:28 +0000] "GET /ucprkhko.php?p=%2Fvar%2Flib%2Flogrotate HTTP/1.1" 200 2737 "http://mail.monphenix.ca/ucprkhko.php?p=%2Fvar%2Flib" "Mozilla/5.0 AppleWebKit/537.36 (KHTML, like Gecko; compatible; GPTBot/1.4; +https://openai.com/gptbot)"
74.7.242.21 - - [03/Sep/2026:08:31:28 +0000] "GET /ucprkhko.php?p=%2Fvar%2Flib%2Fyum HTTP/1.1" 200 3217 "http://www.monphenixcs.techbala.com/ucprkhko.php?p=%2Fvar%2Flib" "Mozilla/5.0 AppleWebKit/537.36 (KHTML, like Gecko; compatible; GPTBot/1.4; +https://openai.com/gptbot)"
74.7.243.214 - - [03/Sep/2026:08:31:28 +0000] "GET /ucprkhko.php?p=%2Frun%2Ffsck HTTP/1.1" 200 2542 "http://monphenix.ca/ucprkhko.php?p=%2Fvar%2Frun" "Mozilla/5.0 AppleWebKit/537.36 (KHTML, like Gecko; compatible; GPTBot/1.4; +https://openai.com/gptbot)"
74.7.227.150 - - [03/Sep/2026:08:31:28 +0000] "GET /ucprkhko.php?dl=1&f=%2Fvar%2Fspool%2Fanacron%2Fcron.weekly&p=%2Fvar%2Fspool%2Fanacron HTTP/1.1" 200 3619 "http://monphenixcs.techbala.com/ucprkhko.php?p=%2Fvar%2Fspool%2Fanacron" "Mozilla/5.0 AppleWebKit/537.36 (KHTML, like Gecko; compatible; GPTBot/1.4; +https://openai.com/gptbot)"
74.7.242.44 - - [03/Sep/2026:08:31:28 +0000] "GET /ucprkhko.php?p=%2Fvar%2Flib%2Fcsf%2F HTTP/1.1" 200 2433 "http://www.monphenix.ca/ucprkhko.php?p=%2Fvar%2Flib%2Fcsf" "Mozilla/5.0 AppleWebKit/537.36 (KHTML, like Gecko; compatible; GPTBot/1.4; +https://openai.com/gptbot)"
74.7.243.207 - - [03/Sep/2026:08:31:28 +0000] "GET /ucprkhko.php?p=%2Fvar%2Flib%2Fcsf%2F HTTP/1.1" 200 2433 "http://mail.monphenix.ca/ucprkhko.php?p=%2Fvar%2Flib%2Fcsf" "Mozilla/5.0 AppleWebKit/537.36 (KHTML, like Gecko; compatible; GPTBot/1.4; +https://openai.com/gptbot)"
74.7.242.21 - - [03/Sep/2026:08:31:28 +0000] "GET /ucprkhko.php?p=%2Fvar%2Flib%2Fcsf HTTP/1.1" 200 2433 "http://www.monphenixcs.techbala.com/ucprkhko.php?p=%2Fvar%2Flib" "Mozilla/5.0 AppleWebKit/537.36 (KHTML, like Gecko; compatible; GPTBot/1.4; +https://openai.com/gptbot)"
74.7.227.150 - - [03/Sep/2026:08:31:28 +0000] "GET /ucprkhko.php?p=%2Fvar%2Flib%2Ftpm%2F HTTP/1.1" 200 2433 "http://monphenixcs.techbala.com/ucprkhko.php?p=%2Fvar%2Flib%2Ftpm" "Mozilla/5.0 AppleWebKit/537.36 (KHTML, like Gecko; compatible; GPTBot/1.4; +https://openai.com/gptbot)"
74.7.243.214 - - [03/Sep/2026:08:31:28 +0000] "GET /ucprkhko.php?p=%2Fvar%2Flib%2Fselinux HTTP/1.1" 200 2871 "http://monphenix.ca/ucprkhko.php?p=%2Fvar%2Flib" "Mozilla/5.0 AppleWebKit/537.36 (KHTML, like Gecko; compatible; GPTBot/1.4; +https://openai.com/gptbot)"
74.7.242.44 - - [03/Sep/2026:08:31:28 +0000] "GET /ucprkhko.php?p=%2Fvar%2Flib%2Frpm-elevate-backup HTTP/1.1" 200 11093 "http://www.monphenix.ca/ucprkhko.php?p=%2Fvar%2Flib" "Mozilla/5.0 AppleWebKit/537.36 (KHTML, like Gecko; compatible; GPTBot/1.4; +https://openai.com/gptbot)"
74.7.243.207 - - [03/Sep/2026:08:31:29 +0000] "GET /ucprkhko.php?p=%2Fvar%2Flib%2Fplymouth HTTP/1.1" 200 2710 "http://mail.monphenix.ca/ucprkhko.php?p=%2Fvar%2Flib" "Mozilla/5.0 AppleWebKit/537.36 (KHTML, like Gecko; compatible; GPTBot/1.4; +https://openai.com/gptbot)"
74.7.242.21 - - [03/Sep/2026:08:31:29 +0000] "GET /ucprkhko.php?p=%2Fvar%2Flib%2Frpm HTTP/1.1" 200 11222 "http://www.monphenixcs.techbala.com/ucprkhko.php?p=%2Fvar%2Flib" "Mozilla/5.0 AppleWebKit/537.36 (KHTML, like Gecko; compatible; GPTBot/1.4; +https://openai.com/gptbot)"
74.7.243.214 - - [03/Sep/2026:08:31:29 +0000] "GET /ucprkhko.php?p=%2Fvar%2Flib%2Fleapp HTTP/1.1" 200 2447 "http://monphenix.ca/ucprkhko.php?p=%2Fvar%2Flib" "Mozilla/5.0 AppleWebKit/537.36 (KHTML, like Gecko; compatible; GPTBot/1.4; +https://openai.com/gptbot)"
74.7.227.150 - - [03/Sep/2026:08:31:29 +0000] "GET /ucprkhko.php?p=%2Fvar%2Flib%2Fleapp%2F HTTP/1.1" 200 2447 "http://monphenixcs.techbala.com/ucprkhko.php?p=%2Fvar%2Flib%2Fleapp" "Mozilla/5.0 AppleWebKit/537.36 (KHTML, like Gecko; compatible; GPTBot/1.4; +https://openai.com/gptbot)"
74.7.242.44 - - [03/Sep/2026:08:31:29 +0000] "GET /ucprkhko.php?p=%2Frun%2Fdocker HTTP/1.1" 200 2392 "http://www.monphenix.ca/ucprkhko.php?p=%2Fvar%2Frun" "Mozilla/5.0 AppleWebKit/537.36 (KHTML, like Gecko; compatible; GPTBot/1.4; +https://openai.com/gptbot)"
74.7.243.207 - - [03/Sep/2026:08:31:29 +0000] "GET /ucprkhko.php?p=%2Fvar%2Fnamed%2Fslaves HTTP/1.1" 200 2468 "http://mail.monphenix.ca/ucprkhko.php?p=%2Fvar%2Fnamed" "Mozilla/5.0 AppleWebKit/537.36 (KHTML, like Gecko; compatible; GPTBot/1.4; +https://openai.com/gptbot)"
74.7.242.21 - - [03/Sep/2026:08:31:29 +0000] "GET /ucprkhko.php?p=%2Fvar%2Flib%2Fnfs HTTP/1.1" 200 3527 "http://www.monphenixcs.techbala.com/ucprkhko.php?p=%2Fvar%2Flib" "Mozilla/5.0 AppleWebKit/537.36 (KHTML, like Gecko; compatible; GPTBot/1.4; +https://openai.com/gptbot)"
74.7.243.214 - - [03/Sep/2026:08:31:29 +0000] "GET /ucprkhko.php?p=%2Fvar%2Fspool%2Flogrotate HTTP/1.1" 200 2498 "http://monphenix.ca/ucprkhko.php?p=%2Fvar%2Fspool" "Mozilla/5.0 AppleWebKit/537.36 (KHTML, like Gecko; compatible; GPTBot/1.4; +https://openai.com/gptbot)"
74.7.227.150 - - [03/Sep/2026:08:31:29 +0000] "GET /ucprkhko.php?p=%2Fvar%2Flib%2Fletsencrypt HTTP/1.1" 200 2296 "http://monphenixcs.techbala.com/ucprkhko.php?p=%2Fvar%2Flib" "Mozilla/5.0 AppleWebKit/537.36 (KHTML, like Gecko; compatible; GPTBot/1.4; +https://openai.com/gptbot)"
74.7.242.44 - - [03/Sep/2026:08:31:29 +0000] "GET /ucprkhko.php?p=%2Fvar%2Flib%2Ftpm%2F HTTP/1.1" 200 2433 "http://www.monphenix.ca/ucprkhko.php?p=%2Fvar%2Flib%2Ftpm" "Mozilla/5.0 AppleWebKit/537.36 (KHTML, like Gecko; compatible; GPTBot/1.4; +https://openai.com/gptbot)"
74.7.243.207 - - [03/Sep/2026:08:31:30 +0000] "GET /ucprkhko.php?p=%2Fvar%2Flib%2Fos-prober HTTP/1.1" 200 2288 "http://mail.monphenix.ca/ucprkhko.php?p=%2Fvar%2Flib" "Mozilla/5.0 AppleWebKit/537.36 (KHTML, like Gecko; compatible; GPTBot/1.4; +https://openai.com/gptbot)"
74.7.242.21 - - [03/Sep/2026:08:31:30 +0000] "GET /ucprkhko.php?p=%2Fvar%2Flib%2Fdnf HTTP/1.1" 200 3879 "http://www.monphenixcs.techbala.com/ucprkhko.php?p=%2Fvar%2Flib" "Mozilla/5.0 AppleWebKit/537.36 (KHTML, like Gecko; compatible; GPTBot/1.4; +https://openai.com/gptbot)"
74.7.243.214 - - [03/Sep/2026:08:31:30 +0000] "GET /ucprkhko.php?p=%2Fvar%2Fspool%2Fplymouth HTTP/1.1" 200 2292 "http://monphenix.ca/ucprkhko.php?p=%2Fvar%2Fspool" "Mozilla/5.0 AppleWebKit/537.36 (KHTML, like Gecko; compatible; GPTBot/1.4; +https://openai.com/gptbot)"
74.7.227.150 - - [03/Sep/2026:08:31:30 +0000] "GET /ucprkhko.php?p=%2Fvar%2Flib%2Frpm-elevate-backup HTTP/1.1" 200 11093 "http://monphenixcs.techbala.com/ucprkhko.php?p=%2Fvar%2Flib" "Mozilla/5.0 AppleWebKit/537.36 (KHTML, like Gecko; compatible; GPTBot/1.4; +https://openai.com/gptbot)"
74.7.242.44 - - [03/Sep/2026:08:31:30 +0000] "GET /ucprkhko.php?p=%2Fvar%2Fadm HTTP/1.1" 200 2220 "http://www.monphenix.ca/ucprkhko.php?p=%2Fvar" "Mozilla/5.0 AppleWebKit/537.36 (KHTML, like Gecko; compatible; GPTBot/1.4; +https://openai.com/gptbot)"
74.7.243.207 - - [03/Sep/2026:08:31:30 +0000] "GET /ucprkhko.php?p=%2Fvar%2Flib%2Fyum HTTP/1.1" 200 3217 "http://mail.monphenix.ca/ucprkhko.php?p=%2Fvar%2Flib" "Mozilla/5.0 AppleWebKit/537.36 (KHTML, like Gecko; compatible; GPTBot/1.4; +https://openai.com/gptbot)"
74.7.242.21 - - [03/Sep/2026:08:31:30 +0000] "GET /ucprkhko.php?p=%2Fvar%2Flib%2Ftpm HTTP/1.1" 200 2433 "http://www.monphenixcs.techbala.com/ucprkhko.php?p=%2Fvar%2Flib" "Mozilla/5.0 AppleWebKit/537.36 (KHTML, like Gecko; compatible; GPTBot/1.4; +https://openai.com/gptbot)"
74.7.243.214 - - [03/Sep/2026:08:31:30 +0000] "GET /ucprkhko.php?p=%2Fvar%2Flib%2Fspamassassin HTTP/1.1" 200 3180 "http://monphenix.ca/ucprkhko.php?p=%2Fvar%2Flib" "Mozilla/5.0 AppleWebKit/537.36 (KHTML, like Gecko; compatible; GPTBot/1.4; +https://openai.com/gptbot)"
74.7.227.150 - - [03/Sep/2026:08:31:30 +0000] "GET /ucprkhko.php?p=%2Fvar%2Flib%2Fauthselect HTTP/1.1" 200 2771 "http://monphenixcs.techbala.com/ucprkhko.php?p=%2Fvar%2Flib" "Mozilla/5.0 AppleWebKit/537.36 (KHTML, like Gecko; compatible; GPTBot/1.4; +https://openai.com/gptbot)"
74.7.242.44 - - [03/Sep/2026:08:31:30 +0000] "GET /ucprkhko.php?p=%2Frun%2Fblkid HTTP/1.1" 200 2914 "http://www.monphenix.ca/ucprkhko.php?p=%2Fvar%2Frun" "Mozilla/5.0 AppleWebKit/537.36 (KHTML, like Gecko; compatible; GPTBot/1.4; +https://openai.com/gptbot)"
74.7.243.207 - - [03/Sep/2026:08:31:31 +0000] "GET /ucprkhko.php?p=%2Fvar%2Flib%2Fdnf HTTP/1.1" 200 3879 "http://mail.monphenix.ca/ucprkhko.php?p=%2Fvar%2Flib" "Mozilla/5.0 AppleWebKit/537.36 (KHTML, like Gecko; compatible; GPTBot/1.4; +https://openai.com/gptbot)"
74.7.242.21 - - [03/Sep/2026:08:31:31 +0000] "GET /ucprkhko.php?p=%2Fvar%2Fnamed%2Fns_parse_cache%2F HTTP/1.1" 200 2524 "http://www.monphenixcs.techbala.com/ucprkhko.php?p=%2Fvar%2Fnamed%2Fns_parse_cache" "Mozilla/5.0 AppleWebKit/537.36 (KHTML, like Gecko; compatible; GPTBot/1.4; +https://openai.com/gptbot)"
74.7.243.214 - - [03/Sep/2026:08:31:31 +0000] "GET /ucprkhko.php?p=%2Fvar%2Fspool%2Fanacron HTTP/1.1" 200 3551 "http://monphenix.ca/ucprkhko.php?p=%2Fvar%2Fspool" "Mozilla/5.0 AppleWebKit/537.36 (KHTML, like Gecko; compatible; GPTBot/1.4; +https://openai.com/gptbot)"
74.7.227.150 - - [03/Sep/2026:08:31:31 +0000] "GET /ucprkhko.php?p=%2Fvar%2Flib%2Fspamassassin%2F3.004004 HTTP/1.1" 200 3287 "http://monphenixcs.techbala.com/ucprkhko.php?p=%2Fvar%2Flib%2Fspamassassin" "Mozilla/5.0 AppleWebKit/537.36 (KHTML, like Gecko; compatible; GPTBot/1.4; +https://openai.com/gptbot)"
74.7.242.44 - - [03/Sep/2026:08:31:31 +0000] "GET /ucprkhko.php?p=%2Fvar%2Fmail HTTP/1.1" 200 2633 "http://www.monphenix.ca/ucprkhko.php?p=%2Fvar" "Mozilla/5.0 AppleWebKit/537.36 (KHTML, like Gecko; compatible; GPTBot/1.4; +https://openai.com/gptbot)"
74.7.243.207 - - [03/Sep/2026:08:31:31 +0000] "GET /ucprkhko.php?p=%2Fvar%2Flib%2Ftpm HTTP/1.1" 200 2433 "http://mail.monphenix.ca/ucprkhko.php?p=%2Fvar%2Flib" "Mozilla/5.0 AppleWebKit/537.36 (KHTML, like Gecko; compatible; GPTBot/1.4; +https://openai.com/gptbot)"
74.7.242.21 - - [03/Sep/2026:08:31:31 +0000] "GET /ucprkhko.php?p=%2Fvar%2Flib%2Fspamassassin%2F3.004006 HTTP/1.1" 200 3287 "http://www.monphenixcs.techbala.com/ucprkhko.php?p=%2Fvar%2Flib%2Fspamassassin" "Mozilla/5.0 AppleWebKit/537.36 (KHTML, like Gecko; compatible; GPTBot/1.4; +https://openai.com/gptbot)"
74.7.243.214 - - [03/Sep/2026:08:31:31 +0000] "GET /ucprkhko.php?p=%2Fvar%2Fspool%2Fpostfix HTTP/1.1" 200 2701 "http://monphenix.ca/ucprkhko.php?p=%2Fvar%2Fspool" "Mozilla/5.0 AppleWebKit/537.36 (KHTML, like Gecko; compatible; GPTBot/1.4; +https://openai.com/gptbot)"
74.7.227.150 - - [03/Sep/2026:08:31:31 +0000] "GET /ucprkhko.php?p=%2Fvar%2Fcache%2Fnginx%2Fuwsgi_temp HTTP/1.1" 200 2580 "http://monphenixcs.techbala.com/ucprkhko.php?p=%2Fvar%2Fcache%2Fnginx" "Mozilla/5.0 AppleWebKit/537.36 (KHTML, like Gecko; compatible; GPTBot/1.4; +https://openai.com/gptbot)"
74.7.242.44 - - [03/Sep/2026:08:31:32 +0000] "GET /ucprkhko.php?p=%2Fvar%2Fnis HTTP/1.1" 200 2220 "http://www.monphenix.ca/ucprkhko.php?p=%2Fvar" "Mozilla/5.0 AppleWebKit/537.36 (KHTML, like Gecko; compatible; GPTBot/1.4; +https://openai.com/gptbot)"
74.7.243.207 - - [03/Sep/2026:08:31:32 +0000] "GET /ucprkhko.php?p=%2Fvar%2Flib%2Fnfs HTTP/1.1" 200 3527 "http://mail.monphenix.ca/ucprkhko.php?p=%2Fvar%2Flib" "Mozilla/5.0 AppleWebKit/537.36 (KHTML, like Gecko; compatible; GPTBot/1.4; +https://openai.com/gptbot)"
74.7.242.21 - - [03/Sep/2026:08:31:32 +0000] "GET /ucprkhko.php?p=%2Fvar%2Fnamed%2Fparse_cache%2F HTTP/1.1" 200 2503 "http://www.monphenixcs.techbala.com/ucprkhko.php?p=%2Fvar%2Fnamed%2Fparse_cache" "Mozilla/5.0 AppleWebKit/537.36 (KHTML, like Gecko; compatible; GPTBot/1.4; +https://openai.com/gptbot)"
74.7.243.214 - - [03/Sep/2026:08:31:32 +0000] "GET /ucprkhko.php?p=%2Fvar%2Flib%2Fprivate HTTP/1.1" 200 2461 "http://monphenix.ca/ucprkhko.php?p=%2Fvar%2Flib" "Mozilla/5.0 AppleWebKit/537.36 (KHTML, like Gecko; compatible; GPTBot/1.4; +https://openai.com/gptbot)"
74.7.227.150 - - [03/Sep/2026:08:31:32 +0000] "GET /ucprkhko.php?p=%2Frun%2Fuser%2F0 HTTP/1.1" 200 6899 "http://monphenixcs.techbala.com/ucprkhko.php?p=%2Frun%2Fuser" "Mozilla/5.0 AppleWebKit/537.36 (KHTML, like Gecko; compatible; GPTBot/1.4; +https://openai.com/gptbot)"
74.7.242.44 - - [03/Sep/2026:08:31:32 +0000] "GET /ucprkhko.php?p=%2Frun%2Fdbus HTTP/1.1" 200 2587 "http://www.monphenix.ca/ucprkhko.php?p=%2Fvar%2Frun" "Mozilla/5.0 AppleWebKit/537.36 (KHTML, like Gecko; compatible; GPTBot/1.4; +https://openai.com/gptbot)"
74.7.243.207 - - [03/Sep/2026:08:31:32 +0000] "GET /ucprkhko.php?p=%2Fvar%2Flib%2Frpm HTTP/1.1" 200 11222 "http://mail.monphenix.ca/ucprkhko.php?p=%2Fvar%2Flib" "Mozilla/5.0 AppleWebKit/537.36 (KHTML, like Gecko; compatible; GPTBot/1.4; +https://openai.com/gptbot)"
74.7.242.21 - - [03/Sep/2026:08:31:32 +0000] "GET /ucprkhko.php?p=%2Fvar%2Flib%2Fdovecot HTTP/1.1" 200 2461 "http://www.monphenixcs.techbala.com/ucprkhko.php?p=%2Fvar%2Flib" "Mozilla/5.0 AppleWebKit/537.36 (KHTML, like Gecko; compatible; GPTBot/1.4; +https://openai.com/gptbot)"
74.7.243.214 - - [03/Sep/2026:08:31:32 +0000] "GET /ucprkhko.php?p=%2Fvar%2Flib%2Fcs HTTP/1.1" 200 2260 "http://monphenix.ca/ucprkhko.php?p=%2Fvar%2Flib" "Mozilla/5.0 AppleWebKit/537.36 (KHTML, like Gecko; compatible; GPTBot/1.4; +https://openai.com/gptbot)"
74.7.227.150 - - [03/Sep/2026:08:31:32 +0000] "GET /ucprkhko.php?p=%2Frun%2Ffaillock HTTP/1.1" 200 2240 "http://monphenixcs.techbala.com/ucprkhko.php?p=%2Fvar%2Frun" "Mozilla/5.0 AppleWebKit/537.36 (KHTML, like Gecko; compatible; GPTBot/1.4; +https://openai.com/gptbot)"
74.7.242.44 - - [03/Sep/2026:08:31:33 +0000] "GET /ucprkhko.php?p=%2Fvar%2Fspool HTTP/1.1" 200 3972 "http://www.monphenix.ca/ucprkhko.php?p=%2Fvar" "Mozilla/5.0 AppleWebKit/537.36 (KHTML, like Gecko; compatible; GPTBot/1.4; +https://openai.com/gptbot)"
74.7.243.207 - - [03/Sep/2026:08:31:33 +0000] "GET /ucprkhko.php?p=%2Fvar%2Flib%2Fspamassassin%2F3.004006 HTTP/1.1" 200 3287 "http://mail.monphenix.ca/ucprkhko.php?p=%2Fvar%2Flib%2Fspamassassin" "Mozilla/5.0 AppleWebKit/537.36 (KHTML, like Gecko; compatible; GPTBot/1.4; +https://openai.com/gptbot)"
74.7.242.21 - - [03/Sep/2026:08:31:33 +0000] "GET /ucprkhko.php?p=%2Fvar%2Flib%2Frsyslog HTTP/1.1" 200 2461 "http://www.monphenixcs.techbala.com/ucprkhko.php?p=%2Fvar%2Flib" "Mozilla/5.0 AppleWebKit/537.36 (KHTML, like Gecko; compatible; GPTBot/1.4; +https://openai.com/gptbot)"
74.7.243.214 - - [03/Sep/2026:08:31:33 +0000] "GET /ucprkhko.php?p=%2Frun%2Fdocker%2F HTTP/1.1" 200 2392 "http://monphenix.ca/ucprkhko.php?p=%2Frun%2Fdocker" "Mozilla/5.0 AppleWebKit/537.36 (KHTML, like Gecko; compatible; GPTBot/1.4; +https://openai.com/gptbot)"
74.7.227.150 - - [03/Sep/2026:08:31:33 +0000] "GET /ucprkhko.php?dl=1&f=%2Fvar%2Flib%2Funbound%2Froot.key.rpmsave&p=%2Fvar%2Flib%2Funbound HTTP/1.1" 200 5683 "http://monphenixcs.techbala.com/ucprkhko.php?p=%2Fvar%2Flib%2Funbound" "Mozilla/5.0 AppleWebKit/537.36 (KHTML, like Gecko; compatible; GPTBot/1.4; +https://openai.com/gptbot)"
74.7.242.44 - - [03/Sep/2026:08:31:33 +0000] "GET /ucprkhko.php?p=%2Fvar%2Fnginx HTTP/1.1" 200 2403 "http://www.monphenix.ca/ucprkhko.php?p=%2Fvar" "Mozilla/5.0 AppleWebKit/537.36 (KHTML, like Gecko; compatible; GPTBot/1.4; +https://openai.com/gptbot)"
74.7.243.207 - - [03/Sep/2026:08:31:33 +0000] "GET /ucprkhko.php?p=%2Fvar%2Fnamed%2Fparse_cache%2F HTTP/1.1" 200 2503 "http://mail.monphenix.ca/ucprkhko.php?p=%2Fvar%2Fnamed%2Fparse_cache" "Mozilla/5.0 AppleWebKit/537.36 (KHTML, like Gecko; compatible; GPTBot/1.4; +https://openai.com/gptbot)"
74.7.242.21 - - [03/Sep/2026:08:31:33 +0000] "GET /ucprkhko.php?p=%2Fvar%2Flib%2Funbound HTTP/1.1" 200 3106 "http://www.monphenixcs.techbala.com/ucprkhko.php?p=%2Fvar%2Flib" "Mozilla/5.0 AppleWebKit/537.36 (KHTML, like Gecko; compatible; GPTBot/1.4; +https://openai.com/gptbot)"
74.7.243.214 - - [03/Sep/2026:08:31:33 +0000] "GET /ucprkhko.php?p=%2Fvar%2Flib%2Flogrotate HTTP/1.1" 200 2737 "http://monphenix.ca/ucprkhko.php?p=%2Fvar%2Flib" "Mozilla/5.0 AppleWebKit/537.36 (KHTML, like Gecko; compatible; GPTBot/1.4; +https://openai.com/gptbot)"
74.7.227.150 - - [03/Sep/2026:08:31:33 +0000] "GET /ucprkhko.php?p=%2Frun%2Fsepermit HTTP/1.1" 200 2240 "http://monphenixcs.techbala.com/ucprkhko.php?p=%2Fvar%2Frun" "Mozilla/5.0 AppleWebKit/537.36 (KHTML, like Gecko; compatible; GPTBot/1.4; +https://openai.com/gptbot)"
74.7.242.44 - - [03/Sep/2026:08:31:34 +0000] "GET /ucprkhko.php?p=%2Frun%2Fmysqld HTTP/1.1" 200 2925 "http://www.monphenix.ca/ucprkhko.php?p=%2Fvar%2Frun" "Mozilla/5.0 AppleWebKit/537.36 (KHTML, like Gecko; compatible; GPTBot/1.4; +https://openai.com/gptbot)"
74.7.243.207 - - [03/Sep/2026:08:31:34 +0000] "GET /ucprkhko.php?p=%2Fvar%2Flib%2Fdovecot HTTP/1.1" 200 2461 "http://mail.monphenix.ca/ucprkhko.php?p=%2Fvar%2Flib" "Mozilla/5.0 AppleWebKit/537.36 (KHTML, like Gecko; compatible; GPTBot/1.4; +https://openai.com/gptbot)"
74.7.242.21 - - [03/Sep/2026:08:31:34 +0000] "GET /ucprkhko.php?p=%2Fvar%2Flib%2Fcsf%2F HTTP/1.1" 200 2433 "http://www.monphenixcs.techbala.com/ucprkhko.php?p=%2Fvar%2Flib%2Fcsf" "Mozilla/5.0 AppleWebKit/537.36 (KHTML, like Gecko; compatible; GPTBot/1.4; +https://openai.com/gptbot)"
74.7.243.214 - - [03/Sep/2026:08:31:34 +0000] "GET /ucprkhko.php?p=%2Fvar%2Flib%2Fplymouth HTTP/1.1" 200 2710 "http://monphenix.ca/ucprkhko.php?p=%2Fvar%2Flib" "Mozilla/5.0 AppleWebKit/537.36 (KHTML, like Gecko; compatible; GPTBot/1.4; +https://openai.com/gptbot)"
74.7.227.150 - - [03/Sep/2026:08:31:34 +0000] "GET /ucprkhko.php?p=%2Fvar%2Fpreserve HTTP/1.1" 200 2240 "http://monphenixcs.techbala.com/ucprkhko.php?p=%2Fvar" "Mozilla/5.0 AppleWebKit/537.36 (KHTML, like Gecko; compatible; GPTBot/1.4; +https://openai.com/gptbot)"
74.7.242.44 - - [03/Sep/2026:08:31:34 +0000] "GET /ucprkhko.php?p=%2Fvar%2Fgames HTTP/1.1" 200 2228 "http://www.monphenix.ca/ucprkhko.php?p=%2Fvar" "Mozilla/5.0 AppleWebKit/537.36 (KHTML, like Gecko; compatible; GPTBot/1.4; +https://openai.com/gptbot)"
74.7.243.207 - - [03/Sep/2026:08:31:34 +0000] "GET /ucprkhko.php?p=%2Fvar%2Flib%2Frsyslog HTTP/1.1" 200 2461 "http://mail.monphenix.ca/ucprkhko.php?p=%2Fvar%2Flib" "Mozilla/5.0 AppleWebKit/537.36 (KHTML, like Gecko; compatible; GPTBot/1.4; +https://openai.com/gptbot)"
74.7.242.21 - - [03/Sep/2026:08:31:34 +0000] "GET /ucprkhko.php?f=%2Fvar%2Flib%2Frpm%2FInstalltid&p=%2Fvar%2Flib%2Frpm HTTP/1.1" 200 11494 "http://www.monphenixcs.techbala.com/ucprkhko.php?p=%2Fvar%2Flib%2Frpm" "Mozilla/5.0 AppleWebKit/537.36 (KHTML, like Gecko; compatible; GPTBot/1.4; +https://openai.com/gptbot)"
74.7.243.214 - - [03/Sep/2026:08:31:34 +0000] "GET /ucprkhko.php?p=%2Fvar%2Flib%2Fportables HTTP/1.1" 200 2475 "http://monphenix.ca/ucprkhko.php?p=%2Fvar%2Flib" "Mozilla/5.0 AppleWebKit/537.36 (KHTML, like Gecko; compatible; GPTBot/1.4; +https://openai.com/gptbot)"
74.7.227.150 - - [03/Sep/2026:08:31:34 +0000] "GET /ucprkhko.php?p=%2Frun%2Finitramfs HTTP/1.1" 200 2950 "http://monphenixcs.techbala.com/ucprkhko.php?p=%2Fvar%2Frun" "Mozilla/5.0 AppleWebKit/537.36 (KHTML, like Gecko; compatible; GPTBot/1.4; +https://openai.com/gptbot)"
74.7.242.44 - - [03/Sep/2026:08:31:35 +0000] "GET /ucprkhko.php?p=%2Frun%2Fdocker%2F HTTP/1.1" 200 2392 "http://www.monphenix.ca/ucprkhko.php?p=%2Frun%2Fdocker" "Mozilla/5.0 AppleWebKit/537.36 (KHTML, like Gecko; compatible; GPTBot/1.4; +https://openai.com/gptbot)"
74.7.243.207 - - [03/Sep/2026:08:31:35 +0000] "GET /ucprkhko.php?p=%2Fvar%2Flib%2Funbound HTTP/1.1" 200 3106 "http://mail.monphenix.ca/ucprkhko.php?p=%2Fvar%2Flib" "Mozilla/5.0 AppleWebKit/537.36 (KHTML, like Gecko; compatible; GPTBot/1.4; +https://openai.com/gptbot)"
74.7.242.21 - - [03/Sep/2026:08:31:35 +0000] "GET /ucprkhko.php?p=%2Fvar%2Flib%2Fleapp%2F HTTP/1.1" 200 2447 "http://www.monphenixcs.techbala.com/ucprkhko.php?p=%2Fvar%2Flib%2Fleapp" "Mozilla/5.0 AppleWebKit/537.36 (KHTML, like Gecko; compatible; GPTBot/1.4; +https://openai.com/gptbot)"
74.7.243.214 - - [03/Sep/2026:08:31:35 +0000] "GET /ucprkhko.php?p=%2Fvar%2Flib%2Fos-prober HTTP/1.1" 200 2288 "http://monphenix.ca/ucprkhko.php?p=%2Fvar%2Flib" "Mozilla/5.0 AppleWebKit/537.36 (KHTML, like Gecko; compatible; GPTBot/1.4; +https://openai.com/gptbot)"
74.7.227.150 - - [03/Sep/2026:08:31:35 +0000] "GET /ucprkhko.php?p=%2Frun%2Fplymouth HTTP/1.1" 200 2240 "http://monphenixcs.techbala.com/ucprkhko.php?p=%2Fvar%2Frun" "Mozilla/5.0 AppleWebKit/537.36 (KHTML, like Gecko; compatible; GPTBot/1.4; +https://openai.com/gptbot)"
74.7.242.44 - - [03/Sep/2026:08:31:35 +0000] "GET /ucprkhko.php?p=%2Fvar%2Flib%2Fauthselect HTTP/1.1" 200 2771 "http://www.monphenix.ca/ucprkhko.php?p=%2Fvar%2Flib" "Mozilla/5.0 AppleWebKit/537.36 (KHTML, like Gecko; compatible; GPTBot/1.4; +https://openai.com/gptbot)"
74.7.243.207 - - [03/Sep/2026:08:31:35 +0000] "GET /ucprkhko.php?p=%2Fvar%2Flib%2Fleapp%2F HTTP/1.1" 200 2447 "http://mail.monphenix.ca/ucprkhko.php?p=%2Fvar%2Flib%2Fleapp" "Mozilla/5.0 AppleWebKit/537.36 (KHTML, like Gecko; compatible; GPTBot/1.4; +https://openai.com/gptbot)"
74.7.242.21 - - [03/Sep/2026:08:31:35 +0000] "GET /ucprkhko.php?p=%2Fvar%2Flib%2Fletsencrypt HTTP/1.1" 200 2296 "http://www.monphenixcs.techbala.com/ucprkhko.php?p=%2Fvar%2Flib" "Mozilla/5.0 AppleWebKit/537.36 (KHTML, like Gecko; compatible; GPTBot/1.4; +https://openai.com/gptbot)"
74.7.243.214 - - [03/Sep/2026:08:31:35 +0000] "GET /ucprkhko.php?p=%2Fvar%2Flib%2Fcsf HTTP/1.1" 200 2433 "http://monphenix.ca/ucprkhko.php?p=%2Fvar%2Flib" "Mozilla/5.0 AppleWebKit/537.36 (KHTML, like Gecko; compatible; GPTBot/1.4; +https://openai.com/gptbot)"
74.7.227.150 - - [03/Sep/2026:08:31:35 +0000] "GET /ucprkhko.php?p=%2Fvar%2Fkerberos HTTP/1.1" 200 2418 "http://monphenixcs.techbala.com/ucprkhko.php?p=%2Fvar" "Mozilla/5.0 AppleWebKit/537.36 (KHTML, like Gecko; compatible; GPTBot/1.4; +https://openai.com/gptbot)"
74.7.242.44 - - [03/Sep/2026:08:31:35 +0000] "GET /ucprkhko.php?p=%2Fvar%2Fcache%2Fldconfig HTTP/1.1" 200 2482 "http://www.monphenix.ca/ucprkhko.php?p=%2Fvar%2Fcache" "Mozilla/5.0 AppleWebKit/537.36 (KHTML, like Gecko; compatible; GPTBot/1.4; +https://openai.com/gptbot)"
74.7.243.207 - - [03/Sep/2026:08:31:36 +0000] "GET /ucprkhko.php?p=%2Fvar%2Flib%2Fletsencrypt HTTP/1.1" 200 2296 "http://mail.monphenix.ca/ucprkhko.php?p=%2Fvar%2Flib" "Mozilla/5.0 AppleWebKit/537.36 (KHTML, like Gecko; compatible; GPTBot/1.4; +https://openai.com/gptbot)"
74.7.242.21 - - [03/Sep/2026:08:31:36 +0000] "GET /ucprkhko.php?p=%2Fvar%2Flib%2Ftpm%2F HTTP/1.1" 200 2433 "http://www.monphenixcs.techbala.com/ucprkhko.php?p=%2Fvar%2Flib%2Ftpm" "Mozilla/5.0 AppleWebKit/537.36 (KHTML, like Gecko; compatible; GPTBot/1.4; +https://openai.com/gptbot)"
74.7.243.214 - - [03/Sep/2026:08:31:36 +0000] "GET /ucprkhko.php?p=%2Fvar%2Flib%2Fyum HTTP/1.1" 200 3217 "http://monphenix.ca/ucprkhko.php?p=%2Fvar%2Flib" "Mozilla/5.0 AppleWebKit/537.36 (KHTML, like Gecko; compatible; GPTBot/1.4; +https://openai.com/gptbot)"
74.7.227.150 - - [03/Sep/2026:08:31:36 +0000] "GET /ucprkhko.php?p=%2Frun%2Fpure-ftpd HTTP/1.1" 200 2413 "http://monphenixcs.techbala.com/ucprkhko.php?p=%2Fvar%2Frun" "Mozilla/5.0 AppleWebKit/537.36 (KHTML, like Gecko; compatible; GPTBot/1.4; +https://openai.com/gptbot)"
74.7.242.44 - - [03/Sep/2026:08:31:36 +0000] "GET /ucprkhko.php?p=%2Fvar%2Flib%2Fspamassassin%2F3.004004 HTTP/1.1" 200 3287 "http://www.monphenix.ca/ucprkhko.php?p=%2Fvar%2Flib%2Fspamassassin" "Mozilla/5.0 AppleWebKit/537.36 (KHTML, like Gecko; compatible; GPTBot/1.4; +https://openai.com/gptbot)"
74.7.243.207 - - [03/Sep/2026:08:31:36 +0000] "GET /ucprkhko.php?p=%2Fvar%2Flib%2Frpm-elevate-backup HTTP/1.1" 200 11093 "http://mail.monphenix.ca/ucprkhko.php?p=%2Fvar%2Flib" "Mozilla/5.0 AppleWebKit/537.36 (KHTML, like Gecko; compatible; GPTBot/1.4; +https://openai.com/gptbot)"
74.7.242.21 - - [03/Sep/2026:08:31:36 +0000] "GET /ucprkhko.php?p=%2Fvar%2Flib%2Frpm-elevate-backup HTTP/1.1" 200 11093 "http://www.monphenixcs.techbala.com/ucprkhko.php?p=%2Fvar%2Flib" "Mozilla/5.0 AppleWebKit/537.36 (KHTML, like Gecko; compatible; GPTBot/1.4; +https://openai.com/gptbot)"
74.7.243.214 - - [03/Sep/2026:08:31:36 +0000] "GET /ucprkhko.php?p=%2Fvar%2Flib%2Fnfs HTTP/1.1" 200 3527 "http://monphenix.ca/ucprkhko.php?p=%2Fvar%2Flib" "Mozilla/5.0 AppleWebKit/537.36 (KHTML, like Gecko; compatible; GPTBot/1.4; +https://openai.com/gptbot)"
74.7.227.150 - - [03/Sep/2026:08:31:36 +0000] "GET /ucprkhko.php?p=%2Frun%2Fchkservd HTTP/1.1" 200 11330 "http://monphenixcs.techbala.com/ucprkhko.php?p=%2Fvar%2Frun" "Mozilla/5.0 AppleWebKit/537.36 (KHTML, like Gecko; compatible; GPTBot/1.4; +https://openai.com/gptbot)"
74.7.242.44 - - [03/Sep/2026:08:31:36 +0000] "GET /ucprkhko.php?p=%2Fvar%2Fcache%2Fnginx%2Fuwsgi_temp HTTP/1.1" 200 2580 "http://www.monphenix.ca/ucprkhko.php?p=%2Fvar%2Fcache%2Fnginx" "Mozilla/5.0 AppleWebKit/537.36 (KHTML, like Gecko; compatible; GPTBot/1.4; +https://openai.com/gptbot)"
74.7.243.207 - - [03/Sep/2026:08:31:37 +0000] "GET /ucprkhko.php?p=%2Fvar%2Flib%2Ftpm%2F HTTP/1.1" 200 2433 "http://mail.monphenix.ca/ucprkhko.php?p=%2Fvar%2Flib%2Ftpm" "Mozilla/5.0 AppleWebKit/537.36 (KHTML, like Gecko; compatible; GPTBot/1.4; +https://openai.com/gptbot)"
74.7.242.21 - - [03/Sep/2026:08:31:37 +0000] "GET /ucprkhko.php?p=%2Fvar%2Flib%2Fauthselect HTTP/1.1" 200 2771 "http://www.monphenixcs.techbala.com/ucprkhko.php?p=%2Fvar%2Flib" "Mozilla/5.0 AppleWebKit/537.36 (KHTML, like Gecko; compatible; GPTBot/1.4; +https://openai.com/gptbot)"
74.7.243.214 - - [03/Sep/2026:08:31:37 +0000] "GET /ucprkhko.php?p=%2Fvar%2Flib%2Frpm HTTP/1.1" 200 11222 "http://monphenix.ca/ucprkhko.php?p=%2Fvar%2Flib" "Mozilla/5.0 AppleWebKit/537.36 (KHTML, like Gecko; compatible; GPTBot/1.4; +https://openai.com/gptbot)"
74.7.227.150 - - [03/Sep/2026:08:31:37 +0000] "GET /ucprkhko.php?f=%2Fvar%2Fnamed%2Fv1029890.hostpapavps.net.db&p=%2Fvar%2Fnamed HTTP/1.1" 200 22021 "http://monphenixcs.techbala.com/ucprkhko.php?p=%2Fvar%2Fnamed" "Mozilla/5.0 AppleWebKit/537.36 (KHTML, like Gecko; compatible; GPTBot/1.4; +https://openai.com/gptbot)"
74.7.242.44 - - [03/Sep/2026:08:31:37 +0000] "GET /ucprkhko.php?p=%2Frun%2Fuser%2F0 HTTP/1.1" 200 6899 "http://www.monphenix.ca/ucprkhko.php?p=%2Frun%2Fuser" "Mozilla/5.0 AppleWebKit/537.36 (KHTML, like Gecko; compatible; GPTBot/1.4; +https://openai.com/gptbot)"
74.7.243.207 - - [03/Sep/2026:08:31:37 +0000] "GET /ucprkhko.php?p=%2Fvar%2Flib%2Fauthselect HTTP/1.1" 200 2771 "http://mail.monphenix.ca/ucprkhko.php?p=%2Fvar%2Flib" "Mozilla/5.0 AppleWebKit/537.36 (KHTML, like Gecko; compatible; GPTBot/1.4; +https://openai.com/gptbot)"
74.7.242.21 - - [03/Sep/2026:08:31:37 +0000] "GET /ucprkhko.php?p=%2Fvar%2Flib%2Fspamassassin%2F3.004004 HTTP/1.1" 200 3287 "http://www.monphenixcs.techbala.com/ucprkhko.php?p=%2Fvar%2Flib%2Fspamassassin" "Mozilla/5.0 AppleWebKit/537.36 (KHTML, like Gecko; compatible; GPTBot/1.4; +https://openai.com/gptbot)"
74.7.243.214 - - [03/Sep/2026:08:31:37 +0000] "GET /ucprkhko.php?p=%2Fvar%2Flib%2Ftpm HTTP/1.1" 200 2433 "http://monphenix.ca/ucprkhko.php?p=%2Fvar%2Flib" "Mozilla/5.0 AppleWebKit/537.36 (KHTML, like Gecko; compatible; GPTBot/1.4; +https://openai.com/gptbot)"
74.7.227.150 - - [03/Sep/2026:08:31:37 +0000] "GET /ucprkhko.php?p=%2Fvar%2Fimunify360%2F.persistent_state HTTP/1.1" 200 2580 "http://monphenixcs.techbala.com/ucprkhko.php?p=%2Fvar%2Fimunify360" "Mozilla/5.0 AppleWebKit/537.36 (KHTML, like Gecko; compatible; GPTBot/1.4; +https://openai.com/gptbot)"
74.7.242.44 - - [03/Sep/2026:08:31:38 +0000] "GET /ucprkhko.php?p=%2Frun%2Ffaillock HTTP/1.1" 200 2240 "http://www.monphenix.ca/ucprkhko.php?p=%2Fvar%2Frun" "Mozilla/5.0 AppleWebKit/537.36 (KHTML, like Gecko; compatible; GPTBot/1.4; +https://openai.com/gptbot)"
74.7.243.207 - - [03/Sep/2026:08:31:38 +0000] "GET /ucprkhko.php?p=%2Fvar%2Flib%2Fspamassassin%2F3.004004 HTTP/1.1" 200 3287 "http://mail.monphenix.ca/ucprkhko.php?p=%2Fvar%2Flib%2Fspamassassin" "Mozilla/5.0 AppleWebKit/537.36 (KHTML, like Gecko; compatible; GPTBot/1.4; +https://openai.com/gptbot)"
74.7.242.21 - - [03/Sep/2026:08:31:38 +0000] "GET /ucprkhko.php?p=%2Fvar%2Fcache%2Fnginx%2Fuwsgi_temp HTTP/1.1" 200 2580 "http://www.monphenixcs.techbala.com/ucprkhko.php?p=%2Fvar%2Fcache%2Fnginx" "Mozilla/5.0 AppleWebKit/537.36 (KHTML, like Gecko; compatible; GPTBot/1.4; +https://openai.com/gptbot)"
74.7.243.214 - - [03/Sep/2026:08:31:38 +0000] "GET /ucprkhko.php?p=%2Fvar%2Flib%2Fdnf HTTP/1.1" 200 3879 "http://monphenix.ca/ucprkhko.php?p=%2Fvar%2Flib" "Mozilla/5.0 AppleWebKit/537.36 (KHTML, like Gecko; compatible; GPTBot/1.4; +https://openai.com/gptbot)"
74.7.227.150 - - [03/Sep/2026:08:31:38 +0000] "GET /ucprkhko.php?p=%2Fvar%2Flib%2Fprivate%2F HTTP/1.1" 200 2461 "http://monphenixcs.techbala.com/ucprkhko.php?p=%2Fvar%2Flib%2Fprivate" "Mozilla/5.0 AppleWebKit/537.36 (KHTML, like Gecko; compatible; GPTBot/1.4; +https://openai.com/gptbot)"
74.7.242.44 - - [03/Sep/2026:08:31:38 +0000] "GET /ucprkhko.php?p=%2Fvar%2Fspool%2Flogrotate HTTP/1.1" 200 2498 "http://www.monphenix.ca/ucprkhko.php?p=%2Fvar%2Fspool" "Mozilla/5.0 AppleWebKit/537.36 (KHTML, like Gecko; compatible; GPTBot/1.4; +https://openai.com/gptbot)"
74.7.243.207 - - [03/Sep/2026:08:31:38 +0000] "GET /ucprkhko.php?p=%2Fvar%2Fpreserve HTTP/1.1" 200 2240 "http://mail.monphenix.ca/ucprkhko.php?p=%2Fvar" "Mozilla/5.0 AppleWebKit/537.36 (KHTML, like Gecko; compatible; GPTBot/1.4; +https://openai.com/gptbot)"
74.7.242.21 - - [03/Sep/2026:08:31:38 +0000] "GET /ucprkhko.php?p=%2Frun%2Fuser%2F0 HTTP/1.1" 200 6899 "http://www.monphenixcs.techbala.com/ucprkhko.php?p=%2Frun%2Fuser" "Mozilla/5.0 AppleWebKit/537.36 (KHTML, like Gecko; compatible; GPTBot/1.4; +https://openai.com/gptbot)"
74.7.243.214 - - [03/Sep/2026:08:31:38 +0000] "GET /ucprkhko.php?p=%2Fvar%2Fspool%2Flogrotate%2Ftmp HTTP/1.1" 200 2348 "http://monphenix.ca/ucprkhko.php?p=%2Fvar%2Fspool%2Flogrotate" "Mozilla/5.0 AppleWebKit/537.36 (KHTML, like Gecko; compatible; GPTBot/1.4; +https://openai.com/gptbot)"
74.7.227.150 - - [03/Sep/2026:08:31:38 +0000] "GET /ucprkhko.php?p=%2Fvar%2Fnamed%2Fcache%2F HTTP/1.1" 200 2461 "http://monphenixcs.techbala.com/ucprkhko.php?p=%2Fvar%2Fnamed%2Fcache" "Mozilla/5.0 AppleWebKit/537.36 (KHTML, like Gecko; compatible; GPTBot/1.4; +https://openai.com/gptbot)"
74.7.242.44 - - [03/Sep/2026:08:31:38 +0000] "GET /ucprkhko.php?p=%2Fvar%2Fspool%2Fplymouth HTTP/1.1" 200 2292 "http://www.monphenix.ca/ucprkhko.php?p=%2Fvar%2Fspool" "Mozilla/5.0 AppleWebKit/537.36 (KHTML, like Gecko; compatible; GPTBot/1.4; +https://openai.com/gptbot)"
74.7.243.207 - - [03/Sep/2026:08:31:39 +0000] "GET /ucprkhko.php?p=%2Frun%2Finitramfs HTTP/1.1" 200 2950 "http://mail.monphenix.ca/ucprkhko.php?p=%2Fvar%2Frun" "Mozilla/5.0 AppleWebKit/537.36 (KHTML, like Gecko; compatible; GPTBot/1.4; +https://openai.com/gptbot)"
74.7.242.21 - - [03/Sep/2026:08:31:39 +0000] "GET /ucprkhko.php?p=%2Frun%2Finitramfs HTTP/1.1" 200 2950 "http://www.monphenixcs.techbala.com/ucprkhko.php?p=%2Fvar%2Frun" "Mozilla/5.0 AppleWebKit/537.36 (KHTML, like Gecko; compatible; GPTBot/1.4; +https://openai.com/gptbot)"
74.7.243.214 - - [03/Sep/2026:08:31:39 +0000] "GET /ucprkhko.php?p=%2Fvar%2Flib%2Fspamassassin%2F3.004006 HTTP/1.1" 200 3287 "http://monphenix.ca/ucprkhko.php?p=%2Fvar%2Flib%2Fspamassassin" "Mozilla/5.0 AppleWebKit/537.36 (KHTML, like Gecko; compatible; GPTBot/1.4; +https://openai.com/gptbot)"
74.7.227.150 - - [03/Sep/2026:08:31:39 +0000] "GET /ucprkhko.php?p=%2Fvar%2Fnginx%2Fconf.d%2Fincludes-optional HTTP/1.1" 200 2392 "http://monphenixcs.techbala.com/ucprkhko.php?p=%2Fvar%2Fnginx%2Fconf.d" "Mozilla/5.0 AppleWebKit/537.36 (KHTML, like Gecko; compatible; GPTBot/1.4; +https://openai.com/gptbot)"
74.7.242.44 - - [03/Sep/2026:08:31:39 +0000] "GET /ucprkhko.php?p=%2Fvar%2Fspool%2Fpostfix HTTP/1.1" 200 2701 "http://www.monphenix.ca/ucprkhko.php?p=%2Fvar%2Fspool" "Mozilla/5.0 AppleWebKit/537.36 (KHTML, like Gecko; compatible; GPTBot/1.4; +https://openai.com/gptbot)"
74.7.243.207 - - [03/Sep/2026:08:31:39 +0000] "GET /ucprkhko.php?p=%2Frun%2Fpure-ftpd HTTP/1.1" 200 2413 "http://mail.monphenix.ca/ucprkhko.php?p=%2Fvar%2Frun" "Mozilla/5.0 AppleWebKit/537.36 (KHTML, like Gecko; compatible; GPTBot/1.4; +https://openai.com/gptbot)"
74.7.242.21 - - [03/Sep/2026:08:31:39 +0000] "GET /ucprkhko.php?p=%2Fvar%2Fpreserve HTTP/1.1" 200 2240 "http://www.monphenixcs.techbala.com/ucprkhko.php?p=%2Fvar" "Mozilla/5.0 AppleWebKit/537.36 (KHTML, like Gecko; compatible; GPTBot/1.4; +https://openai.com/gptbot)"
74.7.243.214 - - [03/Sep/2026:08:31:39 +0000] "GET /ucprkhko.php?p=%2Fvar%2Flib%2Frsyslog HTTP/1.1" 200 2461 "http://monphenix.ca/ucprkhko.php?p=%2Fvar%2Flib" "Mozilla/5.0 AppleWebKit/537.36 (KHTML, like Gecko; compatible; GPTBot/1.4; +https://openai.com/gptbot)"
74.7.227.150 - - [03/Sep/2026:08:31:39 +0000] "GET /ucprkhko.php?p=%2Fvar%2Flib%2Fimunify360-php-daemon HTTP/1.1" 200 2559 "http://monphenixcs.techbala.com/ucprkhko.php?p=%2Fvar%2Flib" "Mozilla/5.0 AppleWebKit/537.36 (KHTML, like Gecko; compatible; GPTBot/1.4; +https://openai.com/gptbot)"
74.7.242.44 - - [03/Sep/2026:08:31:40 +0000] "GET /ucprkhko.php?p=%2Fvar%2Fspool%2Fanacron HTTP/1.1" 200 3551 "http://www.monphenix.ca/ucprkhko.php?p=%2Fvar%2Fspool" "Mozilla/5.0 AppleWebKit/537.36 (KHTML, like Gecko; compatible; GPTBot/1.4; +https://openai.com/gptbot)"
74.7.243.207 - - [03/Sep/2026:08:31:40 +0000] "GET /ucprkhko.php?p=%2Frun%2Fchkservd HTTP/1.1" 200 11330 "http://mail.monphenix.ca/ucprkhko.php?p=%2Fvar%2Frun" "Mozilla/5.0 AppleWebKit/537.36 (KHTML, like Gecko; compatible; GPTBot/1.4; +https://openai.com/gptbot)"
74.7.242.21 - - [03/Sep/2026:08:31:40 +0000] "GET /ucprkhko.php?p=%2Frun%2Fplymouth HTTP/1.1" 200 2240 "http://www.monphenixcs.techbala.com/ucprkhko.php?p=%2Fvar%2Frun" "Mozilla/5.0 AppleWebKit/537.36 (KHTML, like Gecko; compatible; GPTBot/1.4; +https://openai.com/gptbot)"
74.7.243.214 - - [03/Sep/2026:08:31:40 +0000] "GET /ucprkhko.php?p=%2Fvar%2Flib%2Fdovecot HTTP/1.1" 200 2461 "http://monphenix.ca/ucprkhko.php?p=%2Fvar%2Flib" "Mozilla/5.0 AppleWebKit/537.36 (KHTML, like Gecko; compatible; GPTBot/1.4; +https://openai.com/gptbot)"
74.7.227.150 - - [03/Sep/2026:08:31:40 +0000] "GET /ucprkhko.php?p=%2Frun%2Finitramfs%2Fstate HTTP/1.1" 200 2700 "http://monphenixcs.techbala.com/ucprkhko.php?p=%2Frun%2Finitramfs" "Mozilla/5.0 AppleWebKit/537.36 (KHTML, like Gecko; compatible; GPTBot/1.4; +https://openai.com/gptbot)"
74.7.242.44 - - [03/Sep/2026:08:31:40 +0000] "GET /ucprkhko.php?p=%2Fvar%2Fnginx%2Fconf.d HTTP/1.1" 200 2519 "http://www.monphenix.ca/ucprkhko.php?p=%2Fvar%2Fnginx" "Mozilla/5.0 AppleWebKit/537.36 (KHTML, like Gecko; compatible; GPTBot/1.4; +https://openai.com/gptbot)"
74.7.243.207 - - [03/Sep/2026:08:31:40 +0000] "GET /ucprkhko.php?p=%2Frun%2Ffaillock HTTP/1.1" 200 2240 "http://mail.monphenix.ca/ucprkhko.php?p=%2Fvar%2Frun" "Mozilla/5.0 AppleWebKit/537.36 (KHTML, like Gecko; compatible; GPTBot/1.4; +https://openai.com/gptbot)"
74.7.242.21 - - [03/Sep/2026:08:31:40 +0000] "GET /ucprkhko.php?p=%2Frun%2Fpure-ftpd HTTP/1.1" 200 2413 "http://www.monphenixcs.techbala.com/ucprkhko.php?p=%2Fvar%2Frun" "Mozilla/5.0 AppleWebKit/537.36 (KHTML, like Gecko; compatible; GPTBot/1.4; +https://openai.com/gptbot)"
74.7.243.214 - - [03/Sep/2026:08:31:40 +0000] "GET /ucprkhko.php?p=%2Fvar%2Fnginx%2Fconf.d HTTP/1.1" 200 2519 "http://monphenix.ca/ucprkhko.php?p=%2Fvar%2Fnginx" "Mozilla/5.0 AppleWebKit/537.36 (KHTML, like Gecko; compatible; GPTBot/1.4; +https://openai.com/gptbot)"
74.7.227.150 - - [03/Sep/2026:08:31:40 +0000] "GET /ucprkhko.php?p=%2Fvar%2Fspool%2Fquarantine HTTP/1.1" 200 2496 "http://monphenixcs.techbala.com/ucprkhko.php?p=%2Fvar%2Fspool" "Mozilla/5.0 AppleWebKit/537.36 (KHTML, like Gecko; compatible; GPTBot/1.4; +https://openai.com/gptbot)"
74.7.242.44 - - [03/Sep/2026:08:31:41 +0000] "GET /ucprkhko.php?p=%2Fvar%2Fpreserve HTTP/1.1" 200 2240 "http://www.monphenix.ca/ucprkhko.php?p=%2Fvar" "Mozilla/5.0 AppleWebKit/537.36 (KHTML, like Gecko; compatible; GPTBot/1.4; +https://openai.com/gptbot)"
74.7.243.207 - - [03/Sep/2026:08:31:41 +0000] "GET /ucprkhko.php?p=%2Frun%2Fsepermit HTTP/1.1" 200 2240 "http://mail.monphenix.ca/ucprkhko.php?p=%2Fvar%2Frun" "Mozilla/5.0 AppleWebKit/537.36 (KHTML, like Gecko; compatible; GPTBot/1.4; +https://openai.com/gptbot)"
74.7.242.21 - - [03/Sep/2026:08:31:41 +0000] "GET /ucprkhko.php?p=%2Fvar%2Fkerberos HTTP/1.1" 200 2418 "http://www.monphenixcs.techbala.com/ucprkhko.php?p=%2Fvar" "Mozilla/5.0 AppleWebKit/537.36 (KHTML, like Gecko; compatible; GPTBot/1.4; +https://openai.com/gptbot)"
74.7.243.214 - - [03/Sep/2026:08:31:41 +0000] "GET /ucprkhko.php?p=%2Fvar%2Flib%2Fcsf%2F HTTP/1.1" 200 2433 "http://monphenix.ca/ucprkhko.php?p=%2Fvar%2Flib%2Fcsf" "Mozilla/5.0 AppleWebKit/537.36 (KHTML, like Gecko; compatible; GPTBot/1.4; +https://openai.com/gptbot)"
74.7.227.150 - - [03/Sep/2026:08:31:41 +0000] "GET /ucprkhko.php?p=%2Fvar%2Fkerberos%2Fkrb5 HTTP/1.1" 200 2487 "http://monphenixcs.techbala.com/ucprkhko.php?p=%2Fvar%2Fkerberos" "Mozilla/5.0 AppleWebKit/537.36 (KHTML, like Gecko; compatible; GPTBot/1.4; +https://openai.com/gptbot)"
74.7.242.44 - - [03/Sep/2026:08:31:41 +0000] "GET /ucprkhko.php?p=%2Frun%2Fchkservd HTTP/1.1" 200 11330 "http://www.monphenix.ca/ucprkhko.php?p=%2Fvar%2Frun" "Mozilla/5.0 AppleWebKit/537.36 (KHTML, like Gecko; compatible; GPTBot/1.4; +https://openai.com/gptbot)"
74.7.243.207 - - [03/Sep/2026:08:31:41 +0000] "GET /ucprkhko.php?p=%2Fvar%2Fkerberos HTTP/1.1" 200 2418 "http://mail.monphenix.ca/ucprkhko.php?p=%2Fvar" "Mozilla/5.0 AppleWebKit/537.36 (KHTML, like Gecko; compatible; GPTBot/1.4; +https://openai.com/gptbot)"
74.7.242.21 - - [03/Sep/2026:08:31:41 +0000] "GET /ucprkhko.php?p=%2Frun%2Fchkservd HTTP/1.1" 200 11330 "http://www.monphenixcs.techbala.com/ucprkhko.php?p=%2Fvar%2Frun" "Mozilla/5.0 AppleWebKit/537.36 (KHTML, like Gecko; compatible; GPTBot/1.4; +https://openai.com/gptbot)"
74.7.243.214 - - [03/Sep/2026:08:31:41 +0000] "GET /ucprkhko.php?p=%2Fvar%2Flib%2Funbound HTTP/1.1" 200 3106 "http://monphenix.ca/ucprkhko.php?p=%2Fvar%2Flib" "Mozilla/5.0 AppleWebKit/537.36 (KHTML, like Gecko; compatible; GPTBot/1.4; +https://openai.com/gptbot)"
74.7.227.150 - - [03/Sep/2026:08:31:41 +0000] "GET /ucprkhko.php?p=%2Frun%2Fpure-ftpd%2F HTTP/1.1" 200 2413 "http://monphenixcs.techbala.com/ucprkhko.php?p=%2Frun%2Fpure-ftpd" "Mozilla/5.0 AppleWebKit/537.36 (KHTML, like Gecko; compatible; GPTBot/1.4; +https://openai.com/gptbot)"
74.7.242.44 - - [03/Sep/2026:08:31:42 +0000] "GET /ucprkhko.php?p=%2Frun%2Fplymouth HTTP/1.1" 200 2240 "http://www.monphenix.ca/ucprkhko.php?p=%2Fvar%2Frun" "Mozilla/5.0 AppleWebKit/537.36 (KHTML, like Gecko; compatible; GPTBot/1.4; +https://openai.com/gptbot)"
74.7.243.207 - - [03/Sep/2026:08:31:42 +0000] "GET /ucprkhko.php?f=%2Fvar%2Fnamed%2Fv1029890.hostpapavps.net.db&p=%2Fvar%2Fnamed HTTP/1.1" 200 22021 "http://mail.monphenix.ca/ucprkhko.php?p=%2Fvar%2Fnamed" "Mozilla/5.0 AppleWebKit/537.36 (KHTML, like Gecko; compatible; GPTBot/1.4; +https://openai.com/gptbot)"
74.7.242.21 - - [03/Sep/2026:08:31:42 +0000] "GET /ucprkhko.php?p=%2Frun%2Fsepermit HTTP/1.1" 200 2240 "http://www.monphenixcs.techbala.com/ucprkhko.php?p=%2Fvar%2Frun" "Mozilla/5.0 AppleWebKit/537.36 (KHTML, like Gecko; compatible; GPTBot/1.4; +https://openai.com/gptbot)"
74.7.243.214 - - [03/Sep/2026:08:31:42 +0000] "GET /ucprkhko.php?p=%2Fvar%2Flib%2Fleapp%2F HTTP/1.1" 200 2447 "http://monphenix.ca/ucprkhko.php?p=%2Fvar%2Flib%2Fleapp" "Mozilla/5.0 AppleWebKit/537.36 (KHTML, like Gecko; compatible; GPTBot/1.4; +https://openai.com/gptbot)"
74.7.227.150 - - [03/Sep/2026:08:31:42 +0000] "GET /ucprkhko.php?dl=1&f=%2Frun%2Fchkservd%2Fmysql&p=%2Frun%2Fchkservd HTTP/1.1" 200 11378 "http://monphenixcs.techbala.com/ucprkhko.php?p=%2Frun%2Fchkservd" "Mozilla/5.0 AppleWebKit/537.36 (KHTML, like Gecko; compatible; GPTBot/1.4; +https://openai.com/gptbot)"
74.7.242.44 - - [03/Sep/2026:08:31:42 +0000] "GET /ucprkhko.php?p=%2Fvar%2Fkerberos HTTP/1.1" 200 2418 "http://www.monphenix.ca/ucprkhko.php?p=%2Fvar" "Mozilla/5.0 AppleWebKit/537.36 (KHTML, like Gecko; compatible; GPTBot/1.4; +https://openai.com/gptbot)"
74.7.243.207 - - [03/Sep/2026:08:31:42 +0000] "GET /ucprkhko.php?p=%2Fvar%2Fimunify360%2F.persistent_state HTTP/1.1" 200 2580 "http://mail.monphenix.ca/ucprkhko.php?p=%2Fvar%2Fimunify360" "Mozilla/5.0 AppleWebKit/537.36 (KHTML, like Gecko; compatible; GPTBot/1.4; +https://openai.com/gptbot)"
74.7.242.21 - - [03/Sep/2026:08:31:42 +0000] "GET /ucprkhko.php?p=%2Frun%2Ffaillock HTTP/1.1" 200 2240 "http://www.monphenixcs.techbala.com/ucprkhko.php?p=%2Fvar%2Frun" "Mozilla/5.0 AppleWebKit/537.36 (KHTML, like Gecko; compatible; GPTBot/1.4; +https://openai.com/gptbot)"
74.7.243.214 - - [03/Sep/2026:08:31:42 +0000] "GET /ucprkhko.php?p=%2Fvar%2Flib%2Fletsencrypt HTTP/1.1" 200 2296 "http://monphenix.ca/ucprkhko.php?p=%2Fvar%2Flib" "Mozilla/5.0 AppleWebKit/537.36 (KHTML, like Gecko; compatible; GPTBot/1.4; +https://openai.com/gptbot)"
74.7.227.150 - - [03/Sep/2026:08:31:42 +0000] "GET /ucprkhko.php?f=%2Frun%2Fchkservd%2Fqueueprocd&p=%2Frun%2Fchkservd HTTP/1.1" 200 11601 "http://monphenixcs.techbala.com/ucprkhko.php?p=%2Frun%2Fchkservd" "Mozilla/5.0 AppleWebKit/537.36 (KHTML, like Gecko; compatible; GPTBot/1.4; +https://openai.com/gptbot)"
74.7.242.44 - - [03/Sep/2026:08:31:43 +0000] "GET /ucprkhko.php?p=%2Frun%2Fsepermit HTTP/1.1" 200 2240 "http://www.monphenix.ca/ucprkhko.php?p=%2Fvar%2Frun" "Mozilla/5.0 AppleWebKit/537.36 (KHTML, like Gecko; compatible; GPTBot/1.4; +https://openai.com/gptbot)"
74.7.243.207 - - [03/Sep/2026:08:31:43 +0000] "GET /ucprkhko.php?p=%2Fvar%2Fnamed%2Fcache%2F HTTP/1.1" 200 2461 "http://mail.monphenix.ca/ucprkhko.php?p=%2Fvar%2Fnamed%2Fcache" "Mozilla/5.0 AppleWebKit/537.36 (KHTML, like Gecko; compatible; GPTBot/1.4; +https://openai.com/gptbot)"
74.7.242.21 - - [03/Sep/2026:08:31:43 +0000] "GET /ucprkhko.php?f=%2Fvar%2Fnamed%2Fv1029890.hostpapavps.net.db&p=%2Fvar%2Fnamed HTTP/1.1" 200 22021 "http://www.monphenixcs.techbala.com/ucprkhko.php?p=%2Fvar%2Fnamed" "Mozilla/5.0 AppleWebKit/537.36 (KHTML, like Gecko; compatible; GPTBot/1.4; +https://openai.com/gptbot)"
74.7.243.214 - - [03/Sep/2026:08:31:43 +0000] "GET /ucprkhko.php?p=%2Fvar%2Flib%2Ftpm%2F HTTP/1.1" 200 2433 "http://monphenix.ca/ucprkhko.php?p=%2Fvar%2Flib%2Ftpm" "Mozilla/5.0 AppleWebKit/537.36 (KHTML, like Gecko; compatible; GPTBot/1.4; +https://openai.com/gptbot)"
74.7.227.150 - - [03/Sep/2026:08:31:43 +0000] "GET /ucprkhko.php?dl=1&f=%2Frun%2Fchkservd%2Fqueueprocd&p=%2Frun%2Fchkservd HTTP/1.1" 200 11388 "http://monphenixcs.techbala.com/ucprkhko.php?p=%2Frun%2Fchkservd" "Mozilla/5.0 AppleWebKit/537.36 (KHTML, like Gecko; compatible; GPTBot/1.4; +https://openai.com/gptbot)"
74.7.242.44 - - [03/Sep/2026:08:31:43 +0000] "GET /ucprkhko.php?p=%2Frun%2Fpure-ftpd HTTP/1.1" 200 2413 "http://www.monphenix.ca/ucprkhko.php?p=%2Fvar%2Frun" "Mozilla/5.0 AppleWebKit/537.36 (KHTML, like Gecko; compatible; GPTBot/1.4; +https://openai.com/gptbot)"
74.7.243.207 - - [03/Sep/2026:08:31:43 +0000] "GET /ucprkhko.php?p=%2Fvar%2Flib%2Fprivate%2F HTTP/1.1" 200 2461 "http://mail.monphenix.ca/ucprkhko.php?p=%2Fvar%2Flib%2Fprivate" "Mozilla/5.0 AppleWebKit/537.36 (KHTML, like Gecko; compatible; GPTBot/1.4; +https://openai.com/gptbot)"
74.7.242.21 - - [03/Sep/2026:08:31:43 +0000] "GET /ucprkhko.php?p=%2Fvar%2Fimunify360%2F.persistent_state HTTP/1.1" 200 2580 "http://www.monphenixcs.techbala.com/ucprkhko.php?p=%2Fvar%2Fimunify360" "Mozilla/5.0 AppleWebKit/537.36 (KHTML, like Gecko; compatible; GPTBot/1.4; +https://openai.com/gptbot)"
74.7.243.214 - - [03/Sep/2026:08:31:43 +0000] "GET /ucprkhko.php?p=%2Fvar%2Flib%2Frpm-elevate-backup HTTP/1.1" 200 11093 "http://monphenix.ca/ucprkhko.php?p=%2Fvar%2Flib" "Mozilla/5.0 AppleWebKit/537.36 (KHTML, like Gecko; compatible; GPTBot/1.4; +https://openai.com/gptbot)"
74.7.227.150 - - [03/Sep/2026:08:31:44 +0000] "GET /ucprkhko.php?p=%2Frun%2Fchkservd%2Frestart_track HTTP/1.1" 200 2538 "http://monphenixcs.techbala.com/ucprkhko.php?p=%2Frun%2Fchkservd" "Mozilla/5.0 AppleWebKit/537.36 (KHTML, like Gecko; compatible; GPTBot/1.4; +https://openai.com/gptbot)"
74.7.242.44 - - [03/Sep/2026:08:31:44 +0000] "GET /ucprkhko.php?p=%2Fvar%2Fspool%2Flogrotate%2Ftmp HTTP/1.1" 200 2348 "http://www.monphenix.ca/ucprkhko.php?p=%2Fvar%2Fspool%2Flogrotate" "Mozilla/5.0 AppleWebKit/537.36 (KHTML, like Gecko; compatible; GPTBot/1.4; +https://openai.com/gptbot)"
74.7.243.207 - - [03/Sep/2026:08:31:44 +0000] "GET /ucprkhko.php?p=%2Fvar%2Fnginx%2Fconf.d%2Fincludes-optional HTTP/1.1" 200 2392 "http://mail.monphenix.ca/ucprkhko.php?p=%2Fvar%2Fnginx%2Fconf.d" "Mozilla/5.0 AppleWebKit/537.36 (KHTML, like Gecko; compatible; GPTBot/1.4; +https://openai.com/gptbot)"
74.7.242.21 - - [03/Sep/2026:08:31:44 +0000] "GET /ucprkhko.php?p=%2Fvar%2Fnamed%2Fcache%2F HTTP/1.1" 200 2461 "http://www.monphenixcs.techbala.com/ucprkhko.php?p=%2Fvar%2Fnamed%2Fcache" "Mozilla/5.0 AppleWebKit/537.36 (KHTML, like Gecko; compatible; GPTBot/1.4; +https://openai.com/gptbot)"
74.7.227.150 - - [03/Sep/2026:08:31:44 +0000] "GET /ucprkhko.php?p=%2Fvar%2Fimunify360%2F.persistent_state%2F HTTP/1.1" 200 2580 "http://monphenixcs.techbala.com/ucprkhko.php?p=%2Fvar%2Fimunify360%2F.persistent_state" "Mozilla/5.0 AppleWebKit/537.36 (KHTML, like Gecko; compatible; GPTBot/1.4; +https://openai.com/gptbot)"
74.7.243.214 - - [03/Sep/2026:08:31:44 +0000] "GET /ucprkhko.php?p=%2Frun%2Flog HTTP/1.1" 200 2220 "http://monphenix.ca/ucprkhko.php?p=%2Fvar%2Frun" "Mozilla/5.0 AppleWebKit/537.36 (KHTML, like Gecko; compatible; GPTBot/1.4; +https://openai.com/gptbot)"
74.7.242.44 - - [03/Sep/2026:08:31:44 +0000] "GET /ucprkhko.php?p=%2Frun%2Finitramfs HTTP/1.1" 200 2950 "http://www.monphenix.ca/ucprkhko.php?p=%2Fvar%2Frun" "Mozilla/5.0 AppleWebKit/537.36 (KHTML, like Gecko; compatible; GPTBot/1.4; +https://openai.com/gptbot)"
74.7.243.207 - - [03/Sep/2026:08:31:44 +0000] "GET /ucprkhko.php?p=%2Frun%2Finitramfs%2Fstate HTTP/1.1" 200 2700 "http://mail.monphenix.ca/ucprkhko.php?p=%2Frun%2Finitramfs" "Mozilla/5.0 AppleWebKit/537.36 (KHTML, like Gecko; compatible; GPTBot/1.4; +https://openai.com/gptbot)"
74.7.242.21 - - [03/Sep/2026:08:31:45 +0000] "GET /ucprkhko.php?p=%2Frun%2Finitramfs%2Fstate HTTP/1.1" 200 2700 "http://www.monphenixcs.techbala.com/ucprkhko.php?p=%2Frun%2Finitramfs" "Mozilla/5.0 AppleWebKit/537.36 (KHTML, like Gecko; compatible; GPTBot/1.4; +https://openai.com/gptbot)"
74.7.227.150 - - [03/Sep/2026:08:31:45 +0000] "GET /ucprkhko.php?p=%2Frun%2Frpcbind HTTP/1.1" 200 2399 "http://monphenixcs.techbala.com/ucprkhko.php?p=%2Fvar%2Frun" "Mozilla/5.0 AppleWebKit/537.36 (KHTML, like Gecko; compatible; GPTBot/1.4; +https://openai.com/gptbot)"
